66.249.74.34 - - [30/Jul/2026:00:24:38 +0000] "GET /category/malina/ HTTP/1.1" 200 14625 "-" "Mozilla/5.0 (Linux; Android 6.0.1; Nexus 5X Build/MMB29P) AppleWebKit/537.36 (KHTML, like Gecko) Chrome/150.0.7871.186 Mobile Safari/537.36 (compatible; GoogleOther)"
10.10.0.2 - - [30/Jul/2026:00:24:48 +0000] "POST /wp-cron.php?doing_wp_cron=1785371088.9084069728851318359375 HTTP/1.1" 200 31 "-" "WordPress/6.9.4; https://greenestate.com.bd"
66.249.74.34 - - [30/Jul/2026:00:24:48 +0000] "GET /2026/03/10/unveiling-velvet-spins-casinos-bonus-terms-and-conditions/ HTTP/1.1" 200 15161 "-" "Mozilla/5.0 (Linux; Android 6.0.1; Nexus 5X Build/MMB29P) AppleWebKit/537.36 (KHTML, like Gecko) Chrome/150.0.7871.186 Mobile Safari/537.36 (compatible; Googlebot/2.1; +http://www.google.com/bot.html)"
170.84.107.65 - - [30/Jul/2026:00:24:49 +0000] "GET / HTTP/1.1" 200 34646 "-" "Mozilla/5.0 (Windows NT 10.0; Win64; x64) AppleWebKit/537.36 (KHTML, like Gecko) Chrome/120.0.0.0 Safari/537.36"
66.249.74.36 - - [30/Jul/2026:00:25:01 +0000] "GET /2026/03/12/richman-casino-your-safe-haven-for-online-betting/feed/ HTTP/1.1" 200 885 "-" "Mozilla/5.0 (Linux; Android 6.0.1; Nexus 5X Build/MMB29P) AppleWebKit/537.36 (KHTML, like Gecko) Chrome/150.0.7871.186 Mobile Safari/537.36 (compatible; GoogleOther)"
49.144.5.17 - - [30/Jul/2026:00:25:02 +0000] "GET /wp-login.php HTTP/1.1" 200 2161 "-" "Mozilla/5.0 (Windows NT 10.0; Win64; x64) AppleWebKit/537.36 (KHTML, like Gecko) Chrome/120.0.0.0 Safari/537.36"
49.144.5.17 - - [30/Jul/2026:00:25:07 +0000] "POST /wp-login.php HTTP/1.1" 302 5 "https://greenestate.com.bd/wp-login.php" "Mozilla/5.0 (Windows NT 10.0; Win64; x64) AppleWebKit/537.36 (KHTML, like Gecko) Chrome/120.0.0.0 Safari/537.36"
49.144.5.17 - - [30/Jul/2026:00:25:13 +0000] "GET /wp-admin/ HTTP/1.1" 200 94065 "https://greenestate.com.bd/wp-login.php" "Mozilla/5.0 (Windows NT 10.0; Win64; x64) AppleWebKit/537.36 (KHTML, like Gecko) Chrome/120.0.0.0 Safari/537.36"
10.10.0.2 - - [30/Jul/2026:00:25:24 +0000] "POST /wp-cron.php?doing_wp_cron=1785371124.6410589218139648437500 HTTP/1.1" 200 31 "-" "WordPress/6.9.4; https://greenestate.com.bd"
187.0.45.58 - - [30/Jul/2026:00:25:24 +0000] "GET /wp-admin/ HTTP/1.1" 200 94063 "-" "Mozilla/5.0 (Windows NT 10.0; Win64; x64) AppleWebKit/537.36 (KHTML, like Gecko) Chrome/120.0.0.0 Safari/537.36"
187.0.45.58 - - [30/Jul/2026:00:25:32 +0000] "GET /wp-admin/post-new.php HTTP/1.1" 200 170265 "-" "Mozilla/5.0 (Windows NT 10.0; Win64; x64) AppleWebKit/537.36 (KHTML, like Gecko) Chrome/120.0.0.0 Safari/537.36"
187.0.45.58 - - [30/Jul/2026:00:25:46 +0000] "POST /xmlrpc.php HTTP/1.1" 200 670 "-" "WordPress/5.0; https://greenestate.com.bd"
187.0.45.58 - - [30/Jul/2026:00:25:50 +0000] "GET /wp-admin/admin-ajax.php?action=rest-nonce HTTP/1.1" 200 41 "-" "Mozilla/5.0 (Windows NT 10.0; Win64; x64) AppleWebKit/537.36 (KHTML, like Gecko) Chrome/120.0.0.0 Safari/537.36"
10.10.0.2 - - [30/Jul/2026:00:25:55 +0000] "POST /wp-cron.php?doing_wp_cron=1785371155.6198120117187500000000 HTTP/1.1" 200 31 "-" "WordPress/6.9.4; https://greenestate.com.bd"
187.0.45.58 - - [30/Jul/2026:00:25:55 +0000] "POST /xmlrpc.php HTTP/1.1" 200 190 "-" "Mozilla/5.0 (Windows NT 10.0; Win64; x64) AppleWebKit/537.36 (KHTML, like Gecko) Chrome/120.0.0.0 Safari/537.36"
187.0.45.58 - - [30/Jul/2026:00:25:59 +0000] "GET /?p=9295 HTTP/1.1" 301 5 "-" "Mozilla/5.0 (Windows NT 10.0; Win64; x64) AppleWebKit/537.36 (KHTML, like Gecko) Chrome/120.0.0.0 Safari/537.36"
187.0.45.58 - - [30/Jul/2026:00:26:03 +0000] "GET /2026/07/29/behind-the-scenes-how-roobet-ensures-a-fair-play/ HTTP/1.1" 200 22851 "-" "Mozilla/5.0 (Windows NT 10.0; Win64; x64) AppleWebKit/537.36 (KHTML, like Gecko) Chrome/120.0.0.0 Safari/537.36"
169.224.32.246 - - [30/Jul/2026:00:26:54 +0000] "GET / HTTP/1.1" 301 178 "-" "Mozilla/5.0 (Windows NT 10.0; Win64; x64) AppleWebKit/537.36 (KHTML, like Gecko) Chrome/120.0.0.0 Safari/537.36"
10.10.0.2 - - [30/Jul/2026:00:27:05 +0000] "POST /wp-cron.php?doing_wp_cron=1785371225.0429658889770507812500 HTTP/1.1" 200 31 "-" "WordPress/6.9.4; https://greenestate.com.bd"
154.243.16.143 - - [30/Jul/2026:00:27:05 +0000] "GET / HTTP/1.1" 200 34946 "-" "Mozilla/5.0 (Windows NT 10.0; Win64; x64) AppleWebKit/537.36 (KHTML, like Gecko) Chrome/120.0.0.0 Safari/537.36"
45.173.123.22 - - [30/Jul/2026:00:27:17 +0000] "GET /wp-login.php HTTP/1.1" 200 2161 "-" "Mozilla/5.0 (Windows NT 10.0; Win64; x64) AppleWebKit/537.36 (KHTML, like Gecko) Chrome/120.0.0.0 Safari/537.36"
45.173.123.22 - - [30/Jul/2026:00:27:22 +0000] "POST /wp-login.php HTTP/1.1" 302 5 "https://greenestate.com.bd/wp-login.php" "Mozilla/5.0 (Windows NT 10.0; Win64; x64) AppleWebKit/537.36 (KHTML, like Gecko) Chrome/120.0.0.0 Safari/537.36"
10.10.0.2 - - [30/Jul/2026:00:27:26 +0000] "POST /wp-cron.php?doing_wp_cron=1785371246.1494429111480712890625 HTTP/1.1" 200 31 "-" "WordPress/6.9.4; https://greenestate.com.bd"
45.173.123.22 - - [30/Jul/2026:00:27:26 +0000] "GET /wp-admin/ HTTP/1.1" 200 94070 "https://greenestate.com.bd/wp-login.php" "Mozilla/5.0 (Windows NT 10.0; Win64; x64) AppleWebKit/537.36 (KHTML, like Gecko) Chrome/120.0.0.0 Safari/537.36"
112.203.129.116 - - [30/Jul/2026:00:27:50 +0000] "GET /wp-admin/post-new.php HTTP/1.1" 200 170257 "-" "Mozilla/5.0 (Windows NT 10.0; Win64; x64) AppleWebKit/537.36 (KHTML, like Gecko) Chrome/120.0.0.0 Safari/537.36"
185.188.219.85 - - [30/Jul/2026:00:28:09 +0000] "POST /xmlrpc.php HTTP/1.1" 200 670 "-" "WordPress/5.0; https://greenestate.com.bd"
10.10.0.2 - - [30/Jul/2026:00:28:16 +0000] "POST /wp-cron.php?doing_wp_cron=1785371296.8745129108428955078125 HTTP/1.1" 200 31 "-" "WordPress/6.9.4; https://greenestate.com.bd"
185.188.219.85 - - [30/Jul/2026:00:28:16 +0000] "POST /xmlrpc.php HTTP/1.1" 200 190 "-" "Mozilla/5.0 (Windows NT 10.0; Win64; x64) AppleWebKit/537.36 (KHTML, like Gecko) Chrome/120.0.0.0 Safari/537.36"
185.188.219.85 - - [30/Jul/2026:00:28:20 +0000] "GET /?p=9298 HTTP/1.1" 301 5 "-" "Mozilla/5.0 (Windows NT 10.0; Win64; x64) AppleWebKit/537.36 (KHTML, like Gecko) Chrome/120.0.0.0 Safari/537.36"
10.10.0.2 - - [30/Jul/2026:00:28:24 +0000] "POST /wp-cron.php?doing_wp_cron=1785371304.6279180049896240234375 HTTP/1.1" 200 31 "-" "WordPress/6.9.4; https://greenestate.com.bd"
185.188.219.85 - - [30/Jul/2026:00:28:24 +0000] "GET /2026/07/29/community-feedback-on-the-best-australian-payid-casino-sites-a-deep-dive-into-jackpot-city-casino/ HTTP/1.1" 200 22946 "-" "Mozilla/5.0 (Windows NT 10.0; Win64; x64) AppleWebKit/537.36 (KHTML, like Gecko) Chrome/120.0.0.0 Safari/537.36"
43.154.140.188 - - [30/Jul/2026:00:29:02 +0000] "GET / HTTP/1.1" 404 134 "-" "Mozilla/5.0 (iPhone; CPU iPhone OS 13_2_3 like Mac OS X) AppleWebKit/605.1.15 (KHTML, like Gecko) Version/13.0.3 Mobile/15E148 Safari/604.1"
194.135.105.75 - - [30/Jul/2026:00:30:03 +0000] "POST / HTTP/1.%1" 400 166 "-" "-"
66.249.74.36 - - [30/Jul/2026:00:30:16 +0000] "GET /wp-content/uploads/elementor/css/custom-frontend.min.css?ver=1773250661 HTTP/1.1" 200 53804 "https://greenestate.com.bd/category/betvictor/" "Mozilla/5.0 (Linux; Android 6.0.1; Nexus 5X Build/MMB29P) AppleWebKit/537.36 (KHTML, like Gecko) Chrome/150.0.7871.186 Mobile Safari/537.36 (compatible; Googlebot/2.1; +http://www.google.com/bot.html)"
91.149.165.17 - - [30/Jul/2026:00:30:32 +0000] "\x15\x03\x03\x00\x02\x02P" 400 166 "-" "-"
10.10.0.2 - - [30/Jul/2026:00:30:34 +0000] "POST /wp-cron.php?doing_wp_cron=1785371434.1674458980560302734375 HTTP/1.1" 200 31 "-" "WordPress/6.9.4; https://greenestate.com.bd"
66.249.74.35 - - [30/Jul/2026:00:30:34 +0000] "GET /2026/07/29/betalice-casino-cz-analyzing-the-competitors/ HTTP/1.1" 200 16057 "-" "Mozilla/5.0 (Linux; Android 6.0.1; Nexus 5X Build/MMB29P) AppleWebKit/537.36 (KHTML, like Gecko) Chrome/150.0.7871.186 Mobile Safari/537.36 (compatible; GoogleOther)"
66.249.74.34 - - [30/Jul/2026:00:30:49 +0000] "GET /2026/01/30/unlocking-the-essentials-of-rocketspin-casinos-loyalty-system/ HTTP/1.1" 200 14858 "-" "Mozilla/5.0 (Linux; Android 6.0.1; Nexus 5X Build/MMB29P) AppleWebKit/537.36 (KHTML, like Gecko) Chrome/150.0.7871.186 Mobile Safari/537.36 (compatible; Googlebot/2.1; +http://www.google.com/bot.html)"
46.251.194.167 - - [30/Jul/2026:00:32:33 +0000] "\x1E_" 400 166 "-" "-"
10.10.0.2 - - [30/Jul/2026:00:33:01 +0000] "POST /wp-cron.php?doing_wp_cron=1785371581.2141900062561035156250 HTTP/1.1" 200 31 "-" "WordPress/6.9.4; https://greenestate.com.bd"
66.249.74.34 - - [30/Jul/2026:00:33:01 +0000] "GET /2026/03/25/les-tendances-de-jeu-a-stupid-casino-pour-2023/ HTTP/1.1" 200 15028 "-" "Mozilla/5.0 (Linux; Android 6.0.1; Nexus 5X Build/MMB29P) AppleWebKit/537.36 (KHTML, like Gecko) Chrome/150.0.7871.186 Mobile Safari/537.36 (compatible; GoogleOther)"
66.249.74.35 - - [30/Jul/2026:00:33:03 +0000] "GET /2026/07/25/algoritmicheskij-trejding-metatrader-4-2/ HTTP/1.1" 200 17911 "-" "Mozilla/5.0 (Linux; Android 6.0.1; Nexus 5X Build/MMB29P) AppleWebKit/537.36 (KHTML, like Gecko) Chrome/150.0.7871.186 Mobile Safari/537.36 (compatible; Googlebot/2.1; +http://www.google.com/bot.html)"
181.118.39.139 - - [30/Jul/2026:00:33:14 +0000] "GET / HTTP/1.1" 200 34792 "-" "Mozilla/5.0 (Windows NT 10.0; Win64; x64) AppleWebKit/537.36 (KHTML, like Gecko) Chrome/120.0.0.0 Safari/537.36"
10.10.0.2 - - [30/Jul/2026:00:33:24 +0000] "POST /wp-cron.php?doing_wp_cron=1785371604.4062919616699218750000 HTTP/1.1" 200 31 "-" "WordPress/6.9.4; https://greenestate.com.bd"
66.249.74.34 - - [30/Jul/2026:00:33:24 +0000] "GET /2026/03/24/exploring-dragonia-casinos-customer-support-services/ HTTP/1.1" 200 15289 "-" "Mozilla/5.0 (Linux; Android 6.0.1; Nexus 5X Build/MMB29P) AppleWebKit/537.36 (KHTML, like Gecko) Chrome/150.0.7871.186 Mobile Safari/537.36 (compatible; GoogleOther)"
189.28.81.27 - - [30/Jul/2026:00:33:36 +0000] "POST /wp-login.php HTTP/1.1" 302 5 "https://greenestate.com.bd/wp-login.php" "Mozilla/5.0 (Windows NT 10.0; Win64; x64) AppleWebKit/537.36 (KHTML, like Gecko) Chrome/120.0.0.0 Safari/537.36"
189.28.81.27 - - [30/Jul/2026:00:33:42 +0000] "GET /wp-admin/ HTTP/1.1" 200 94055 "https://greenestate.com.bd/wp-login.php" "Mozilla/5.0 (Windows NT 10.0; Win64; x64) AppleWebKit/537.36 (KHTML, like Gecko) Chrome/120.0.0.0 Safari/537.36"
179.108.219.9 - - [30/Jul/2026:00:33:54 +0000] "GET /wp-admin/ HTTP/1.1" 200 94052 "-" "Mozilla/5.0 (Windows NT 10.0; Win64; x64) AppleWebKit/537.36 (KHTML, like Gecko) Chrome/120.0.0.0 Safari/537.36"
179.108.219.9 - - [30/Jul/2026:00:34:03 +0000] "GET /wp-admin/post-new.php HTTP/1.1" 200 170257 "-" "Mozilla/5.0 (Windows NT 10.0; Win64; x64) AppleWebKit/537.36 (KHTML, like Gecko) Chrome/120.0.0.0 Safari/537.36"
179.108.219.9 - - [30/Jul/2026:00:34:15 +0000] "POST /xmlrpc.php HTTP/1.1" 200 670 "-" "WordPress/5.0; https://greenestate.com.bd"
179.108.219.9 - - [30/Jul/2026:00:34:19 +0000] "GET /wp-admin/admin-ajax.php?action=rest-nonce HTTP/1.1" 200 41 "-" "Mozilla/5.0 (Windows NT 10.0; Win64; x64) AppleWebKit/537.36 (KHTML, like Gecko) Chrome/120.0.0.0 Safari/537.36"
10.10.0.2 - - [30/Jul/2026:00:34:25 +0000] "POST /wp-cron.php?doing_wp_cron=1785371665.5039780139923095703125 HTTP/1.1" 200 31 "-" "WordPress/6.9.4; https://greenestate.com.bd"
179.108.219.9 - - [30/Jul/2026:00:34:25 +0000] "POST /xmlrpc.php HTTP/1.1" 200 190 "-" "Mozilla/5.0 (Windows NT 10.0; Win64; x64) AppleWebKit/537.36 (KHTML, like Gecko) Chrome/120.0.0.0 Safari/537.36"
179.108.219.9 - - [30/Jul/2026:00:34:29 +0000] "GET /?p=9301 HTTP/1.1" 301 5 "-" "Mozilla/5.0 (Windows NT 10.0; Win64; x64) AppleWebKit/537.36 (KHTML, like Gecko) Chrome/120.0.0.0 Safari/537.36"
179.108.219.9 - - [30/Jul/2026:00:34:32 +0000] "GET /2026/07/29/top-5-sposobov-kak-poluchit-fribet-v-mostbet-bystro-i-legko/ HTTP/1.1" 200 23219 "-" "Mozilla/5.0 (Windows NT 10.0; Win64; x64) AppleWebKit/537.36 (KHTML, like Gecko) Chrome/120.0.0.0 Safari/537.36"
216.73.217.178 - - [30/Jul/2026:00:34:34 +0000] "GET /robots.txt HTTP/1.1" 200 130 "-" "Mozilla/5.0 AppleWebKit/537.36 (KHTML, like Gecko; compatible; ClaudeBot/1.0; +claudebot@anthropic.com)"
216.73.217.178 - - [30/Jul/2026:00:34:35 +0000] "GET /wp-sitemap.xml HTTP/1.1" 200 1151 "-" "Mozilla/5.0 AppleWebKit/537.36 (KHTML, like Gecko; compatible; ClaudeBot/1.0; +claudebot@anthropic.com)"
10.10.0.2 - - [30/Jul/2026:00:36:06 +0000] "POST /wp-cron.php?doing_wp_cron=1785371766.4591391086578369140625 HTTP/1.1" 200 31 "-" "WordPress/6.9.4; https://greenestate.com.bd"
66.249.74.36 - - [30/Jul/2026:00:36:06 +0000] "GET /2026/07/30/slimme-strategieen-voor-afk-spin-login-die-je-niet-wilt-missen/ HTTP/1.1" 200 15082 "-" "Mozilla/5.0 (Linux; Android 6.0.1; Nexus 5X Build/MMB29P) AppleWebKit/537.36 (KHTML, like Gecko) Chrome/150.0.7871.186 Mobile Safari/537.36 (compatible; GoogleOther)"
187.108.1.142 - - [30/Jul/2026:00:38:13 +0000] "GET / HTTP/1.0" 400 264 "-" "ivre-masscan/1.3 https://github.com/robertdavidgraham/"
45.79.211.97 - - [30/Jul/2026:00:38:13 +0000] "GET / HTTP/1.1" 404 134 "-" "Mozilla/5.0 zgrab/0.x"
45.79.207.111 - - [30/Jul/2026:00:38:13 +0000] "GET / HTTP/1.1" 400 264 "-" "Mozilla/5.0 zgrab/0.x"
10.10.0.2 - - [30/Jul/2026:00:38:22 +0000] "POST /wp-cron.php?doing_wp_cron=1785371902.6718280315399169921875 HTTP/1.1" 200 31 "-" "WordPress/6.9.4; https://greenestate.com.bd"
66.249.74.34 - - [30/Jul/2026:00:38:22 +0000] "GET /2026/04/12/the-diverse-games-available-at-spins-of-glory-casino/ HTTP/1.1" 200 15095 "-" "Mozilla/5.0 (Linux; Android 6.0.1; Nexus 5X Build/MMB29P) AppleWebKit/537.36 (KHTML, like Gecko) Chrome/150.0.7871.186 Mobile Safari/537.36 (compatible; GoogleOther)"
10.10.0.2 - - [30/Jul/2026:00:38:28 +0000] "POST /wp-cron.php?doing_wp_cron=1785371908.4594149589538574218750 HTTP/1.1" 200 31 "-" "WordPress/6.9.4; https://greenestate.com.bd"
172.235.41.110 - - [30/Jul/2026:00:38:28 +0000] "GET / HTTP/1.1" 301 5 "-" "Mozilla/5.0 (Macintosh; Intel Mac OS X 13_1) AppleWebKit/537.36 (KHTML, like Gecko) Chrome/108.0.0.0 Safari/537.36"
172.235.41.110 - - [30/Jul/2026:00:38:29 +0000] "GET / HTTP/1.1" 200 34899 "https://159.203.156.69/" "Mozilla/5.0 (Macintosh; Intel Mac OS X 13_1) AppleWebKit/537.36 (KHTML, like Gecko) Chrome/108.0.0.0 Safari/537.36"
50.116.49.221 - - [30/Jul/2026:00:38:45 +0000] "GET / HTTP/1.1" 404 196 "-" "Mozilla/5.0 (Macintosh; Intel Mac OS X 13_1) AppleWebKit/537.36 (KHTML, like Gecko) Chrome/108.0.0.0 Safari/537.36"
45.56.79.53 - - [30/Jul/2026:00:39:15 +0000] "GET / HTTP/1.1" 404 134 "-" "Mozilla/5.0 zgrab/0.x"
10.10.0.2 - - [30/Jul/2026:00:39:49 +0000] "POST /wp-cron.php?doing_wp_cron=1785371989.6773889064788818359375 HTTP/1.1" 200 31 "-" "WordPress/6.9.4; https://greenestate.com.bd"
66.249.74.36 - - [30/Jul/2026:00:39:49 +0000] "GET /2026/04/19/are-jackbit-casinos-promotions-competitive-in-2023/ HTTP/1.1" 200 15311 "-" "Mozilla/5.0 (Linux; Android 6.0.1; Nexus 5X Build/MMB29P) AppleWebKit/537.36 (KHTML, like Gecko) Chrome/150.0.7871.186 Mobile Safari/537.36 (compatible; Googlebot/2.1; +http://www.google.com/bot.html)"
66.249.74.35 - - [30/Jul/2026:00:40:01 +0000] "GET /wp-includes/js/comment-reply.min.js?ver=6.9.4 HTTP/1.1" 200 3026 "https://greenestate.com.bd/2026/04/19/are-jackbit-casinos-promotions-competitive-in-2023/" "Mozilla/5.0 (Linux; Android 6.0.1; Nexus 5X Build/MMB29P) AppleWebKit/537.36 (KHTML, like Gecko) Chrome/150.0.7871.186 Mobile Safari/537.36 (compatible; Googlebot/2.1; +http://www.google.com/bot.html)"
45.79.181.104 - - [30/Jul/2026:00:40:17 +0000] "GET / HTTP/1.1" 404 196 "-" "Mozilla/5.0 (Macintosh; Intel Mac OS X 13_1) AppleWebKit/537.36 (KHTML, like Gecko) Chrome/108.0.0.0 Safari/537.36"
10.10.0.2 - - [30/Jul/2026:00:40:26 +0000] "POST /wp-cron.php?doing_wp_cron=1785372026.2536060810089111328125 HTTP/1.1" 200 31 "-" "WordPress/6.9.4; https://greenestate.com.bd"
66.249.74.34 - - [30/Jul/2026:00:40:26 +0000] "GET /2026/04/21/how-does-rooster-bet-casino-enhance-gaming-variety/ HTTP/1.1" 200 15368 "-" "Mozilla/5.0 (Linux; Android 6.0.1; Nexus 5X Build/MMB29P) AppleWebKit/537.36 (KHTML, like Gecko) Chrome/150.0.7871.186 Mobile Safari/537.36 (compatible; GoogleOther)"
89.42.101.116 - - [30/Jul/2026:00:41:39 +0000] "POST / HTTP/1.1" 404 134 "-" "-"
10.10.0.2 - - [30/Jul/2026:00:41:39 +0000] "POST /wp-cron.php?doing_wp_cron=1785372099.7904670238494873046875 HTTP/1.1" 200 31 "-" "WordPress/6.9.4; https://greenestate.com.bd"
66.249.74.36 - - [30/Jul/2026:00:41:39 +0000] "GET /2026/07/29/the-psychology-of-gambling-at-playamo/ HTTP/1.1" 200 15761 "-" "Mozilla/5.0 (Linux; Android 6.0.1; Nexus 5X Build/MMB29P) AppleWebKit/537.36 (KHTML, like Gecko) Chrome/150.0.7871.186 Mobile Safari/537.36 (compatible; GoogleOther)"
152.207.165.83 - - [30/Jul/2026:00:42:45 +0000] "POST / HTTP/1.1" 404 196 "-" "Mozilla/5.0 (Linux; Android 9; Sp3inX) AppleWebKit/537.36 (KHTML, like Gecko) Chrome/101.0.5095.151 Mobile Safari/537.36"
10.10.0.2 - - [30/Jul/2026:00:42:50 +0000] "POST /wp-cron.php?doing_wp_cron=1785372170.3848180770874023437500 HTTP/1.1" 200 31 "-" "WordPress/6.9.4; https://greenestate.com.bd"
66.249.74.35 - - [30/Jul/2026:00:42:50 +0000] "GET /2026/03/ HTTP/1.1" 200 17649 "-" "Mozilla/5.0 (Linux; Android 6.0.1; Nexus 5X Build/MMB29P) AppleWebKit/537.36 (KHTML, like Gecko) Chrome/150.0.7871.186 Mobile Safari/537.36 (compatible; Googlebot/2.1; +http://www.google.com/bot.html)"
66.249.74.35 - - [30/Jul/2026:00:42:52 +0000] "GET /2026/04/07/is-it-easy-to-register-at-cleobetra-casino/feed/ HTTP/1.1" 200 864 "-" "Mozilla/5.0 (Linux; Android 6.0.1; Nexus 5X Build/MMB29P) AppleWebKit/537.36 (KHTML, like Gecko) Chrome/150.0.7871.186 Mobile Safari/537.36 (compatible; Googlebot/2.1; +http://www.google.com/bot.html)"
169.224.15.84 - - [30/Jul/2026:00:43:03 +0000] "GET / HTTP/1.1" 200 34848 "-" "Mozilla/5.0 (Windows NT 10.0; Win64; x64) AppleWebKit/537.36 (KHTML, like Gecko) Chrome/120.0.0.0 Safari/537.36"
190.153.91.255 - - [30/Jul/2026:00:43:15 +0000] "GET /wp-login.php HTTP/1.1" 200 2161 "-" "Mozilla/5.0 (Windows NT 10.0; Win64; x64) AppleWebKit/537.36 (KHTML, like Gecko) Chrome/120.0.0.0 Safari/537.36"
190.153.91.255 - - [30/Jul/2026:00:43:22 +0000] "POST /wp-login.php HTTP/1.1" 302 5 "https://greenestate.com.bd/wp-login.php" "Mozilla/5.0 (Windows NT 10.0; Win64; x64) AppleWebKit/537.36 (KHTML, like Gecko) Chrome/120.0.0.0 Safari/537.36"
66.249.74.36 - - [30/Jul/2026:00:43:23 +0000] "GET /2026/04/23/diving-into-mega-medusa-casinos-fair-play-policies/ HTTP/1.1" 200 15030 "-" "Mozilla/5.0 (Linux; Android 6.0.1; Nexus 5X Build/MMB29P) AppleWebKit/537.36 (KHTML, like Gecko) Chrome/150.0.7871.186 Mobile Safari/537.36 (compatible; GoogleOther)"
10.10.0.2 - - [30/Jul/2026:00:43:27 +0000] "POST /wp-cron.php?doing_wp_cron=1785372207.2713470458984375000000 HTTP/1.1" 200 31 "-" "WordPress/6.9.4; https://greenestate.com.bd"
190.153.91.255 - - [30/Jul/2026:00:43:27 +0000] "GET /wp-admin/ HTTP/1.1" 200 94061 "https://greenestate.com.bd/wp-login.php" "Mozilla/5.0 (Windows NT 10.0; Win64; x64) AppleWebKit/537.36 (KHTML, like Gecko) Chrome/120.0.0.0 Safari/537.36"
103.156.164.85 - - [30/Jul/2026:00:43:40 +0000] "GET /wp-admin/ HTTP/1.1" 200 94058 "-" "Mozilla/5.0 (Windows NT 10.0; Win64; x64) AppleWebKit/537.36 (KHTML, like Gecko) Chrome/120.0.0.0 Safari/537.36"
66.249.74.34 - - [30/Jul/2026:00:43:44 +0000] "GET /2026/01/29/why-players-rave-about-rollxo-casinos-features/ HTTP/1.1" 200 15378 "-" "Mozilla/5.0 (Linux; Android 6.0.1; Nexus 5X Build/MMB29P) AppleWebKit/537.36 (KHTML, like Gecko) Chrome/150.0.7871.186 Mobile Safari/537.36 (compatible; GoogleOther)"
103.156.164.85 - - [30/Jul/2026:00:43:49 +0000] "GET /wp-admin/post-new.php HTTP/1.1" 200 170250 "-" "Mozilla/5.0 (Windows NT 10.0; Win64; x64) AppleWebKit/537.36 (KHTML, like Gecko) Chrome/120.0.0.0 Safari/537.36"
103.156.164.85 - - [30/Jul/2026:00:44:00 +0000] "POST /xmlrpc.php HTTP/1.1" 200 670 "-" "WordPress/5.0; https://greenestate.com.bd"
103.156.164.85 - - [30/Jul/2026:00:44:04 +0000] "GET /wp-admin/admin-ajax.php?action=rest-nonce HTTP/1.1" 200 41 "-" "Mozilla/5.0 (Windows NT 10.0; Win64; x64) AppleWebKit/537.36 (KHTML, like Gecko) Chrome/120.0.0.0 Safari/537.36"
10.10.0.2 - - [30/Jul/2026:00:44:09 +0000] "POST /wp-cron.php?doing_wp_cron=1785372249.6456770896911621093750 HTTP/1.1" 200 31 "-" "WordPress/6.9.4; https://greenestate.com.bd"
103.156.164.85 - - [30/Jul/2026:00:44:09 +0000] "POST /xmlrpc.php HTTP/1.1" 200 190 "-" "Mozilla/5.0 (Windows NT 10.0; Win64; x64) AppleWebKit/537.36 (KHTML, like Gecko) Chrome/120.0.0.0 Safari/537.36"
103.156.164.85 - - [30/Jul/2026:00:44:13 +0000] "GET /?p=9304 HTTP/1.1" 301 5 "-" "Mozilla/5.0 (Windows NT 10.0; Win64; x64) AppleWebKit/537.36 (KHTML, like Gecko) Chrome/120.0.0.0 Safari/537.36"
103.156.164.85 - - [30/Jul/2026:00:44:17 +0000] "GET /2026/07/29/jak-se-zaregistrovat-na-bezpecnem-zahranicnim-casinu-securely/ HTTP/1.1" 200 22385 "-" "Mozilla/5.0 (Windows NT 10.0; Win64; x64) AppleWebKit/537.36 (KHTML, like Gecko) Chrome/120.0.0.0 Safari/537.36"
66.249.74.36 - - [30/Jul/2026:00:44:27 +0000] "GET /wp-includes/js/wp-util.min.js?ver=6.9.4 HTTP/1.1" 200 1431 "https://greenestate.com.bd/2026/04/12/the-diverse-games-available-at-spins-of-glory-casino/" "Mozilla/5.0 (Linux; Android 6.0.1; Nexus 5X Build/MMB29P) AppleWebKit/537.36 (KHTML, like Gecko) Chrome/150.0.7871.186 Mobile Safari/537.36 (compatible; GoogleOther)"
66.249.74.34 - - [30/Jul/2026:00:44:29 +0000] "GET /wp-includes/css/dist/block-library/style.min.css?ver=6.9.4 HTTP/1.1" 200 119358 "https://greenestate.com.bd/2026/04/12/the-diverse-games-available-at-spins-of-glory-casino/" "Mozilla/5.0 (Linux; Android 6.0.1; Nexus 5X Build/MMB29P) AppleWebKit/537.36 (KHTML, like Gecko) Chrome/150.0.7871.186 Mobile Safari/537.36 (compatible; GoogleOther)"
88.235.141.43 - - [30/Jul/2026:00:45:22 +0000] "GET / HTTP/1.1" 301 178 "-" "Mozilla/5.0 (Windows NT 10.0; Win64; x64) AppleWebKit/537.36 (KHTML, like Gecko) Chrome/120.0.0.0 Safari/537.36"
10.10.0.2 - - [30/Jul/2026:00:45:33 +0000] "POST /wp-cron.php?doing_wp_cron=1785372333.4389069080352783203125 HTTP/1.1" 200 31 "-" "WordPress/6.9.4; https://greenestate.com.bd"
190.97.254.116 - - [30/Jul/2026:00:45:33 +0000] "GET / HTTP/1.1" 200 35032 "-" "Mozilla/5.0 (Windows NT 10.0; Win64; x64) AppleWebKit/537.36 (KHTML, like Gecko) Chrome/120.0.0.0 Safari/537.36"
124.156.225.181 - - [30/Jul/2026:00:45:39 +0000] "GET / HTTP/1.1" 404 134 "-" "Mozilla/5.0 (iPhone; CPU iPhone OS 13_2_3 like Mac OS X) AppleWebKit/605.1.15 (KHTML, like Gecko) Version/13.0.3 Mobile/15E148 Safari/604.1"
200.59.178.88 - - [30/Jul/2026:00:45:43 +0000] "GET /wp-login.php HTTP/1.1" 200 2161 "-" "Mozilla/5.0 (Windows NT 10.0; Win64; x64) AppleWebKit/537.36 (KHTML, like Gecko) Chrome/120.0.0.0 Safari/537.36"
200.59.178.88 - - [30/Jul/2026:00:45:46 +0000] "POST /wp-login.php HTTP/1.1" 302 5 "https://greenestate.com.bd/wp-login.php" "Mozilla/5.0 (Windows NT 10.0; Win64; x64) AppleWebKit/537.36 (KHTML, like Gecko) Chrome/120.0.0.0 Safari/537.36"
200.59.178.88 - - [30/Jul/2026:00:45:50 +0000] "GET /wp-admin/ HTTP/1.1" 200 94060 "https://greenestate.com.bd/wp-login.php" "Mozilla/5.0 (Windows NT 10.0; Win64; x64) AppleWebKit/537.36 (KHTML, like Gecko) Chrome/120.0.0.0 Safari/537.36"
186.17.34.187 - - [30/Jul/2026:00:46:02 +0000] "GET /wp-admin/ HTTP/1.1" 200 94058 "-" "Mozilla/5.0 (Windows NT 10.0; Win64; x64) AppleWebKit/537.36 (KHTML, like Gecko) Chrome/120.0.0.0 Safari/537.36"
186.17.34.187 - - [30/Jul/2026:00:46:09 +0000] "GET /wp-admin/post-new.php HTTP/1.1" 200 170261 "-" "Mozilla/5.0 (Windows NT 10.0; Win64; x64) AppleWebKit/537.36 (KHTML, like Gecko) Chrome/120.0.0.0 Safari/537.36"
186.17.34.187 - - [30/Jul/2026:00:46:22 +0000] "POST /xmlrpc.php HTTP/1.1" 200 670 "-" "WordPress/5.0; https://greenestate.com.bd"
10.10.0.2 - - [30/Jul/2026:00:46:25 +0000] "POST /wp-cron.php?doing_wp_cron=1785372385.6359479427337646484375 HTTP/1.1" 200 31 "-" "WordPress/6.9.4; https://greenestate.com.bd"
186.17.34.187 - - [30/Jul/2026:00:46:25 +0000] "GET /wp-admin/admin-ajax.php?action=rest-nonce HTTP/1.1" 200 41 "-" "Mozilla/5.0 (Windows NT 10.0; Win64; x64) AppleWebKit/537.36 (KHTML, like Gecko) Chrome/120.0.0.0 Safari/537.36"
10.10.0.2 - - [30/Jul/2026:00:46:30 +0000] "POST /wp-cron.php?doing_wp_cron=1785372390.6266720294952392578125 HTTP/1.1" 200 31 "-" "WordPress/6.9.4; https://greenestate.com.bd"
186.17.34.187 - - [30/Jul/2026:00:46:30 +0000] "POST /xmlrpc.php HTTP/1.1" 200 190 "-" "Mozilla/5.0 (Windows NT 10.0; Win64; x64) AppleWebKit/537.36 (KHTML, like Gecko) Chrome/120.0.0.0 Safari/537.36"
51.15.214.201 - - [30/Jul/2026:00:46:31 +0000] "POST / HTTP/1.1" 499 0 "-" "Go-http-client/1.1"
186.17.34.187 - - [30/Jul/2026:00:46:34 +0000] "GET /?p=9307 HTTP/1.1" 301 5 "-" "Mozilla/5.0 (Windows NT 10.0; Win64; x64) AppleWebKit/537.36 (KHTML, like Gecko) Chrome/120.0.0.0 Safari/537.36"
186.17.34.187 - - [30/Jul/2026:00:46:37 +0000] "GET /2026/07/29/tekhnicheskaia-podderzhka-melbet-zerkalo-ofitsialnogo-saita-kak-poluchit-pomoshch/ HTTP/1.1" 200 23890 "-" "Mozilla/5.0 (Windows NT 10.0; Win64; x64) AppleWebKit/537.36 (KHTML, like Gecko) Chrome/120.0.0.0 Safari/537.36"
164.52.0.92 - - [30/Jul/2026:00:46:40 +0000] "GET / HTTP/1.1" 301 5 "-" "Mozilla/5.0 (Windows NT 10.0; Win64; x64) AppleWebKit/537.36 (KHTML, like Gecko) Chrome/143.0.0.0 Safari/537.36"
164.52.0.92 - - [30/Jul/2026:00:47:08 +0000] "GET / HTTP/1.1" 200 273345 "-" "Mozilla/5.0 (Windows NT 10.0; Win64; x64) AppleWebKit/537.36 (KHTML, like Gecko) Chrome/143.0.0.0 Safari/537.36"
10.10.0.2 - - [30/Jul/2026:00:47:39 +0000] "POST /wp-cron.php?doing_wp_cron=1785372459.7991750240325927734375 HTTP/1.1" 200 31 "-" "WordPress/6.9.4; https://greenestate.com.bd"
66.249.74.35 - - [30/Jul/2026:00:47:39 +0000] "GET /2026/02/09/the-advantages-of-playing-at-god-of-wins-casino/ HTTP/1.1" 200 14862 "-" "Mozilla/5.0 (Linux; Android 6.0.1; Nexus 5X Build/MMB29P) AppleWebKit/537.36 (KHTML, like Gecko) Chrome/150.0.7871.186 Mobile Safari/537.36 (compatible; GoogleOther)"
196.119.9.47 - - [30/Jul/2026:00:47:42 +0000] "GET / HTTP/1.1" 200 34798 "-" "Mozilla/5.0 (Windows NT 10.0; Win64; x64) AppleWebKit/537.36 (KHTML, like Gecko) Chrome/120.0.0.0 Safari/537.36"
164.52.0.92 - - [30/Jul/2026:00:47:47 +0000] "GET /project-location/newtown-matuail/ HTTP/1.1" 302 5 "-" "Mozilla/5.0 (Windows NT 10.0; Win64; x64) AppleWebKit/537.36 (KHTML, like Gecko) Chrome/143.0.0.0 Safari/537.36"
37.110.214.132 - - [30/Jul/2026:00:47:53 +0000] "GET /wp-login.php HTTP/1.1" 200 2161 "-" "Mozilla/5.0 (Windows NT 10.0; Win64; x64) AppleWebKit/537.36 (KHTML, like Gecko) Chrome/120.0.0.0 Safari/537.36"
37.110.214.132 - - [30/Jul/2026:00:47:58 +0000] "POST /wp-login.php HTTP/1.1" 302 5 "https://greenestate.com.bd/wp-login.php" "Mozilla/5.0 (Windows NT 10.0; Win64; x64) AppleWebKit/537.36 (KHTML, like Gecko) Chrome/120.0.0.0 Safari/537.36"
66.249.74.34 - - [30/Jul/2026:00:48:03 +0000] "GET /2026/07/28/razvoj-spletnega-igranja-vloga-bizzo-casina/ HTTP/1.1" 200 14969 "-" "Mozilla/5.0 (Linux; Android 6.0.1; Nexus 5X Build/MMB29P) AppleWebKit/537.36 (KHTML, like Gecko) Chrome/150.0.7871.186 Mobile Safari/537.36 (compatible; Googlebot/2.1; +http://www.google.com/bot.html)"
37.110.214.132 - - [30/Jul/2026:00:48:04 +0000] "GET /wp-admin/ HTTP/1.1" 200 93723 "https://greenestate.com.bd/wp-login.php" "Mozilla/5.0 (Windows NT 10.0; Win64; x64) AppleWebKit/537.36 (KHTML, like Gecko) Chrome/120.0.0.0 Safari/537.36"
164.52.0.92 - - [30/Jul/2026:00:48:10 +0000] "GET /projects/?location%3Dnewtown-matuail HTTP/1.1" 200 52153 "-" "Mozilla/5.0 (Windows NT 10.0; Win64; x64) AppleWebKit/537.36 (KHTML, like Gecko) Chrome/143.0.0.0 Safari/537.36"
5.192.69.40 - - [30/Jul/2026:00:48:17 +0000] "GET /wp-admin/ HTTP/1.1" 200 93721 "-" "Mozilla/5.0 (Windows NT 10.0; Win64; x64) AppleWebKit/537.36 (KHTML, like Gecko) Chrome/120.0.0.0 Safari/537.36"
10.10.0.2 - - [30/Jul/2026:00:48:24 +0000] "POST /wp-cron.php?doing_wp_cron=1785372504.3260340690612792968750 HTTP/1.1" 200 31 "-" "WordPress/6.9.4; https://greenestate.com.bd"
5.192.69.40 - - [30/Jul/2026:00:48:24 +0000] "GET /wp-admin/post-new.php HTTP/1.1" 200 170251 "-" "Mozilla/5.0 (Windows NT 10.0; Win64; x64) AppleWebKit/537.36 (KHTML, like Gecko) Chrome/120.0.0.0 Safari/537.36"
5.192.69.40 - - [30/Jul/2026:00:48:36 +0000] "POST /xmlrpc.php HTTP/1.1" 200 670 "-" "WordPress/5.0; https://greenestate.com.bd"
164.52.0.92 - - [30/Jul/2026:00:48:38 +0000] "GET /favicon.ico HTTP/1.1" 400 666 "-" "Mozilla/5.0 (Windows NT 10.0; Win64; x64) AppleWebKit/537.36 (KHTML, like Gecko) Chrome/143.0.0.0 Safari/537.36"
5.192.69.40 - - [30/Jul/2026:00:48:39 +0000] "GET /wp-admin/admin-ajax.php?action=rest-nonce HTTP/1.1" 200 41 "-" "Mozilla/5.0 (Windows NT 10.0; Win64; x64) AppleWebKit/537.36 (KHTML, like Gecko) Chrome/120.0.0.0 Safari/537.36"
10.10.0.2 - - [30/Jul/2026:00:48:45 +0000] "POST /wp-cron.php?doing_wp_cron=1785372525.1282789707183837890625 HTTP/1.1" 200 31 "-" "WordPress/6.9.4; https://greenestate.com.bd"
5.192.69.40 - - [30/Jul/2026:00:48:45 +0000] "POST /xmlrpc.php HTTP/1.1" 200 190 "-" "Mozilla/5.0 (Windows NT 10.0; Win64; x64) AppleWebKit/537.36 (KHTML, like Gecko) Chrome/120.0.0.0 Safari/537.36"
5.192.69.40 - - [30/Jul/2026:00:48:48 +0000] "GET /?p=9310 HTTP/1.1" 301 5 "-" "Mozilla/5.0 (Windows NT 10.0; Win64; x64) AppleWebKit/537.36 (KHTML, like Gecko) Chrome/120.0.0.0 Safari/537.36"
66.249.74.34 - - [30/Jul/2026:00:48:53 +0000] "GET /2026/03/08/why-md88-casino-is-a-great-option-for-gamblers/ HTTP/1.1" 200 15223 "-" "Mozilla/5.0 (Linux; Android 6.0.1; Nexus 5X Build/MMB29P) AppleWebKit/537.36 (KHTML, like Gecko) Chrome/150.0.7871.186 Mobile Safari/537.36 (compatible; GoogleOther)"
5.192.69.40 - - [30/Jul/2026:00:48:53 +0000] "GET /2026/07/29/tips-for-creating-a-winning-strategy-at-casumo-casino/ HTTP/1.1" 200 22885 "-" "Mozilla/5.0 (Windows NT 10.0; Win64; x64) AppleWebKit/537.36 (KHTML, like Gecko) Chrome/120.0.0.0 Safari/537.36"
66.249.74.34 - - [30/Jul/2026:00:49:05 +0000] "GET /2026/02/24/les-bonus-attractifs-de-mrxbet-en-2023/ HTTP/1.1" 200 15423 "-" "Mozilla/5.0 (Linux; Android 6.0.1; Nexus 5X Build/MMB29P) AppleWebKit/537.36 (KHTML, like Gecko) Chrome/150.0.7871.186 Mobile Safari/537.36 (compatible; GoogleOther)"
10.10.0.2 - - [30/Jul/2026:00:50:46 +0000] "POST /wp-cron.php?doing_wp_cron=1785372646.7850039005279541015625 HTTP/1.1" 200 31 "-" "WordPress/6.9.4; https://greenestate.com.bd"
78.153.140.250 - - [30/Jul/2026:00:50:46 +0000] "GET /.env HTTP/1.1" 404 110 "-" "Mozilla/5.0 (Windows NT 10.0; Win64; x64) AppleWebKit/537.36 (KHTML, like Gecko) Chrome/116.0.5845.140 Safari/537.36"
78.153.140.250 - - [30/Jul/2026:00:50:47 +0000] "POST / HTTP/1.1" 200 35245 "-" "Mozilla/5.0 (Windows NT 10.0; Win64; x64) AppleWebKit/537.36 (KHTML, like Gecko) Chrome/116.0.5845.140 Safari/537.36"
66.249.74.36 - - [30/Jul/2026:00:50:53 +0000] "GET /projects/mixed-use-development/ HTTP/1.1" 200 20211 "-" "Mozilla/5.0 (Linux; Android 6.0.1; Nexus 5X Build/MMB29P) AppleWebKit/537.36 (KHTML, like Gecko) Chrome/150.0.7871.186 Mobile Safari/537.36 (compatible; Googlebot/2.1; +http://www.google.com/bot.html)"
66.249.74.35 - - [30/Jul/2026:00:50:53 +0000] "GET / HTTP/1.1" 301 178 "-" "Mozilla/5.0 (Linux; Android 6.0.1; Nexus 5X Build/MMB29P) AppleWebKit/537.36 (KHTML, like Gecko) Chrome/150.0.7871.186 Mobile Safari/537.36 (compatible; Googlebot/2.1; +http://www.google.com/bot.html)"
66.249.74.36 - - [30/Jul/2026:00:50:54 +0000] "GET / HTTP/1.1" 200 34859 "-" "Mozilla/5.0 (Linux; Android 6.0.1; Nexus 5X Build/MMB29P) AppleWebKit/537.36 (KHTML, like Gecko) Chrome/150.0.7871.186 Mobile Safari/537.36 (compatible; Googlebot/2.1; +http://www.google.com/bot.html)"
66.249.74.36 - - [30/Jul/2026:00:50:55 +0000] "GET /wp-content/plugins/elementor/assets/css/widget-video.min.css?ver=3.32.2 HTTP/1.1" 200 1283 "https://greenestate.com.bd/projects/mixed-use-development/" "Mozilla/5.0 (Linux; Android 6.0.1; Nexus 5X Build/MMB29P) AppleWebKit/537.36 (KHTML, like Gecko) Chrome/150.0.7871.186 Mobile Safari/537.36 (compatible; Googlebot/2.1; +http://www.google.com/bot.html)"
66.249.74.36 - - [30/Jul/2026:00:50:56 +0000] "GET /wp-content/uploads/elementor/css/custom-widget-nested-tabs.min.css?ver=1773250661 HTTP/1.1" 200 14852 "https://greenestate.com.bd/projects/mixed-use-development/" "Mozilla/5.0 (Linux; Android 6.0.1; Nexus 5X Build/MMB29P) AppleWebKit/537.36 (KHTML, like Gecko) Chrome/150.0.7871.186 Mobile Safari/537.36 (compatible; Googlebot/2.1; +http://www.google.com/bot.html)"
66.249.74.36 - - [30/Jul/2026:00:50:56 +0000] "GET /wp-content/plugins/elementor/assets/css/widget-google_maps.min.css?ver=3.32.2 HTTP/1.1" 200 301 "https://greenestate.com.bd/projects/mixed-use-development/" "Mozilla/5.0 (Linux; Android 6.0.1; Nexus 5X Build/MMB29P) AppleWebKit/537.36 (KHTML, like Gecko) Chrome/150.0.7871.186 Mobile Safari/537.36 (compatible; Googlebot/2.1; +http://www.google.com/bot.html)"
66.249.74.35 - - [30/Jul/2026:00:50:57 +0000] "GET /wp-content/themes/spaciaz/assets/css/libs/magnific-popup.css?ver=1.1.2 HTTP/1.1" 200 9277 "https://greenestate.com.bd/projects/mixed-use-development/" "Mozilla/5.0 (Linux; Android 6.0.1; Nexus 5X Build/MMB29P) AppleWebKit/537.36 (KHTML, like Gecko) Chrome/150.0.7871.186 Mobile Safari/537.36 (compatible; Googlebot/2.1; +http://www.google.com/bot.html)"
66.249.74.36 - - [30/Jul/2026:00:50:57 +0000] "GET /wp-content/uploads/elementor/css/post-2202.css?ver=1773623557 HTTP/1.1" 200 70538 "https://greenestate.com.bd/projects/mixed-use-development/" "Mozilla/5.0 (Linux; Android 6.0.1; Nexus 5X Build/MMB29P) AppleWebKit/537.36 (KHTML, like Gecko) Chrome/150.0.7871.186 Mobile Safari/537.36 (compatible; Googlebot/2.1; +http://www.google.com/bot.html)"
66.249.74.36 - - [30/Jul/2026:00:50:58 +0000] "GET /wp-content/plugins/elementor/assets/css/widget-rating.min.css?ver=3.32.2 HTTP/1.1" 200 1350 "https://greenestate.com.bd/" "Mozilla/5.0 (Linux; Android 6.0.1; Nexus 5X Build/MMB29P) AppleWebKit/537.36 (KHTML, like Gecko) Chrome/150.0.7871.186 Mobile Safari/537.36 (compatible; Googlebot/2.1; +http://www.google.com/bot.html)"
66.249.74.34 - - [30/Jul/2026:00:50:58 +0000] "GET /wp-content/uploads/elementor/css/post-41.css?ver=1773251793 HTTP/1.1" 200 164003 "https://greenestate.com.bd/" "Mozilla/5.0 (Linux; Android 6.0.1; Nexus 5X Build/MMB29P) AppleWebKit/537.36 (KHTML, like Gecko) Chrome/150.0.7871.186 Mobile Safari/537.36 (compatible; Googlebot/2.1; +http://www.google.com/bot.html)"
66.249.74.34 - - [30/Jul/2026:00:50:59 +0000] "GET /wp-json/contact-form-7/v1/contact-forms/892/feedback/schema HTTP/1.1" 200 894 "https://greenestate.com.bd/projects/mixed-use-development/" "Mozilla/5.0 (Linux; Android 6.0.1; Nexus 5X Build/MMB29P) AppleWebKit/537.36 (KHTML, like Gecko) Chrome/150.0.7871.186 Mobile Safari/537.36 (compatible; Googlebot/2.1; +http://www.google.com/bot.html)"
66.249.74.34 - - [30/Jul/2026:00:51:00 +0000] "GET /wp-json/contact-form-7/v1/contact-forms/10/feedback/schema HTTP/1.1" 200 1022 "https://greenestate.com.bd/" "Mozilla/5.0 (Linux; Android 6.0.1; Nexus 5X Build/MMB29P) AppleWebKit/537.36 (KHTML, like Gecko) Chrome/150.0.7871.186 Mobile Safari/537.36 (compatible; Googlebot/2.1; +http://www.google.com/bot.html)"
66.249.74.36 - - [30/Jul/2026:00:51:01 +0000] "GET /wp-content/uploads/elementor/css/custom-lightbox.min.css?ver=3.32.2 HTTP/1.1" 200 11291 "https://greenestate.com.bd/projects/mixed-use-development/" "Mozilla/5.0 (Linux; Android 6.0.1; Nexus 5X Build/MMB29P) AppleWebKit/537.36 (KHTML, like Gecko) Chrome/150.0.7871.186 Mobile Safari/537.36 (compatible; Googlebot/2.1; +http://www.google.com/bot.html)"
66.249.74.35 - - [30/Jul/2026:00:51:01 +0000] "GET /wp-content/plugins/elementor/assets/css/conditionals/dialog.min.css?ver=3.32.2 HTTP/1.1" 200 16528 "https://greenestate.com.bd/projects/mixed-use-development/" "Mozilla/5.0 (Linux; Android 6.0.1; Nexus 5X Build/MMB29P) AppleWebKit/537.36 (KHTML, like Gecko) Chrome/150.0.7871.186 Mobile Safari/537.36 (compatible; Googlebot/2.1; +http://www.google.com/bot.html)"
66.249.74.36 - - [30/Jul/2026:00:51:02 +0000] "GET /wp-content/plugins/elementor/assets/lib/dialog/dialog.min.js?ver=4.9.3 HTTP/1.1" 200 11622 "https://greenestate.com.bd/projects/mixed-use-development/" "Mozilla/5.0 (Linux; Android 6.0.1; Nexus 5X Build/MMB29P) AppleWebKit/537.36 (KHTML, like Gecko) Chrome/150.0.7871.186 Mobile Safari/537.36 (compatible; Googlebot/2.1; +http://www.google.com/bot.html)"
66.249.74.35 - - [30/Jul/2026:00:51:02 +0000] "GET /wp-content/plugins/elementor/assets/svg-paths/circle.svg HTTP/1.1" 200 168 "https://greenestate.com.bd/" "Mozilla/5.0 (Linux; Android 6.0.1; Nexus 5X Build/MMB29P) AppleWebKit/537.36 (KHTML, like Gecko) Chrome/150.0.7871.186 Mobile Safari/537.36 (compatible; Googlebot/2.1; +http://www.google.com/bot.html)"
66.249.74.34 - - [30/Jul/2026:00:51:03 +0000] "GET /wp-content/plugins/elementor/assets/js/nested-title-keyboard-handler.fc9d01c2cd0ef46d20fd.bundle.min.js HTTP/1.1" 200 4358 "https://greenestate.com.bd/projects/mixed-use-development/" "Mozilla/5.0 (Linux; Android 6.0.1; Nexus 5X Build/MMB29P) AppleWebKit/537.36 (KHTML, like Gecko) Chrome/150.0.7871.186 Mobile Safari/537.36 (compatible; Googlebot/2.1; +http://www.google.com/bot.html)"
10.10.0.2 - - [30/Jul/2026:00:52:45 +0000] "POST /wp-cron.php?doing_wp_cron=1785372765.2131929397583007812500 HTTP/1.1" 200 31 "-" "WordPress/6.9.4; https://greenestate.com.bd"
66.249.74.34 - - [30/Jul/2026:00:52:45 +0000] "GET /2026/03/02/why-players-choose-kahuna-casino-over-others/ HTTP/1.1" 200 15155 "-" "Mozilla/5.0 (Linux; Android 6.0.1; Nexus 5X Build/MMB29P) AppleWebKit/537.36 (KHTML, like Gecko) Chrome/150.0.7871.186 Mobile Safari/537.36 (compatible; Googlebot/2.1; +http://www.google.com/bot.html)"
10.10.0.2 - - [30/Jul/2026:00:53:39 +0000] "POST /wp-cron.php?doing_wp_cron=1785372819.7771029472351074218750 HTTP/1.1" 200 31 "-" "WordPress/6.9.4; https://greenestate.com.bd"
66.249.74.35 - - [30/Jul/2026:00:53:39 +0000] "GET /2026/07/29/sustainable-practices-for-visitors-to-river-belle-casino-a-comprehensive-review/ HTTP/1.1" 200 15708 "-" "Mozilla/5.0 (Linux; Android 6.0.1; Nexus 5X Build/MMB29P) AppleWebKit/537.36 (KHTML, like Gecko) Chrome/150.0.7871.186 Mobile Safari/537.36 (compatible; GoogleOther)"
141.98.10.12 - - [30/Jul/2026:00:56:02 +0000] "POST /struts2-showcase/index.action HTTP/1.1" 404 162 "-" "Mozilla/5.0 (Windows NT 10.0; Win64; x64; rv:153.0) Gecko/20100101 Firefox/153.0"
10.10.0.2 - - [30/Jul/2026:00:58:00 +0000] "POST /wp-cron.php?doing_wp_cron=1785373080.0445361137390136718750 HTTP/1.1" 200 31 "-" "WordPress/6.9.4; https://greenestate.com.bd"
128.1.123.128 - - [30/Jul/2026:00:58:00 +0000] "POST / HTTP/1.1" 200 35175 "-" "Go-http-client/1.1"
20.220.15.170 - - [30/Jul/2026:00:58:04 +0000] "GET /wp-content/plugins/hellopress/wp_filemanager.php HTTP/1.1" 301 178 "-" "-"
20.220.15.170 - - [30/Jul/2026:00:58:07 +0000] "GET /wp-content/plugins/hellopress/wp_filemanager.php HTTP/1.1" 404 162 "-" "-"
20.220.15.170 - - [30/Jul/2026:00:58:07 +0000] "GET /this_is_a_new_hello_world.php HTTP/1.1" 301 178 "-" "-"
20.220.15.170 - - [30/Jul/2026:00:58:07 +0000] "GET /this_is_a_new_hello_world.php HTTP/1.1" 404 162 "-" "-"
20.220.15.170 - - [30/Jul/2026:00:58:07 +0000] "GET /inputs.php HTTP/1.1" 301 178 "-" "-"
20.220.15.170 - - [30/Jul/2026:00:58:07 +0000] "GET /inputs.php HTTP/1.1" 404 162 "-" "-"
20.220.15.170 - - [30/Jul/2026:00:58:07 +0000] "GET /admin.php HTTP/1.1" 301 178 "-" "-"
20.220.15.170 - - [30/Jul/2026:00:58:07 +0000] "GET /admin.php HTTP/1.1" 404 162 "-" "-"
20.220.15.170 - - [30/Jul/2026:00:58:08 +0000] "GET /goods.php HTTP/1.1" 301 178 "-" "-"
20.220.15.170 - - [30/Jul/2026:00:58:08 +0000] "GET /goods.php HTTP/1.1" 404 162 "-" "-"
20.220.15.170 - - [30/Jul/2026:00:58:08 +0000] "GET /file.php HTTP/1.1" 301 178 "-" "-"
20.220.15.170 - - [30/Jul/2026:00:58:08 +0000] "GET /file.php HTTP/1.1" 404 162 "-" "-"
20.220.15.170 - - [30/Jul/2026:00:58:08 +0000] "GET /adminfuns.php HTTP/1.1" 301 178 "-" "-"
20.220.15.170 - - [30/Jul/2026:00:58:08 +0000] "GET /adminfuns.php HTTP/1.1" 404 162 "-" "-"
20.220.15.170 - - [30/Jul/2026:00:58:08 +0000] "GET /404.php HTTP/1.1" 301 178 "-" "-"
20.220.15.170 - - [30/Jul/2026:00:58:08 +0000] "GET /404.php HTTP/1.1" 404 162 "-" "-"
20.220.15.170 - - [30/Jul/2026:00:58:08 +0000] "GET /wk/index.php HTTP/1.1" 301 178 "-" "-"
20.220.15.170 - - [30/Jul/2026:00:58:08 +0000] "GET /wk/index.php HTTP/1.1" 404 162 "-" "-"
20.220.15.170 - - [30/Jul/2026:00:58:08 +0000] "GET /about.php HTTP/1.1" 301 178 "-" "-"
20.220.15.170 - - [30/Jul/2026:00:58:08 +0000] "GET /about.php HTTP/1.1" 404 162 "-" "-"
20.220.15.170 - - [30/Jul/2026:00:58:08 +0000] "GET /term.php HTTP/1.1" 301 178 "-" "-"
20.220.15.170 - - [30/Jul/2026:00:58:08 +0000] "GET /term.php HTTP/1.1" 404 162 "-" "-"
20.220.15.170 - - [30/Jul/2026:00:58:08 +0000] "GET /ioxi-o.php HTTP/1.1" 301 178 "-" "-"
20.220.15.170 - - [30/Jul/2026:00:58:08 +0000] "GET /ioxi-o.php HTTP/1.1" 404 162 "-" "-"
20.220.15.170 - - [30/Jul/2026:00:58:08 +0000] "GET /1.php HTTP/1.1" 301 178 "-" "-"
20.220.15.170 - - [30/Jul/2026:00:58:08 +0000] "GET /1.php HTTP/1.1" 404 162 "-" "-"
20.220.15.170 - - [30/Jul/2026:00:58:08 +0000] "GET /alfa.php HTTP/1.1" 301 178 "-" "-"
20.220.15.170 - - [30/Jul/2026:00:58:08 +0000] "GET /alfa.php HTTP/1.1" 404 162 "-" "-"
20.220.15.170 - - [30/Jul/2026:00:58:08 +0000] "GET /edit.php HTTP/1.1" 301 178 "-" "-"
20.220.15.170 - - [30/Jul/2026:00:58:08 +0000] "GET /edit.php HTTP/1.1" 404 162 "-" "-"
20.220.15.170 - - [30/Jul/2026:00:58:08 +0000] "GET /elp.php HTTP/1.1" 301 178 "-" "-"
20.220.15.170 - - [30/Jul/2026:00:58:08 +0000] "GET /elp.php HTTP/1.1" 404 162 "-" "-"
20.220.15.170 - - [30/Jul/2026:00:58:08 +0000] "GET /classwithtostring.php HTTP/1.1" 301 178 "-" "-"
20.220.15.170 - - [30/Jul/2026:00:58:08 +0000] "GET /classwithtostring.php HTTP/1.1" 404 162 "-" "-"
20.220.15.170 - - [30/Jul/2026:00:58:08 +0000] "GET /666.php HTTP/1.1" 301 178 "-" "-"
20.220.15.170 - - [30/Jul/2026:00:58:08 +0000] "GET /666.php HTTP/1.1" 404 162 "-" "-"
20.220.15.170 - - [30/Jul/2026:00:58:08 +0000] "GET /wp-admin/ HTTP/1.1" 301 178 "-" "-"
20.220.15.170 - - [30/Jul/2026:00:58:08 +0000] "GET /wp-admin/ HTTP/1.1" 302 5 "-" "-"
20.220.15.170 - - [30/Jul/2026:00:58:09 +0000] "GET /wp-login.php?redirect_to=https%3A%2F%2Fgreenestate.com.bd%2Fwp-admin%2F&reauth=1 HTTP/1.1" 200 6187 "-" "-"
20.220.15.170 - - [30/Jul/2026:00:58:09 +0000] "GET /ws54.php HTTP/1.1" 301 178 "-" "-"
20.220.15.170 - - [30/Jul/2026:00:58:09 +0000] "GET /ws54.php HTTP/1.1" 404 162 "-" "-"
20.220.15.170 - - [30/Jul/2026:00:58:09 +0000] "GET /deepseek_d.php HTTP/1.1" 301 178 "-" "-"
20.220.15.170 - - [30/Jul/2026:00:58:09 +0000] "GET /deepseek_d.php HTTP/1.1" 404 162 "-" "-"
20.220.15.170 - - [30/Jul/2026:00:58:09 +0000] "GET /function/function.php HTTP/1.1" 301 178 "-" "-"
20.220.15.170 - - [30/Jul/2026:00:58:09 +0000] "GET /function/function.php HTTP/1.1" 404 162 "-" "-"
20.220.15.170 - - [30/Jul/2026:00:58:09 +0000] "GET /nw.php HTTP/1.1" 301 178 "-" "-"
20.220.15.170 - - [30/Jul/2026:00:58:09 +0000] "GET /nw.php HTTP/1.1" 404 162 "-" "-"
20.220.15.170 - - [30/Jul/2026:00:58:09 +0000] "GET /xleet.php HTTP/1.1" 301 178 "-" "-"
20.220.15.170 - - [30/Jul/2026:00:58:09 +0000] "GET /xleet.php HTTP/1.1" 404 162 "-" "-"
20.220.15.170 - - [30/Jul/2026:00:58:09 +0000] "GET /wp.php HTTP/1.1" 301 178 "-" "-"
20.220.15.170 - - [30/Jul/2026:00:58:09 +0000] "GET /wp.php HTTP/1.1" 404 162 "-" "-"
20.220.15.170 - - [30/Jul/2026:00:58:09 +0000] "GET /155.php HTTP/1.1" 301 178 "-" "-"
20.220.15.170 - - [30/Jul/2026:00:58:09 +0000] "GET /155.php HTTP/1.1" 404 162 "-" "-"
20.220.15.170 - - [30/Jul/2026:00:58:09 +0000] "GET /96i.php HTTP/1.1" 301 178 "-" "-"
20.220.15.170 - - [30/Jul/2026:00:58:09 +0000] "GET /96i.php HTTP/1.1" 404 162 "-" "-"
20.220.15.170 - - [30/Jul/2026:00:58:09 +0000] "GET /as.php HTTP/1.1" 301 178 "-" "-"
20.220.15.170 - - [30/Jul/2026:00:58:09 +0000] "GET /as.php HTTP/1.1" 404 162 "-" "-"
20.220.15.170 - - [30/Jul/2026:00:58:09 +0000] "GET /min.php HTTP/1.1" 301 178 "-" "-"
20.220.15.170 - - [30/Jul/2026:00:58:10 +0000] "GET /min.php HTTP/1.1" 404 162 "-" "-"
20.220.15.170 - - [30/Jul/2026:00:58:10 +0000] "GET /.well-known/ HTTP/1.1" 301 178 "-" "-"
20.220.15.170 - - [30/Jul/2026:00:58:10 +0000] "GET /.well-known/ HTTP/1.1" 404 110 "-" "-"
20.220.15.170 - - [30/Jul/2026:00:58:10 +0000] "GET /php8.php HTTP/1.1" 301 178 "-" "-"
20.220.15.170 - - [30/Jul/2026:00:58:10 +0000] "GET /php8.php HTTP/1.1" 404 162 "-" "-"
20.220.15.170 - - [30/Jul/2026:00:58:10 +0000] "GET /wp-content/admin.php HTTP/1.1" 301 178 "-" "-"
20.220.15.170 - - [30/Jul/2026:00:58:11 +0000] "GET /wp-content/admin.php HTTP/1.1" 404 162 "-" "-"
20.220.15.170 - - [30/Jul/2026:00:58:11 +0000] "GET /222.php HTTP/1.1" 301 178 "-" "-"
20.220.15.170 - - [30/Jul/2026:00:58:11 +0000] "GET /222.php HTTP/1.1" 404 162 "-" "-"
20.220.15.170 - - [30/Jul/2026:00:58:11 +0000] "GET /wp-content/themes/pridmag/il.php HTTP/1.1" 301 178 "-" "-"
20.220.15.170 - - [30/Jul/2026:00:58:11 +0000] "GET /wp-content/themes/pridmag/il.php HTTP/1.1" 404 162 "-" "-"
20.220.15.170 - - [30/Jul/2026:00:58:12 +0000] "GET /info.php HTTP/1.1" 301 178 "-" "-"
20.220.15.170 - - [30/Jul/2026:00:58:12 +0000] "GET /info.php HTTP/1.1" 404 162 "-" "-"
20.220.15.170 - - [30/Jul/2026:00:58:12 +0000] "GET /a.php HTTP/1.1" 301 178 "-" "-"
20.220.15.170 - - [30/Jul/2026:00:58:12 +0000] "GET /a.php HTTP/1.1" 404 162 "-" "-"
20.220.15.170 - - [30/Jul/2026:00:58:12 +0000] "GET /chosen.php HTTP/1.1" 301 178 "-" "-"
20.220.15.170 - - [30/Jul/2026:00:58:12 +0000] "GET /chosen.php HTTP/1.1" 404 162 "-" "-"
20.220.15.170 - - [30/Jul/2026:00:58:12 +0000] "GET /wp-content/index.php HTTP/1.1" 301 178 "-" "-"
20.220.15.170 - - [30/Jul/2026:00:58:12 +0000] "GET /wp-content/index.php HTTP/1.1" 200 5 "-" "-"
20.220.15.170 - - [30/Jul/2026:00:58:12 +0000] "GET /vx.php HTTP/1.1" 301 178 "-" "-"
20.220.15.170 - - [30/Jul/2026:00:58:12 +0000] "GET /vx.php HTTP/1.1" 404 162 "-" "-"
20.220.15.170 - - [30/Jul/2026:00:58:12 +0000] "GET /admin/controller/extension/ HTTP/1.1" 301 178 "-" "-"
20.220.15.170 - - [30/Jul/2026:00:58:13 +0000] "GET /admin/controller/extension/ HTTP/1.1" 404 110 "-" "-"
20.220.15.170 - - [30/Jul/2026:00:58:13 +0000] "GET /wap.php HTTP/1.1" 301 178 "-" "-"
20.220.15.170 - - [30/Jul/2026:00:58:13 +0000] "GET /wap.php HTTP/1.1" 404 162 "-" "-"
20.220.15.170 - - [30/Jul/2026:00:58:13 +0000] "GET /wp-admin/wp.php HTTP/1.1" 301 178 "-" "-"
20.220.15.170 - - [30/Jul/2026:00:58:13 +0000] "GET /wp-admin/wp.php HTTP/1.1" 404 162 "-" "-"
20.220.15.170 - - [30/Jul/2026:00:58:13 +0000] "GET /bgymj.php HTTP/1.1" 301 178 "-" "-"
20.220.15.170 - - [30/Jul/2026:00:58:13 +0000] "GET /bgymj.php HTTP/1.1" 404 162 "-" "-"
20.220.15.170 - - [30/Jul/2026:00:58:13 +0000] "GET /aa.php HTTP/1.1" 301 178 "-" "-"
20.220.15.170 - - [30/Jul/2026:00:58:13 +0000] "GET /aa.php HTTP/1.1" 404 162 "-" "-"
20.220.15.170 - - [30/Jul/2026:00:58:13 +0000] "GET /wp-mail.php HTTP/1.1" 301 178 "-" "-"
20.220.15.170 - - [30/Jul/2026:00:58:13 +0000] "GET /wp-mail.php HTTP/1.1" 403 2532 "-" "-"
20.220.15.170 - - [30/Jul/2026:00:58:14 +0000] "GET /bolt.php HTTP/1.1" 301 178 "-" "-"
20.220.15.170 - - [30/Jul/2026:00:58:14 +0000] "GET /bolt.php HTTP/1.1" 404 162 "-" "-"
20.220.15.170 - - [30/Jul/2026:00:58:14 +0000] "GET /bthil.php HTTP/1.1" 301 178 "-" "-"
20.220.15.170 - - [30/Jul/2026:00:58:14 +0000] "GET /bthil.php HTTP/1.1" 404 162 "-" "-"
20.220.15.170 - - [30/Jul/2026:00:58:14 +0000] "GET /cgi-bin/ HTTP/1.1" 301 178 "-" "-"
20.220.15.170 - - [30/Jul/2026:00:58:14 +0000] "GET /cgi-bin/ HTTP/1.1" 404 110 "-" "-"
20.220.15.170 - - [30/Jul/2026:00:58:14 +0000] "GET /x.php HTTP/1.1" 301 178 "-" "-"
20.220.15.170 - - [30/Jul/2026:00:58:14 +0000] "GET /x.php HTTP/1.1" 404 162 "-" "-"
20.220.15.170 - - [30/Jul/2026:00:58:14 +0000] "GET /index/function.php HTTP/1.1" 301 178 "-" "-"
20.220.15.170 - - [30/Jul/2026:00:58:14 +0000] "GET /index/function.php HTTP/1.1" 404 162 "-" "-"
20.220.15.170 - - [30/Jul/2026:00:58:14 +0000] "GET /aaa.php HTTP/1.1" 301 178 "-" "-"
20.220.15.170 - - [30/Jul/2026:00:58:14 +0000] "GET /aaa.php HTTP/1.1" 404 162 "-" "-"
20.220.15.170 - - [30/Jul/2026:00:58:14 +0000] "GET /abcd.php HTTP/1.1" 301 178 "-" "-"
20.220.15.170 - - [30/Jul/2026:00:58:14 +0000] "GET /abcd.php HTTP/1.1" 404 162 "-" "-"
20.220.15.170 - - [30/Jul/2026:00:58:14 +0000] "GET /wp-good.php HTTP/1.1" 301 178 "-" "-"
20.220.15.170 - - [30/Jul/2026:00:58:14 +0000] "GET /wp-good.php HTTP/1.1" 404 162 "-" "-"
20.220.15.170 - - [30/Jul/2026:00:58:14 +0000] "GET /simple.php HTTP/1.1" 301 178 "-" "-"
20.220.15.170 - - [30/Jul/2026:00:58:14 +0000] "GET /simple.php HTTP/1.1" 404 162 "-" "-"
20.220.15.170 - - [30/Jul/2026:00:58:14 +0000] "GET /edit-tags.php HTTP/1.1" 301 178 "-" "-"
20.220.15.170 - - [30/Jul/2026:00:58:14 +0000] "GET /edit-tags.php HTTP/1.1" 404 162 "-" "-"
20.220.15.170 - - [30/Jul/2026:00:58:15 +0000] "GET /u.php HTTP/1.1" 301 178 "-" "-"
20.220.15.170 - - [30/Jul/2026:00:58:15 +0000] "GET /u.php HTTP/1.1" 404 162 "-" "-"
20.220.15.170 - - [30/Jul/2026:00:58:15 +0000] "GET /wp-content/themes/admin.php HTTP/1.1" 301 178 "-" "-"
20.220.15.170 - - [30/Jul/2026:00:58:15 +0000] "GET /wp-content/themes/admin.php HTTP/1.1" 404 162 "-" "-"
20.220.15.170 - - [30/Jul/2026:00:58:15 +0000] "GET /h.php HTTP/1.1" 301 178 "-" "-"
20.220.15.170 - - [30/Jul/2026:00:58:15 +0000] "GET /h.php HTTP/1.1" 404 162 "-" "-"
20.220.15.170 - - [30/Jul/2026:00:58:15 +0000] "GET /ms-edit.php HTTP/1.1" 301 178 "-" "-"
20.220.15.170 - - [30/Jul/2026:00:58:15 +0000] "GET /ms-edit.php HTTP/1.1" 404 162 "-" "-"
20.220.15.170 - - [30/Jul/2026:00:58:15 +0000] "GET /a7.php HTTP/1.1" 301 178 "-" "-"
20.220.15.170 - - [30/Jul/2026:00:58:15 +0000] "GET /a7.php HTTP/1.1" 404 162 "-" "-"
20.220.15.170 - - [30/Jul/2026:00:58:16 +0000] "GET /manager.php HTTP/1.1" 301 178 "-" "-"
20.220.15.170 - - [30/Jul/2026:00:58:16 +0000] "GET /manager.php HTTP/1.1" 404 162 "-" "-"
20.220.15.170 - - [30/Jul/2026:00:58:16 +0000] "GET /w1.php HTTP/1.1" 301 178 "-" "-"
