20.220.15.170 - - [30/Jul/2026:00:58:16 +0000] "GET /w1.php HTTP/1.1" 404 162 "-" "-"
20.220.15.170 - - [30/Jul/2026:00:58:16 +0000] "GET /wp-includes/fonts/ HTTP/1.1" 301 178 "-" "-"
20.220.15.170 - - [30/Jul/2026:00:58:17 +0000] "GET /wp-includes/fonts/ HTTP/1.1" 403 162 "-" "-"
20.220.15.170 - - [30/Jul/2026:00:58:17 +0000] "GET /wp-login.php HTTP/1.1" 301 178 "-" "-"
20.220.15.170 - - [30/Jul/2026:00:58:17 +0000] "GET /wp-login.php HTTP/1.1" 200 6186 "-" "-"
20.220.15.170 - - [30/Jul/2026:00:58:17 +0000] "GET /default.php HTTP/1.1" 301 178 "-" "-"
20.220.15.170 - - [30/Jul/2026:00:58:17 +0000] "GET /default.php HTTP/1.1" 404 162 "-" "-"
20.220.15.170 - - [30/Jul/2026:00:58:17 +0000] "GET /i.php HTTP/1.1" 301 178 "-" "-"
20.220.15.170 - - [30/Jul/2026:00:58:17 +0000] "GET /i.php HTTP/1.1" 404 162 "-" "-"
20.220.15.170 - - [30/Jul/2026:00:58:17 +0000] "GET /wp-content/uploads/ HTTP/1.1" 301 178 "-" "-"
20.220.15.170 - - [30/Jul/2026:00:58:18 +0000] "GET /wp-content/uploads/ HTTP/1.1" 403 162 "-" "-"
20.220.15.170 - - [30/Jul/2026:00:58:18 +0000] "GET /wp-includes/Requests/library/index.php HTTP/1.1" 301 178 "-" "-"
20.220.15.170 - - [30/Jul/2026:00:58:18 +0000] "GET /wp-includes/Requests/library/index.php HTTP/1.1" 404 162 "-" "-"
20.220.15.170 - - [30/Jul/2026:00:58:18 +0000] "GET /wp-content/themes/index.php HTTP/1.1" 301 178 "-" "-"
20.220.15.170 - - [30/Jul/2026:00:58:18 +0000] "GET /wp-content/themes/index.php HTTP/1.1" 200 5 "-" "-"
20.220.15.170 - - [30/Jul/2026:00:58:18 +0000] "GET /gecko-new.php HTTP/1.1" 301 178 "-" "-"
20.220.15.170 - - [30/Jul/2026:00:58:18 +0000] "GET /gecko-new.php HTTP/1.1" 404 162 "-" "-"
20.220.15.170 - - [30/Jul/2026:00:58:18 +0000] "GET /NewFile.php HTTP/1.1" 301 178 "-" "-"
20.220.15.170 - - [30/Jul/2026:00:58:18 +0000] "GET /NewFile.php HTTP/1.1" 404 162 "-" "-"
20.220.15.170 - - [30/Jul/2026:00:58:18 +0000] "GET /wp-Blogs.php HTTP/1.1" 301 178 "-" "-"
20.220.15.170 - - [30/Jul/2026:00:58:18 +0000] "GET /wp-Blogs.php HTTP/1.1" 404 162 "-" "-"
20.220.15.170 - - [30/Jul/2026:00:58:18 +0000] "GET /wp-includes/fonts/index.php HTTP/1.1" 301 178 "-" "-"
20.220.15.170 - - [30/Jul/2026:00:58:18 +0000] "GET /wp-includes/fonts/index.php HTTP/1.1" 404 162 "-" "-"
20.220.15.170 - - [30/Jul/2026:00:58:18 +0000] "GET /themes.php HTTP/1.1" 301 178 "-" "-"
20.220.15.170 - - [30/Jul/2026:00:58:18 +0000] "GET /themes.php HTTP/1.1" 404 162 "-" "-"
20.220.15.170 - - [30/Jul/2026:00:58:18 +0000] "GET /cv.php HTTP/1.1" 301 178 "-" "-"
20.220.15.170 - - [30/Jul/2026:00:58:18 +0000] "GET /cv.php HTTP/1.1" 404 162 "-" "-"
20.220.15.170 - - [30/Jul/2026:00:58:18 +0000] "GET /wp-admin/js/ HTTP/1.1" 301 178 "-" "-"
20.220.15.170 - - [30/Jul/2026:00:58:18 +0000] "GET /wp-admin/js/ HTTP/1.1" 403 162 "-" "-"
20.220.15.170 - - [30/Jul/2026:00:58:18 +0000] "GET /wp-content/uploads/index.php HTTP/1.1" 301 178 "-" "-"
20.220.15.170 - - [30/Jul/2026:00:58:18 +0000] "GET /wp-content/uploads/index.php HTTP/1.1" 404 162 "-" "-"
20.220.15.170 - - [30/Jul/2026:00:58:18 +0000] "GET /ws83.php HTTP/1.1" 301 178 "-" "-"
20.220.15.170 - - [30/Jul/2026:00:58:18 +0000] "GET /ws83.php HTTP/1.1" 404 162 "-" "-"
20.220.15.170 - - [30/Jul/2026:00:58:18 +0000] "GET /atex1.php HTTP/1.1" 301 178 "-" "-"
20.220.15.170 - - [30/Jul/2026:00:58:18 +0000] "GET /atex1.php HTTP/1.1" 404 162 "-" "-"
20.220.15.170 - - [30/Jul/2026:00:58:19 +0000] "GET /class-t.api.php HTTP/1.1" 301 178 "-" "-"
20.220.15.170 - - [30/Jul/2026:00:58:19 +0000] "GET /class-t.api.php HTTP/1.1" 404 162 "-" "-"
20.220.15.170 - - [30/Jul/2026:00:58:19 +0000] "GET /w.php HTTP/1.1" 301 178 "-" "-"
20.220.15.170 - - [30/Jul/2026:00:58:19 +0000] "GET /w.php HTTP/1.1" 404 162 "-" "-"
20.220.15.170 - - [30/Jul/2026:00:58:20 +0000] "GET /archive.php HTTP/1.1" 301 178 "-" "-"
20.220.15.170 - - [30/Jul/2026:00:58:20 +0000] "GET /archive.php HTTP/1.1" 404 162 "-" "-"
20.220.15.170 - - [30/Jul/2026:00:58:20 +0000] "GET /bless.php HTTP/1.1" 301 178 "-" "-"
20.220.15.170 - - [30/Jul/2026:00:58:20 +0000] "GET /bless.php HTTP/1.1" 404 162 "-" "-"
20.220.15.170 - - [30/Jul/2026:00:58:20 +0000] "GET /sagax1.php HTTP/1.1" 301 178 "-" "-"
20.220.15.170 - - [30/Jul/2026:00:58:20 +0000] "GET /sagax1.php HTTP/1.1" 404 162 "-" "-"
20.220.15.170 - - [30/Jul/2026:00:58:20 +0000] "GET /wpc.php HTTP/1.1" 301 178 "-" "-"
20.220.15.170 - - [30/Jul/2026:00:58:20 +0000] "GET /wpc.php HTTP/1.1" 404 162 "-" "-"
20.220.15.170 - - [30/Jul/2026:00:58:20 +0000] "GET /fone1.php HTTP/1.1" 301 178 "-" "-"
20.220.15.170 - - [30/Jul/2026:00:58:20 +0000] "GET /fone1.php HTTP/1.1" 404 162 "-" "-"
20.220.15.170 - - [30/Jul/2026:00:58:20 +0000] "GET /ncx.php HTTP/1.1" 301 178 "-" "-"
20.220.15.170 - - [30/Jul/2026:00:58:20 +0000] "GET /ncx.php HTTP/1.1" 404 162 "-" "-"
20.220.15.170 - - [30/Jul/2026:00:58:20 +0000] "GET /wp-admin/js/index.php HTTP/1.1" 301 178 "-" "-"
20.220.15.170 - - [30/Jul/2026:00:58:20 +0000] "GET /wp-admin/js/index.php HTTP/1.1" 404 162 "-" "-"
20.220.15.170 - - [30/Jul/2026:00:58:20 +0000] "GET /wso.php HTTP/1.1" 301 178 "-" "-"
20.220.15.170 - - [30/Jul/2026:00:58:20 +0000] "GET /wso.php HTTP/1.1" 404 162 "-" "-"
20.220.15.170 - - [30/Jul/2026:00:58:21 +0000] "GET /zup.php73 HTTP/1.1" 301 178 "-" "-"
20.220.15.170 - - [30/Jul/2026:00:58:21 +0000] "GET /zup.php73 HTTP/1.1" 404 110 "-" "-"
20.220.15.170 - - [30/Jul/2026:00:58:21 +0000] "GET /k.php HTTP/1.1" 301 178 "-" "-"
20.220.15.170 - - [30/Jul/2026:00:58:21 +0000] "GET /k.php HTTP/1.1" 404 162 "-" "-"
20.220.15.170 - - [30/Jul/2026:00:58:21 +0000] "GET /wp-blink.php HTTP/1.1" 301 178 "-" "-"
20.220.15.170 - - [30/Jul/2026:00:58:22 +0000] "GET /wp-blink.php HTTP/1.1" 404 162 "-" "-"
20.220.15.170 - - [30/Jul/2026:00:58:22 +0000] "GET /randkeyword.PhP7 HTTP/1.1" 301 178 "-" "-"
20.220.15.170 - - [30/Jul/2026:00:58:23 +0000] "GET /randkeyword.PhP7 HTTP/1.1" 404 110 "-" "-"
20.220.15.170 - - [30/Jul/2026:00:58:23 +0000] "GET /wp-admin/css/colors/ectoplasm/ HTTP/1.1" 301 178 "-" "-"
20.220.15.170 - - [30/Jul/2026:00:58:23 +0000] "GET /wp-admin/css/colors/ectoplasm/ HTTP/1.1" 403 162 "-" "-"
20.220.15.170 - - [30/Jul/2026:00:58:23 +0000] "GET /wp-content/ HTTP/1.1" 301 178 "-" "-"
20.220.15.170 - - [30/Jul/2026:00:58:23 +0000] "GET /wp-content/ HTTP/1.1" 200 5 "-" "-"
20.220.15.170 - - [30/Jul/2026:00:58:23 +0000] "GET /ww5.php HTTP/1.1" 301 178 "-" "-"
20.220.15.170 - - [30/Jul/2026:00:58:23 +0000] "GET /ww5.php HTTP/1.1" 404 162 "-" "-"
20.220.15.170 - - [30/Jul/2026:00:58:24 +0000] "GET /2.php HTTP/1.1" 301 178 "-" "-"
20.220.15.170 - - [30/Jul/2026:00:58:24 +0000] "GET /2.php HTTP/1.1" 404 162 "-" "-"
20.220.15.170 - - [30/Jul/2026:00:58:24 +0000] "GET /wp-admin/classwithtostring.php HTTP/1.1" 301 178 "-" "-"
20.220.15.170 - - [30/Jul/2026:00:58:24 +0000] "GET /wp-admin/classwithtostring.php HTTP/1.1" 404 162 "-" "-"
20.220.15.170 - - [30/Jul/2026:00:58:24 +0000] "GET /atomlib.php HTTP/1.1" 301 178 "-" "-"
20.220.15.170 - - [30/Jul/2026:00:58:24 +0000] "GET /atomlib.php HTTP/1.1" 404 162 "-" "-"
20.220.15.170 - - [30/Jul/2026:00:58:24 +0000] "GET /rip.php HTTP/1.1" 301 178 "-" "-"
20.220.15.170 - - [30/Jul/2026:00:58:24 +0000] "GET /rip.php HTTP/1.1" 404 162 "-" "-"
20.220.15.170 - - [30/Jul/2026:00:58:24 +0000] "GET /p.php HTTP/1.1" 301 178 "-" "-"
20.220.15.170 - - [30/Jul/2026:00:58:24 +0000] "GET /p.php HTTP/1.1" 404 162 "-" "-"
20.220.15.170 - - [30/Jul/2026:00:58:24 +0000] "GET /php.php HTTP/1.1" 301 178 "-" "-"
20.220.15.170 - - [30/Jul/2026:00:58:24 +0000] "GET /php.php HTTP/1.1" 404 162 "-" "-"
212.83.140.25 - - [30/Jul/2026:00:58:35 +0000] "GET / HTTP/1.1" 404 162 "-" "libwww-perl/6.83"
10.10.0.2 - - [30/Jul/2026:00:58:36 +0000] "POST /wp-cron.php?doing_wp_cron=1785373116.5394940376281738281250 HTTP/1.1" 200 31 "-" "WordPress/6.9.4; https://greenestate.com.bd"
212.83.140.25 - - [30/Jul/2026:00:58:36 +0000] "GET / HTTP/1.1" 200 274235 "-" "libwww-perl/6.83"
101.42.46.71 - - [30/Jul/2026:00:59:11 +0000] "GET / HTTP/1.1" 301 178 "-" "Mozilla/5.0 (iPhone; CPU iPhone OS 13_2_3 like Mac OS X) AppleWebKit/605.1.15 (KHTML, like Gecko) Version/13.0.3 Mobile/15E148 Safari/604.1"
103.203.56.2 - - [30/Jul/2026:00:59:14 +0000] "GET / HTTP/1.1" 404 162 "-" "HTTP Banner Detection (https://security.ipip.net)"
10.10.0.2 - - [30/Jul/2026:00:59:40 +0000] "POST /wp-cron.php?doing_wp_cron=1785373179.8351469039916992187500 HTTP/1.1" 200 31 "-" "WordPress/6.9.4; https://greenestate.com.bd"
66.249.74.35 - - [30/Jul/2026:00:59:40 +0000] "GET /category/melbet/ HTTP/1.1" 200 14912 "-" "Mozilla/5.0 (Linux; Android 6.0.1; Nexus 5X Build/MMB29P) AppleWebKit/537.36 (KHTML, like Gecko) Chrome/150.0.7871.186 Mobile Safari/537.36 (compatible; GoogleOther)"
66.249.74.35 - - [30/Jul/2026:00:59:48 +0000] "GET /2026/02/26/a-closer-look-at-methspin-casinos-player-reviews/ HTTP/1.1" 200 15516 "-" "Mozilla/5.0 (Linux; Android 6.0.1; Nexus 5X Build/MMB29P) AppleWebKit/537.36 (KHTML, like Gecko) Chrome/150.0.7871.186 Mobile Safari/537.36 (compatible; GoogleOther)"
66.249.74.34 - - [30/Jul/2026:01:00:17 +0000] "GET /wp-content/plugins/elementor/assets/css/conditionals/e-swiper.min.css?ver=3.32.2 HTTP/1.1" 200 5486 "https://greenestate.com.bd/2026/02/26/a-closer-look-at-methspin-casinos-player-reviews/" "Mozilla/5.0 (Linux; Android 6.0.1; Nexus 5X Build/MMB29P) AppleWebKit/537.36 (KHTML, like Gecko) Chrome/150.0.7871.186 Mobile Safari/537.36 (compatible; GoogleOther)"
5.61.209.44 - - [30/Jul/2026:01:00:42 +0000] "GET /SDK/webLanguage HTTP/1.1" 404 196 "-" "Mozilla/5.0 (Windows NT 10.0; Win64; x64) AppleWebKit/537.36 (KHTML, like Gecko) Chrome/90.0.4430.85 Safari/537.36 Edg/90.0.818.46"
10.10.0.2 - - [30/Jul/2026:01:01:52 +0000] "POST /wp-cron.php?doing_wp_cron=1785373312.3859419822692871093750 HTTP/1.1" 200 31 "-" "WordPress/6.9.4; https://greenestate.com.bd"
66.249.74.36 - - [30/Jul/2026:01:01:52 +0000] "GET /2026/02/24/casino-lab-a-new-era-of-online-gambling/ HTTP/1.1" 200 15068 "-" "Mozilla/5.0 (Linux; Android 6.0.1; Nexus 5X Build/MMB29P) AppleWebKit/537.36 (KHTML, like Gecko) Chrome/150.0.7871.186 Mobile Safari/537.36 (compatible; Googlebot/2.1; +http://www.google.com/bot.html)"
10.10.0.2 - - [30/Jul/2026:01:03:03 +0000] "POST /wp-cron.php?doing_wp_cron=1785373383.2645320892333984375000 HTTP/1.1" 200 31 "-" "WordPress/6.9.4; https://greenestate.com.bd"
66.249.74.36 - - [30/Jul/2026:01:03:03 +0000] "GET /2026/07/29/2026-da-pinco-da-spor-bahisleri-hizli-ve-guvenilir-secenekler/ HTTP/1.1" 200 15554 "-" "Mozilla/5.0 (Linux; Android 6.0.1; Nexus 5X Build/MMB29P) AppleWebKit/537.36 (KHTML, like Gecko) Chrome/150.0.7871.186 Mobile Safari/537.36 (compatible; Googlebot/2.1; +http://www.google.com/bot.html)"
10.10.0.2 - - [30/Jul/2026:01:03:24 +0000] "POST /wp-cron.php?doing_wp_cron=1785373404.6283988952636718750000 HTTP/1.1" 200 31 "-" "WordPress/6.9.4; https://greenestate.com.bd"
66.249.74.35 - - [30/Jul/2026:01:03:24 +0000] "GET /2026/02/05/why-dendy-casino-is-drawing-players-attention/ HTTP/1.1" 200 15151 "-" "Mozilla/5.0 (Linux; Android 6.0.1; Nexus 5X Build/MMB29P) AppleWebKit/537.36 (KHTML, like Gecko) Chrome/150.0.7871.186 Mobile Safari/537.36 (compatible; GoogleOther)"
10.10.0.2 - - [30/Jul/2026:01:05:09 +0000] "POST /wp-cron.php?doing_wp_cron=1785373509.7686200141906738281250 HTTP/1.1" 200 31 "-" "WordPress/6.9.4; https://greenestate.com.bd"
66.249.74.36 - - [30/Jul/2026:01:05:09 +0000] "GET /2026/03/06/the-atmosphere-of-slotastic-casino-what-to-know/ HTTP/1.1" 200 15032 "-" "Mozilla/5.0 (Linux; Android 6.0.1; Nexus 5X Build/MMB29P) AppleWebKit/537.36 (KHTML, like Gecko) Chrome/150.0.7871.186 Mobile Safari/537.36 (compatible; GoogleOther)"
10.10.0.2 - - [30/Jul/2026:01:05:39 +0000] "POST /wp-cron.php?doing_wp_cron=1785373539.8687338829040527343750 HTTP/1.1" 200 31 "-" "WordPress/6.9.4; https://greenestate.com.bd"
66.249.74.34 - - [30/Jul/2026:01:05:39 +0000] "GET /2026/02/10/voyage-dans-le-monde-de-mrxbet-ses-offres-inegalees/ HTTP/1.1" 200 15206 "-" "Mozilla/5.0 (Linux; Android 6.0.1; Nexus 5X Build/MMB29P) AppleWebKit/537.36 (KHTML, like Gecko) Chrome/150.0.7871.186 Mobile Safari/537.36 (compatible; GoogleOther)"
66.249.74.35 - - [30/Jul/2026:01:06:23 +0000] "GET /2026/03/28/goldex-casinos-reputation-trust-and-fair-play-explained/ HTTP/1.1" 200 15003 "-" "Mozilla/5.0 (Linux; Android 6.0.1; Nexus 5X Build/MMB29P) AppleWebKit/537.36 (KHTML, like Gecko) Chrome/150.0.7871.186 Mobile Safari/537.36 (compatible; Googlebot/2.1; +http://www.google.com/bot.html)"
43.157.95.239 - - [30/Jul/2026:01:06:31 +0000] "GET / HTTP/1.1" 301 178 "-" "Mozilla/5.0 (iPhone; CPU iPhone OS 13_2_3 like Mac OS X) AppleWebKit/605.1.15 (KHTML, like Gecko) Version/13.0.3 Mobile/15E148 Safari/604.1"
43.157.95.239 - - [30/Jul/2026:01:06:32 +0000] "GET / HTTP/1.1" 200 18245 "http://tanviranik.com" "Mozilla/5.0 (iPhone; CPU iPhone OS 13_2_3 like Mac OS X) AppleWebKit/605.1.15 (KHTML, like Gecko) Version/13.0.3 Mobile/15E148 Safari/604.1"
10.10.0.2 - - [30/Jul/2026:01:07:12 +0000] "POST /wp-cron.php?doing_wp_cron=1785373632.7475030422210693359375 HTTP/1.1" 200 31 "-" "WordPress/6.9.4; https://greenestate.com.bd"
54.39.210.54 - - [30/Jul/2026:01:07:12 +0000] "GET /robots.txt HTTP/1.1" 200 130 "-" "Mozilla/5.0 (compatible; AhrefsBot/7.0; +http://ahrefs.com/robot/)"
54.39.0.40 - - [30/Jul/2026:01:07:14 +0000] "GET /services-style-01/ HTTP/1.1" 200 14345 "-" "Mozilla/5.0 (compatible; AhrefsBot/7.0; +http://ahrefs.com/robot/)"
148.113.130.81 - - [30/Jul/2026:01:09:03 +0000] "GET /wp-content/uploads/elementor/css/post-2211.css?ver=1773323577 HTTP/1.1" 200 14936 "-" "Mozilla/5.0 (compatible; AhrefsBot/7.0; +http://ahrefs.com/robot/)"
185.130.227.201 - - [30/Jul/2026:01:09:05 +0000] "GET / HTTP/1.1" 200 18249 "-" "Mozilla/5.0 (Linux; Android 9; SM-G955F) AppleWebKit/537.36 (KHTML, like Gecko) Chrome/84.0.4147.89 Mobile Safari/537.36"
10.10.0.2 - - [30/Jul/2026:01:09:55 +0000] "POST /wp-cron.php?doing_wp_cron=1785373795.4872250556945800781250 HTTP/1.1" 200 31 "-" "WordPress/6.9.4; https://greenestate.com.bd"
173.208.212.162 - - [30/Jul/2026:01:09:55 +0000] "GET /sxallsitemap.xml HTTP/1.1" 404 110 "-" "Mozilla/5.0 (Windows NT 10.0; Win64; x64) AppleWebKit/537.36 (KHTML, like Gecko) Chrome/58.0.3029.110 Safari/537.3"
45.198.224.26 - - [30/Jul/2026:01:10:12 +0000] "GET /login HTTP/1.1" 404 134 "-" "Go-http-client/1.1"
10.10.0.2 - - [30/Jul/2026:01:10:26 +0000] "POST /wp-cron.php?doing_wp_cron=1785373826.2441070079803466796875 HTTP/1.1" 200 31 "-" "WordPress/6.9.4; https://greenestate.com.bd"
66.249.74.36 - - [30/Jul/2026:01:10:26 +0000] "GET /2026/03/25/discovering-the-rich-gaming-library-at-lucky-tiger-casino/ HTTP/1.1" 200 15026 "-" "Mozilla/5.0 (Linux; Android 6.0.1; Nexus 5X Build/MMB29P) AppleWebKit/537.36 (KHTML, like Gecko) Chrome/150.0.7871.186 Mobile Safari/537.36 (compatible; GoogleOther)"
66.249.74.34 - - [30/Jul/2026:01:10:31 +0000] "GET /2026/03/14/are-fair-play-standards-met-at-astromania-casino/ HTTP/1.1" 200 15358 "-" "Mozilla/5.0 (Linux; Android 6.0.1; Nexus 5X Build/MMB29P) AppleWebKit/537.36 (KHTML, like Gecko) Chrome/150.0.7871.186 Mobile Safari/537.36 (compatible; GoogleOther)"
10.10.0.2 - - [30/Jul/2026:01:11:39 +0000] "POST /wp-cron.php?doing_wp_cron=1785373899.7195839881896972656250 HTTP/1.1" 200 31 "-" "WordPress/6.9.4; https://greenestate.com.bd"
66.249.74.34 - - [30/Jul/2026:01:11:39 +0000] "GET /2026/03/04/ripper-casino-app-convenience-at-your-fingertips/ HTTP/1.1" 200 15252 "-" "Mozilla/5.0 (Linux; Android 6.0.1; Nexus 5X Build/MMB29P) AppleWebKit/537.36 (KHTML, like Gecko) Chrome/150.0.7871.186 Mobile Safari/537.36 (compatible; GoogleOther)"
156.225.1.110 - - [30/Jul/2026:01:12:08 +0000] "GET / HTTP/1.1" 400 166 "-" "NTRIP GNSSInternetRadio"
156.225.1.110 - - [30/Jul/2026:01:12:08 +0000] "GET /version HTTP/1.1" 400 264 "-" "-"
156.225.1.110 - - [30/Jul/2026:01:12:09 +0000] "GET / HTTP/1.1" 400 264 "-" "-"
156.225.1.110 - - [30/Jul/2026:01:12:09 +0000] "GET / HTTP/1.1" 400 264 "-" "-"
156.225.1.110 - - [30/Jul/2026:01:12:10 +0000] "GET /v1 HTTP/1.1" 400 264 "-" "-"
156.225.1.110 - - [30/Jul/2026:01:12:12 +0000] "GET / HTTP/1.1" 200 274003 "-" "-"
47.254.92.190 - - [30/Jul/2026:01:12:30 +0000] "GET / HTTP/1.1" 301 178 "-" "Mozilla/5.0 (iPhone; CPU iPhone OS 13_2_3 like Mac OS X) AppleWebKit/605.1.15 (KHTML, like Gecko) Version/13.0.3 Mobile/15E148 Safari/604.1"
47.254.92.190 - - [30/Jul/2026:01:12:32 +0000] "GET / HTTP/1.1" 200 18244 "http://www.tanviranik.com" "Mozilla/5.0 (iPhone; CPU iPhone OS 13_2_3 like Mac OS X) AppleWebKit/605.1.15 (KHTML, like Gecko) Version/13.0.3 Mobile/15E148 Safari/604.1"
10.10.0.2 - - [30/Jul/2026:01:12:37 +0000] "POST /wp-cron.php?doing_wp_cron=1785373957.1522359848022460937500 HTTP/1.1" 200 31 "-" "WordPress/6.9.4; https://greenestate.com.bd"
156.225.1.110 - - [30/Jul/2026:01:12:37 +0000] "GET / HTTP/1.1" 200 273847 "-" "Mozilla/5.0 (Windows NT 6.1) AppleWebKit/537.36 (KHTML, like Gecko) Chrome/49.0.2623.112 Safari/537.36"
156.225.1.110 - - [30/Jul/2026:01:12:56 +0000] "GET /wp-content/uploads/2025/09/cropped-WhatsApp-Image-2025-09-13-at-7.43.55-PM-32x32.jpeg HTTP/1.1" 200 1283 "https://159.203.156.69:443" "Mozilla/5.0 (Windows NT 6.1) AppleWebKit/537.36 (KHTML, like Gecko) Chrome/49.0.2623.112 Safari/537.36"
45.198.224.26 - - [30/Jul/2026:01:15:48 +0000] "GET /login HTTP/1.1" 404 134 "-" "Go-http-client/1.1"
10.10.0.2 - - [30/Jul/2026:01:15:59 +0000] "POST /wp-cron.php?doing_wp_cron=1785374159.1546878814697265625000 HTTP/1.1" 200 31 "-" "WordPress/6.9.4; https://greenestate.com.bd"
66.249.74.35 - - [30/Jul/2026:01:15:59 +0000] "GET /2026/02/25/betzino-casino-est-il-le-bon-choix-pour-les-gros-joueurs/ HTTP/1.1" 200 15354 "-" "Mozilla/5.0 (Linux; Android 6.0.1; Nexus 5X Build/MMB29P) AppleWebKit/537.36 (KHTML, like Gecko) Chrome/150.0.7871.186 Mobile Safari/537.36 (compatible; GoogleOther)"
10.10.0.2 - - [30/Jul/2026:01:17:39 +0000] "POST /wp-cron.php?doing_wp_cron=1785374259.7509539127349853515625 HTTP/1.1" 200 31 "-" "WordPress/6.9.4; https://greenestate.com.bd"
66.249.74.36 - - [30/Jul/2026:01:17:39 +0000] "GET /2026/07/28/jak-na-registraci-u-mostbet-postup-a-uzivatelske-zpetne-vazby/ HTTP/1.1" 200 15709 "-" "Mozilla/5.0 (Linux; Android 6.0.1; Nexus 5X Build/MMB29P) AppleWebKit/537.36 (KHTML, like Gecko) Chrome/150.0.7871.186 Mobile Safari/537.36 (compatible; GoogleOther)"
66.249.74.34 - - [30/Jul/2026:01:18:03 +0000] "GET /category/wiz-slots/ HTTP/1.1" 200 14662 "-" "Mozilla/5.0 (Linux; Android 6.0.1; Nexus 5X Build/MMB29P) AppleWebKit/537.36 (KHTML, like Gecko) Chrome/150.0.7871.186 Mobile Safari/537.36 (compatible; Googlebot/2.1; +http://www.google.com/bot.html)"
113.31.186.196 - - [30/Jul/2026:01:18:13 +0000] "GET / HTTP/1.1" 301 178 "-" "Mozilla/5.0 (Windows; U; Windows NT 5.1; en-US) AppleWebKit/534.18 (KHTML, like Gecko) Chrome/11.0.661.0 Safari/534.18"
43.159.141.150 - - [30/Jul/2026:01:19:36 +0000] "GET / HTTP/1.1" 301 178 "-" "Mozilla/5.0 (iPhone; CPU iPhone OS 13_2_3 like Mac OS X) AppleWebKit/605.1.15 (KHTML, like Gecko) Version/13.0.3 Mobile/15E148 Safari/604.1"
10.10.0.2 - - [30/Jul/2026:01:19:38 +0000] "POST /wp-cron.php?doing_wp_cron=1785374378.5388910770416259765625 HTTP/1.1" 200 31 "-" "WordPress/6.9.4; https://greenestate.com.bd"
43.159.141.150 - - [30/Jul/2026:01:19:38 +0000] "GET / HTTP/1.1" 200 35032 "http://greenestate.com.bd" "Mozilla/5.0 (iPhone; CPU iPhone OS 13_2_3 like Mac OS X) AppleWebKit/605.1.15 (KHTML, like Gecko) Version/13.0.3 Mobile/15E148 Safari/604.1"
66.249.74.36 - - [30/Jul/2026:01:19:53 +0000] "GET /category/public/ HTTP/1.1" 200 16572 "-" "Mozilla/5.0 (Linux; Android 6.0.1; Nexus 5X Build/MMB29P) AppleWebKit/537.36 (KHTML, like Gecko) Chrome/150.0.7871.186 Mobile Safari/537.36 (compatible; GoogleOther)"
66.249.74.34 - - [30/Jul/2026:01:20:02 +0000] "GET /2026/02/21/are-payments-fast-and-reliable-at-winport-casino/ HTTP/1.1" 200 14830 "-" "Mozilla/5.0 (Linux; Android 6.0.1; Nexus 5X Build/MMB29P) AppleWebKit/537.36 (KHTML, like Gecko) Chrome/150.0.7871.186 Mobile Safari/537.36 (compatible; Googlebot/2.1; +http://www.google.com/bot.html)"
136.228.175.181 - - [30/Jul/2026:01:20:12 +0000] "POST / HTTP/1.%1" 400 166 "-" "-"
10.10.0.2 - - [30/Jul/2026:01:20:53 +0000] "POST /wp-cron.php?doing_wp_cron=1785374453.1192419528961181640625 HTTP/1.1" 200 31 "-" "WordPress/6.9.4; https://greenestate.com.bd"
66.249.74.34 - - [30/Jul/2026:01:20:53 +0000] "GET /2026/03/28/goldex-casinos-reputation-trust-and-fair-play-explained/ HTTP/1.1" 200 15003 "-" "Mozilla/5.0 (Linux; Android 6.0.1; Nexus 5X Build/MMB29P) AppleWebKit/537.36 (KHTML, like Gecko) Chrome/150.0.7871.186 Mobile Safari/537.36 (compatible; GoogleOther)"
113.31.186.196 - - [30/Jul/2026:01:21:01 +0000] "GET / HTTP/1.1" 301 178 "-" "Mozilla/5.0 (Macintosh; Intel Mac OS X 10_11) AppleWebKit/601.1.27 (KHTML, like Gecko) Chrome/47.0.2526.106 Safari/601.1.27"
113.31.186.196 - - [30/Jul/2026:01:21:02 +0000] "GET / HTTP/1.1" 200 18257 "-" "Mozilla/5.0 (Macintosh; Intel Mac OS X 10_11) AppleWebKit/601.1.27 (KHTML, like Gecko) Chrome/47.0.2526.106 Safari/601.1.27"
66.249.74.36 - - [30/Jul/2026:01:21:14 +0000] "GET /2026/07/30/slimme-strategieen-voor-afk-spin-login-die-je-niet-wilt-missen/feed/ HTTP/1.1" 200 924 "-" "Mozilla/5.0 (Linux; Android 6.0.1; Nexus 5X Build/MMB29P) AppleWebKit/537.36 (KHTML, like Gecko) Chrome/150.0.7871.186 Mobile Safari/537.36 (compatible; GoogleOther)"
113.31.186.196 - - [30/Jul/2026:01:21:33 +0000] "GET / HTTP/1.1" 200 18237 "-" "Mozilla/5.0 (Macintosh; Intel Mac OS X 10_11) AppleWebKit/601.1.27 (KHTML, like Gecko) Chrome/47.0.2526.106 Safari/601.1.27"
173.252.82.37 - - [30/Jul/2026:01:22:50 +0000] "GET /tanvir-halftone-portrait.png HTTP/1.1" 200 3971281 "-" "facebookexternalhit/1.1 (+http://www.facebook.com/externalhit_uatext.php)"
113.31.186.196 - - [30/Jul/2026:01:23:24 +0000] "GET / HTTP/1.1" 200 18235 "-" "Mozilla/5.0 (Linux; Android 8.1; vivo X21 Build/OPM1.171019.011; wv) AppleWebKit/537.36 (KHTML, like Gecko) Version/4.0 Chrome/57.0.2987.132 MQQBrowser/6.2 TBS/044207 Mobile Safari/537.36 MicroMessenger/6.7.2.1340(0x2607023A) NetType/4G Language/zh_CN"
69.171.234.8 - - [30/Jul/2026:01:23:28 +0000] "GET /tanvir-halftone-portrait.png HTTP/1.1" 200 3971281 "-" "facebookexternalhit/1.1 (+http://www.facebook.com/externalhit_uatext.php)"
10.10.0.2 - - [30/Jul/2026:01:23:39 +0000] "POST /wp-cron.php?doing_wp_cron=1785374619.7847089767456054687500 HTTP/1.1" 200 31 "-" "WordPress/6.9.4; https://greenestate.com.bd"
66.249.74.35 - - [30/Jul/2026:01:23:39 +0000] "GET /category/bezpecne-zahranicni-casino/ HTTP/1.1" 200 14706 "-" "Mozilla/5.0 (Linux; Android 6.0.1; Nexus 5X Build/MMB29P) AppleWebKit/537.36 (KHTML, like Gecko) Chrome/150.0.7871.186 Mobile Safari/537.36 (compatible; GoogleOther)"
66.249.74.36 - - [30/Jul/2026:01:24:16 +0000] "GET /wp-content/themes/spaciaz/assets/js/frontend/main.min.js?ver=1.1.2 HTTP/1.1" 200 1572 "https://greenestate.com.bd/category/wiz-slots/" "Mozilla/5.0 (Linux; Android 6.0.1; Nexus 5X Build/MMB29P) AppleWebKit/537.36 (KHTML, like Gecko) Chrome/150.0.7871.186 Mobile Safari/537.36 (compatible; Googlebot/2.1; +http://www.google.com/bot.html)"
66.249.74.35 - - [30/Jul/2026:01:24:16 +0000] "GET /wp-content/uploads/elementor/css/custom-frontend.min.css?ver=1773250661 HTTP/1.1" 200 53804 "https://greenestate.com.bd/category/wiz-slots/" "Mozilla/5.0 (Linux; Android 6.0.1; Nexus 5X Build/MMB29P) AppleWebKit/537.36 (KHTML, like Gecko) Chrome/150.0.7871.186 Mobile Safari/537.36 (compatible; Googlebot/2.1; +http://www.google.com/bot.html)"
66.249.74.35 - - [30/Jul/2026:01:25:23 +0000] "GET /wp-content/themes/spaciaz/assets/js/frontend/nav-mobile.min.js?ver=1.1.2 HTTP/1.1" 200 898 "https://greenestate.com.bd/2026/03/04/ripper-casino-app-convenience-at-your-fingertips/" "Mozilla/5.0 (Linux; Android 6.0.1; Nexus 5X Build/MMB29P) AppleWebKit/537.36 (KHTML, like Gecko) Chrome/150.0.7871.186 Mobile Safari/537.36 (compatible; GoogleOther)"
66.249.74.36 - - [30/Jul/2026:01:25:25 +0000] "GET /wp-content/themes/spaciaz/assets/js/frontend/login.js?ver=1.1.2 HTTP/1.1" 200 867 "https://greenestate.com.bd/2026/03/04/ripper-casino-app-convenience-at-your-fingertips/" "Mozilla/5.0 (Linux; Android 6.0.1; Nexus 5X Build/MMB29P) AppleWebKit/537.36 (KHTML, like Gecko) Chrome/150.0.7871.186 Mobile Safari/537.36 (compatible; GoogleOther)"
10.10.0.2 - - [30/Jul/2026:01:25:40 +0000] "POST /wp-cron.php?doing_wp_cron=1785374740.0955760478973388671875 HTTP/1.1" 200 31 "-" "WordPress/6.9.4; https://greenestate.com.bd"
45.77.61.56 - - [30/Jul/2026:01:25:40 +0000] "GET / HTTP/1.1" 301 5 "-" "Mozilla/5.0 (compatible; CyberConvoyScout/1.0; +https://scout.cyberconvoy.co)"
45.77.61.56 - - [30/Jul/2026:01:25:44 +0000] "GET / HTTP/1.1" 200 34904 "https://165.227.207.41/" "Mozilla/5.0 (compatible; CyberConvoyScout/1.0; +https://scout.cyberconvoy.co)"
85.11.167.203 - - [30/Jul/2026:01:26:12 +0000] "POST /xmlrpc.php HTTP/1.1" 499 0 "-" "Mozilla/5.0"
85.11.167.203 - - [30/Jul/2026:01:26:13 +0000] "POST /xmlrpc.php HTTP/1.1" 499 0 "-" "Mozilla/5.0"
185.242.226.114 - - [30/Jul/2026:01:26:23 +0000] "GET / HTTP/1.1" 404 196 "-" "Mozilla/5.0 (Windows NT 10.0; Win64; x64) AppleWebKit/537.36 (KHTML, like Gecko) Chrome/88.0.4324.190 Safari/537.36"
10.10.0.2 - - [30/Jul/2026:01:26:35 +0000] "POST /wp-cron.php?doing_wp_cron=1785374795.4494209289550781250000 HTTP/1.1" 200 31 "-" "WordPress/6.9.4; https://greenestate.com.bd"
66.249.74.35 - - [30/Jul/2026:01:26:35 +0000] "GET /2026/07/30/%D0%B8%D0%B7%D0%BF%D1%80%D0%B0%D0%B2%D0%B8-%D1%81%D0%B5-%D0%BF%D1%80%D0%B5%D0%B4-%D0%BF%D1%80%D0%B8%D0%BA%D0%BB%D1%8E%D1%87%D0%B5%D0%BD%D0%B8%D0%B5%D1%82%D0%BE-%D0%B2-bet-alice-casino-%D0%B8-%D1%81/ HTTP/1.1" 200 17163 "-" "Mozilla/5.0 (Linux; Android 6.0.1; Nexus 5X Build/MMB29P) AppleWebKit/537.36 (KHTML, like Gecko) Chrome/150.0.7871.186 Mobile Safari/537.36 (compatible; GoogleOther)"
85.11.167.203 - - [30/Jul/2026:01:26:39 +0000] "POST /xmlrpc.php HTTP/1.1" 499 0 "-" "Mozilla/5.0"
85.11.167.203 - - [30/Jul/2026:01:26:40 +0000] "POST /xmlrpc.php HTTP/1.1" 400 0 "-" "Mozilla/5.0"
66.249.74.35 - - [30/Jul/2026:01:26:45 +0000] "GET /wp-includes/js/jquery/jquery-migrate.min.js?ver=3.4.1 HTTP/1.1" 200 13577 "https://greenestate.com.bd/2026/03/28/goldex-casinos-reputation-trust-and-fair-play-explained/" "Mozilla/5.0 (Linux; Android 6.0.1; Nexus 5X Build/MMB29P) AppleWebKit/537.36 (KHTML, like Gecko) Chrome/150.0.7871.186 Mobile Safari/537.36 (compatible; GoogleOther)"
10.10.0.2 - - [30/Jul/2026:01:28:52 +0000] "POST /wp-cron.php?doing_wp_cron=1785374932.0041179656982421875000 HTTP/1.1" 200 31 "-" "WordPress/6.9.4; https://greenestate.com.bd"
45.202.255.240 - - [30/Jul/2026:01:28:52 +0000] "GET / HTTP/1.1" 200 35014 "-" "Mozilla/5.0 (Macintosh; Intel Mac OS X 13.0; rv:115.0) Gecko/20100101 Firefox/115.0"
64.118.141.169 - - [30/Jul/2026:01:28:58 +0000] "POST /?rest_route=/batch/v1 HTTP/1.1" 207 27 "-" "Mozilla/5.0 (Macintosh; Intel Mac OS X 13.0; rv:115.0) Gecko/20100101 Firefox/115.0"
45.202.255.240 - - [30/Jul/2026:01:29:03 +0000] "POST /?rest_route=/batch/v1 HTTP/1.1" 207 1303980 "-" "Mozilla/5.0 (Macintosh; Intel Mac OS X 13.0; rv:115.0) Gecko/20100101 Firefox/115.0"
45.202.255.240 - - [30/Jul/2026:01:29:07 +0000] "POST /?rest_route=/batch/v1 HTTP/1.1" 207 2104346 "-" "Mozilla/5.0 (Macintosh; Intel Mac OS X 13.0; rv:115.0) Gecko/20100101 Firefox/115.0"
45.202.255.240 - - [30/Jul/2026:01:29:09 +0000] "POST /?rest_route=/batch/v1 HTTP/1.1" 207 720 "-" "Mozilla/5.0 (Macintosh; Intel Mac OS X 13.0; rv:115.0) Gecko/20100101 Firefox/115.0"
10.10.0.2 - - [30/Jul/2026:01:29:39 +0000] "POST /wp-cron.php?doing_wp_cron=1785374979.6783380508422851562500 HTTP/1.1" 200 31 "-" "WordPress/6.9.4; https://greenestate.com.bd"
66.249.74.35 - - [30/Jul/2026:01:29:39 +0000] "GET /wp-login.php?action=lostpassword&redirect_to=https%3A%2F%2Fgreenestate.com.bd%2F2026%2F03%2F24%2Fking-maker-casino-quelles-opportunites-pour-les-joueurs%2F HTTP/1.1" 200 1337 "-" "Mozilla/5.0 (Linux; Android 6.0.1; Nexus 5X Build/MMB29P) AppleWebKit/537.36 (KHTML, like Gecko) Chrome/150.0.7871.186 Mobile Safari/537.36 (compatible; GoogleOther)"
85.11.167.203 - - [30/Jul/2026:01:30:50 +0000] "POST /xmlrpc.php HTTP/1.1" 499 0 "-" "Mozilla/5.0"
10.10.0.2 - - [30/Jul/2026:01:30:50 +0000] "POST /wp-cron.php?doing_wp_cron=1785375050.8210899829864501953125 HTTP/1.1" 200 31 "-" "WordPress/6.9.4; https://greenestate.com.bd"
85.11.167.203 - - [30/Jul/2026:01:30:51 +0000] "POST /xmlrpc.php HTTP/1.1" 499 0 "-" "Mozilla/5.0"
85.11.167.203 - - [30/Jul/2026:01:31:18 +0000] "POST /xmlrpc.php HTTP/1.1" 499 0 "-" "Mozilla/5.0"
85.11.167.203 - - [30/Jul/2026:01:31:44 +0000] "POST /xmlrpc.php HTTP/1.1" 400 0 "-" "Mozilla/5.0"
10.10.0.2 - - [30/Jul/2026:01:31:56 +0000] "POST /wp-cron.php?doing_wp_cron=1785375116.9310550689697265625000 HTTP/1.1" 200 31 "-" "WordPress/6.9.4; https://greenestate.com.bd"
66.249.74.34 - - [30/Jul/2026:01:31:56 +0000] "GET /category/roobet/ HTTP/1.1" 200 14618 "-" "Mozilla/5.0 (Linux; Android 6.0.1; Nexus 5X Build/MMB29P) AppleWebKit/537.36 (KHTML, like Gecko) Chrome/150.0.7871.186 Mobile Safari/537.36 (compatible; GoogleOther)"
85.11.167.203 - - [30/Jul/2026:01:32:10 +0000] "POST /xmlrpc.php HTTP/1.1" 400 0 "-" "Mozilla/5.0"
85.11.167.203 - - [30/Jul/2026:01:32:36 +0000] "POST /xmlrpc.php HTTP/1.1" 499 0 "-" "Mozilla/5.0"
10.10.0.2 - - [30/Jul/2026:01:32:36 +0000] "POST /wp-cron.php?doing_wp_cron=1785375156.4842500686645507812500 HTTP/1.1" 200 31 "-" "WordPress/6.9.4; https://greenestate.com.bd"
142.111.34.159 - - [30/Jul/2026:01:32:45 +0000] "GET /wp-login.php HTTP/1.1" 200 2161 "-" "Mozilla/5.0 (Windows NT 10.0; Win64; x64) AppleWebKit/537.36 (KHTML, like Gecko) Chrome/145.0.0.0 Safari/537.36"
142.111.34.159 - - [30/Jul/2026:01:32:50 +0000] "POST /wp-login.php HTTP/1.1" 302 5 "https://greenestate.com.bd/wp-login.php" "Mozilla/5.0 (Windows NT 10.0; Win64; x64) AppleWebKit/537.36 (KHTML, like Gecko) Chrome/145.0.0.0 Safari/537.36"
142.111.34.159 - - [30/Jul/2026:01:32:51 +0000] "GET /wp-admin/ HTTP/1.1" 200 93715 "https://greenestate.com.bd/wp-login.php" "Mozilla/5.0 (Windows NT 10.0; Win64; x64) AppleWebKit/537.36 (KHTML, like Gecko) Chrome/145.0.0.0 Safari/537.36"
142.111.34.159 - - [30/Jul/2026:01:32:56 +0000] "GET /wp-admin/user-new.php HTTP/1.1" 200 79489 "https://greenestate.com.bd/wp-login.php" "Mozilla/5.0 (Windows NT 10.0; Win64; x64) AppleWebKit/537.36 (KHTML, like Gecko) Chrome/145.0.0.0 Safari/537.36"
85.11.167.203 - - [30/Jul/2026:01:33:02 +0000] "POST /xmlrpc.php HTTP/1.1" 400 0 "-" "Mozilla/5.0"
66.249.74.35 - - [30/Jul/2026:01:33:03 +0000] "GET /category/casino/ HTTP/1.1" 200 16711 "-" "Mozilla/5.0 (Linux; Android 6.0.1; Nexus 5X Build/MMB29P) AppleWebKit/537.36 (KHTML, like Gecko) Chrome/150.0.7871.186 Mobile Safari/537.36 (compatible; Googlebot/2.1; +http://www.google.com/bot.html)"
85.11.167.203 - - [30/Jul/2026:01:33:03 +0000] "POST /xmlrpc.php HTTP/1.1" 400 0 "-" "Mozilla/5.0"
142.111.34.159 - - [30/Jul/2026:01:33:16 +0000] "POST /wp-admin/user-new.php HTTP/1.1" 499 0 "https://greenestate.com.bd/wp-login.php" "Mozilla/5.0 (Windows NT 10.0; Win64; x64) AppleWebKit/537.36 (KHTML, like Gecko) Chrome/145.0.0.0 Safari/537.36"
10.10.0.2 - - [30/Jul/2026:01:33:24 +0000] "POST /wp-cron.php?doing_wp_cron=1785375204.4008429050445556640625 HTTP/1.1" 200 31 "-" "WordPress/6.9.4; https://greenestate.com.bd"
66.249.74.35 - - [30/Jul/2026:01:33:24 +0000] "GET /category/luxury-casino/ HTTP/1.1" 200 14694 "-" "Mozilla/5.0 (Linux; Android 6.0.1; Nexus 5X Build/MMB29P) AppleWebKit/537.36 (KHTML, like Gecko) Chrome/150.0.7871.186 Mobile Safari/537.36 (compatible; GoogleOther)"
144.202.92.17 - - [30/Jul/2026:01:33:26 +0000] "GET / HTTP/1.1" 301 5 "-" "Mozilla/5.0 (compatible; CyberConvoyScout/1.0; +https://scout.cyberconvoy.co)"
85.11.167.203 - - [30/Jul/2026:01:33:28 +0000] "POST /xmlrpc.php HTTP/1.1" 499 0 "-" "Mozilla/5.0"
46.203.45.28 - - [30/Jul/2026:01:33:29 +0000] "POST /wp-admin/user-new.php HTTP/1.1" 200 79564 "https://greenestate.com.bd/wp-login.php" "Mozilla/5.0 (Windows NT 10.0; Win64; x64) AppleWebKit/537.36 (KHTML, like Gecko) Chrome/145.0.0.0 Safari/537.36"
46.203.45.28 - - [30/Jul/2026:01:33:32 +0000] "GET /wp-admin/plugins.php?plugin_status=all&paged=1&s HTTP/1.1" 200 87079 "https://greenestate.com.bd/wp-login.php" "Mozilla/5.0 (Windows NT 10.0; Win64; x64) AppleWebKit/537.36 (KHTML, like Gecko) Chrome/145.0.0.0 Safari/537.36"
46.203.45.28 - - [30/Jul/2026:01:33:36 +0000] "GET /wp-admin/plugins.php HTTP/1.1" 200 86973 "https://greenestate.com.bd/wp-login.php" "Mozilla/5.0 (Windows NT 10.0; Win64; x64) AppleWebKit/537.36 (KHTML, like Gecko) Chrome/145.0.0.0 Safari/537.36"
46.203.45.28 - - [30/Jul/2026:01:33:43 +0000] "GET /wp-admin/plugin-install.php HTTP/1.1" 200 86502 "https://greenestate.com.bd/wp-login.php" "Mozilla/5.0 (Windows NT 10.0; Win64; x64) AppleWebKit/537.36 (KHTML, like Gecko) Chrome/145.0.0.0 Safari/537.36"
46.203.45.28 - - [30/Jul/2026:01:33:47 +0000] "POST /wp-admin/admin-ajax.php HTTP/1.1" 200 273 "https://greenestate.com.bd/wp-login.php" "Mozilla/5.0 (Windows NT 10.0; Win64; x64) AppleWebKit/537.36 (KHTML, like Gecko) Chrome/145.0.0.0 Safari/537.36"
46.203.45.28 - - [30/Jul/2026:01:33:50 +0000] "POST /wp-admin/admin-ajax.php HTTP/1.1" 200 242 "https://greenestate.com.bd/wp-login.php" "Mozilla/5.0 (Windows NT 10.0; Win64; x64) AppleWebKit/537.36 (KHTML, like Gecko) Chrome/145.0.0.0 Safari/537.36"
46.203.45.28 - - [30/Jul/2026:01:33:53 +0000] "GET /wp-admin/plugins.php?plugin_status=all&paged=1&s HTTP/1.1" 200 87079 "https://greenestate.com.bd/wp-login.php" "Mozilla/5.0 (Windows NT 10.0; Win64; x64) AppleWebKit/537.36 (KHTML, like Gecko) Chrome/145.0.0.0 Safari/537.36"
85.11.167.203 - - [30/Jul/2026:01:33:55 +0000] "POST /xmlrpc.php HTTP/1.1" 400 0 "-" "Mozilla/5.0"
10.10.0.2 - - [30/Jul/2026:01:34:00 +0000] "POST /wp-cron.php?doing_wp_cron=1785375240.8103129863739013671875 HTTP/1.1" 200 31 "-" "WordPress/6.9.4; https://greenestate.com.bd"
94.237.13.214 - - [30/Jul/2026:01:34:03 +0000] "POST / HTTP/1.1" 200 34985 "-" "Go-http-client/1.1"
147.136.85.38 - - [30/Jul/2026:01:34:18 +0000] "GET /wp-login.php HTTP/1.1" 200 2161 "-" "Mozilla/5.0 (Windows NT 10.0; Win64; x64) AppleWebKit/537.36 (KHTML, like Gecko) Chrome/145.0.0.0 Safari/537.36"
147.136.85.38 - - [30/Jul/2026:01:34:21 +0000] "POST /wp-login.php HTTP/1.1" 302 5 "https://greenestate.com.bd/wp-login.php" "Mozilla/5.0 (Windows NT 10.0; Win64; x64) AppleWebKit/537.36 (KHTML, like Gecko) Chrome/145.0.0.0 Safari/537.36"
85.11.167.203 - - [30/Jul/2026:01:34:21 +0000] "POST /xmlrpc.php HTTP/1.1" 400 0 "-" "Mozilla/5.0"
147.136.85.38 - - [30/Jul/2026:01:34:23 +0000] "GET /wp-admin/ HTTP/1.1" 200 93705 "https://greenestate.com.bd/wp-login.php" "Mozilla/5.0 (Windows NT 10.0; Win64; x64) AppleWebKit/537.36 (KHTML, like Gecko) Chrome/145.0.0.0 Safari/537.36"
147.136.85.38 - - [30/Jul/2026:01:34:25 +0000] "GET /wp-admin/user-new.php HTTP/1.1" 200 79498 "https://greenestate.com.bd/wp-login.php" "Mozilla/5.0 (Windows NT 10.0; Win64; x64) AppleWebKit/537.36 (KHTML, like Gecko) Chrome/145.0.0.0 Safari/537.36"
147.136.85.38 - - [30/Jul/2026:01:34:29 +0000] "POST /wp-admin/user-new.php HTTP/1.1" 200 79548 "https://greenestate.com.bd/wp-login.php" "Mozilla/5.0 (Windows NT 10.0; Win64; x64) AppleWebKit/537.36 (KHTML, like Gecko) Chrome/145.0.0.0 Safari/537.36"
147.136.85.38 - - [30/Jul/2026:01:34:32 +0000] "GET /wp-admin/plugins.php?plugin_status=all&paged=1&s HTTP/1.1" 200 87087 "https://greenestate.com.bd/wp-login.php" "Mozilla/5.0 (Windows NT 10.0; Win64; x64) AppleWebKit/537.36 (KHTML, like Gecko) Chrome/145.0.0.0 Safari/537.36"
147.136.85.38 - - [30/Jul/2026:01:34:36 +0000] "GET /wp-admin/plugins.php HTTP/1.1" 200 86973 "https://greenestate.com.bd/wp-login.php" "Mozilla/5.0 (Windows NT 10.0; Win64; x64) AppleWebKit/537.36 (KHTML, like Gecko) Chrome/145.0.0.0 Safari/537.36"
147.136.85.38 - - [30/Jul/2026:01:34:38 +0000] "GET /wp-admin/plugin-install.php HTTP/1.1" 200 86509 "https://greenestate.com.bd/wp-login.php" "Mozilla/5.0 (Windows NT 10.0; Win64; x64) AppleWebKit/537.36 (KHTML, like Gecko) Chrome/145.0.0.0 Safari/537.36"
147.136.85.38 - - [30/Jul/2026:01:34:42 +0000] "POST /wp-admin/admin-ajax.php HTTP/1.1" 200 273 "https://greenestate.com.bd/wp-login.php" "Mozilla/5.0 (Windows NT 10.0; Win64; x64) AppleWebKit/537.36 (KHTML, like Gecko) Chrome/145.0.0.0 Safari/537.36"
147.136.85.38 - - [30/Jul/2026:01:34:45 +0000] "POST /wp-admin/admin-ajax.php HTTP/1.1" 200 242 "https://greenestate.com.bd/wp-login.php" "Mozilla/5.0 (Windows NT 10.0; Win64; x64) AppleWebKit/537.36 (KHTML, like Gecko) Chrome/145.0.0.0 Safari/537.36"
147.136.85.38 - - [30/Jul/2026:01:34:47 +0000] "GET /wp-admin/plugins.php?plugin_status=all&paged=1&s HTTP/1.1" 200 87087 "https://greenestate.com.bd/wp-login.php" "Mozilla/5.0 (Windows NT 10.0; Win64; x64) AppleWebKit/537.36 (KHTML, like Gecko) Chrome/145.0.0.0 Safari/537.36"
85.11.167.203 - - [30/Jul/2026:01:34:48 +0000] "POST /xmlrpc.php HTTP/1.1" 499 0 "-" "Mozilla/5.0"
5.61.209.44 - - [30/Jul/2026:01:34:57 +0000] "GET /SDK/webLanguage HTTP/1.1" 404 196 "-" "Mozilla/5.0 (Windows NT 10.0; Win64; x64) AppleWebKit/537.36 (KHTML, like Gecko) Chrome/90.0.4430.85 Safari/537.36 Edg/90.0.818.46"
85.11.167.203 - - [30/Jul/2026:01:35:15 +0000] "POST /xmlrpc.php HTTP/1.1" 499 0 "-" "Mozilla/5.0"
10.10.0.2 - - [30/Jul/2026:01:35:15 +0000] "POST /wp-cron.php?doing_wp_cron=1785375315.8717679977416992187500 HTTP/1.1" 200 31 "-" "WordPress/6.9.4; https://greenestate.com.bd"
10.10.0.2 - - [30/Jul/2026:01:35:39 +0000] "POST /wp-cron.php?doing_wp_cron=1785375339.7737069129943847656250 HTTP/1.1" 200 31 "-" "WordPress/6.9.4; https://greenestate.com.bd"
66.249.74.35 - - [30/Jul/2026:01:35:39 +0000] "GET /2026/07/29/wie-registriere-ich-mich-und-finde-sportwetten-ohne-oasis-anleitungen/ HTTP/1.1" 200 16368 "-" "Mozilla/5.0 (Linux; Android 6.0.1; Nexus 5X Build/MMB29P) AppleWebKit/537.36 (KHTML, like Gecko) Chrome/150.0.7871.186 Mobile Safari/537.36 (compatible; GoogleOther)"
85.11.167.203 - - [30/Jul/2026:01:35:41 +0000] "POST /xmlrpc.php HTTP/1.1" 400 0 "-" "Mozilla/5.0"
85.11.167.203 - - [30/Jul/2026:01:36:07 +0000] "POST /xmlrpc.php HTTP/1.1" 499 0 "-" "Mozilla/5.0"
85.11.167.203 - - [30/Jul/2026:01:36:08 +0000] "POST /xmlrpc.php HTTP/1.1" 400 0 "-" "Mozilla/5.0"
85.11.167.203 - - [30/Jul/2026:01:36:34 +0000] "POST /xmlrpc.php HTTP/1.1" 400 0 "-" "Mozilla/5.0"
85.11.167.203 - - [30/Jul/2026:01:37:00 +0000] "POST /xmlrpc.php HTTP/1.1" 400 0 "-" "Mozilla/5.0"
85.11.167.203 - - [30/Jul/2026:01:37:01 +0000] "POST /xmlrpc.php HTTP/1.1" 499 0 "-" "Mozilla/5.0"
10.10.0.2 - - [30/Jul/2026:01:37:01 +0000] "POST /wp-cron.php?doing_wp_cron=1785375421.8771569728851318359375 HTTP/1.1" 200 31 "-" "WordPress/6.9.4; https://greenestate.com.bd"
66.249.74.34 - - [30/Jul/2026:01:37:18 +0000] "GET /2026/02/11/les-avis-sur-sg-casino-verite-ou-mythe/ HTTP/1.1" 200 15068 "-" "Mozilla/5.0 (Linux; Android 6.0.1; Nexus 5X Build/MMB29P) AppleWebKit/537.36 (KHTML, like Gecko) Chrome/150.0.7871.186 Mobile Safari/537.36 (compatible; GoogleOther)"
85.11.167.203 - - [30/Jul/2026:01:37:26 +0000] "POST /xmlrpc.php HTTP/1.1" 499 0 "-" "Mozilla/5.0"
10.10.0.2 - - [30/Jul/2026:01:37:27 +0000] "POST /wp-cron.php?doing_wp_cron=1785375447.1229870319366455078125 HTTP/1.1" 200 31 "-" "WordPress/6.9.4; https://greenestate.com.bd"
27.9.151.95 - - [30/Jul/2026:01:37:48 +0000] "GET /favicon.ico HTTP/1.1" 404 51 "-" "Mozilla/5.062334851 Mozilla/5.0 (Windows NT 6.3; Win64; x64) AppleWebKit/537.36 (KHTML, like Gecko) Chrome/68.0.3440.106 Safari/537.36"
85.11.167.203 - - [30/Jul/2026:01:37:53 +0000] "POST /xmlrpc.php HTTP/1.1" 400 0 "-" "Mozilla/5.0"
85.11.167.203 - - [30/Jul/2026:01:37:54 +0000] "POST /xmlrpc.php HTTP/1.1" 400 0 "-" "Mozilla/5.0"
52.6.5.24 - - [30/Jul/2026:01:38:14 +0000] "GET /2024/04/ HTTP/1.1" 200 14647 "-" "Mozilla/5.0 AppleWebKit/537.36 (KHTML, like Gecko; compatible; Amazonbot/0.1; +https://developer.amazon.com/support/amazonbot) Chrome/119.0.6045.214 Safari/537.36"
85.11.167.203 - - [30/Jul/2026:01:38:19 +0000] "POST /xmlrpc.php HTTP/1.1" 400 0 "-" "Mozilla/5.0"
85.11.167.203 - - [30/Jul/2026:01:38:21 +0000] "POST /xmlrpc.php HTTP/1.1" 499 0 "-" "Mozilla/5.0"
84.47.209.52 - - [30/Jul/2026:01:39:25 +0000] "POST / HTTP/1.%1" 400 166 "-" "-"
158.158.41.30 - - [30/Jul/2026:01:40:09 +0000] "GET / HTTP/1.1" 499 0 "-" "Mozilla/5.0 (Macintosh; Intel Mac OS X 10_15_7) AppleWebKit/537.36 (KHTML, like Gecko) Chrome/131.0.0.0 Safari/537.36"
10.10.0.2 - - [30/Jul/2026:01:40:39 +0000] "POST /wp-cron.php?doing_wp_cron=1785375639.7630228996276855468750 HTTP/1.1" 200 31 "-" "WordPress/6.9.4; https://greenestate.com.bd"
66.249.74.35 - - [30/Jul/2026:01:40:39 +0000] "GET /category/river-belle/ HTTP/1.1" 200 14635 "-" "Mozilla/5.0 (Linux; Android 6.0.1; Nexus 5X Build/MMB29P) AppleWebKit/537.36 (KHTML, like Gecko) Chrome/150.0.7871.186 Mobile Safari/537.36 (compatible; GoogleOther)"
45.153.24.12 - - [30/Jul/2026:01:42:06 +0000] "\x17\x03\x03(\xE0" 400 166 "-" "-"
10.10.0.2 - - [30/Jul/2026:01:45:39 +0000] "POST /wp-cron.php?doing_wp_cron=1785375939.7775530815124511718750 HTTP/1.1" 200 31 "-" "WordPress/6.9.4; https://greenestate.com.bd"
66.249.74.34 - - [30/Jul/2026:01:45:39 +0000] "GET /category/spinbetter/ HTTP/1.1" 200 14692 "-" "Mozilla/5.0 (Linux; Android 6.0.1; Nexus 5X Build/MMB29P) AppleWebKit/537.36 (KHTML, like Gecko) Chrome/150.0.7871.186 Mobile Safari/537.36 (compatible; GoogleOther)"
45.79.207.110 - - [30/Jul/2026:01:47:21 +0000] "GET / HTTP/1.1" 404 134 "-" "Mozilla/5.0 zgrab/0.x"
141.98.10.12 - - [30/Jul/2026:01:47:41 +0000] "POST /struts2-showcase/index.action HTTP/1.1" 404 0 "-" "Mozilla/5.0 (Windows NT 10.0; Win64; x64; rv:153.0) Gecko/20100101 Firefox/153.0"
45.33.90.118 - - [30/Jul/2026:01:48:09 +0000] "GET / HTTP/1.1" 404 196 "-" "Mozilla/5.0 (Macintosh; Intel Mac OS X 13_1) AppleWebKit/537.36 (KHTML, like Gecko) Chrome/108.0.0.0 Safari/537.36"
45.33.109.8 - - [30/Jul/2026:01:48:37 +0000] "GET / HTTP/1.1" 400 264 "-" "Mozilla/5.0 zgrab/0.x"
10.10.0.2 - - [30/Jul/2026:01:49:06 +0000] "POST /wp-cron.php?doing_wp_cron=1785376146.0922920703887939453125 HTTP/1.1" 200 31 "-" "WordPress/6.9.4; https://greenestate.com.bd"
138.246.253.24 - - [30/Jul/2026:01:49:06 +0000] "GET /robots.txt HTTP/1.1" 200 130 "-" "Mozilla/5.0 (Windows NT 10.0; Win64; x64) AppleWebKit/537.36 (KHTML, like Gecko) Chrome/103.0.5060.134 Safari/537.36"
78.153.140.93 - - [30/Jul/2026:01:50:01 +0000] "GET /.env HTTP/1.1" 404 196 "-" "Mozilla/5.0 (Windows NT 10.0; Win64; x64) AppleWebKit/537.36 (KHTML, like Gecko) Chrome/116.0.5845.140 Safari/537.36"
78.153.140.93 - - [30/Jul/2026:01:50:02 +0000] "POST / HTTP/1.1" 404 196 "-" "Mozilla/5.0 (Windows NT 10.0; Win64; x64) AppleWebKit/537.36 (KHTML, like Gecko) Chrome/116.0.5845.140 Safari/537.36"
10.10.0.2 - - [30/Jul/2026:01:50:04 +0000] "POST /wp-cron.php?doing_wp_cron=1785376204.8011190891265869140625 HTTP/1.1" 200 31 "-" "WordPress/6.9.4; https://greenestate.com.bd"
172.104.215.178 - - [30/Jul/2026:01:50:04 +0000] "GET / HTTP/1.1" 301 5 "-" "Mozilla/5.0 (Macintosh; Intel Mac OS X 13_1) AppleWebKit/537.36 (KHTML, like Gecko) Chrome/108.0.0.0 Safari/537.36"
172.104.215.178 - - [30/Jul/2026:01:50:06 +0000] "GET / HTTP/1.1" 200 34833 "https://165.227.207.41/" "Mozilla/5.0 (Macintosh; Intel Mac OS X 13_1) AppleWebKit/537.36 (KHTML, like Gecko) Chrome/108.0.0.0 Safari/537.36"
10.10.0.2 - - [30/Jul/2026:01:50:39 +0000] "POST /wp-cron.php?doing_wp_cron=1785376239.9347460269927978515625 HTTP/1.1" 200 31 "-" "WordPress/6.9.4; https://greenestate.com.bd"
66.249.74.35 - - [30/Jul/2026:01:50:39 +0000] "GET /wp-login.php?action=lostpassword&redirect_to=https%3A%2F%2Fgreenestate.com.bd%2F2026%2F07%2F29%2Fbehind-the-scenes-how-roobet-ensures-a-fair-play%2F HTTP/1.1" 200 1332 "-" "Mozilla/5.0 (Linux; Android 6.0.1; Nexus 5X Build/MMB29P) AppleWebKit/537.36 (KHTML, like Gecko) Chrome/150.0.7871.186 Mobile Safari/537.36 (compatible; GoogleOther)"
104.23.253.63 - - [30/Jul/2026:01:50:54 +0000] "GET /wp-admin/install.php?step=1 HTTP/1.1" 301 178 "-" "http://ggpfb.org/wp-admin/install.php?step=1"
46.251.211.26 - - [30/Jul/2026:01:51:37 +0000] "POST ////////////////////////////////////////////////////////////////////////////////////////////////////////////////////////////////////////////////////////////////////////////////////////////////////////////////////////////////////////////////////////////////////////////////////////////////////////////////////////////////////////////////////////////////////////////////////////////////////////////////////////////////////////////////////////////////////////////////////////////////////////////////////////////////////////////////////////////////////////////////////////////////////////////////////////////////////////////////////////////////////////////////////////////////////////////////////////////////////////////////////////////////////////////////////////////////////////////////////////////////////////////////////////////////////////////////////////////////////////////////////////////////////////////////////////////////////////////////////////////////////////////////////////////////////////////////////////////////////////////////////////////////////////////////////////////////////////////////////////////////////////////////////////////////////////////////////////////////////////////////////////////////////////////////////////////////////////////////////////////////////////////////////////////////////////////////////////////////////////////////////////////////////////////////////////////////////////////////////////// HTTP/1.1" 404 134 "-" "-"
34.122.147.229 - - [30/Jul/2026:01:53:38 +0000] "GET / HTTP/1.1" 301 178 "-" "Mozilla/5.0 (Windows NT 10.0; Win64; x64) AppleWebKit/537.36 (KHTML, like Gecko) Chrome/125.0.6422.60 Safari/537.36 Edge/12.246"
205.169.39.30 - - [30/Jul/2026:01:53:41 +0000] "GET / HTTP/1.1" 301 178 "-" "Mozilla/5.0 (Windows NT 10.0; Win64; x64) AppleWebKit/537.36 (KHTML, like Gecko) Chrome/117.0.5938.132 Safari/537.36"
205.169.39.30 - - [30/Jul/2026:01:53:41 +0000] "GET / HTTP/1.1" 200 18972 "-" "Mozilla/5.0 (Windows NT 10.0; Win64; x64) AppleWebKit/537.36 (KHTML, like Gecko) Chrome/117.0.5938.132 Safari/537.36"
205.169.39.30 - - [30/Jul/2026:01:53:42 +0000] "GET /assets/_vinext_fonts/plus-jakarta-sans-58677bc4e688/plus-jakarta-sans-9b76284e.woff2 HTTP/1.1" 200 1716 "https://tanviranik.com/" "Mozilla/5.0 (Windows NT 10.0; Win64; x64) AppleWebKit/537.36 (KHTML, like Gecko) Chrome/117.0.5938.132 Safari/537.36"
205.169.39.30 - - [30/Jul/2026:01:53:42 +0000] "GET /assets/index-Pkr9ekhY.css HTTP/1.1" 200 25878 "https://tanviranik.com/" "Mozilla/5.0 (Windows NT 10.0; Win64; x64) AppleWebKit/537.36 (KHTML, like Gecko) Chrome/117.0.5938.132 Safari/537.36"
205.169.39.30 - - [30/Jul/2026:01:53:42 +0000] "GET /assets/_vinext_fonts/plus-jakarta-sans-58677bc4e688/plus-jakarta-sans-35af93a0.woff2 HTTP/1.1" 200 8292 "https://tanviranik.com/" "Mozilla/5.0 (Windows NT 10.0; Win64; x64) AppleWebKit/537.36 (KHTML, like Gecko) Chrome/117.0.5938.132 Safari/537.36"
205.169.39.30 - - [30/Jul/2026:01:53:42 +0000] "GET /assets/_vinext_fonts/plus-jakarta-sans-58677bc4e688/plus-jakarta-sans-305d441d.woff2 HTTP/1.1" 200 21688 "https://tanviranik.com/" "Mozilla/5.0 (Windows NT 10.0; Win64; x64) AppleWebKit/537.36 (KHTML, like Gecko) Chrome/117.0.5938.132 Safari/537.36"
205.169.39.30 - - [30/Jul/2026:01:53:42 +0000] "GET /assets/_vinext_fonts/plus-jakarta-sans-58677bc4e688/plus-jakarta-sans-be25729b.woff2 HTTP/1.1" 200 27272 "https://tanviranik.com/" "Mozilla/5.0 (Windows NT 10.0; Win64; x64) AppleWebKit/537.36 (KHTML, like Gecko) Chrome/117.0.5938.132 Safari/537.36"
205.169.39.30 - - [30/Jul/2026:01:53:42 +0000] "GET /assets/_vinext_fonts/outfit-e425a954def7/outfit-f37fa50e.woff2 HTTP/1.1" 200 14760 "https://tanviranik.com/" "Mozilla/5.0 (Windows NT 10.0; Win64; x64) AppleWebKit/537.36 (KHTML, like Gecko) Chrome/117.0.5938.132 Safari/537.36"
205.169.39.30 - - [30/Jul/2026:01:53:42 +0000] "GET /assets/_vinext_fonts/outfit-e425a954def7/outfit-c8e7a734.woff2 HTTP/1.1" 200 32228 "https://tanviranik.com/" "Mozilla/5.0 (Windows NT 10.0; Win64; x64) AppleWebKit/537.36 (KHTML, like Gecko) Chrome/117.0.5938.132 Safari/537.36"
205.169.39.30 - - [30/Jul/2026:01:53:42 +0000] "GET /assets/_vinext_fonts/jetbrains-mono-2078f77a4995/jetbrains-mono-5fb012d3.woff2 HTTP/1.1" 200 2020 "https://tanviranik.com/" "Mozilla/5.0 (Windows NT 10.0; Win64; x64) AppleWebKit/537.36 (KHTML, like Gecko) Chrome/117.0.5938.132 Safari/537.36"
205.169.39.30 - - [30/Jul/2026:01:53:42 +0000] "GET /assets/_vinext_fonts/jetbrains-mono-2078f77a4995/jetbrains-mono-026d8f5f.woff2 HTTP/1.1" 200 12064 "https://tanviranik.com/" "Mozilla/5.0 (Windows NT 10.0; Win64; x64) AppleWebKit/537.36 (KHTML, like Gecko) Chrome/117.0.5938.132 Safari/537.36"
205.169.39.30 - - [30/Jul/2026:01:53:42 +0000] "GET /assets/_vinext_fonts/jetbrains-mono-2078f77a4995/jetbrains-mono-495eef15.woff2 HTTP/1.1" 200 9084 "https://tanviranik.com/" "Mozilla/5.0 (Windows NT 10.0; Win64; x64) AppleWebKit/537.36 (KHTML, like Gecko) Chrome/117.0.5938.132 Safari/537.36"
205.169.39.30 - - [30/Jul/2026:01:53:42 +0000] "GET /assets/_vinext_fonts/jetbrains-mono-2078f77a4995/jetbrains-mono-af24f5ce.woff2 HTTP/1.1" 200 7468 "https://tanviranik.com/" "Mozilla/5.0 (Windows NT 10.0; Win64; x64) AppleWebKit/537.36 (KHTML, like Gecko) Chrome/117.0.5938.132 Safari/537.36"
205.169.39.30 - - [30/Jul/2026:01:53:42 +0000] "GET /assets/_vinext_fonts/jetbrains-mono-2078f77a4995/jetbrains-mono-8ff363ab.woff2 HTTP/1.1" 200 15204 "https://tanviranik.com/" "Mozilla/5.0 (Windows NT 10.0; Win64; x64) AppleWebKit/537.36 (KHTML, like Gecko) Chrome/117.0.5938.132 Safari/537.36"
205.169.39.30 - - [30/Jul/2026:01:53:42 +0000] "GET /assets/_vinext_fonts/jetbrains-mono-2078f77a4995/jetbrains-mono-95d8bdf5.woff2 HTTP/1.1" 200 40480 "https://tanviranik.com/" "Mozilla/5.0 (Windows NT 10.0; Win64; x64) AppleWebKit/537.36 (KHTML, like Gecko) Chrome/117.0.5938.132 Safari/537.36"
