| Server IP : 159.203.156.69 / Your IP : 216.73.216.37 Web Server : nginx/1.24.0 System : Linux main-ubuntu 6.8.0-71-generic #71-Ubuntu SMP PREEMPT_DYNAMIC Tue Jul 22 16:52:38 UTC 2025 x86_64 User : root ( 0) PHP Version : 8.3.6 Disable Function : NONE MySQL : OFF | cURL : ON | WGET : ON | Perl : ON | Python : OFF | Sudo : ON | Pkexec : OFF Directory : /var/log/nginx/ |
Upload File : |
154.83.197.22 - - [30/Jul/2026:00:00:08 +0000] "\x16\x03\x01\x00\xE0\x01\x00\x00\xDC\x03\x03s\xFD\x1F\xA4BR\x1E8\x1DW\xBC\xFA\x170\xDB3:\xC7\xA5\xB9\xBC=\xB6Y'1\x9C\xB7" 400 166 "-" "-"
179.1.223.203 - - [30/Jul/2026:00:00:11 +0000] "GET /wp-admin/post-new.php HTTP/1.1" 200 170260 "-" "Mozilla/5.0 (Windows NT 10.0; Win64; x64) AppleWebKit/537.36 (KHTML, like Gecko) Chrome/120.0.0.0 Safari/537.36"
179.1.223.203 - - [30/Jul/2026:00:00:16 +0000] "POST /xmlrpc.php HTTP/1.1" 200 670 "-" "WordPress/5.0; https://greenestate.com.bd"
195.178.50.44 - - [30/Jul/2026:00:00:17 +0000] "PRI * HTTP/2.0" 400 166 "-" "-"
195.178.110.155 - - [30/Jul/2026:00:00:18 +0000] "POST /?rest_route=/batch/v1 HTTP/1.1" 405 29 "https://www.tanviranik.com/" "Mozilla/5.0 (Windows NT 10.0; Win64; x64) AppleWebKit/537.36 Chrome/120.0.0.0 Safari/537.36"
195.178.110.155 - - [30/Jul/2026:00:00:18 +0000] "POST /wp-json/batch/v1 HTTP/1.1" 404 19 "https://www.tanviranik.com/" "Mozilla/5.0 (Windows NT 10.0; Win64; x64) AppleWebKit/537.36 Chrome/120.0.0.0 Safari/537.36"
195.178.110.155 - - [30/Jul/2026:00:00:18 +0000] "POST /wp/?rest_route=/batch/v1 HTTP/1.1" 308 5 "https://www.tanviranik.com/wp/" "Mozilla/5.0 (Windows NT 10.0; Win64; x64) AppleWebKit/537.36 Chrome/120.0.0.0 Safari/537.36"
179.1.223.203 - - [30/Jul/2026:00:00:18 +0000] "GET /wp-admin/admin-ajax.php?action=rest-nonce HTTP/1.1" 200 41 "-" "Mozilla/5.0 (Windows NT 10.0; Win64; x64) AppleWebKit/537.36 (KHTML, like Gecko) Chrome/120.0.0.0 Safari/537.36"
195.178.110.155 - - [30/Jul/2026:00:00:19 +0000] "POST /wp/wp-json/batch/v1 HTTP/1.1" 404 19 "https://www.tanviranik.com/wp/" "Mozilla/5.0 (Windows NT 10.0; Win64; x64) AppleWebKit/537.36 Chrome/120.0.0.0 Safari/537.36"
195.178.110.155 - - [30/Jul/2026:00:00:19 +0000] "POST /wordpress/?rest_route=/batch/v1 HTTP/1.1" 308 5 "https://www.tanviranik.com/wordpress/" "Mozilla/5.0 (Windows NT 10.0; Win64; x64) AppleWebKit/537.36 Chrome/120.0.0.0 Safari/537.36"
195.178.110.155 - - [30/Jul/2026:00:00:19 +0000] "POST /wordpress/wp-json/batch/v1 HTTP/1.1" 404 19 "https://www.tanviranik.com/wordpress/" "Mozilla/5.0 (Windows NT 10.0; Win64; x64) AppleWebKit/537.36 Chrome/120.0.0.0 Safari/537.36"
195.178.110.155 - - [30/Jul/2026:00:00:19 +0000] "POST /blog/?rest_route=/batch/v1 HTTP/1.1" 308 5 "https://www.tanviranik.com/blog/" "Mozilla/5.0 (Windows NT 10.0; Win64; x64) AppleWebKit/537.36 Chrome/120.0.0.0 Safari/537.36"
195.178.110.155 - - [30/Jul/2026:00:00:20 +0000] "POST /blog/wp-json/batch/v1 HTTP/1.1" 404 19 "https://www.tanviranik.com/blog/" "Mozilla/5.0 (Windows NT 10.0; Win64; x64) AppleWebKit/537.36 Chrome/120.0.0.0 Safari/537.36"
195.178.110.155 - - [30/Jul/2026:00:00:20 +0000] "POST /old/?rest_route=/batch/v1 HTTP/1.1" 308 5 "https://www.tanviranik.com/old/" "Mozilla/5.0 (Windows NT 10.0; Win64; x64) AppleWebKit/537.36 Chrome/120.0.0.0 Safari/537.36"
195.178.110.155 - - [30/Jul/2026:00:00:20 +0000] "POST /old/wp-json/batch/v1 HTTP/1.1" 404 19 "https://www.tanviranik.com/old/" "Mozilla/5.0 (Windows NT 10.0; Win64; x64) AppleWebKit/537.36 Chrome/120.0.0.0 Safari/537.36"
195.178.110.155 - - [30/Jul/2026:00:00:21 +0000] "POST /test/?rest_route=/batch/v1 HTTP/1.1" 308 5 "https://www.tanviranik.com/test/" "Mozilla/5.0 (Windows NT 10.0; Win64; x64) AppleWebKit/537.36 Chrome/120.0.0.0 Safari/537.36"
195.178.110.155 - - [30/Jul/2026:00:00:21 +0000] "POST /test/wp-json/batch/v1 HTTP/1.1" 404 19 "https://www.tanviranik.com/test/" "Mozilla/5.0 (Windows NT 10.0; Win64; x64) AppleWebKit/537.36 Chrome/120.0.0.0 Safari/537.36"
195.178.110.155 - - [30/Jul/2026:00:00:21 +0000] "POST /dev/?rest_route=/batch/v1 HTTP/1.1" 308 5 "https://www.tanviranik.com/dev/" "Mozilla/5.0 (Windows NT 10.0; Win64; x64) AppleWebKit/537.36 Chrome/120.0.0.0 Safari/537.36"
195.178.110.155 - - [30/Jul/2026:00:00:21 +0000] "POST /dev/wp-json/batch/v1 HTTP/1.1" 404 19 "https://www.tanviranik.com/dev/" "Mozilla/5.0 (Windows NT 10.0; Win64; x64) AppleWebKit/537.36 Chrome/120.0.0.0 Safari/537.36"
195.178.110.155 - - [30/Jul/2026:00:00:22 +0000] "POST /backup/?rest_route=/batch/v1 HTTP/1.1" 308 5 "https://www.tanviranik.com/backup/" "Mozilla/5.0 (Windows NT 10.0; Win64; x64) AppleWebKit/537.36 Chrome/120.0.0.0 Safari/537.36"
10.10.0.2 - - [30/Jul/2026:00:00:22 +0000] "POST /wp-cron.php?doing_wp_cron=1785369622.3610670566558837890625 HTTP/1.1" 200 31 "-" "WordPress/6.9.4; https://greenestate.com.bd"
195.178.110.155 - - [30/Jul/2026:00:00:22 +0000] "POST /backup/wp-json/batch/v1 HTTP/1.1" 404 19 "https://www.tanviranik.com/backup/" "Mozilla/5.0 (Windows NT 10.0; Win64; x64) AppleWebKit/537.36 Chrome/120.0.0.0 Safari/537.36"
179.1.223.203 - - [30/Jul/2026:00:00:22 +0000] "POST /xmlrpc.php HTTP/1.1" 200 190 "-" "Mozilla/5.0 (Windows NT 10.0; Win64; x64) AppleWebKit/537.36 (KHTML, like Gecko) Chrome/120.0.0.0 Safari/537.36"
195.178.110.155 - - [30/Jul/2026:00:00:22 +0000] "POST /staging/?rest_route=/batch/v1 HTTP/1.1" 308 5 "https://www.tanviranik.com/staging/" "Mozilla/5.0 (Windows NT 10.0; Win64; x64) AppleWebKit/537.36 Chrome/120.0.0.0 Safari/537.36"
195.178.110.155 - - [30/Jul/2026:00:00:22 +0000] "POST /staging/wp-json/batch/v1 HTTP/1.1" 404 19 "https://www.tanviranik.com/staging/" "Mozilla/5.0 (Windows NT 10.0; Win64; x64) AppleWebKit/537.36 Chrome/120.0.0.0 Safari/537.36"
195.178.110.155 - - [30/Jul/2026:00:00:23 +0000] "POST /?rest_route=/batch/v1 HTTP/1.1" 405 29 "https://www.tanviranik.com/" "Mozilla/5.0 (Windows NT 10.0; Win64; x64) AppleWebKit/537.36 Chrome/120.0.0.0 Safari/537.36"
195.178.110.155 - - [30/Jul/2026:00:00:23 +0000] "POST /wp-json/batch/v1 HTTP/1.1" 404 19 "https://www.tanviranik.com/" "Mozilla/5.0 (Windows NT 10.0; Win64; x64) AppleWebKit/537.36 Chrome/120.0.0.0 Safari/537.36"
10.10.0.2 - - [30/Jul/2026:00:00:24 +0000] "POST /wp-cron.php?doing_wp_cron=1785369624.7460439205169677734375 HTTP/1.1" 200 31 "-" "WordPress/6.9.4; https://greenestate.com.bd"
179.1.223.203 - - [30/Jul/2026:00:00:24 +0000] "GET /?p=9269 HTTP/1.1" 301 5 "-" "Mozilla/5.0 (Windows NT 10.0; Win64; x64) AppleWebKit/537.36 (KHTML, like Gecko) Chrome/120.0.0.0 Safari/537.36"
179.1.223.203 - - [30/Jul/2026:00:00:27 +0000] "GET /2026/07/29/jak-spojit-boomerangy-s-moderni-technologii-recenze-online-kasina-casinoboom/ HTTP/1.1" 200 22335 "-" "Mozilla/5.0 (Windows NT 10.0; Win64; x64) AppleWebKit/537.36 (KHTML, like Gecko) Chrome/120.0.0.0 Safari/537.36"
172.70.115.194 - - [30/Jul/2026:00:00:29 +0000] "GET /wp-admin/install.php?step=1 HTTP/1.1" 301 178 "-" "http://ggpfb.org/wp-admin/install.php?step=1"
66.249.74.36 - - [30/Jul/2026:00:00:52 +0000] "GET /2026/03/26/les-meilleures-methodes-pour-confirmer-votre-compte-nine-casino/ HTTP/1.1" 200 15169 "-" "Mozilla/5.0 (Linux; Android 6.0.1; Nexus 5X Build/MMB29P) AppleWebKit/537.36 (KHTML, like Gecko) Chrome/150.0.7871.186 Mobile Safari/537.36 (compatible; GoogleOther)"
173.225.243.175 - - [30/Jul/2026:00:01:00 +0000] "GET / HTTP/1.1" 200 34823 "-" "Mozilla/5.0 (Windows NT 10.0; Win64; x64) AppleWebKit/537.36 (KHTML, like Gecko) Chrome/120.0.0.0 Safari/537.36"
203.14.32.131 - - [30/Jul/2026:00:01:04 +0000] "POST / HTTP/1.1" 404 134 "-" "-"
190.97.226.66 - - [30/Jul/2026:00:01:12 +0000] "GET /wp-login.php HTTP/1.1" 200 2161 "-" "Mozilla/5.0 (Windows NT 10.0; Win64; x64) AppleWebKit/537.36 (KHTML, like Gecko) Chrome/120.0.0.0 Safari/537.36"
190.97.226.66 - - [30/Jul/2026:00:01:18 +0000] "POST /wp-login.php HTTP/1.1" 302 5 "https://greenestate.com.bd/wp-login.php" "Mozilla/5.0 (Windows NT 10.0; Win64; x64) AppleWebKit/537.36 (KHTML, like Gecko) Chrome/120.0.0.0 Safari/537.36"
10.10.0.2 - - [30/Jul/2026:00:01:24 +0000] "POST /wp-cron.php?doing_wp_cron=1785369684.4982481002807617187500 HTTP/1.1" 200 31 "-" "WordPress/6.9.4; https://greenestate.com.bd"
190.97.226.66 - - [30/Jul/2026:00:01:24 +0000] "GET /wp-admin/ HTTP/1.1" 200 94072 "https://greenestate.com.bd/wp-login.php" "Mozilla/5.0 (Windows NT 10.0; Win64; x64) AppleWebKit/537.36 (KHTML, like Gecko) Chrome/120.0.0.0 Safari/537.36"
189.159.249.49 - - [30/Jul/2026:00:01:36 +0000] "GET /wp-admin/ HTTP/1.1" 200 94068 "-" "Mozilla/5.0 (Windows NT 10.0; Win64; x64) AppleWebKit/537.36 (KHTML, like Gecko) Chrome/120.0.0.0 Safari/537.36"
66.249.74.36 - - [30/Jul/2026:00:01:37 +0000] "GET /2026/03/12/richman-casino-your-safe-haven-for-online-betting/ HTTP/1.1" 200 14986 "-" "Mozilla/5.0 (Linux; Android 6.0.1; Nexus 5X Build/MMB29P) AppleWebKit/537.36 (KHTML, like Gecko) Chrome/150.0.7871.186 Mobile Safari/537.36 (compatible; Googlebot/2.1; +http://www.google.com/bot.html)"
216.218.206.67 - - [30/Jul/2026:00:01:45 +0000] "GET / HTTP/1.1" 404 196 "-" "Mozilla/5.0 (Windows NT 10.0; Win64; x64) AppleWebKit/537.36 (KHTML, like Gecko) Chrome/139.0.0.0 Safari/537.36"
118.100.187.90 - - [30/Jul/2026:00:01:52 +0000] "GET /wp-admin/post-new.php HTTP/1.1" 200 170259 "-" "Mozilla/5.0 (Windows NT 10.0; Win64; x64) AppleWebKit/537.36 (KHTML, like Gecko) Chrome/120.0.0.0 Safari/537.36"
200.4.118.164 - - [30/Jul/2026:00:02:20 +0000] "GET / HTTP/1.1" 200 34787 "-" "Mozilla/5.0 (Windows NT 10.0; Win64; x64) AppleWebKit/537.36 (KHTML, like Gecko) Chrome/120.0.0.0 Safari/537.36"
154.83.197.22 - - [30/Jul/2026:00:02:29 +0000] "GET /favicon.ico HTTP/1.1" 404 196 "-" "Mozilla/5.0 (Windows NT 10.0; Win64; x64) AppleWebKit/537.36 (KHTML, like Gecko) Chrome/137.0.0.0 Safari/537.36"
66.249.74.35 - - [30/Jul/2026:00:02:33 +0000] "GET /wp-content/themes/spaciaz/inc/megamenu/assets/js/frontend.js?ver=1.1.2 HTTP/1.1" 200 2383 "https://greenestate.com.bd/2026/04/09/boho-casino-free-spins-and-their-value/" "Mozilla/5.0 (Linux; Android 6.0.1; Nexus 5X Build/MMB29P) AppleWebKit/537.36 (KHTML, like Gecko) Chrome/150.0.7871.186 Mobile Safari/537.36 (compatible; GoogleOther)"
10.10.0.2 - - [30/Jul/2026:00:02:34 +0000] "POST /wp-cron.php?doing_wp_cron=1785369754.2814528942108154296875 HTTP/1.1" 200 31 "-" "WordPress/6.9.4; https://greenestate.com.bd"
138.84.39.150 - - [30/Jul/2026:00:02:34 +0000] "GET /wp-login.php HTTP/1.1" 200 2161 "-" "Mozilla/5.0 (Windows NT 10.0; Win64; x64) AppleWebKit/537.36 (KHTML, like Gecko) Chrome/120.0.0.0 Safari/537.36"
138.84.39.150 - - [30/Jul/2026:00:02:38 +0000] "POST /wp-login.php HTTP/1.1" 302 5 "https://greenestate.com.bd/wp-login.php" "Mozilla/5.0 (Windows NT 10.0; Win64; x64) AppleWebKit/537.36 (KHTML, like Gecko) Chrome/120.0.0.0 Safari/537.36"
138.84.39.150 - - [30/Jul/2026:00:02:41 +0000] "GET /wp-admin/ HTTP/1.1" 200 94062 "https://greenestate.com.bd/wp-login.php" "Mozilla/5.0 (Windows NT 10.0; Win64; x64) AppleWebKit/537.36 (KHTML, like Gecko) Chrome/120.0.0.0 Safari/537.36"
66.249.74.34 - - [30/Jul/2026:00:02:46 +0000] "GET /2026/07/29/optimale-boni-im-online-casino-echtgeld-so-profitieren-sie-2026/ HTTP/1.1" 200 15718 "-" "Mozilla/5.0 (Linux; Android 6.0.1; Nexus 5X Build/MMB29P) AppleWebKit/537.36 (KHTML, like Gecko) Chrome/150.0.7871.186 Mobile Safari/537.36 (compatible; GoogleOther)"
39.50.244.218 - - [30/Jul/2026:00:02:55 +0000] "GET /wp-admin/ HTTP/1.1" 200 94058 "-" "Mozilla/5.0 (Windows NT 10.0; Win64; x64) AppleWebKit/537.36 (KHTML, like Gecko) Chrome/120.0.0.0 Safari/537.36"
66.249.74.34 - - [30/Jul/2026:00:02:56 +0000] "GET /2026/04/11/are-spinsy-casinos-bonuses-worth-claiming/ HTTP/1.1" 200 14811 "-" "Mozilla/5.0 (Linux; Android 6.0.1; Nexus 5X Build/MMB29P) AppleWebKit/537.36 (KHTML, like Gecko) Chrome/150.0.7871.186 Mobile Safari/537.36 (compatible; GoogleOther)"
66.249.74.36 - - [30/Jul/2026:00:03:03 +0000] "GET /category/betvictor/ HTTP/1.1" 200 14490 "-" "Mozilla/5.0 (Linux; Android 6.0.1; Nexus 5X Build/MMB29P) AppleWebKit/537.36 (KHTML, like Gecko) Chrome/150.0.7871.186 Mobile Safari/537.36 (compatible; Googlebot/2.1; +http://www.google.com/bot.html)"
39.50.244.218 - - [30/Jul/2026:00:03:04 +0000] "GET /wp-admin/post-new.php HTTP/1.1" 200 170258 "-" "Mozilla/5.0 (Windows NT 10.0; Win64; x64) AppleWebKit/537.36 (KHTML, like Gecko) Chrome/120.0.0.0 Safari/537.36"
39.50.244.218 - - [30/Jul/2026:00:03:19 +0000] "POST /xmlrpc.php HTTP/1.1" 200 670 "-" "WordPress/5.0; https://greenestate.com.bd"
10.10.0.2 - - [30/Jul/2026:00:03:24 +0000] "POST /wp-cron.php?doing_wp_cron=1785369804.1971979141235351562500 HTTP/1.1" 200 31 "-" "WordPress/6.9.4; https://greenestate.com.bd"
39.50.244.218 - - [30/Jul/2026:00:03:24 +0000] "GET /wp-admin/admin-ajax.php?action=rest-nonce HTTP/1.1" 200 41 "-" "Mozilla/5.0 (Windows NT 10.0; Win64; x64) AppleWebKit/537.36 (KHTML, like Gecko) Chrome/120.0.0.0 Safari/537.36"
10.10.0.2 - - [30/Jul/2026:00:03:29 +0000] "POST /wp-cron.php?doing_wp_cron=1785369809.1526319980621337890625 HTTP/1.1" 200 31 "-" "WordPress/6.9.4; https://greenestate.com.bd"
39.50.244.218 - - [30/Jul/2026:00:03:29 +0000] "POST /xmlrpc.php HTTP/1.1" 200 190 "-" "Mozilla/5.0 (Windows NT 10.0; Win64; x64) AppleWebKit/537.36 (KHTML, like Gecko) Chrome/120.0.0.0 Safari/537.36"
39.50.244.218 - - [30/Jul/2026:00:03:32 +0000] "GET /?p=9273 HTTP/1.1" 301 5 "-" "Mozilla/5.0 (Windows NT 10.0; Win64; x64) AppleWebKit/537.36 (KHTML, like Gecko) Chrome/120.0.0.0 Safari/537.36"
39.50.244.218 - - [30/Jul/2026:00:03:36 +0000] "GET /2026/07/29/the-role-of-technology-at-21bit-casino-australia/ HTTP/1.1" 200 22559 "-" "Mozilla/5.0 (Windows NT 10.0; Win64; x64) AppleWebKit/537.36 (KHTML, like Gecko) Chrome/120.0.0.0 Safari/537.36"
216.218.206.67 - - [30/Jul/2026:00:03:40 +0000] "GET /webui/ HTTP/1.1" 404 196 "-" "Mozilla/5.0 (Windows NT 10.0; Win64; x64) AppleWebKit/537.36 (KHTML, like Gecko) Chrome/110.0.0.0 Safari/537.36 Edg/110.0.1587.46"
179.25.5.229 - - [30/Jul/2026:00:04:23 +0000] "GET / HTTP/1.1" 200 34974 "-" "Mozilla/5.0 (Windows NT 10.0; Win64; x64) AppleWebKit/537.36 (KHTML, like Gecko) Chrome/120.0.0.0 Safari/537.36"
10.10.0.2 - - [30/Jul/2026:00:04:31 +0000] "POST /wp-cron.php?doing_wp_cron=1785369870.9764089584350585937500 HTTP/1.1" 200 31 "-" "WordPress/6.9.4; https://greenestate.com.bd"
107.171.231.211 - - [30/Jul/2026:00:04:31 +0000] "GET /wp-login.php HTTP/1.1" 200 2161 "-" "Mozilla/5.0 (Windows NT 10.0; Win64; x64) AppleWebKit/537.36 (KHTML, like Gecko) Chrome/120.0.0.0 Safari/537.36"
107.171.231.211 - - [30/Jul/2026:00:04:35 +0000] "POST /wp-login.php HTTP/1.1" 302 5 "https://greenestate.com.bd/wp-login.php" "Mozilla/5.0 (Windows NT 10.0; Win64; x64) AppleWebKit/537.36 (KHTML, like Gecko) Chrome/120.0.0.0 Safari/537.36"
107.171.231.211 - - [30/Jul/2026:00:04:40 +0000] "GET /wp-admin/ HTTP/1.1" 200 94071 "https://greenestate.com.bd/wp-login.php" "Mozilla/5.0 (Windows NT 10.0; Win64; x64) AppleWebKit/537.36 (KHTML, like Gecko) Chrome/120.0.0.0 Safari/537.36"
190.104.176.8 - - [30/Jul/2026:00:04:54 +0000] "GET /wp-admin/ HTTP/1.1" 200 94071 "-" "Mozilla/5.0 (Windows NT 10.0; Win64; x64) AppleWebKit/537.36 (KHTML, like Gecko) Chrome/120.0.0.0 Safari/537.36"
190.104.176.8 - - [30/Jul/2026:00:05:03 +0000] "GET /wp-admin/post-new.php HTTP/1.1" 200 170252 "-" "Mozilla/5.0 (Windows NT 10.0; Win64; x64) AppleWebKit/537.36 (KHTML, like Gecko) Chrome/120.0.0.0 Safari/537.36"
173.252.83.9 - - [30/Jul/2026:00:05:03 +0000] "GET / HTTP/1.1" 200 18263 "-" "facebookexternalhit/1.1 (+http://www.facebook.com/externalhit_uatext.php)"
173.252.83.6 - - [30/Jul/2026:00:05:05 +0000] "GET /tanvir-halftone-portrait.png HTTP/1.1" 200 3971281 "-" "facebookexternalhit/1.1 (+http://www.facebook.com/externalhit_uatext.php)"
173.252.69.29 - - [30/Jul/2026:00:05:06 +0000] "GET / HTTP/1.1" 200 52943 "-" "facebookexternalhit/1.1 (+http://www.facebook.com/externalhit_uatext.php)"
173.252.69.29 - - [30/Jul/2026:00:05:06 +0000] "GET /Tanvir_Anik_Full_Stack_Developer_CV.pdf HTTP/1.1" 200 361593 "-" "facebookexternalhit/1.1 (+http://www.facebook.com/externalhit_uatext.php)"
216.218.206.67 - - [30/Jul/2026:00:05:12 +0000] "GET /favicon.ico HTTP/1.1" 404 134 "-" "Mozilla/5.0 (Windows NT 10.0; Win64; x64; rv:141.0) Gecko/20100101 Firefox/141.0"
45.77.61.56 - - [30/Jul/2026:00:05:16 +0000] "GET / HTTP/1.1" 404 134 "-" "Mozilla/5.0 (compatible; CyberConvoyScout/1.0; +https://scout.cyberconvoy.co)"
190.104.176.8 - - [30/Jul/2026:00:05:29 +0000] "POST /xmlrpc.php HTTP/1.1" 400 0 "-" "WordPress/5.0; https://greenestate.com.bd"
10.10.0.2 - - [30/Jul/2026:00:05:34 +0000] "POST /wp-cron.php?doing_wp_cron=1785369934.1154029369354248046875 HTTP/1.1" 200 31 "-" "WordPress/6.9.4; https://greenestate.com.bd"
101.57.47.40 - - [30/Jul/2026:00:05:34 +0000] "GET /wp-admin/admin-ajax.php?action=rest-nonce HTTP/1.1" 200 41 "-" "Mozilla/5.0 (Windows NT 10.0; Win64; x64) AppleWebKit/537.36 (KHTML, like Gecko) Chrome/120.0.0.0 Safari/537.36"
101.57.47.40 - - [30/Jul/2026:00:05:39 +0000] "GET /wp-json/wp/v2/categories?search=spinbetter HTTP/1.1" 200 12 "-" "Mozilla/5.0 (Windows NT 10.0; Win64; x64) AppleWebKit/537.36 (KHTML, like Gecko) Chrome/120.0.0.0 Safari/537.36"
165.232.114.23 - - [30/Jul/2026:00:05:41 +0000] "GET / HTTP/1.1" 400 264 "-" "Go-http-client/1.1"
165.232.114.23 - - [30/Jul/2026:00:05:42 +0000] "GET / HTTP/1.1" 200 34760 "-" "Go-http-client/1.1"
101.57.47.40 - - [30/Jul/2026:00:05:42 +0000] "POST /wp-json/wp/v2/categories HTTP/1.1" 201 694 "-" "Mozilla/5.0 (Windows NT 10.0; Win64; x64) AppleWebKit/537.36 (KHTML, like Gecko) Chrome/120.0.0.0 Safari/537.36"
10.10.0.2 - - [30/Jul/2026:00:05:48 +0000] "POST /wp-cron.php?doing_wp_cron=1785369948.2685260772705078125000 HTTP/1.1" 200 31 "-" "WordPress/6.9.4; https://greenestate.com.bd"
101.57.47.40 - - [30/Jul/2026:00:05:48 +0000] "POST /wp-json/wp/v2/posts HTTP/1.1" 201 18743 "-" "Mozilla/5.0 (Windows NT 10.0; Win64; x64) AppleWebKit/537.36 (KHTML, like Gecko) Chrome/120.0.0.0 Safari/537.36"
66.249.74.35 - - [30/Jul/2026:00:05:53 +0000] "GET /2026/03/12/richman-casino-your-safe-haven-for-online-betting/ HTTP/1.1" 200 15007 "-" "Mozilla/5.0 (Linux; Android 6.0.1; Nexus 5X Build/MMB29P) AppleWebKit/537.36 (KHTML, like Gecko) Chrome/150.0.7871.186 Mobile Safari/537.36 (compatible; GoogleOther)"
154.194.14.115 - - [30/Jul/2026:00:06:13 +0000] "GET /2026/07/29/podrobny-pruvodce-sazenim-na-spinbetter/ HTTP/1.1" 200 23200 "-" "Mozilla/5.0 (Windows NT 10.0; Win64; x64) AppleWebKit/537.36 (KHTML, like Gecko) Chrome/120.0.0.0 Safari/537.36"
66.249.74.35 - - [30/Jul/2026:00:06:13 +0000] "GET /2026/03/01/how-does-spinago-casino-promote-responsible-gambling/ HTTP/1.1" 200 15414 "-" "Mozilla/5.0 (Linux; Android 6.0.1; Nexus 5X Build/MMB29P) AppleWebKit/537.36 (KHTML, like Gecko) Chrome/150.0.7871.186 Mobile Safari/537.36 (compatible; GoogleOther)"
216.218.206.67 - - [30/Jul/2026:00:06:17 +0000] "GET /geoserver/web/ HTTP/1.1" 404 196 "-" "Mozilla/5.0 (Windows NT 10.0; Win64; x64) AppleWebKit/537.36 (KHTML, like Gecko) Chrome/139.0.0.0 Safari/537.36"
10.10.0.2 - - [30/Jul/2026:00:06:45 +0000] "POST /wp-cron.php?doing_wp_cron=1785370005.3298010826110839843750 HTTP/1.1" 200 31 "-" "WordPress/6.9.4; https://greenestate.com.bd"
89.19.35.206 - - [30/Jul/2026:00:06:45 +0000] "POST /xmlrpc.php HTTP/1.1" 200 190 "-" "Mozilla/5.0 (Windows NT 10.0; Win64; x64) AppleWebKit/537.36 (KHTML, like Gecko) Chrome/120.0.0.0 Safari/537.36"
89.19.35.206 - - [30/Jul/2026:00:06:45 +0000] "GET /wp-json/wp/v2/posts/9277?_fields=date,id,title,status,type,guid,link HTTP/1.1" 200 354 "-" "Mozilla/5.0 (Windows NT 10.0; Win64; x64) AppleWebKit/537.36 (KHTML, like Gecko) Chrome/120.0.0.0 Safari/537.36"
45.172.96.238 - - [30/Jul/2026:00:06:53 +0000] "GET / HTTP/1.1" 301 178 "-" "Mozilla/5.0 (Windows NT 10.0; Win64; x64) AppleWebKit/537.36 (KHTML, like Gecko) Chrome/120.0.0.0 Safari/537.36"
190.137.236.226 - - [30/Jul/2026:00:07:05 +0000] "GET / HTTP/1.1" 200 34867 "-" "Mozilla/5.0 (Windows NT 10.0; Win64; x64) AppleWebKit/537.36 (KHTML, like Gecko) Chrome/120.0.0.0 Safari/537.36"
20.203.219.190 - - [30/Jul/2026:00:07:11 +0000] "GET /wp-content/plugins/hellopress/wp_filemanager.php HTTP/1.1" 404 162 "-" "-"
20.203.219.190 - - [30/Jul/2026:00:07:11 +0000] "GET /this_is_a_new_hello_world.php HTTP/1.1" 404 162 "-" "-"
20.203.219.190 - - [30/Jul/2026:00:07:11 +0000] "GET /x.php HTTP/1.1" 404 162 "-" "-"
20.203.219.190 - - [30/Jul/2026:00:07:12 +0000] "GET /readme.php HTTP/1.1" 404 162 "-" "-"
20.203.219.190 - - [30/Jul/2026:00:07:12 +0000] "GET /la.php HTTP/1.1" 404 162 "-" "-"
20.203.219.190 - - [30/Jul/2026:00:07:12 +0000] "GET /style.php HTTP/1.1" 404 162 "-" "-"
20.203.219.190 - - [30/Jul/2026:00:07:12 +0000] "GET /1.php HTTP/1.1" 404 162 "-" "-"
20.203.219.190 - - [30/Jul/2026:00:07:12 +0000] "GET /css.php HTTP/1.1" 404 162 "-" "-"
20.203.219.190 - - [30/Jul/2026:00:07:12 +0000] "GET /8.php HTTP/1.1" 404 162 "-" "-"
20.203.219.190 - - [30/Jul/2026:00:07:12 +0000] "GET /alpha.php HTTP/1.1" 404 162 "-" "-"
20.203.219.190 - - [30/Jul/2026:00:07:12 +0000] "GET /wp-2019.php HTTP/1.1" 404 162 "-" "-"
20.203.219.190 - - [30/Jul/2026:00:07:12 +0000] "GET /db.php HTTP/1.1" 404 162 "-" "-"
20.203.219.190 - - [30/Jul/2026:00:07:12 +0000] "GET /403.php HTTP/1.1" 404 162 "-" "-"
20.203.219.190 - - [30/Jul/2026:00:07:12 +0000] "GET /ftde.php HTTP/1.1" 404 162 "-" "-"
20.203.219.190 - - [30/Jul/2026:00:07:13 +0000] "GET /edit.php HTTP/1.1" 404 162 "-" "-"
20.203.219.190 - - [30/Jul/2026:00:07:13 +0000] "GET /bthil.php HTTP/1.1" 404 162 "-" "-"
20.203.219.190 - - [30/Jul/2026:00:07:13 +0000] "GET /radio.php HTTP/1.1" 404 162 "-" "-"
20.203.219.190 - - [30/Jul/2026:00:07:13 +0000] "GET /.gitignore.php HTTP/1.1" 404 162 "-" "-"
20.203.219.190 - - [30/Jul/2026:00:07:13 +0000] "GET /jga.php HTTP/1.1" 404 162 "-" "-"
20.203.219.190 - - [30/Jul/2026:00:07:13 +0000] "GET /crgio.php HTTP/1.1" 404 162 "-" "-"
20.203.219.190 - - [30/Jul/2026:00:07:13 +0000] "GET /wp-kikikoko.php HTTP/1.1" 404 162 "-" "-"
20.203.219.190 - - [30/Jul/2026:00:07:13 +0000] "GET /r.php HTTP/1.1" 404 162 "-" "-"
20.203.219.190 - - [30/Jul/2026:00:07:13 +0000] "GET /file.php HTTP/1.1" 404 162 "-" "-"
20.203.219.190 - - [30/Jul/2026:00:07:13 +0000] "GET /ty.php HTTP/1.1" 404 162 "-" "-"
20.203.219.190 - - [30/Jul/2026:00:07:13 +0000] "GET /as.php HTTP/1.1" 404 162 "-" "-"
20.203.219.190 - - [30/Jul/2026:00:07:13 +0000] "GET /makeasmtp.php HTTP/1.1" 404 162 "-" "-"
20.203.219.190 - - [30/Jul/2026:00:07:14 +0000] "GET /wp-admin/about.php HTTP/1.1" 404 162 "-" "-"
20.203.219.190 - - [30/Jul/2026:00:07:14 +0000] "GET /ccc.php HTTP/1.1" 404 162 "-" "-"
20.203.219.190 - - [30/Jul/2026:00:07:14 +0000] "GET /m.php HTTP/1.1" 404 162 "-" "-"
20.203.219.190 - - [30/Jul/2026:00:07:14 +0000] "GET /wp-login.php HTTP/1.1" 404 162 "-" "-"
20.203.219.190 - - [30/Jul/2026:00:07:14 +0000] "GET /ava.php HTTP/1.1" 404 162 "-" "-"
20.203.219.190 - - [30/Jul/2026:00:07:14 +0000] "GET /plugins.php HTTP/1.1" 404 162 "-" "-"
20.203.219.190 - - [30/Jul/2026:00:07:14 +0000] "GET /inputs.php HTTP/1.1" 404 162 "-" "-"
20.203.219.190 - - [30/Jul/2026:00:07:14 +0000] "GET /log.php HTTP/1.1" 404 162 "-" "-"
20.203.219.190 - - [30/Jul/2026:00:07:14 +0000] "GET /w.php HTTP/1.1" 404 162 "-" "-"
20.203.219.190 - - [30/Jul/2026:00:07:14 +0000] "GET /alfa.php HTTP/1.1" 404 162 "-" "-"
20.203.219.190 - - [30/Jul/2026:00:07:14 +0000] "GET /cc.php HTTP/1.1" 404 162 "-" "-"
20.203.219.190 - - [30/Jul/2026:00:07:15 +0000] "GET /moon.php HTTP/1.1" 404 162 "-" "-"
20.203.219.190 - - [30/Jul/2026:00:07:15 +0000] "GET /shell.php HTTP/1.1" 404 162 "-" "-"
20.203.219.190 - - [30/Jul/2026:00:07:15 +0000] "GET /config.php HTTP/1.1" 404 162 "-" "-"
20.203.219.190 - - [30/Jul/2026:00:07:15 +0000] "GET /mah.php HTTP/1.1" 404 162 "-" "-"
20.203.219.190 - - [30/Jul/2026:00:07:15 +0000] "GET /themes.php HTTP/1.1" 404 162 "-" "-"
20.203.219.190 - - [30/Jul/2026:00:07:15 +0000] "GET /about.php HTTP/1.1" 404 162 "-" "-"
20.203.219.190 - - [30/Jul/2026:00:07:15 +0000] "GET /wp.php HTTP/1.1" 404 162 "-" "-"
20.203.219.190 - - [30/Jul/2026:00:07:15 +0000] "GET /uninstall.php HTTP/1.1" 404 162 "-" "-"
20.203.219.190 - - [30/Jul/2026:00:07:15 +0000] "GET /echkm.php HTTP/1.1" 404 162 "-" "-"
20.203.219.190 - - [30/Jul/2026:00:07:15 +0000] "GET /domvf.php HTTP/1.1" 404 162 "-" "-"
20.203.219.190 - - [30/Jul/2026:00:07:15 +0000] "GET /item.php HTTP/1.1" 404 162 "-" "-"
20.203.219.190 - - [30/Jul/2026:00:07:15 +0000] "GET /elp.php HTTP/1.1" 404 162 "-" "-"
20.203.219.190 - - [30/Jul/2026:00:07:16 +0000] "GET /404.php HTTP/1.1" 404 162 "-" "-"
20.203.219.190 - - [30/Jul/2026:00:07:16 +0000] "GET /resp.php HTTP/1.1" 404 162 "-" "-"
20.203.219.190 - - [30/Jul/2026:00:07:16 +0000] "GET /login.php HTTP/1.1" 404 162 "-" "-"
45.159.21.114 - - [30/Jul/2026:00:07:16 +0000] "POST /xmlrpc.php HTTP/1.1" 200 415 "-" "Mozilla/5.0 (Windows NT 10.0; Win64; x64) AppleWebKit/537.36 (KHTML, like Gecko) Chrome/120.0.0.0 Safari/537.36"
45.159.21.114 - - [30/Jul/2026:00:07:16 +0000] "GET /wp-json/wp/v2/posts?orderby=date&order=desc&_fields=date,id,title,status,type,guid,link HTTP/1.1" 200 3847 "-" "Mozilla/5.0 (Windows NT 10.0; Win64; x64) AppleWebKit/537.36 (KHTML, like Gecko) Chrome/120.0.0.0 Safari/537.36"
104.244.227.197 - - [30/Jul/2026:00:07:18 +0000] "GET /wp-login.php HTTP/1.1" 200 2161 "-" "Mozilla/5.0 (Windows NT 10.0; Win64; x64) AppleWebKit/537.36 (KHTML, like Gecko) Chrome/120.0.0.0 Safari/537.36"
10.10.0.2 - - [30/Jul/2026:00:07:25 +0000] "POST /wp-cron.php?doing_wp_cron=1785370045.7072889804840087890625 HTTP/1.1" 200 31 "-" "WordPress/6.9.4; https://greenestate.com.bd"
104.244.227.197 - - [30/Jul/2026:00:07:25 +0000] "POST /wp-login.php HTTP/1.1" 302 5 "https://greenestate.com.bd/wp-login.php" "Mozilla/5.0 (Windows NT 10.0; Win64; x64) AppleWebKit/537.36 (KHTML, like Gecko) Chrome/120.0.0.0 Safari/537.36"
104.244.227.197 - - [30/Jul/2026:00:07:31 +0000] "GET /wp-admin/ HTTP/1.1" 200 94113 "https://greenestate.com.bd/wp-login.php" "Mozilla/5.0 (Windows NT 10.0; Win64; x64) AppleWebKit/537.36 (KHTML, like Gecko) Chrome/120.0.0.0 Safari/537.36"
154.124.36.251 - - [30/Jul/2026:00:07:45 +0000] "GET /wp-admin/ HTTP/1.1" 200 94110 "-" "Mozilla/5.0 (Windows NT 10.0; Win64; x64) AppleWebKit/537.36 (KHTML, like Gecko) Chrome/120.0.0.0 Safari/537.36"
10.10.0.2 - - [30/Jul/2026:00:07:46 +0000] "POST /wp-cron.php?doing_wp_cron=1785370066.2223830223083496093750 HTTP/1.1" 200 31 "-" "WordPress/6.9.4; https://greenestate.com.bd"
194.70.234.219 - - [30/Jul/2026:00:07:46 +0000] "POST /xmlrpc.php HTTP/1.1" 200 190 "-" "Mozilla/5.0 (Windows NT 10.0; Win64; x64) AppleWebKit/537.36 (KHTML, like Gecko) Chrome/120.0.0.0 Safari/537.36"
194.70.234.219 - - [30/Jul/2026:00:07:46 +0000] "GET /wp-json/wp/v2/posts/9279?_fields=date,id,title,status,type,guid,link HTTP/1.1" 200 330 "-" "Mozilla/5.0 (Windows NT 10.0; Win64; x64) AppleWebKit/537.36 (KHTML, like Gecko) Chrome/120.0.0.0 Safari/537.36"
154.124.36.251 - - [30/Jul/2026:00:07:55 +0000] "GET /wp-admin/post-new.php HTTP/1.1" 200 170261 "-" "Mozilla/5.0 (Windows NT 10.0; Win64; x64) AppleWebKit/537.36 (KHTML, like Gecko) Chrome/120.0.0.0 Safari/537.36"
66.249.74.35 - - [30/Jul/2026:00:08:19 +0000] "GET /2026/03/19/discovering-the-best-slots-at-goldex-casino-in-2023/ HTTP/1.1" 200 15211 "-" "Mozilla/5.0 (Linux; Android 6.0.1; Nexus 5X Build/MMB29P) AppleWebKit/537.36 (KHTML, like Gecko) Chrome/150.0.7871.186 Mobile Safari/537.36 (compatible; GoogleOther)"
10.10.0.2 - - [30/Jul/2026:00:08:27 +0000] "POST /wp-cron.php?doing_wp_cron=1785370107.1406269073486328125000 HTTP/1.1" 200 31 "-" "WordPress/6.9.4; https://greenestate.com.bd"
158.172.235.42 - - [30/Jul/2026:00:08:27 +0000] "GET /wp-admin/admin-ajax.php?action=rest-nonce HTTP/1.1" 200 41 "-" "Mozilla/5.0 (Windows NT 10.0; Win64; x64) AppleWebKit/537.36 (KHTML, like Gecko) Chrome/120.0.0.0 Safari/537.36"
158.172.235.42 - - [30/Jul/2026:00:08:31 +0000] "GET /wp-json/wp/v2/categories?search=best+online+casino HTTP/1.1" 200 720 "-" "Mozilla/5.0 (Windows NT 10.0; Win64; x64) AppleWebKit/537.36 (KHTML, like Gecko) Chrome/120.0.0.0 Safari/537.36"
10.10.0.2 - - [30/Jul/2026:00:08:37 +0000] "POST /wp-cron.php?doing_wp_cron=1785370117.0632259845733642578125 HTTP/1.1" 200 31 "-" "WordPress/6.9.4; https://greenestate.com.bd"
158.172.235.42 - - [30/Jul/2026:00:08:37 +0000] "POST /wp-json/wp/v2/posts HTTP/1.1" 201 17617 "-" "Mozilla/5.0 (Windows NT 10.0; Win64; x64) AppleWebKit/537.36 (KHTML, like Gecko) Chrome/120.0.0.0 Safari/537.36"
158.172.235.42 - - [30/Jul/2026:00:08:42 +0000] "GET /2026/07/29/betalice-casino-cz-analyzing-the-competitors/ HTTP/1.1" 200 22900 "-" "Mozilla/5.0 (Windows NT 10.0; Win64; x64) AppleWebKit/537.36 (KHTML, like Gecko) Chrome/120.0.0.0 Safari/537.36"
66.249.74.36 - - [30/Jul/2026:00:09:07 +0000] "GET /2026/03/19/discovering-the-best-slots-at-goldex-casino-in-2023/ HTTP/1.1" 200 15211 "-" "Mozilla/5.0 (Linux; Android 6.0.1; Nexus 5X Build/MMB29P) AppleWebKit/537.36 (KHTML, like Gecko) Chrome/150.0.7871.186 Mobile Safari/537.36 (compatible; Googlebot/2.1; +http://www.google.com/bot.html)"
39.175.53.132 - - [30/Jul/2026:00:09:17 +0000] "POST ////////////////////////////////////////////////////////////////////////////////////////////////////////////////////////////////////////////////////////////////////////////////////////////////////////////////////////////////////////////////////////////////////////////////////////////////////////////////////////////////////////////////////////////////////////////////////////////////////////////////////////////////////////////////////////////////////////////////////////////////////////////////////////////////////////////////////////////////////////////////////////////////////////////////////////////////////////////////////////////////////////////////////////////////////////////////////////////////////////////////////////////////////////////////////////////////////////////////////////////////////////////////////////////////////////////////////////////////////////////////////////////////////////////////////////////////////////////////////////////////////////////////////////////////////////////////////////////////////////////////////////////////////////////////////////////////////////////////////////////////////////////////////////////////////////////////////////////////////////////////////////////////////////////////////////////////////////////////////////////////////////////////////////////////////////////////////////////////////////////////////////////////////////////////////////////////////////////////////////// HTTP/1.1" 404 134 "-" "Mozilla/5.0 (Macintosh; Intel Mac OS X 10_15_7) AppleWebKit/605.1.15 (KHTML, like Gecko) Version/15.6 Safari/605.1.15"
193.31.126.40 - - [30/Jul/2026:00:09:17 +0000] "POST /xmlrpc.php HTTP/1.1" 200 415 "-" "Mozilla/5.0 (Windows NT 10.0; Win64; x64) AppleWebKit/537.36 (KHTML, like Gecko) Chrome/120.0.0.0 Safari/537.36"
193.31.126.40 - - [30/Jul/2026:00:09:18 +0000] "GET /wp-json/wp/v2/posts?orderby=date&order=desc&_fields=date,id,title,status,type,guid,link HTTP/1.1" 200 3744 "-" "Mozilla/5.0 (Windows NT 10.0; Win64; x64) AppleWebKit/537.36 (KHTML, like Gecko) Chrome/120.0.0.0 Safari/537.36"
10.10.0.2 - - [30/Jul/2026:00:09:27 +0000] "POST /wp-cron.php?doing_wp_cron=1785370167.5089669227600097656250 HTTP/1.1" 200 31 "-" "WordPress/6.9.4; https://greenestate.com.bd"
105.188.118.41 - - [30/Jul/2026:00:09:27 +0000] "GET / HTTP/1.1" 200 34666 "-" "Mozilla/5.0 (Windows NT 10.0; Win64; x64) AppleWebKit/537.36 (KHTML, like Gecko) Chrome/120.0.0.0 Safari/537.36"
93.225.223.203 - - [30/Jul/2026:00:09:41 +0000] "GET /wp-login.php HTTP/1.1" 200 2161 "-" "Mozilla/5.0 (Windows NT 10.0; Win64; x64) AppleWebKit/537.36 (KHTML, like Gecko) Chrome/120.0.0.0 Safari/537.36"
93.225.223.203 - - [30/Jul/2026:00:09:47 +0000] "POST /wp-login.php HTTP/1.1" 302 5 "https://greenestate.com.bd/wp-login.php" "Mozilla/5.0 (Windows NT 10.0; Win64; x64) AppleWebKit/537.36 (KHTML, like Gecko) Chrome/120.0.0.0 Safari/537.36"
93.225.223.203 - - [30/Jul/2026:00:09:51 +0000] "GET /wp-admin/ HTTP/1.1" 200 94003 "https://greenestate.com.bd/wp-login.php" "Mozilla/5.0 (Windows NT 10.0; Win64; x64) AppleWebKit/537.36 (KHTML, like Gecko) Chrome/120.0.0.0 Safari/537.36"
91.92.40.12 - - [30/Jul/2026:00:09:52 +0000] "\xFF\x00\x00\x00\x00\x00\x00\x00\x00\x00\x00\x00\x00\x00\xF1\x03%\x00\x00\x00{ \x22Ret\x22 : 100, \x22SessionID\x22 : \x220x0\x22 }" 400 166 "-" "-"
38.172.179.199 - - [30/Jul/2026:00:10:04 +0000] "GET /wp-admin/ HTTP/1.1" 200 93999 "-" "Mozilla/5.0 (Windows NT 10.0; Win64; x64) AppleWebKit/537.36 (KHTML, like Gecko) Chrome/120.0.0.0 Safari/537.36"
10.10.0.2 - - [30/Jul/2026:00:10:04 +0000] "POST /wp-cron.php?doing_wp_cron=1785370204.6543738842010498046875 HTTP/1.1" 200 31 "-" "WordPress/6.9.4; https://greenestate.com.bd"
199.96.164.213 - - [30/Jul/2026:00:10:04 +0000] "POST /xmlrpc.php HTTP/1.1" 200 190 "-" "Mozilla/5.0 (Windows NT 10.0; Win64; x64) AppleWebKit/537.36 (KHTML, like Gecko) Chrome/120.0.0.0 Safari/537.36"
199.96.164.213 - - [30/Jul/2026:00:10:05 +0000] "GET /wp-json/wp/v2/posts/9283?_fields=date,id,title,status,type,guid,link HTTP/1.1" 200 765 "-" "Mozilla/5.0 (Windows NT 10.0; Win64; x64) AppleWebKit/537.36 (KHTML, like Gecko) Chrome/120.0.0.0 Safari/537.36"
10.10.0.2 - - [30/Jul/2026:00:10:12 +0000] "POST /wp-cron.php?doing_wp_cron=1785370212.4834289550781250000000 HTTP/1.1" 200 31 "-" "WordPress/6.9.4; https://greenestate.com.bd"
38.172.179.199 - - [30/Jul/2026:00:10:13 +0000] "GET /wp-admin/post-new.php HTTP/1.1" 200 170259 "-" "Mozilla/5.0 (Windows NT 10.0; Win64; x64) AppleWebKit/537.36 (KHTML, like Gecko) Chrome/120.0.0.0 Safari/537.36"
10.10.0.2 - - [30/Jul/2026:00:10:25 +0000] "POST /wp-cron.php?doing_wp_cron=1785370225.8889520168304443359375 HTTP/1.1" 200 31 "-" "WordPress/6.9.4; https://greenestate.com.bd"
155.212.110.230 - - [30/Jul/2026:00:10:25 +0000] "POST /xmlrpc.php HTTP/1.1" 200 415 "-" "Mozilla/5.0 (Windows NT 10.0; Win64; x64) AppleWebKit/537.36 (KHTML, like Gecko) Chrome/120.0.0.0 Safari/537.36"
38.172.179.199 - - [30/Jul/2026:00:10:26 +0000] "POST /xmlrpc.php HTTP/1.1" 200 670 "-" "WordPress/5.0; https://greenestate.com.bd"
155.212.110.230 - - [30/Jul/2026:00:10:26 +0000] "GET /wp-json/wp/v2/posts?orderby=date&order=desc&_fields=date,id,title,status,type,guid,link HTTP/1.1" 200 4160 "-" "Mozilla/5.0 (Windows NT 10.0; Win64; x64) AppleWebKit/537.36 (KHTML, like Gecko) Chrome/120.0.0.0 Safari/537.36"
38.172.179.199 - - [30/Jul/2026:00:10:30 +0000] "GET /wp-admin/admin-ajax.php?action=rest-nonce HTTP/1.1" 200 41 "-" "Mozilla/5.0 (Windows NT 10.0; Win64; x64) AppleWebKit/537.36 (KHTML, like Gecko) Chrome/120.0.0.0 Safari/537.36"
10.10.0.2 - - [30/Jul/2026:00:10:36 +0000] "POST /wp-cron.php?doing_wp_cron=1785370236.2784979343414306640625 HTTP/1.1" 200 31 "-" "WordPress/6.9.4; https://greenestate.com.bd"
38.172.179.199 - - [30/Jul/2026:00:10:36 +0000] "POST /xmlrpc.php HTTP/1.1" 200 190 "-" "Mozilla/5.0 (Windows NT 10.0; Win64; x64) AppleWebKit/537.36 (KHTML, like Gecko) Chrome/120.0.0.0 Safari/537.36"
38.172.179.199 - - [30/Jul/2026:00:10:40 +0000] "GET /?p=9286 HTTP/1.1" 301 5 "-" "Mozilla/5.0 (Windows NT 10.0; Win64; x64) AppleWebKit/537.36 (KHTML, like Gecko) Chrome/120.0.0.0 Safari/537.36"
38.172.179.199 - - [30/Jul/2026:00:10:44 +0000] "GET /2026/07/29/tips-for-playing-progressive-slots-at-uptown-pokies-casino-australia/ HTTP/1.1" 200 23483 "-" "Mozilla/5.0 (Windows NT 10.0; Win64; x64) AppleWebKit/537.36 (KHTML, like Gecko) Chrome/120.0.0.0 Safari/537.36"
43.134.129.51 - - [30/Jul/2026:00:10:53 +0000] "CONNECT www.google-analytics.com:80 HTTP/1.1" 400 166 "-" "-"
116.97.79.16 - - [30/Jul/2026:00:11:07 +0000] "GET / HTTP/1.1" 200 34735 "-" "Mozilla/5.0 (Windows NT 10.0; Win64; x64) AppleWebKit/537.36 (KHTML, like Gecko) Chrome/120.0.0.0 Safari/537.36"
90.167.55.169 - - [30/Jul/2026:00:11:18 +0000] "GET /wp-login.php HTTP/1.1" 200 2161 "-" "Mozilla/5.0 (Windows NT 10.0; Win64; x64) AppleWebKit/537.36 (KHTML, like Gecko) Chrome/120.0.0.0 Safari/537.36"
10.10.0.2 - - [30/Jul/2026:00:11:24 +0000] "POST /wp-cron.php?doing_wp_cron=1785370284.6693370342254638671875 HTTP/1.1" 200 31 "-" "WordPress/6.9.4; https://greenestate.com.bd"
90.167.55.169 - - [30/Jul/2026:00:11:24 +0000] "POST /wp-login.php HTTP/1.1" 302 5 "https://greenestate.com.bd/wp-login.php" "Mozilla/5.0 (Windows NT 10.0; Win64; x64) AppleWebKit/537.36 (KHTML, like Gecko) Chrome/120.0.0.0 Safari/537.36"
90.167.55.169 - - [30/Jul/2026:00:11:29 +0000] "GET /wp-admin/ HTTP/1.1" 200 94067 "https://greenestate.com.bd/wp-login.php" "Mozilla/5.0 (Windows NT 10.0; Win64; x64) AppleWebKit/537.36 (KHTML, like Gecko) Chrome/120.0.0.0 Safari/537.36"
66.249.74.34 - - [30/Jul/2026:00:11:35 +0000] "GET /2026/03/23/wild-joker-casino-vs-competitors-a-comparison/ HTTP/1.1" 200 15158 "-" "Mozilla/5.0 (Linux; Android 6.0.1; Nexus 5X Build/MMB29P) AppleWebKit/537.36 (KHTML, like Gecko) Chrome/150.0.7871.186 Mobile Safari/537.36 (compatible; GoogleOther)"
125.235.234.157 - - [30/Jul/2026:00:11:44 +0000] "GET /wp-admin/ HTTP/1.1" 200 94063 "-" "Mozilla/5.0 (Windows NT 10.0; Win64; x64) AppleWebKit/537.36 (KHTML, like Gecko) Chrome/120.0.0.0 Safari/537.36"
125.235.234.157 - - [30/Jul/2026:00:11:54 +0000] "GET /wp-admin/post-new.php HTTP/1.1" 200 170248 "-" "Mozilla/5.0 (Windows NT 10.0; Win64; x64) AppleWebKit/537.36 (KHTML, like Gecko) Chrome/120.0.0.0 Safari/537.36"
66.249.74.35 - - [30/Jul/2026:00:11:58 +0000] "GET /category/buran/ HTTP/1.1" 200 14577 "-" "Mozilla/5.0 (Linux; Android 6.0.1; Nexus 5X Build/MMB29P) AppleWebKit/537.36 (KHTML, like Gecko) Chrome/150.0.7871.186 Mobile Safari/537.36 (compatible; GoogleOther)"
125.235.234.157 - - [30/Jul/2026:00:12:10 +0000] "POST /xmlrpc.php HTTP/1.1" 200 670 "-" "WordPress/5.0; https://greenestate.com.bd"
125.235.234.157 - - [30/Jul/2026:00:12:14 +0000] "GET /wp-admin/admin-ajax.php?action=rest-nonce HTTP/1.1" 200 41 "-" "Mozilla/5.0 (Windows NT 10.0; Win64; x64) AppleWebKit/537.36 (KHTML, like Gecko) Chrome/120.0.0.0 Safari/537.36"
10.10.0.2 - - [30/Jul/2026:00:12:20 +0000] "POST /wp-cron.php?doing_wp_cron=1785370340.3481910228729248046875 HTTP/1.1" 200 31 "-" "WordPress/6.9.4; https://greenestate.com.bd"
125.235.234.157 - - [30/Jul/2026:00:12:20 +0000] "POST /xmlrpc.php HTTP/1.1" 200 190 "-" "Mozilla/5.0 (Windows NT 10.0; Win64; x64) AppleWebKit/537.36 (KHTML, like Gecko) Chrome/120.0.0.0 Safari/537.36"
10.10.0.2 - - [30/Jul/2026:00:12:24 +0000] "POST /wp-cron.php?doing_wp_cron=1785370344.4764928817749023437500 HTTP/1.1" 200 31 "-" "WordPress/6.9.4; https://greenestate.com.bd"
125.235.234.157 - - [30/Jul/2026:00:12:24 +0000] "GET /?p=9289 HTTP/1.1" 301 5 "-" "Mozilla/5.0 (Windows NT 10.0; Win64; x64) AppleWebKit/537.36 (KHTML, like Gecko) Chrome/120.0.0.0 Safari/537.36"
125.235.234.157 - - [30/Jul/2026:00:12:28 +0000] "GET /2026/07/29/celebrity-sightings-in-canadian-gaming-club-casinos/ HTTP/1.1" 200 23192 "-" "Mozilla/5.0 (Windows NT 10.0; Win64; x64) AppleWebKit/537.36 (KHTML, like Gecko) Chrome/120.0.0.0 Safari/537.36"
145.255.179.25 - - [30/Jul/2026:00:12:58 +0000] " \xC6\x0CX\x09\xE63" 400 166 "-" "-"
10.10.0.2 - - [30/Jul/2026:00:13:55 +0000] "POST /wp-cron.php?doing_wp_cron=1785370435.6527159214019775390625 HTTP/1.1" 200 31 "-" "WordPress/6.9.4; https://greenestate.com.bd"
66.249.74.36 - - [30/Jul/2026:00:13:55 +0000] "GET /2026/07/29/maximize-your-experience-claiming-ripper-casino-australias-best-promotions-in-2026/ HTTP/1.1" 200 15990 "-" "Mozilla/5.0 (Linux; Android 6.0.1; Nexus 5X Build/MMB29P) AppleWebKit/537.36 (KHTML, like Gecko) Chrome/150.0.7871.186 Mobile Safari/537.36 (compatible; GoogleOther)"
31.155.7.62 - - [30/Jul/2026:00:14:45 +0000] "\x15\x03\x03\x00\x1A" 400 166 "-" "-"
10.10.0.2 - - [30/Jul/2026:00:16:56 +0000] "POST /wp-cron.php?doing_wp_cron=1785370616.9522569179534912109375 HTTP/1.1" 200 31 "-" "WordPress/6.9.4; https://greenestate.com.bd"
66.249.74.36 - - [30/Jul/2026:00:16:56 +0000] "GET /2026/07/29/top-10-games-to-play-at-casumo-casino-a-comprehensive-review/ HTTP/1.1" 200 16832 "-" "Mozilla/5.0 (Linux; Android 6.0.1; Nexus 5X Build/MMB29P) AppleWebKit/537.36 (KHTML, like Gecko) Chrome/150.0.7871.186 Mobile Safari/537.36 (compatible; GoogleOther)"
152.207.246.48 - - [30/Jul/2026:00:17:14 +0000] "POST / HTTP/1.1" 404 134 "-" "-"
95.82.64.155 - - [30/Jul/2026:00:17:30 +0000] "\x15\x03\x03\x00\x1A" 400 166 "-" "-"
10.10.0.2 - - [30/Jul/2026:00:17:33 +0000] "POST /wp-cron.php?doing_wp_cron=1785370653.6123440265655517578125 HTTP/1.1" 200 31 "-" "WordPress/6.9.4; https://greenestate.com.bd"
205.210.31.235 - - [30/Jul/2026:00:17:33 +0000] "GET /wp-login.php HTTP/1.1" 200 6180 "-" "Hello from Palo Alto Networks, find out more about our scans in https://docs-cortex.paloaltonetworks.com/r/1/Cortex-Xpanse/Scanning-activity"
66.249.74.36 - - [30/Jul/2026:00:18:03 +0000] "GET /2026/07/28/sensible-medical-insurance-preparations-2/ HTTP/1.1" 200 13868 "-" "Mozilla/5.0 (Linux; Android 6.0.1; Nexus 5X Build/MMB29P) AppleWebKit/537.36 (KHTML, like Gecko) Chrome/150.0.7871.186 Mobile Safari/537.36 (compatible; Googlebot/2.1; +http://www.google.com/bot.html)"
66.249.74.34 - - [30/Jul/2026:00:18:09 +0000] "GET /wp-includes/js/jquery/jquery.min.js?ver=3.7.1 HTTP/1.1" 200 87553 "https://greenestate.com.bd/2026/07/29/maximize-your-experience-claiming-ripper-casino-australias-best-promotions-in-2026/" "Mozilla/5.0 (Linux; Android 6.0.1; Nexus 5X Build/MMB29P) AppleWebKit/537.36 (KHTML, like Gecko) Chrome/150.0.7871.186 Mobile Safari/537.36 (compatible; GoogleOther)"
66.249.74.35 - - [30/Jul/2026:00:18:11 +0000] "GET /wp-content/themes/spaciaz/assets/js/frontend/login.js?ver=1.1.2 HTTP/1.1" 200 867 "https://greenestate.com.bd/2026/07/29/maximize-your-experience-claiming-ripper-casino-australias-best-promotions-in-2026/" "Mozilla/5.0 (Linux; Android 6.0.1; Nexus 5X Build/MMB29P) AppleWebKit/537.36 (KHTML, like Gecko) Chrome/150.0.7871.186 Mobile Safari/537.36 (compatible; GoogleOther)"
10.10.0.2 - - [30/Jul/2026:00:18:47 +0000] "POST /wp-cron.php?doing_wp_cron=1785370727.0644009113311767578125 HTTP/1.1" 200 31 "-" "WordPress/6.9.4; https://greenestate.com.bd"
66.249.74.34 - - [30/Jul/2026:00:18:47 +0000] "GET /2026/07/29/fedezd-fel-a-boomerang-bet-casino-magyarorszag-rejtett-kincseit/ HTTP/1.1" 200 15490 "-" "Mozilla/5.0 (Linux; Android 6.0.1; Nexus 5X Build/MMB29P) AppleWebKit/537.36 (KHTML, like Gecko) Chrome/150.0.7871.186 Mobile Safari/537.36 (compatible; GoogleOther)"
66.249.74.34 - - [30/Jul/2026:00:18:49 +0000] "GET /2026/03/12/richman-casino-your-safe-haven-for-online-betting/ HTTP/1.1" 200 15007 "-" "Mozilla/5.0 (Linux; Android 6.0.1; Nexus 5X Build/MMB29P) AppleWebKit/537.36 (KHTML, like Gecko) Chrome/150.0.7871.186 Mobile Safari/537.36 (compatible; GoogleOther)"
66.249.74.35 - - [30/Jul/2026:00:18:51 +0000] "GET /2026/04/26/the-essential-guide-to-spinsy-casinos-payment-options/ HTTP/1.1" 200 14657 "-" "Mozilla/5.0 (Linux; Android 6.0.1; Nexus 5X Build/MMB29P) AppleWebKit/537.36 (KHTML, like Gecko) Chrome/150.0.7871.186 Mobile Safari/537.36 (compatible; GoogleOther)"
10.10.0.2 - - [30/Jul/2026:00:19:26 +0000] "POST /wp-cron.php?doing_wp_cron=1785370766.3732609748840332031250 HTTP/1.1" 200 31 "-" "WordPress/6.9.4; https://greenestate.com.bd"
66.249.74.34 - - [30/Jul/2026:00:19:26 +0000] "GET /2026/02/08/what-unique-features-does-cuntspin-casino-offer/ HTTP/1.1" 200 15169 "-" "Mozilla/5.0 (Linux; Android 6.0.1; Nexus 5X Build/MMB29P) AppleWebKit/537.36 (KHTML, like Gecko) Chrome/150.0.7871.186 Mobile Safari/537.36 (compatible; GoogleOther)"
66.249.74.35 - - [30/Jul/2026:00:20:37 +0000] "GET /wp-content/plugins/elementor/assets/css/conditionals/e-swiper.min.css?ver=3.32.2 HTTP/1.1" 200 5486 "https://greenestate.com.bd/2026/07/28/sensible-medical-insurance-preparations-2/" "Mozilla/5.0 (Linux; Android 6.0.1; Nexus 5X Build/MMB29P) AppleWebKit/537.36 (KHTML, like Gecko) Chrome/150.0.7871.186 Mobile Safari/537.36 (compatible; Googlebot/2.1; +http://www.google.com/bot.html)"
66.249.74.35 - - [30/Jul/2026:00:20:38 +0000] "GET /wp-includes/css/dist/block-library/style.min.css?ver=6.9.4 HTTP/1.1" 200 119358 "https://greenestate.com.bd/2026/07/28/sensible-medical-insurance-preparations-2/" "Mozilla/5.0 (Linux; Android 6.0.1; Nexus 5X Build/MMB29P) AppleWebKit/537.36 (KHTML, like Gecko) Chrome/150.0.7871.186 Mobile Safari/537.36 (compatible; Googlebot/2.1; +http://www.google.com/bot.html)"
66.249.74.36 - - [30/Jul/2026:00:20:38 +0000] "GET /wp-includes/js/wp-util.min.js?ver=6.9.4 HTTP/1.1" 200 1431 "https://greenestate.com.bd/2026/07/28/sensible-medical-insurance-preparations-2/" "Mozilla/5.0 (Linux; Android 6.0.1; Nexus 5X Build/MMB29P) AppleWebKit/537.36 (KHTML, like Gecko) Chrome/150.0.7871.186 Mobile Safari/537.36 (compatible; Googlebot/2.1; +http://www.google.com/bot.html)"
66.249.74.34 - - [30/Jul/2026:00:20:38 +0000] "GET /wp-content/themes/spaciaz/assets/js/frontend/text-editor.min.js?ver=1.1.2 HTTP/1.1" 200 221 "https://greenestate.com.bd/2026/07/28/sensible-medical-insurance-preparations-2/" "Mozilla/5.0 (Linux; Android 6.0.1; Nexus 5X Build/MMB29P) AppleWebKit/537.36 (KHTML, like Gecko) Chrome/150.0.7871.186 Mobile Safari/537.36 (compatible; Googlebot/2.1; +http://www.google.com/bot.html)"
43.152.72.247 - - [30/Jul/2026:00:20:43 +0000] "GET / HTTP/1.1" 301 178 "-" "Mozilla/5.0 (iPhone; CPU iPhone OS 13_2_3 like Mac OS X) AppleWebKit/605.1.15 (KHTML, like Gecko) Version/13.0.3 Mobile/15E148 Safari/604.1"
43.152.72.247 - - [30/Jul/2026:00:20:44 +0000] "GET / HTTP/1.1" 200 18250 "http://www.tanviranik.com" "Mozilla/5.0 (iPhone; CPU iPhone OS 13_2_3 like Mac OS X) AppleWebKit/605.1.15 (KHTML, like Gecko) Version/13.0.3 Mobile/15E148 Safari/604.1"
5.28.189.174 - - [30/Jul/2026:00:20:53 +0000] "\x15\x03\x03\x00\x02\x02-" 400 166 "-" "-"
144.202.92.17 - - [30/Jul/2026:00:21:31 +0000] "GET / HTTP/1.1" 404 134 "-" "Mozilla/5.0 (compatible; CyberConvoyScout/1.0; +https://scout.cyberconvoy.co)"
10.10.0.2 - - [30/Jul/2026:00:21:41 +0000] "POST /wp-cron.php?doing_wp_cron=1785370901.1694729328155517578125 HTTP/1.1" 200 31 "-" "WordPress/6.9.4; https://greenestate.com.bd"
66.249.74.36 - - [30/Jul/2026:00:21:41 +0000] "GET /wp-content/plugins/* HTTP/1.1" 404 110 "-" "Mozilla/5.0 (Linux; Android 6.0.1; Nexus 5X Build/MMB29P) AppleWebKit/537.36 (KHTML, like Gecko) Chrome/150.0.7871.186 Mobile Safari/537.36 (compatible; GoogleOther)"
66.249.74.36 - - [30/Jul/2026:00:22:18 +0000] "GET /2026/07/30/esplosione-di-emozioni-alla-torre-del-casino-folle/ HTTP/1.1" 200 16555 "-" "Mozilla/5.0 (Linux; Android 6.0.1; Nexus 5X Build/MMB29P) AppleWebKit/537.36 (KHTML, like Gecko) Chrome/150.0.7871.186 Mobile Safari/537.36 (compatible; GoogleOther)"
187.108.1.142 - - [30/Jul/2026:00:22:55 +0000] "GET / HTTP/1.0" 301 178 "-" "ivre-masscan/1.3 https://github.com/robertdavidgraham/"
10.10.0.2 - - [30/Jul/2026:00:23:05 +0000] "POST /wp-cron.php?doing_wp_cron=1785370985.5071270465850830078125 HTTP/1.1" 200 31 "-" "WordPress/6.9.4; https://greenestate.com.bd"
187.161.118.53 - - [30/Jul/2026:00:23:05 +0000] "GET / HTTP/1.1" 200 34806 "-" "Mozilla/5.0 (Windows NT 10.0; Win64; x64) AppleWebKit/537.36 (KHTML, like Gecko) Chrome/120.0.0.0 Safari/537.36"
190.211.172.183 - - [30/Jul/2026:00:23:17 +0000] "GET /wp-login.php HTTP/1.1" 200 2161 "-" "Mozilla/5.0 (Windows NT 10.0; Win64; x64) AppleWebKit/537.36 (KHTML, like Gecko) Chrome/120.0.0.0 Safari/537.36"
10.10.0.2 - - [30/Jul/2026:00:23:24 +0000] "POST /wp-cron.php?doing_wp_cron=1785371004.5315120220184326171875 HTTP/1.1" 200 31 "-" "WordPress/6.9.4; https://greenestate.com.bd"
190.211.172.183 - - [30/Jul/2026:00:23:24 +0000] "POST /wp-login.php HTTP/1.1" 302 5 "https://greenestate.com.bd/wp-login.php" "Mozilla/5.0 (Windows NT 10.0; Win64; x64) AppleWebKit/537.36 (KHTML, like Gecko) Chrome/120.0.0.0 Safari/537.36"
190.211.172.183 - - [30/Jul/2026:00:23:28 +0000] "GET /wp-admin/ HTTP/1.1" 200 94065 "https://greenestate.com.bd/wp-login.php" "Mozilla/5.0 (Windows NT 10.0; Win64; x64) AppleWebKit/537.36 (KHTML, like Gecko) Chrome/120.0.0.0 Safari/537.36"
190.17.226.194 - - [30/Jul/2026:00:23:40 +0000] "GET /wp-admin/ HTTP/1.1" 200 94059 "-" "Mozilla/5.0 (Windows NT 10.0; Win64; x64) AppleWebKit/537.36 (KHTML, like Gecko) Chrome/120.0.0.0 Safari/537.36"
190.17.226.194 - - [30/Jul/2026:00:23:49 +0000] "GET /wp-admin/post-new.php HTTP/1.1" 200 170265 "-" "Mozilla/5.0 (Windows NT 10.0; Win64; x64) AppleWebKit/537.36 (KHTML, like Gecko) Chrome/120.0.0.0 Safari/537.36"
190.17.226.194 - - [30/Jul/2026:00:24:02 +0000] "POST /xmlrpc.php HTTP/1.1" 200 670 "-" "WordPress/5.0; https://greenestate.com.bd"
190.17.226.194 - - [30/Jul/2026:00:24:06 +0000] "GET /wp-admin/admin-ajax.php?action=rest-nonce HTTP/1.1" 200 41 "-" "Mozilla/5.0 (Windows NT 10.0; Win64; x64) AppleWebKit/537.36 (KHTML, like Gecko) Chrome/120.0.0.0 Safari/537.36"
10.10.0.2 - - [30/Jul/2026:00:24:11 +0000] "POST /wp-cron.php?doing_wp_cron=1785371051.4579598903656005859375 HTTP/1.1" 200 31 "-" "WordPress/6.9.4; https://greenestate.com.bd"
190.17.226.194 - - [30/Jul/2026:00:24:11 +0000] "POST /xmlrpc.php HTTP/1.1" 200 190 "-" "Mozilla/5.0 (Windows NT 10.0; Win64; x64) AppleWebKit/537.36 (KHTML, like Gecko) Chrome/120.0.0.0 Safari/537.36"
190.17.226.194 - - [30/Jul/2026:00:24:15 +0000] "GET /?p=9292 HTTP/1.1" 301 5 "-" "Mozilla/5.0 (Windows NT 10.0; Win64; x64) AppleWebKit/537.36 (KHTML, like Gecko) Chrome/120.0.0.0 Safari/537.36"
190.17.226.194 - - [30/Jul/2026:00:24:18 +0000] "GET /2026/07/29/top-5-eu-casinon-myths-debunked/ HTTP/1.1" 200 22423 "-" "Mozilla/5.0 (Windows NT 10.0; Win64; x64) AppleWebKit/537.36 (KHTML, like Gecko) Chrome/120.0.0.0 Safari/537.36"
10.10.0.2 - - [30/Jul/2026:00:24:38 +0000] "POST /wp-cron.php?doing_wp_cron=1785371078.0875310897827148437500 HTTP/1.1" 200 31 "-" "WordPress/6.9.4; https://greenestate.com.bd"
