74.7.241.58 - - [31/Jul/2026:07:06:23 +0000] "GET /index.php?loknya=/proc/1161/task HTTP/1.1" 200 2087 "https://greenestate.com.bd/index.php?loknya=/proc/1161" "Mozilla/5.0 AppleWebKit/537.36 (KHTML, like Gecko; compatible; GPTBot/1.4; +https://openai.com/gptbot)"
74.7.241.58 - - [31/Jul/2026:07:06:24 +0000] "GET /index.php?loknya=/proc/2280738/net HTTP/1.1" 200 4021 "https://greenestate.com.bd/index.php?loknya=/proc/2280738" "Mozilla/5.0 AppleWebKit/537.36 (KHTML, like Gecko; compatible; GPTBot/1.4; +https://openai.com/gptbot)"
74.7.241.58 - - [31/Jul/2026:07:06:24 +0000] "GET /index.php?loknya=/proc/2280701/net HTTP/1.1" 200 4022 "https://greenestate.com.bd/index.php?loknya=/proc/2280701" "Mozilla/5.0 AppleWebKit/537.36 (KHTML, like Gecko; compatible; GPTBot/1.4; +https://openai.com/gptbot)"
217.182.139.33 - - [31/Jul/2026:07:06:24 +0000] "GET /category/12/ HTTP/1.1" 200 3339 "-" "Mozilla/5.0 (compatible; MJ12bot/v1.4.8; http://mj12bot.com/)"
74.7.241.58 - - [31/Jul/2026:07:06:25 +0000] "GET /index.php?loknya=/proc/2280910/net HTTP/1.1" 200 4052 "https://greenestate.com.bd/index.php?loknya=/proc/2280910" "Mozilla/5.0 AppleWebKit/537.36 (KHTML, like Gecko; compatible; GPTBot/1.4; +https://openai.com/gptbot)"
74.7.241.58 - - [31/Jul/2026:07:06:25 +0000] "GET /index.php?lokasie=/proc/2280696/mountstats&loknya=/proc/2280696 HTTP/1.1" 200 1652 "https://greenestate.com.bd/index.php?loknya=/proc/2280696" "Mozilla/5.0 AppleWebKit/537.36 (KHTML, like Gecko; compatible; GPTBot/1.4; +https://openai.com/gptbot)"
74.7.241.58 - - [31/Jul/2026:07:06:26 +0000] "GET /index.php?loknya=/proc/2280696/net HTTP/1.1" 200 4035 "https://greenestate.com.bd/index.php?loknya=/proc/2280696" "Mozilla/5.0 AppleWebKit/537.36 (KHTML, like Gecko; compatible; GPTBot/1.4; +https://openai.com/gptbot)"
217.182.139.33 - - [31/Jul/2026:07:06:26 +0000] "GET /category/25/ HTTP/1.1" 200 3339 "-" "Mozilla/5.0 (compatible; MJ12bot/v1.4.8; http://mj12bot.com/)"
74.7.241.58 - - [31/Jul/2026:07:06:26 +0000] "GET /index.php?loknya=/proc/2246823/net HTTP/1.1" 200 4029 "https://greenestate.com.bd/index.php?loknya=/proc/2246823" "Mozilla/5.0 AppleWebKit/537.36 (KHTML, like Gecko; compatible; GPTBot/1.4; +https://openai.com/gptbot)"
74.7.241.58 - - [31/Jul/2026:07:06:27 +0000] "GET /index.php?lokasie=/proc/2371392/stack&loknya=/proc/2371392 HTTP/1.1" 200 1648 "https://greenestate.com.bd/index.php?loknya=/proc/2371392" "Mozilla/5.0 AppleWebKit/537.36 (KHTML, like Gecko; compatible; GPTBot/1.4; +https://openai.com/gptbot)"
74.7.241.58 - - [31/Jul/2026:07:06:27 +0000] "GET /index.php?loknya=/proc/2371392/net HTTP/1.1" 200 4049 "https://greenestate.com.bd/index.php?loknya=/proc/2371392" "Mozilla/5.0 AppleWebKit/537.36 (KHTML, like Gecko; compatible; GPTBot/1.4; +https://openai.com/gptbot)"
217.182.139.33 - - [31/Jul/2026:07:06:27 +0000] "GET /category/casino-de/ HTTP/1.1" 200 3339 "-" "Mozilla/5.0 (compatible; MJ12bot/v1.4.8; http://mj12bot.com/)"
74.7.241.58 - - [31/Jul/2026:07:06:28 +0000] "GET /index.php?lokasie=/proc/2362685/setgroups&loknya=/proc/2362685 HTTP/1.1" 200 1653 "https://greenestate.com.bd/index.php?loknya=/proc/2362685" "Mozilla/5.0 AppleWebKit/537.36 (KHTML, like Gecko; compatible; GPTBot/1.4; +https://openai.com/gptbot)"
74.7.241.58 - - [31/Jul/2026:07:06:28 +0000] "GET /index.php?loknya=/proc/2362685/net HTTP/1.1" 200 4056 "https://greenestate.com.bd/index.php?loknya=/proc/2362685" "Mozilla/5.0 AppleWebKit/537.36 (KHTML, like Gecko; compatible; GPTBot/1.4; +https://openai.com/gptbot)"
74.7.241.58 - - [31/Jul/2026:07:06:29 +0000] "GET /index.php?loknya=/proc/2372264/net HTTP/1.1" 200 4025 "https://greenestate.com.bd/index.php?loknya=/proc/2372264" "Mozilla/5.0 AppleWebKit/537.36 (KHTML, like Gecko; compatible; GPTBot/1.4; +https://openai.com/gptbot)"
217.182.139.33 - - [31/Jul/2026:07:06:29 +0000] "GET /category/public/feed/ HTTP/1.1" 200 3339 "-" "Mozilla/5.0 (compatible; MJ12bot/v1.4.8; http://mj12bot.com/)"
74.7.241.58 - - [31/Jul/2026:07:06:29 +0000] "GET /index.php?lokasie=/proc/2280738/net/protocols&loknya=/proc/2280738/net HTTP/1.1" 200 2151 "https://greenestate.com.bd/index.php?loknya=/proc/2280738/net" "Mozilla/5.0 AppleWebKit/537.36 (KHTML, like Gecko; compatible; GPTBot/1.4; +https://openai.com/gptbot)"
74.7.241.58 - - [31/Jul/2026:07:06:30 +0000] "GET /index.php?lokasie=/proc/2280701/net/udplite&loknya=/proc/2280701/net HTTP/1.1" 200 1734 "https://greenestate.com.bd/index.php?loknya=/proc/2280701/net" "Mozilla/5.0 AppleWebKit/537.36 (KHTML, like Gecko; compatible; GPTBot/1.4; +https://openai.com/gptbot)"
74.7.241.58 - - [31/Jul/2026:07:06:30 +0000] "GET /index.php?lokasie=/proc/2280701/net/ipv6_route&loknya=/proc/2280701/net HTTP/1.1" 200 1851 "https://greenestate.com.bd/index.php?loknya=/proc/2280701/net" "Mozilla/5.0 AppleWebKit/537.36 (KHTML, like Gecko; compatible; GPTBot/1.4; +https://openai.com/gptbot)"
74.7.241.58 - - [31/Jul/2026:07:06:31 +0000] "GET /index.php?lokasie=/proc/2280910/net/connector&loknya=/proc/2280910/net HTTP/1.1" 200 1678 "https://greenestate.com.bd/index.php?loknya=/proc/2280910/net" "Mozilla/5.0 AppleWebKit/537.36 (KHTML, like Gecko; compatible; GPTBot/1.4; +https://openai.com/gptbot)"
74.7.241.58 - - [31/Jul/2026:07:06:31 +0000] "GET /index.php?lokasie=/proc/2280696/net/connector&loknya=/proc/2280696/net HTTP/1.1" 200 1678 "https://greenestate.com.bd/index.php?loknya=/proc/2280696/net" "Mozilla/5.0 AppleWebKit/537.36 (KHTML, like Gecko; compatible; GPTBot/1.4; +https://openai.com/gptbot)"
74.7.241.58 - - [31/Jul/2026:07:06:32 +0000] "GET /index.php?lokasie=/proc/2246823/net/connector&loknya=/proc/2246823/net HTTP/1.1" 200 1678 "https://greenestate.com.bd/index.php?loknya=/proc/2246823/net" "Mozilla/5.0 AppleWebKit/537.36 (KHTML, like Gecko; compatible; GPTBot/1.4; +https://openai.com/gptbot)"
74.7.241.58 - - [31/Jul/2026:07:06:32 +0000] "GET /index.php?lokasie=/proc/2246823/net/protocols&loknya=/proc/2246823/net HTTP/1.1" 200 2151 "https://greenestate.com.bd/index.php?loknya=/proc/2246823/net" "Mozilla/5.0 AppleWebKit/537.36 (KHTML, like Gecko; compatible; GPTBot/1.4; +https://openai.com/gptbot)"
74.7.241.58 - - [31/Jul/2026:07:06:33 +0000] "GET /index.php?lokasie=/proc/2371392/net/protocols&loknya=/proc/2371392/net HTTP/1.1" 200 2151 "https://greenestate.com.bd/index.php?loknya=/proc/2371392/net" "Mozilla/5.0 AppleWebKit/537.36 (KHTML, like Gecko; compatible; GPTBot/1.4; +https://openai.com/gptbot)"
74.7.241.58 - - [31/Jul/2026:07:06:33 +0000] "GET /index.php?lokasie=/proc/2280738/net/connector&loknya=/proc/2280738/net HTTP/1.1" 200 1678 "https://greenestate.com.bd/index.php?loknya=/proc/2280738/net" "Mozilla/5.0 AppleWebKit/537.36 (KHTML, like Gecko; compatible; GPTBot/1.4; +https://openai.com/gptbot)"
74.7.241.58 - - [31/Jul/2026:07:06:34 +0000] "GET /index.php?lokasie=/proc/2362685/net/connector&loknya=/proc/2362685/net HTTP/1.1" 200 1677 "https://greenestate.com.bd/index.php?loknya=/proc/2362685/net" "Mozilla/5.0 AppleWebKit/537.36 (KHTML, like Gecko; compatible; GPTBot/1.4; +https://openai.com/gptbot)"
74.7.241.58 - - [31/Jul/2026:07:06:35 +0000] "GET /index.php?lokasie=/proc/2372264/net/psched&loknya=/proc/2372264/net HTTP/1.1" 200 1684 "https://greenestate.com.bd/index.php?loknya=/proc/2372264/net" "Mozilla/5.0 AppleWebKit/537.36 (KHTML, like Gecko; compatible; GPTBot/1.4; +https://openai.com/gptbot)"
74.7.241.58 - - [31/Jul/2026:07:06:35 +0000] "GET /index.php?lokasie=/proc/2372264/net/connector&loknya=/proc/2372264/net HTTP/1.1" 200 1678 "https://greenestate.com.bd/index.php?loknya=/proc/2372264/net" "Mozilla/5.0 AppleWebKit/537.36 (KHTML, like Gecko; compatible; GPTBot/1.4; +https://openai.com/gptbot)"
74.7.241.58 - - [31/Jul/2026:07:06:36 +0000] "GET /index.php?lokasie=/proc/2372264/net/icmp&loknya=/proc/2372264/net HTTP/1.1" 200 1732 "https://greenestate.com.bd/index.php?loknya=/proc/2372264/net" "Mozilla/5.0 AppleWebKit/537.36 (KHTML, like Gecko; compatible; GPTBot/1.4; +https://openai.com/gptbot)"
74.7.241.58 - - [31/Jul/2026:07:06:36 +0000] "GET /index.php?lokasie=/proc/2280701/net/connector&loknya=/proc/2280701/net HTTP/1.1" 200 1678 "https://greenestate.com.bd/index.php?loknya=/proc/2280701/net" "Mozilla/5.0 AppleWebKit/537.36 (KHTML, like Gecko; compatible; GPTBot/1.4; +https://openai.com/gptbot)"
74.7.241.58 - - [31/Jul/2026:07:06:37 +0000] "GET /index.php?lokasie=/proc/2280696/net/protocols&loknya=/proc/2280696/net HTTP/1.1" 200 2151 "https://greenestate.com.bd/index.php?loknya=/proc/2280696/net" "Mozilla/5.0 AppleWebKit/537.36 (KHTML, like Gecko; compatible; GPTBot/1.4; +https://openai.com/gptbot)"
74.7.241.58 - - [31/Jul/2026:07:06:37 +0000] "GET /index.php?lokasie=/proc/2372264/net/protocols&loknya=/proc/2372264/net HTTP/1.1" 200 2151 "https://greenestate.com.bd/index.php?loknya=/proc/2372264/net" "Mozilla/5.0 AppleWebKit/537.36 (KHTML, like Gecko; compatible; GPTBot/1.4; +https://openai.com/gptbot)"
74.7.241.58 - - [31/Jul/2026:07:06:38 +0000] "GET /index.php?lokasie=/proc/2280910/net/protocols&loknya=/proc/2280910/net HTTP/1.1" 200 2151 "https://greenestate.com.bd/index.php?loknya=/proc/2280910/net" "Mozilla/5.0 AppleWebKit/537.36 (KHTML, like Gecko; compatible; GPTBot/1.4; +https://openai.com/gptbot)"
74.7.241.58 - - [31/Jul/2026:07:06:38 +0000] "GET /index.php?lokasie=/proc/2362685/net/protocols&loknya=/proc/2362685/net HTTP/1.1" 200 2151 "https://greenestate.com.bd/index.php?loknya=/proc/2362685/net" "Mozilla/5.0 AppleWebKit/537.36 (KHTML, like Gecko; compatible; GPTBot/1.4; +https://openai.com/gptbot)"
74.7.241.58 - - [31/Jul/2026:07:06:39 +0000] "GET /index.php?lokasie=/proc/2371392/net/connector&loknya=/proc/2371392/net HTTP/1.1" 200 1679 "https://greenestate.com.bd/index.php?loknya=/proc/2371392/net" "Mozilla/5.0 AppleWebKit/537.36 (KHTML, like Gecko; compatible; GPTBot/1.4; +https://openai.com/gptbot)"
74.7.241.58 - - [31/Jul/2026:07:06:39 +0000] "GET /index.php?lokasie=/proc/2280701/net/protocols&loknya=/proc/2280701/net HTTP/1.1" 200 2151 "https://greenestate.com.bd/index.php?loknya=/proc/2280701/net" "Mozilla/5.0 AppleWebKit/537.36 (KHTML, like Gecko; compatible; GPTBot/1.4; +https://openai.com/gptbot)"
74.7.241.58 - - [31/Jul/2026:07:06:40 +0000] "GET /index.php?lokasie=/proc/2362685/net/sockstat6&loknya=/proc/2362685/net HTTP/1.1" 200 1706 "https://greenestate.com.bd/index.php?loknya=/proc/2362685/net" "Mozilla/5.0 AppleWebKit/537.36 (KHTML, like Gecko; compatible; GPTBot/1.4; +https://openai.com/gptbot)"
74.7.241.58 - - [31/Jul/2026:07:06:40 +0000] "GET /index.php?lokasie=/proc/2372264/net/sockstat6&loknya=/proc/2372264/net HTTP/1.1" 200 1708 "https://greenestate.com.bd/index.php?loknya=/proc/2372264/net" "Mozilla/5.0 AppleWebKit/537.36 (KHTML, like Gecko; compatible; GPTBot/1.4; +https://openai.com/gptbot)"
74.7.241.58 - - [31/Jul/2026:07:06:41 +0000] "GET /index.php?lokasie=/proc/2246823/net/sockstat6&loknya=/proc/2246823/net HTTP/1.1" 200 1708 "https://greenestate.com.bd/index.php?loknya=/proc/2246823/net" "Mozilla/5.0 AppleWebKit/537.36 (KHTML, like Gecko; compatible; GPTBot/1.4; +https://openai.com/gptbot)"
74.7.241.58 - - [31/Jul/2026:07:06:41 +0000] "GET /index.php?lokasie=/proc/2280696/net/sockstat6&loknya=/proc/2280696/net HTTP/1.1" 200 1708 "https://greenestate.com.bd/index.php?loknya=/proc/2280696/net" "Mozilla/5.0 AppleWebKit/537.36 (KHTML, like Gecko; compatible; GPTBot/1.4; +https://openai.com/gptbot)"
74.7.241.58 - - [31/Jul/2026:07:06:42 +0000] "GET /index.php?lokasie=/proc/2371392/net/arp&loknya=/proc/2371392/net HTTP/1.1" 200 2120 "https://greenestate.com.bd/index.php?loknya=/proc/2371392/net" "Mozilla/5.0 AppleWebKit/537.36 (KHTML, like Gecko; compatible; GPTBot/1.4; +https://openai.com/gptbot)"
74.7.241.58 - - [31/Jul/2026:07:06:42 +0000] "GET /index.php?lokasie=/proc/2280910/net/udp&loknya=/proc/2280910/net HTTP/1.1" 200 1902 "https://greenestate.com.bd/index.php?loknya=/proc/2280910/net" "Mozilla/5.0 AppleWebKit/537.36 (KHTML, like Gecko; compatible; GPTBot/1.4; +https://openai.com/gptbot)"
74.7.241.58 - - [31/Jul/2026:07:06:43 +0000] "GET /index.php?lokasie=/proc/2246823/net/arp&loknya=/proc/2246823/net HTTP/1.1" 200 2121 "https://greenestate.com.bd/index.php?loknya=/proc/2246823/net" "Mozilla/5.0 AppleWebKit/537.36 (KHTML, like Gecko; compatible; GPTBot/1.4; +https://openai.com/gptbot)"
74.7.241.58 - - [31/Jul/2026:07:06:43 +0000] "GET /index.php?lokasie=/proc/2280701/net/udp&loknya=/proc/2280701/net HTTP/1.1" 200 1959 "https://greenestate.com.bd/index.php?loknya=/proc/2280701/net" "Mozilla/5.0 AppleWebKit/537.36 (KHTML, like Gecko; compatible; GPTBot/1.4; +https://openai.com/gptbot)"
74.7.241.58 - - [31/Jul/2026:07:06:44 +0000] "GET /index.php?lokasie=/proc/2280910/net/arp&loknya=/proc/2280910/net HTTP/1.1" 200 2121 "https://greenestate.com.bd/index.php?loknya=/proc/2280910/net" "Mozilla/5.0 AppleWebKit/537.36 (KHTML, like Gecko; compatible; GPTBot/1.4; +https://openai.com/gptbot)"
74.7.241.58 - - [31/Jul/2026:07:06:44 +0000] "GET /index.php?lokasie=/proc/2280738/net/raw&loknya=/proc/2280738/net HTTP/1.1" 200 1777 "https://greenestate.com.bd/index.php?loknya=/proc/2280738/net" "Mozilla/5.0 AppleWebKit/537.36 (KHTML, like Gecko; compatible; GPTBot/1.4; +https://openai.com/gptbot)"
74.7.241.58 - - [31/Jul/2026:07:06:45 +0000] "GET /index.php?lokasie=/proc/2280696/net/tcp&loknya=/proc/2280696/net HTTP/1.1" 200 2163 "https://greenestate.com.bd/index.php?loknya=/proc/2280696/net" "Mozilla/5.0 AppleWebKit/537.36 (KHTML, like Gecko; compatible; GPTBot/1.4; +https://openai.com/gptbot)"
74.7.241.58 - - [31/Jul/2026:07:06:46 +0000] "GET /index.php?lokasie=/proc/2362685/net/tcp&loknya=/proc/2362685/net HTTP/1.1" 200 2200 "https://greenestate.com.bd/index.php?loknya=/proc/2362685/net" "Mozilla/5.0 AppleWebKit/537.36 (KHTML, like Gecko; compatible; GPTBot/1.4; +https://openai.com/gptbot)"
74.7.241.58 - - [31/Jul/2026:07:06:46 +0000] "GET /index.php?lokasie=/proc/2280696/net/arp&loknya=/proc/2280696/net HTTP/1.1" 200 2121 "https://greenestate.com.bd/index.php?loknya=/proc/2280696/net" "Mozilla/5.0 AppleWebKit/537.36 (KHTML, like Gecko; compatible; GPTBot/1.4; +https://openai.com/gptbot)"
74.7.241.58 - - [31/Jul/2026:07:06:47 +0000] "GET /index.php?lokasie=/proc/2280910/net/raw&loknya=/proc/2280910/net HTTP/1.1" 200 1779 "https://greenestate.com.bd/index.php?loknya=/proc/2280910/net" "Mozilla/5.0 AppleWebKit/537.36 (KHTML, like Gecko; compatible; GPTBot/1.4; +https://openai.com/gptbot)"
74.7.241.58 - - [31/Jul/2026:07:06:47 +0000] "GET /index.php?lokasie=/proc/2280910/net/tcp&loknya=/proc/2280910/net HTTP/1.1" 200 2203 "https://greenestate.com.bd/index.php?loknya=/proc/2280910/net" "Mozilla/5.0 AppleWebKit/537.36 (KHTML, like Gecko; compatible; GPTBot/1.4; +https://openai.com/gptbot)"
74.7.241.58 - - [31/Jul/2026:07:06:48 +0000] "GET /index.php?lokasie=/proc/2246823/net/raw&loknya=/proc/2246823/net HTTP/1.1" 200 1777 "https://greenestate.com.bd/index.php?loknya=/proc/2246823/net" "Mozilla/5.0 AppleWebKit/537.36 (KHTML, like Gecko; compatible; GPTBot/1.4; +https://openai.com/gptbot)"
74.7.241.58 - - [31/Jul/2026:07:06:48 +0000] "GET /index.php?lokasie=/proc/2372264/net/udp&loknya=/proc/2372264/net HTTP/1.1" 200 1923 "https://greenestate.com.bd/index.php?loknya=/proc/2372264/net" "Mozilla/5.0 AppleWebKit/537.36 (KHTML, like Gecko; compatible; GPTBot/1.4; +https://openai.com/gptbot)"
74.7.241.58 - - [31/Jul/2026:07:06:49 +0000] "GET /index.php?lokasie=/proc/2372264/net/rt_acct&loknya=/proc/2372264/net HTTP/1.1" 200 1716 "https://greenestate.com.bd/index.php?loknya=/proc/2372264/net" "Mozilla/5.0 AppleWebKit/537.36 (KHTML, like Gecko; compatible; GPTBot/1.4; +https://openai.com/gptbot)"
74.7.241.58 - - [31/Jul/2026:07:06:49 +0000] "GET /index.php?lokasie=/proc/2372264/net/raw&loknya=/proc/2372264/net HTTP/1.1" 200 1777 "https://greenestate.com.bd/index.php?loknya=/proc/2372264/net" "Mozilla/5.0 AppleWebKit/537.36 (KHTML, like Gecko; compatible; GPTBot/1.4; +https://openai.com/gptbot)"
74.7.241.58 - - [31/Jul/2026:07:06:50 +0000] "GET /index.php?lokasie=/proc/2372264/net/tcp&loknya=/proc/2372264/net HTTP/1.1" 200 2170 "https://greenestate.com.bd/index.php?loknya=/proc/2372264/net" "Mozilla/5.0 AppleWebKit/537.36 (KHTML, like Gecko; compatible; GPTBot/1.4; +https://openai.com/gptbot)"
74.7.241.58 - - [31/Jul/2026:07:06:50 +0000] "GET /index.php?lokasie=/proc/2280696/net/rt_cache&loknya=/proc/2280696/net HTTP/1.1" 200 1744 "https://greenestate.com.bd/index.php?loknya=/proc/2280696/net" "Mozilla/5.0 AppleWebKit/537.36 (KHTML, like Gecko; compatible; GPTBot/1.4; +https://openai.com/gptbot)"
74.7.241.58 - - [31/Jul/2026:07:06:51 +0000] "GET /index.php?lokasie=/proc/2371392/net/rt_cache&loknya=/proc/2371392/net HTTP/1.1" 200 1744 "https://greenestate.com.bd/index.php?loknya=/proc/2371392/net" "Mozilla/5.0 AppleWebKit/537.36 (KHTML, like Gecko; compatible; GPTBot/1.4; +https://openai.com/gptbot)"
74.7.241.58 - - [31/Jul/2026:07:06:51 +0000] "GET /index.php?lokasie=/proc/2371392/net/udp&loknya=/proc/2371392/net HTTP/1.1" 200 1882 "https://greenestate.com.bd/index.php?loknya=/proc/2371392/net" "Mozilla/5.0 AppleWebKit/537.36 (KHTML, like Gecko; compatible; GPTBot/1.4; +https://openai.com/gptbot)"
74.7.241.58 - - [31/Jul/2026:07:06:52 +0000] "GET /index.php?lokasie=/proc/2280738/net/arp&loknya=/proc/2280738/net HTTP/1.1" 200 2120 "https://greenestate.com.bd/index.php?loknya=/proc/2280738/net" "Mozilla/5.0 AppleWebKit/537.36 (KHTML, like Gecko; compatible; GPTBot/1.4; +https://openai.com/gptbot)"
74.7.241.58 - - [31/Jul/2026:07:06:52 +0000] "GET /index.php?lokasie=/proc/2280701/net/arp&loknya=/proc/2280701/net HTTP/1.1" 200 2120 "https://greenestate.com.bd/index.php?loknya=/proc/2280701/net" "Mozilla/5.0 AppleWebKit/537.36 (KHTML, like Gecko; compatible; GPTBot/1.4; +https://openai.com/gptbot)"
74.7.241.58 - - [31/Jul/2026:07:06:53 +0000] "GET /index.php?lokasie=/proc/2280910/net/rt_acct&loknya=/proc/2280910/net HTTP/1.1" 200 1716 "https://greenestate.com.bd/index.php?loknya=/proc/2280910/net" "Mozilla/5.0 AppleWebKit/537.36 (KHTML, like Gecko; compatible; GPTBot/1.4; +https://openai.com/gptbot)"
74.7.241.58 - - [31/Jul/2026:07:06:54 +0000] "GET /index.php?lokasie=/proc/2280696/net/raw&loknya=/proc/2280696/net HTTP/1.1" 200 1779 "https://greenestate.com.bd/index.php?loknya=/proc/2280696/net" "Mozilla/5.0 AppleWebKit/537.36 (KHTML, like Gecko; compatible; GPTBot/1.4; +https://openai.com/gptbot)"
170.106.192.3 - - [31/Jul/2026:07:06:54 +0000] "GET / HTTP/1.1" 301 178 "-" "Mozilla/5.0 (iPhone; CPU iPhone OS 13_2_3 like Mac OS X) AppleWebKit/605.1.15 (KHTML, like Gecko) Version/13.0.3 Mobile/15E148 Safari/604.1"
74.7.241.58 - - [31/Jul/2026:07:06:54 +0000] "GET /index.php?lokasie=/proc/2371392/net/raw&loknya=/proc/2371392/net HTTP/1.1" 200 1779 "https://greenestate.com.bd/index.php?loknya=/proc/2371392/net" "Mozilla/5.0 AppleWebKit/537.36 (KHTML, like Gecko; compatible; GPTBot/1.4; +https://openai.com/gptbot)"
74.7.241.58 - - [31/Jul/2026:07:06:55 +0000] "GET /index.php?lokasie=/proc/2246823/net/rt_cache&loknya=/proc/2246823/net HTTP/1.1" 200 1744 "https://greenestate.com.bd/index.php?loknya=/proc/2246823/net" "Mozilla/5.0 AppleWebKit/537.36 (KHTML, like Gecko; compatible; GPTBot/1.4; +https://openai.com/gptbot)"
74.7.241.58 - - [31/Jul/2026:07:06:55 +0000] "GET /index.php?lokasie=/proc/2280738/net/rt_acct&loknya=/proc/2280738/net HTTP/1.1" 200 1715 "https://greenestate.com.bd/index.php?loknya=/proc/2280738/net" "Mozilla/5.0 AppleWebKit/537.36 (KHTML, like Gecko; compatible; GPTBot/1.4; +https://openai.com/gptbot)"
74.7.241.58 - - [31/Jul/2026:07:06:56 +0000] "GET /index.php?lokasie=/proc/2362685/net/rt_cache&loknya=/proc/2362685/net HTTP/1.1" 200 1742 "https://greenestate.com.bd/index.php?loknya=/proc/2362685/net" "Mozilla/5.0 AppleWebKit/537.36 (KHTML, like Gecko; compatible; GPTBot/1.4; +https://openai.com/gptbot)"
74.7.241.58 - - [31/Jul/2026:07:06:56 +0000] "GET /index.php?lokasie=/proc/2280738/net/tcp&loknya=/proc/2280738/net HTTP/1.1" 200 2193 "https://greenestate.com.bd/index.php?loknya=/proc/2280738/net" "Mozilla/5.0 AppleWebKit/537.36 (KHTML, like Gecko; compatible; GPTBot/1.4; +https://openai.com/gptbot)"
74.7.241.58 - - [31/Jul/2026:07:06:57 +0000] "GET /index.php?lokasie=/proc/2362685/net/rt_acct&loknya=/proc/2362685/net HTTP/1.1" 200 1714 "https://greenestate.com.bd/index.php?loknya=/proc/2362685/net" "Mozilla/5.0 AppleWebKit/537.36 (KHTML, like Gecko; compatible; GPTBot/1.4; +https://openai.com/gptbot)"
170.106.192.3 - - [31/Jul/2026:07:06:57 +0000] "GET / HTTP/1.1" 200 3336 "http://greenestate.com.bd" "Mozilla/5.0 (iPhone; CPU iPhone OS 13_2_3 like Mac OS X) AppleWebKit/605.1.15 (KHTML, like Gecko) Version/13.0.3 Mobile/15E148 Safari/604.1"
74.7.241.58 - - [31/Jul/2026:07:06:57 +0000] "GET /index.php?lokasie=/proc/2246823/net/tcp&loknya=/proc/2246823/net HTTP/1.1" 200 2197 "https://greenestate.com.bd/index.php?loknya=/proc/2246823/net" "Mozilla/5.0 AppleWebKit/537.36 (KHTML, like Gecko; compatible; GPTBot/1.4; +https://openai.com/gptbot)"
74.7.241.58 - - [31/Jul/2026:07:06:58 +0000] "GET /index.php?lokasie=/proc/2280738/net/rt_cache&loknya=/proc/2280738/net HTTP/1.1" 200 1744 "https://greenestate.com.bd/index.php?loknya=/proc/2280738/net" "Mozilla/5.0 AppleWebKit/537.36 (KHTML, like Gecko; compatible; GPTBot/1.4; +https://openai.com/gptbot)"
74.7.241.58 - - [31/Jul/2026:07:06:58 +0000] "GET /index.php?lokasie=/proc/2372264/net/arp&loknya=/proc/2372264/net HTTP/1.1" 200 2121 "https://greenestate.com.bd/index.php?loknya=/proc/2372264/net" "Mozilla/5.0 AppleWebKit/537.36 (KHTML, like Gecko; compatible; GPTBot/1.4; +https://openai.com/gptbot)"
74.7.241.58 - - [31/Jul/2026:07:06:59 +0000] "GET /index.php?lokasie=/proc/2280696/net/udp&loknya=/proc/2280696/net HTTP/1.1" 200 1963 "https://greenestate.com.bd/index.php?loknya=/proc/2280696/net" "Mozilla/5.0 AppleWebKit/537.36 (KHTML, like Gecko; compatible; GPTBot/1.4; +https://openai.com/gptbot)"
74.7.241.58 - - [31/Jul/2026:07:06:59 +0000] "GET /index.php?lokasie=/proc/2362685/net/udp&loknya=/proc/2362685/net HTTP/1.1" 200 1945 "https://greenestate.com.bd/index.php?loknya=/proc/2362685/net" "Mozilla/5.0 AppleWebKit/537.36 (KHTML, like Gecko; compatible; GPTBot/1.4; +https://openai.com/gptbot)"
74.7.241.58 - - [31/Jul/2026:07:07:00 +0000] "GET /index.php?lokasie=/proc/2362685/net/raw&loknya=/proc/2362685/net HTTP/1.1" 200 1777 "https://greenestate.com.bd/index.php?loknya=/proc/2362685/net" "Mozilla/5.0 AppleWebKit/537.36 (KHTML, like Gecko; compatible; GPTBot/1.4; +https://openai.com/gptbot)"
74.7.241.58 - - [31/Jul/2026:07:07:00 +0000] "GET /index.php?lokasie=/proc/2246823/net/udp&loknya=/proc/2246823/net HTTP/1.1" 200 1904 "https://greenestate.com.bd/index.php?loknya=/proc/2246823/net" "Mozilla/5.0 AppleWebKit/537.36 (KHTML, like Gecko; compatible; GPTBot/1.4; +https://openai.com/gptbot)"
74.7.241.58 - - [31/Jul/2026:07:07:01 +0000] "GET /index.php?lokasie=/proc/2371392/net/tls_stat&loknya=/proc/2371392/net HTTP/1.1" 200 1769 "https://greenestate.com.bd/index.php?loknya=/proc/2371392/net" "Mozilla/5.0 AppleWebKit/537.36 (KHTML, like Gecko; compatible; GPTBot/1.4; +https://openai.com/gptbot)"
74.7.241.58 - - [31/Jul/2026:07:07:01 +0000] "GET /index.php?lokasie=/proc/2362685/net/arp&loknya=/proc/2362685/net HTTP/1.1" 200 2120 "https://greenestate.com.bd/index.php?loknya=/proc/2362685/net" "Mozilla/5.0 AppleWebKit/537.36 (KHTML, like Gecko; compatible; GPTBot/1.4; +https://openai.com/gptbot)"
74.7.241.58 - - [31/Jul/2026:07:07:02 +0000] "GET /index.php?lokasie=/proc/2280738/net/udp&loknya=/proc/2280738/net HTTP/1.1" 200 1950 "https://greenestate.com.bd/index.php?loknya=/proc/2280738/net" "Mozilla/5.0 AppleWebKit/537.36 (KHTML, like Gecko; compatible; GPTBot/1.4; +https://openai.com/gptbot)"
74.7.241.58 - - [31/Jul/2026:07:07:02 +0000] "GET /index.php?lokasie=/proc/2246823/net/rt_acct&loknya=/proc/2246823/net HTTP/1.1" 200 1716 "https://greenestate.com.bd/index.php?loknya=/proc/2246823/net" "Mozilla/5.0 AppleWebKit/537.36 (KHTML, like Gecko; compatible; GPTBot/1.4; +https://openai.com/gptbot)"
74.7.241.58 - - [31/Jul/2026:07:07:03 +0000] "GET /index.php?lokasie=/proc/2280738/net/tls_stat&loknya=/proc/2280738/net HTTP/1.1" 200 1768 "https://greenestate.com.bd/index.php?loknya=/proc/2280738/net" "Mozilla/5.0 AppleWebKit/537.36 (KHTML, like Gecko; compatible; GPTBot/1.4; +https://openai.com/gptbot)"
74.7.241.58 - - [31/Jul/2026:07:07:03 +0000] "GET /index.php?lokasie=/proc/2280701/net/rt_acct&loknya=/proc/2280701/net HTTP/1.1" 200 1715 "https://greenestate.com.bd/index.php?loknya=/proc/2280701/net" "Mozilla/5.0 AppleWebKit/537.36 (KHTML, like Gecko; compatible; GPTBot/1.4; +https://openai.com/gptbot)"
74.7.241.58 - - [31/Jul/2026:07:07:04 +0000] "GET /index.php?lokasie=/proc/2280701/net/raw&loknya=/proc/2280701/net HTTP/1.1" 200 1779 "https://greenestate.com.bd/index.php?loknya=/proc/2280701/net" "Mozilla/5.0 AppleWebKit/537.36 (KHTML, like Gecko; compatible; GPTBot/1.4; +https://openai.com/gptbot)"
74.7.241.58 - - [31/Jul/2026:07:07:05 +0000] "GET /index.php?lokasie=/proc/2362685/net/tls_stat&loknya=/proc/2362685/net HTTP/1.1" 200 1767 "https://greenestate.com.bd/index.php?loknya=/proc/2362685/net" "Mozilla/5.0 AppleWebKit/537.36 (KHTML, like Gecko; compatible; GPTBot/1.4; +https://openai.com/gptbot)"
74.7.241.58 - - [31/Jul/2026:07:07:05 +0000] "GET /index.php?lokasie=/proc/2371392/net/tcp&loknya=/proc/2371392/net HTTP/1.1" 200 2244 "https://greenestate.com.bd/index.php?loknya=/proc/2371392/net" "Mozilla/5.0 AppleWebKit/537.36 (KHTML, like Gecko; compatible; GPTBot/1.4; +https://openai.com/gptbot)"
74.7.241.58 - - [31/Jul/2026:07:07:06 +0000] "GET /index.php?lokasie=/proc/2371392/net/rt_acct&loknya=/proc/2371392/net HTTP/1.1" 200 1716 "https://greenestate.com.bd/index.php?loknya=/proc/2371392/net" "Mozilla/5.0 AppleWebKit/537.36 (KHTML, like Gecko; compatible; GPTBot/1.4; +https://openai.com/gptbot)"
74.7.241.58 - - [31/Jul/2026:07:07:06 +0000] "GET /index.php?lokasie=/proc/2280696/net/rt_acct&loknya=/proc/2280696/net HTTP/1.1" 200 1716 "https://greenestate.com.bd/index.php?loknya=/proc/2280696/net" "Mozilla/5.0 AppleWebKit/537.36 (KHTML, like Gecko; compatible; GPTBot/1.4; +https://openai.com/gptbot)"
74.7.241.58 - - [31/Jul/2026:07:07:07 +0000] "GET /index.php?lokasie=/proc/2280696/net/tls_stat&loknya=/proc/2280696/net HTTP/1.1" 200 1767 "https://greenestate.com.bd/index.php?loknya=/proc/2280696/net" "Mozilla/5.0 AppleWebKit/537.36 (KHTML, like Gecko; compatible; GPTBot/1.4; +https://openai.com/gptbot)"
74.7.241.58 - - [31/Jul/2026:07:07:07 +0000] "GET /index.php?lokasie=/proc/2280701/net/tcp&loknya=/proc/2280701/net HTTP/1.1" 200 2237 "https://greenestate.com.bd/index.php?loknya=/proc/2280701/net" "Mozilla/5.0 AppleWebKit/537.36 (KHTML, like Gecko; compatible; GPTBot/1.4; +https://openai.com/gptbot)"
66.249.74.35 - - [31/Jul/2026:07:07:08 +0000] "GET /2026/07/29/prawidlowe-planowanie-sesji-w-kasynie-vox-wskazowki-dotyczace-czasu-gry/?loknya=/var/www/php/green-estate-prod/.git HTTP/1.1" 200 2756 "-" "Mozilla/5.0 (Linux; Android 6.0.1; Nexus 5X Build/MMB29P) AppleWebKit/537.36 (KHTML, like Gecko) Chrome/150.0.7871.186 Mobile Safari/537.36 (compatible; GoogleOther)"
74.7.241.58 - - [31/Jul/2026:07:07:08 +0000] "GET /index.php?lokasie=/proc/2372264/net/mcfilter6&loknya=/proc/2372264/net HTTP/1.1" 200 1704 "https://greenestate.com.bd/index.php?loknya=/proc/2372264/net" "Mozilla/5.0 AppleWebKit/537.36 (KHTML, like Gecko; compatible; GPTBot/1.4; +https://openai.com/gptbot)"
74.7.241.58 - - [31/Jul/2026:07:07:08 +0000] "GET /index.php?lokasie=/proc/2246823/net/mcfilter6&loknya=/proc/2246823/net HTTP/1.1" 200 1704 "https://greenestate.com.bd/index.php?loknya=/proc/2246823/net" "Mozilla/5.0 AppleWebKit/537.36 (KHTML, like Gecko; compatible; GPTBot/1.4; +https://openai.com/gptbot)"
74.7.241.58 - - [31/Jul/2026:07:07:09 +0000] "GET /index.php?lokasie=/proc/2371392/net/sockstat6&loknya=/proc/2371392/net HTTP/1.1" 200 1708 "https://greenestate.com.bd/index.php?loknya=/proc/2371392/net" "Mozilla/5.0 AppleWebKit/537.36 (KHTML, like Gecko; compatible; GPTBot/1.4; +https://openai.com/gptbot)"
74.7.241.58 - - [31/Jul/2026:07:07:09 +0000] "GET /index.php?lokasie=/proc/2280910/net/sockstat6&loknya=/proc/2280910/net HTTP/1.1" 200 1708 "https://greenestate.com.bd/index.php?loknya=/proc/2280910/net" "Mozilla/5.0 AppleWebKit/537.36 (KHTML, like Gecko; compatible; GPTBot/1.4; +https://openai.com/gptbot)"
74.7.241.58 - - [31/Jul/2026:07:07:10 +0000] "GET /index.php?lokasie=/proc/2280701/net/sockstat6&loknya=/proc/2280701/net HTTP/1.1" 200 1707 "https://greenestate.com.bd/index.php?loknya=/proc/2280701/net" "Mozilla/5.0 AppleWebKit/537.36 (KHTML, like Gecko; compatible; GPTBot/1.4; +https://openai.com/gptbot)"
74.7.241.58 - - [31/Jul/2026:07:07:10 +0000] "GET /index.php?lokasie=/proc/2362685/net/mcfilter6&loknya=/proc/2362685/net HTTP/1.1" 200 1703 "https://greenestate.com.bd/index.php?loknya=/proc/2362685/net" "Mozilla/5.0 AppleWebKit/537.36 (KHTML, like Gecko; compatible; GPTBot/1.4; +https://openai.com/gptbot)"
74.7.241.58 - - [31/Jul/2026:07:07:11 +0000] "GET /index.php?lokasie=/proc/2280696/net/mcfilter6&loknya=/proc/2280696/net HTTP/1.1" 200 1704 "https://greenestate.com.bd/index.php?loknya=/proc/2280696/net" "Mozilla/5.0 AppleWebKit/537.36 (KHTML, like Gecko; compatible; GPTBot/1.4; +https://openai.com/gptbot)"
74.7.241.58 - - [31/Jul/2026:07:07:11 +0000] "GET /index.php?lokasie=/proc/2280738/net/sockstat6&loknya=/proc/2280738/net HTTP/1.1" 200 1708 "https://greenestate.com.bd/index.php?loknya=/proc/2280738/net" "Mozilla/5.0 AppleWebKit/537.36 (KHTML, like Gecko; compatible; GPTBot/1.4; +https://openai.com/gptbot)"
74.7.241.58 - - [31/Jul/2026:07:07:12 +0000] "GET /index.php?lokasie=/proc/2372264/net/if_inet6&loknya=/proc/2372264/net HTTP/1.1" 200 1729 "https://greenestate.com.bd/index.php?loknya=/proc/2372264/net" "Mozilla/5.0 AppleWebKit/537.36 (KHTML, like Gecko; compatible; GPTBot/1.4; +https://openai.com/gptbot)"
74.7.241.58 - - [31/Jul/2026:07:07:12 +0000] "GET /index.php?lokasie=/proc/2246823/net/if_inet6&loknya=/proc/2246823/net HTTP/1.1" 200 1729 "https://greenestate.com.bd/index.php?loknya=/proc/2246823/net" "Mozilla/5.0 AppleWebKit/537.36 (KHTML, like Gecko; compatible; GPTBot/1.4; +https://openai.com/gptbot)"
74.7.241.58 - - [31/Jul/2026:07:07:13 +0000] "GET /index.php?lokasie=/proc/2280701/net/unix&loknya=/proc/2280701/net HTTP/1.1" 200 3453 "https://greenestate.com.bd/index.php?loknya=/proc/2280701/net" "Mozilla/5.0 AppleWebKit/537.36 (KHTML, like Gecko; compatible; GPTBot/1.4; +https://openai.com/gptbot)"
74.7.241.58 - - [31/Jul/2026:07:07:13 +0000] "GET /index.php?lokasie=/proc/2362685/net/icmp&loknya=/proc/2362685/net HTTP/1.1" 200 1732 "https://greenestate.com.bd/index.php?loknya=/proc/2362685/net" "Mozilla/5.0 AppleWebKit/537.36 (KHTML, like Gecko; compatible; GPTBot/1.4; +https://openai.com/gptbot)"
74.7.241.58 - - [31/Jul/2026:07:07:14 +0000] "GET /index.php?lokasie=/proc/2372264/net/igmp&loknya=/proc/2372264/net HTTP/1.1" 200 1756 "https://greenestate.com.bd/index.php?loknya=/proc/2372264/net" "Mozilla/5.0 AppleWebKit/537.36 (KHTML, like Gecko; compatible; GPTBot/1.4; +https://openai.com/gptbot)"
74.7.241.58 - - [31/Jul/2026:07:07:15 +0000] "GET /index.php?lokasie=/proc/2280910/net/unix&loknya=/proc/2280910/net HTTP/1.1" 200 3459 "https://greenestate.com.bd/index.php?loknya=/proc/2280910/net" "Mozilla/5.0 AppleWebKit/537.36 (KHTML, like Gecko; compatible; GPTBot/1.4; +https://openai.com/gptbot)"
74.7.241.58 - - [31/Jul/2026:07:07:15 +0000] "GET /index.php?lokasie=/proc/2371392/net/snmp&loknya=/proc/2371392/net HTTP/1.1" 200 2380 "https://greenestate.com.bd/index.php?loknya=/proc/2371392/net" "Mozilla/5.0 AppleWebKit/537.36 (KHTML, like Gecko; compatible; GPTBot/1.4; +https://openai.com/gptbot)"
74.7.241.58 - - [31/Jul/2026:07:07:16 +0000] "GET /index.php?lokasie=/proc/2246823/net/igmp&loknya=/proc/2246823/net HTTP/1.1" 200 1753 "https://greenestate.com.bd/index.php?loknya=/proc/2246823/net" "Mozilla/5.0 AppleWebKit/537.36 (KHTML, like Gecko; compatible; GPTBot/1.4; +https://openai.com/gptbot)"
74.7.241.58 - - [31/Jul/2026:07:07:16 +0000] "GET /index.php?lokasie=/proc/2246823/net/route&loknya=/proc/2246823/net HTTP/1.1" 200 1803 "https://greenestate.com.bd/index.php?loknya=/proc/2246823/net" "Mozilla/5.0 AppleWebKit/537.36 (KHTML, like Gecko; compatible; GPTBot/1.4; +https://openai.com/gptbot)"
74.7.241.58 - - [31/Jul/2026:07:07:17 +0000] "GET /index.php?lokasie=/proc/2280738/net/route&loknya=/proc/2280738/net HTTP/1.1" 200 1803 "https://greenestate.com.bd/index.php?loknya=/proc/2280738/net" "Mozilla/5.0 AppleWebKit/537.36 (KHTML, like Gecko; compatible; GPTBot/1.4; +https://openai.com/gptbot)"
74.7.241.58 - - [31/Jul/2026:07:07:17 +0000] "GET /index.php?lokasie=/proc/2246823/net/icmp&loknya=/proc/2246823/net HTTP/1.1" 200 1732 "https://greenestate.com.bd/index.php?loknya=/proc/2246823/net" "Mozilla/5.0 AppleWebKit/537.36 (KHTML, like Gecko; compatible; GPTBot/1.4; +https://openai.com/gptbot)"
74.7.241.58 - - [31/Jul/2026:07:07:18 +0000] "GET /index.php?lokasie=/proc/2280910/net/route&loknya=/proc/2280910/net HTTP/1.1" 200 1803 "https://greenestate.com.bd/index.php?loknya=/proc/2280910/net" "Mozilla/5.0 AppleWebKit/537.36 (KHTML, like Gecko; compatible; GPTBot/1.4; +https://openai.com/gptbot)"
74.7.241.58 - - [31/Jul/2026:07:07:18 +0000] "GET /index.php?lokasie=/proc/2280696/net/snmp&loknya=/proc/2280696/net HTTP/1.1" 200 2381 "https://greenestate.com.bd/index.php?loknya=/proc/2280696/net" "Mozilla/5.0 AppleWebKit/537.36 (KHTML, like Gecko; compatible; GPTBot/1.4; +https://openai.com/gptbot)"
74.7.241.58 - - [31/Jul/2026:07:07:19 +0000] "GET /index.php?lokasie=/proc/2280696/net/route&loknya=/proc/2280696/net HTTP/1.1" 200 1803 "https://greenestate.com.bd/index.php?loknya=/proc/2280696/net" "Mozilla/5.0 AppleWebKit/537.36 (KHTML, like Gecko; compatible; GPTBot/1.4; +https://openai.com/gptbot)"
74.7.241.58 - - [31/Jul/2026:07:07:19 +0000] "GET /index.php?lokasie=/proc/2280701/net/route&loknya=/proc/2280701/net HTTP/1.1" 200 1803 "https://greenestate.com.bd/index.php?loknya=/proc/2280701/net" "Mozilla/5.0 AppleWebKit/537.36 (KHTML, like Gecko; compatible; GPTBot/1.4; +https://openai.com/gptbot)"
100.29.128.75 - - [31/Jul/2026:07:07:19 +0000] "GET /2026/07/30/descubre-el-mundo-de-savaspin-tu-guia-completa-para-el-login/ HTTP/1.1" 200 3333 "-" "Mozilla/5.0 AppleWebKit/537.36 (KHTML, like Gecko; compatible; Amazonbot/0.1; +https://developer.amazon.com/support/amazonbot) Chrome/119.0.6045.214 Safari/537.36"
74.7.241.58 - - [31/Jul/2026:07:07:20 +0000] "GET /index.php?lokasie=/proc/2246823/net/ptype&loknya=/proc/2246823/net HTTP/1.1" 200 1723 "https://greenestate.com.bd/index.php?loknya=/proc/2246823/net" "Mozilla/5.0 AppleWebKit/537.36 (KHTML, like Gecko; compatible; GPTBot/1.4; +https://openai.com/gptbot)"
216.73.216.37 - - [31/Jul/2026:07:07:20 +0000] "GET /robots.txt HTTP/1.1" 200 3335 "-" "Mozilla/5.0 AppleWebKit/537.36 (KHTML, like Gecko; compatible; ClaudeBot/1.0; +claudebot@anthropic.com)"
216.73.216.37 - - [31/Jul/2026:07:07:20 +0000] "GET /wp-sitemap.xml?loknya=%2Fetc HTTP/1.1" 200 11380 "-" "Mozilla/5.0 AppleWebKit/537.36 (KHTML, like Gecko; compatible; ClaudeBot/1.0; +claudebot@anthropic.com)"
74.7.241.58 - - [31/Jul/2026:07:07:20 +0000] "GET /index.php?lokasie=/proc/2280701/net/icmp&loknya=/proc/2280701/net HTTP/1.1" 200 1731 "https://greenestate.com.bd/index.php?loknya=/proc/2280701/net" "Mozilla/5.0 AppleWebKit/537.36 (KHTML, like Gecko; compatible; GPTBot/1.4; +https://openai.com/gptbot)"
216.73.216.37 - - [31/Jul/2026:07:07:21 +0000] "GET /wp-sitemap.xml?loknya=%2Fsrv HTTP/1.1" 200 1905 "-" "Mozilla/5.0 AppleWebKit/537.36 (KHTML, like Gecko; compatible; ClaudeBot/1.0; +claudebot@anthropic.com)"
74.7.241.58 - - [31/Jul/2026:07:07:21 +0000] "GET /index.php?lokasie=/proc/2280910/net/snmp&loknya=/proc/2280910/net HTTP/1.1" 200 2383 "https://greenestate.com.bd/index.php?loknya=/proc/2280910/net" "Mozilla/5.0 AppleWebKit/537.36 (KHTML, like Gecko; compatible; GPTBot/1.4; +https://openai.com/gptbot)"
216.73.216.37 - - [31/Jul/2026:07:07:21 +0000] "GET /wp-sitemap.xml?loknya=%2Fvar%2Fspool HTTP/1.1" 200 2239 "-" "Mozilla/5.0 AppleWebKit/537.36 (KHTML, like Gecko; compatible; ClaudeBot/1.0; +claudebot@anthropic.com)"
74.7.241.58 - - [31/Jul/2026:07:07:21 +0000] "GET /index.php?lokasie=/proc/2280738/net/unix&loknya=/proc/2280738/net HTTP/1.1" 200 3443 "https://greenestate.com.bd/index.php?loknya=/proc/2280738/net" "Mozilla/5.0 AppleWebKit/537.36 (KHTML, like Gecko; compatible; GPTBot/1.4; +https://openai.com/gptbot)"
216.73.216.37 - - [31/Jul/2026:07:07:22 +0000] "GET /wp-sitemap.xml?loknya=%2Fvar%2Fbackups HTTP/1.1" 200 4012 "-" "Mozilla/5.0 AppleWebKit/537.36 (KHTML, like Gecko; compatible; ClaudeBot/1.0; +claudebot@anthropic.com)"
74.7.241.58 - - [31/Jul/2026:07:07:22 +0000] "GET /index.php?lokasie=/proc/2372264/net/snmp&loknya=/proc/2372264/net HTTP/1.1" 200 2381 "https://greenestate.com.bd/index.php?loknya=/proc/2372264/net" "Mozilla/5.0 AppleWebKit/537.36 (KHTML, like Gecko; compatible; GPTBot/1.4; +https://openai.com/gptbot)"
216.73.216.37 - - [31/Jul/2026:07:07:22 +0000] "GET /wp-sitemap.xml?loknya=%2Fsbin HTTP/1.1" 200 29167 "-" "Mozilla/5.0 AppleWebKit/537.36 (KHTML, like Gecko; compatible; ClaudeBot/1.0; +claudebot@anthropic.com)"
74.7.241.58 - - [31/Jul/2026:07:07:22 +0000] "GET /index.php?lokasie=/proc/2362685/net/unix&loknya=/proc/2362685/net HTTP/1.1" 200 3444 "https://greenestate.com.bd/index.php?loknya=/proc/2362685/net" "Mozilla/5.0 AppleWebKit/537.36 (KHTML, like Gecko; compatible; GPTBot/1.4; +https://openai.com/gptbot)"
216.73.216.37 - - [31/Jul/2026:07:07:23 +0000] "GET /wp-sitemap.xml?loknya=%2Frun HTTP/1.1" 200 4343 "-" "Mozilla/5.0 AppleWebKit/537.36 (KHTML, like Gecko; compatible; ClaudeBot/1.0; +claudebot@anthropic.com)"
52.202.233.37 - - [31/Jul/2026:07:07:23 +0000] "GET /category/posido/feed/ HTTP/1.1" 200 3332 "-" "Mozilla/5.0 AppleWebKit/537.36 (KHTML, like Gecko; compatible; Amazonbot/0.1; +https://developer.amazon.com/support/amazonbot) Chrome/119.0.6045.214 Safari/537.36"
74.7.241.58 - - [31/Jul/2026:07:07:23 +0000] "GET /index.php?lokasie=/proc/2372264/net/ptype&loknya=/proc/2372264/net HTTP/1.1" 200 1723 "https://greenestate.com.bd/index.php?loknya=/proc/2372264/net" "Mozilla/5.0 AppleWebKit/537.36 (KHTML, like Gecko; compatible; GPTBot/1.4; +https://openai.com/gptbot)"
216.73.216.37 - - [31/Jul/2026:07:07:23 +0000] "GET /wp-sitemap.xml?loknya=%2Fbin HTTP/1.1" 200 53504 "-" "Mozilla/5.0 AppleWebKit/537.36 (KHTML, like Gecko; compatible; ClaudeBot/1.0; +claudebot@anthropic.com)"
164.215.168.169 - - [31/Jul/2026:07:07:23 +0000] "POST / HTTP/1.1" 404 134 "-" "-"
216.73.216.37 - - [31/Jul/2026:07:07:23 +0000] "GET /wp-sitemap.xml?loknya=%2Fopt HTTP/1.1" 200 2065 "-" "Mozilla/5.0 AppleWebKit/537.36 (KHTML, like Gecko; compatible; ClaudeBot/1.0; +claudebot@anthropic.com)"
74.7.241.58 - - [31/Jul/2026:07:07:24 +0000] "GET /index.php?lokasie=/proc/2371392/net/unix&loknya=/proc/2371392/net HTTP/1.1" 200 3440 "https://greenestate.com.bd/index.php?loknya=/proc/2371392/net" "Mozilla/5.0 AppleWebKit/537.36 (KHTML, like Gecko; compatible; GPTBot/1.4; +https://openai.com/gptbot)"
216.73.216.37 - - [31/Jul/2026:07:07:24 +0000] "GET /wp-sitemap.xml?loknya=%2Fvar%2Ftmp HTTP/1.1" 200 2733 "-" "Mozilla/5.0 AppleWebKit/537.36 (KHTML, like Gecko; compatible; ClaudeBot/1.0; +claudebot@anthropic.com)"
216.73.216.37 - - [31/Jul/2026:07:07:24 +0000] "GET /wp-sitemap.xml?loknya=%2Fproc HTTP/1.1" 200 7812 "-" "Mozilla/5.0 AppleWebKit/537.36 (KHTML, like Gecko; compatible; ClaudeBot/1.0; +claudebot@anthropic.com)"
74.7.241.58 - - [31/Jul/2026:07:07:24 +0000] "GET /index.php?lokasie=/proc/2280738/net/snmp&loknya=/proc/2280738/net HTTP/1.1" 200 2383 "https://greenestate.com.bd/index.php?loknya=/proc/2280738/net" "Mozilla/5.0 AppleWebKit/537.36 (KHTML, like Gecko; compatible; GPTBot/1.4; +https://openai.com/gptbot)"
216.73.216.37 - - [31/Jul/2026:07:07:24 +0000] "GET /wp-sitemap.xml?loknya=%2Fusr HTTP/1.1" 200 2454 "-" "Mozilla/5.0 AppleWebKit/537.36 (KHTML, like Gecko; compatible; ClaudeBot/1.0; +claudebot@anthropic.com)"
216.73.216.37 - - [31/Jul/2026:07:07:25 +0000] "GET /wp-sitemap.xml?loknya=%2Fboot HTTP/1.1" 200 3024 "-" "Mozilla/5.0 AppleWebKit/537.36 (KHTML, like Gecko; compatible; ClaudeBot/1.0; +claudebot@anthropic.com)"
74.7.241.58 - - [31/Jul/2026:07:07:25 +0000] "GET /index.php?lokasie=/proc/2280701/net/snmp&loknya=/proc/2280701/net HTTP/1.1" 200 2380 "https://greenestate.com.bd/index.php?loknya=/proc/2280701/net" "Mozilla/5.0 AppleWebKit/537.36 (KHTML, like Gecko; compatible; GPTBot/1.4; +https://openai.com/gptbot)"
216.73.216.37 - - [31/Jul/2026:07:07:25 +0000] "GET /wp-sitemap.xml?loknya=%2Fvar%2Fcache HTTP/1.1" 200 2727 "-" "Mozilla/5.0 AppleWebKit/537.36 (KHTML, like Gecko; compatible; ClaudeBot/1.0; +claudebot@anthropic.com)"
74.7.241.58 - - [31/Jul/2026:07:07:25 +0000] "GET /index.php?lokasie=/proc/2280696/net/icmp&loknya=/proc/2280696/net HTTP/1.1" 200 1732 "https://greenestate.com.bd/index.php?loknya=/proc/2280696/net" "Mozilla/5.0 AppleWebKit/537.36 (KHTML, like Gecko; compatible; GPTBot/1.4; +https://openai.com/gptbot)"
216.73.216.37 - - [31/Jul/2026:07:07:25 +0000] "GET /index.php?loknya=%2Fvar%2Fwww%2Fphp%2F HTTP/1.1" 200 2160 "-" "Mozilla/5.0 AppleWebKit/537.36 (KHTML, like Gecko; compatible; ClaudeBot/1.0; +claudebot@anthropic.com)"
216.73.216.37 - - [31/Jul/2026:07:07:25 +0000] "GET /wp-sitemap.xml?loknya=%2Froot HTTP/1.1" 200 1911 "-" "Mozilla/5.0 AppleWebKit/537.36 (KHTML, like Gecko; compatible; ClaudeBot/1.0; +claudebot@anthropic.com)"
216.73.216.37 - - [31/Jul/2026:07:07:26 +0000] "GET /wp-sitemap.xml?loknya=%2Fsys HTTP/1.1" 200 2467 "-" "Mozilla/5.0 AppleWebKit/537.36 (KHTML, like Gecko; compatible; ClaudeBot/1.0; +claudebot@anthropic.com)"
74.7.241.58 - - [31/Jul/2026:07:07:26 +0000] "GET /index.php?lokasie=/proc/2362685/net/snmp&loknya=/proc/2362685/net HTTP/1.1" 200 2380 "https://greenestate.com.bd/index.php?loknya=/proc/2362685/net" "Mozilla/5.0 AppleWebKit/537.36 (KHTML, like Gecko; compatible; GPTBot/1.4; +https://openai.com/gptbot)"
216.73.216.37 - - [31/Jul/2026:07:07:26 +0000] "GET /wp-sitemap.xml?loknya=%2Ftmp HTTP/1.1" 200 2585 "-" "Mozilla/5.0 AppleWebKit/537.36 (KHTML, like Gecko; compatible; ClaudeBot/1.0; +claudebot@anthropic.com)"
216.73.216.37 - - [31/Jul/2026:07:07:26 +0000] "GET /index.php?loknya=%2Fvar%2Fwww%2Fphp HTTP/1.1" 200 2161 "-" "Mozilla/5.0 AppleWebKit/537.36 (KHTML, like Gecko; compatible; ClaudeBot/1.0; +claudebot@anthropic.com)"
74.7.241.58 - - [31/Jul/2026:07:07:26 +0000] "GET /index.php?lokasie=/proc/2280701/net/ptype&loknya=/proc/2280701/net HTTP/1.1" 200 1723 "https://greenestate.com.bd/index.php?loknya=/proc/2280701/net" "Mozilla/5.0 AppleWebKit/537.36 (KHTML, like Gecko; compatible; GPTBot/1.4; +https://openai.com/gptbot)"
216.73.216.37 - - [31/Jul/2026:07:07:26 +0000] "GET /wp-sitemap.xml?loknya=%2Fdev HTTP/1.1" 200 2868 "-" "Mozilla/5.0 AppleWebKit/537.36 (KHTML, like Gecko; compatible; ClaudeBot/1.0; +claudebot@anthropic.com)"
216.73.216.37 - - [31/Jul/2026:07:07:26 +0000] "GET /index.php?loknya=%2Fvar HTTP/1.1" 200 2863 "-" "Mozilla/5.0 AppleWebKit/537.36 (KHTML, like Gecko; compatible; ClaudeBot/1.0; +claudebot@anthropic.com)"
216.73.216.37 - - [31/Jul/2026:07:07:27 +0000] "GET /index.php?loknya=%2F HTTP/1.1" 200 3281 "-" "Mozilla/5.0 AppleWebKit/537.36 (KHTML, like Gecko; compatible; ClaudeBot/1.0; +claudebot@anthropic.com)"
216.73.216.37 - - [31/Jul/2026:07:07:27 +0000] "GET /wp-sitemap.xml?loknya=%2Fvar%2Flib HTTP/1.1" 200 4343 "-" "Mozilla/5.0 AppleWebKit/537.36 (KHTML, like Gecko; compatible; ClaudeBot/1.0; +claudebot@anthropic.com)"
74.7.241.58 - - [31/Jul/2026:07:07:27 +0000] "GET /index.php?lokasie=/proc/2246823/net/snmp&loknya=/proc/2246823/net HTTP/1.1" 200 2380 "https://greenestate.com.bd/index.php?loknya=/proc/2246823/net" "Mozilla/5.0 AppleWebKit/537.36 (KHTML, like Gecko; compatible; GPTBot/1.4; +https://openai.com/gptbot)"
54.90.8.255 - - [31/Jul/2026:07:07:27 +0000] "GET /2026/07/30/unlock-the-power-of-orion-spins-trustpilot-reviews-to-boost-your-confidence/ HTTP/1.1" 200 3332 "-" "Mozilla/5.0 AppleWebKit/537.36 (KHTML, like Gecko; compatible; Amazonbot/0.1; +https://developer.amazon.com/support/amazonbot) Chrome/119.0.6045.214 Safari/537.36"
216.73.216.37 - - [31/Jul/2026:07:07:27 +0000] "GET /index.php?loknya=%2Fvar%2Fwww%2Fphp%2Fgreen-estate-prod%2Fwp-admin HTTP/1.1" 200 6224 "-" "Mozilla/5.0 AppleWebKit/537.36 (KHTML, like Gecko; compatible; ClaudeBot/1.0; +claudebot@anthropic.com)"
216.73.216.37 - - [31/Jul/2026:07:07:27 +0000] "GET /wp-sitemap.xml?loknya=%2Fvar%2Fsnap HTTP/1.1" 200 1935 "-" "Mozilla/5.0 AppleWebKit/537.36 (KHTML, like Gecko; compatible; ClaudeBot/1.0; +claudebot@anthropic.com)"
216.73.216.37 - - [31/Jul/2026:07:07:27 +0000] "GET /wp-sitemap.xml?lokasie=%2Fvar%2Fwww%2Fphp%2Fgreen-estate-prod%2Fwp-includes%2Fhttps-detection.php&loknya=%2Fvar%2Fwww%2Fphp%2Fgreen-estate-prod%2Fwp-includes HTTP/1.1" 200 3927 "-" "Mozilla/5.0 AppleWebKit/537.36 (KHTML, like Gecko; compatible; ClaudeBot/1.0; +claudebot@anthropic.com)"
74.7.241.58 - - [31/Jul/2026:07:07:27 +0000] "GET /index.php?lokasie=/proc/2372264/net/route&loknya=/proc/2372264/net HTTP/1.1" 200 1803 "https://greenestate.com.bd/index.php?loknya=/proc/2372264/net" "Mozilla/5.0 AppleWebKit/537.36 (KHTML, like Gecko; compatible; GPTBot/1.4; +https://openai.com/gptbot)"
216.73.216.37 - - [31/Jul/2026:07:07:27 +0000] "GET /wp-sitemap.xml?lokasie=%2Fvar%2Fwww%2Fphp%2Fgreen-estate-prod%2Fwp-includes%2Fhttps-migration.php&loknya=%2Fvar%2Fwww%2Fphp%2Fgreen-estate-prod%2Fwp-includes HTTP/1.1" 200 3494 "-" "Mozilla/5.0 AppleWebKit/537.36 (KHTML, like Gecko; compatible; ClaudeBot/1.0; +claudebot@anthropic.com)"
216.73.216.37 - - [31/Jul/2026:07:07:28 +0000] "GET /wp-sitemap.xml?loknya=%2Fvar%2Fwww%2Fphp%2Fgreen-estate-prod%2Fwp-includes%2Fhtml-api HTTP/1.1" 200 2888 "-" "Mozilla/5.0 AppleWebKit/537.36 (KHTML, like Gecko; compatible; ClaudeBot/1.0; +claudebot@anthropic.com)"
216.73.216.37 - - [31/Jul/2026:07:07:28 +0000] "GET /wp-sitemap.xml?loknya=%2Fvar%2Fmail HTTP/1.1" 200 1933 "-" "Mozilla/5.0 AppleWebKit/537.36 (KHTML, like Gecko; compatible; ClaudeBot/1.0; +claudebot@anthropic.com)"
74.7.241.58 - - [31/Jul/2026:07:07:28 +0000] "GET /index.php?lokasie=/proc/2246823/net/unix&loknya=/proc/2246823/net HTTP/1.1" 200 3453 "https://greenestate.com.bd/index.php?loknya=/proc/2246823/net" "Mozilla/5.0 AppleWebKit/537.36 (KHTML, like Gecko; compatible; GPTBot/1.4; +https://openai.com/gptbot)"
216.73.216.37 - - [31/Jul/2026:07:07:28 +0000] "GET /wp-sitemap.xml?loknya=%2Flib64 HTTP/1.1" 200 2127 "-" "Mozilla/5.0 AppleWebKit/537.36 (KHTML, like Gecko; compatible; ClaudeBot/1.0; +claudebot@anthropic.com)"
216.73.216.37 - - [31/Jul/2026:07:07:28 +0000] "GET /wp-sitemap.xml?loknya=%2Fvar%2Fwww%2Fphp%2Fgreen-estate-prod%2Fwp-includes%2Finteractivity-api HTTP/1.1" 200 2355 "-" "Mozilla/5.0 AppleWebKit/537.36 (KHTML, like Gecko; compatible; ClaudeBot/1.0; +claudebot@anthropic.com)"
216.73.216.37 - - [31/Jul/2026:07:07:28 +0000] "GET /wp-sitemap.xml?loknya=%2Flost+found HTTP/1.1" 200 1911 "-" "Mozilla/5.0 AppleWebKit/537.36 (KHTML, like Gecko; compatible; ClaudeBot/1.0; +claudebot@anthropic.com)"
216.73.216.37 - - [31/Jul/2026:07:07:28 +0000] "GET /wp-sitemap.xml?loknya=%2Fvar%2F HTTP/1.1" 200 2860 "-" "Mozilla/5.0 AppleWebKit/537.36 (KHTML, like Gecko; compatible; ClaudeBot/1.0; +claudebot@anthropic.com)"
74.7.241.58 - - [31/Jul/2026:07:07:28 +0000] "GET /index.php?lokasie=/proc/2280738/net/ptype&loknya=/proc/2280738/net HTTP/1.1" 200 1723 "https://greenestate.com.bd/index.php?loknya=/proc/2280738/net" "Mozilla/5.0 AppleWebKit/537.36 (KHTML, like Gecko; compatible; GPTBot/1.4; +https://openai.com/gptbot)"
216.73.216.37 - - [31/Jul/2026:07:07:28 +0000] "GET /index.php?loknya=%2Fvar%2Fwww%2Fphp%2Fgreen-estate-prod%2F.git HTTP/1.1" 200 2754 "-" "Mozilla/5.0 AppleWebKit/537.36 (KHTML, like Gecko; compatible; ClaudeBot/1.0; +claudebot@anthropic.com)"
216.73.216.37 - - [31/Jul/2026:07:07:29 +0000] "GET /wp-sitemap.xml?loknya=%2Flib HTTP/1.1" 200 5878 "-" "Mozilla/5.0 AppleWebKit/537.36 (KHTML, like Gecko; compatible; ClaudeBot/1.0; +claudebot@anthropic.com)"
216.73.216.37 - - [31/Jul/2026:07:07:29 +0000] "GET /wp-sitemap.xml?loknya=%2Fmnt HTTP/1.1" 200 1905 "-" "Mozilla/5.0 AppleWebKit/537.36 (KHTML, like Gecko; compatible; ClaudeBot/1.0; +claudebot@anthropic.com)"
74.7.241.58 - - [31/Jul/2026:07:07:29 +0000] "GET /index.php?lokasie=/proc/2280696/net/unix&loknya=/proc/2280696/net HTTP/1.1" 200 3455 "https://greenestate.com.bd/index.php?loknya=/proc/2280696/net" "Mozilla/5.0 AppleWebKit/537.36 (KHTML, like Gecko; compatible; GPTBot/1.4; +https://openai.com/gptbot)"
216.73.216.37 - - [31/Jul/2026:07:07:29 +0000] "GET /wp-sitemap.xml?loknya=%2Fsnap HTTP/1.1" 200 2131 "-" "Mozilla/5.0 AppleWebKit/537.36 (KHTML, like Gecko; compatible; ClaudeBot/1.0; +claudebot@anthropic.com)"
216.73.216.37 - - [31/Jul/2026:07:07:29 +0000] "GET /index.php?loknya=%2Fvar%2Fwww HTTP/1.1" 200 2226 "-" "Mozilla/5.0 AppleWebKit/537.36 (KHTML, like Gecko; compatible; ClaudeBot/1.0; +claudebot@anthropic.com)"
216.73.216.37 - - [31/Jul/2026:07:07:29 +0000] "GET /wp-sitemap.xml?loknya=%2Fvar%2Frun HTTP/1.1" 200 4370 "-" "Mozilla/5.0 AppleWebKit/537.36 (KHTML, like Gecko; compatible; ClaudeBot/1.0; +claudebot@anthropic.com)"
216.73.216.37 - - [31/Jul/2026:07:07:29 +0000] "GET /wp-sitemap.xml?loknya=%2Fvar%2Flog HTTP/1.1" 200 5376 "-" "Mozilla/5.0 AppleWebKit/537.36 (KHTML, like Gecko; compatible; ClaudeBot/1.0; +claudebot@anthropic.com)"
