74.7.241.58 - - [31/Jul/2026:07:05:19 +0000] "GET /index.php?lokasie=/proc/2280741/net/igmp6&loknya=/proc/2280741/net HTTP/1.1" 200 1762 "https://greenestate.com.bd/index.php?loknya=/proc/2280741/net" "Mozilla/5.0 AppleWebKit/537.36 (KHTML, like Gecko; compatible; GPTBot/1.4; +https://openai.com/gptbot)"
74.7.241.58 - - [31/Jul/2026:07:05:19 +0000] "GET /index.php?lokasie=/proc/2246795/net/igmp6&loknya=/proc/2246795/net HTTP/1.1" 200 1762 "https://greenestate.com.bd/index.php?loknya=/proc/2246795/net" "Mozilla/5.0 AppleWebKit/537.36 (KHTML, like Gecko; compatible; GPTBot/1.4; +https://openai.com/gptbot)"
217.182.139.33 - - [31/Jul/2026:07:05:20 +0000] "GET /2026/04/27/spinstralia-casino-a-world-of-opportunities-awaits/?loknya=/var/www/php/green-estate-prod/wp-includes HTTP/1.1" 200 13975 "-" "Mozilla/5.0 (compatible; MJ12bot/v1.4.8; http://mj12bot.com/)"
74.7.241.58 - - [31/Jul/2026:07:05:20 +0000] "GET /index.php?lokasie=/proc/2280741/net/raw6&loknya=/proc/2280741/net HTTP/1.1" 200 1798 "https://greenestate.com.bd/index.php?loknya=/proc/2280741/net" "Mozilla/5.0 AppleWebKit/537.36 (KHTML, like Gecko; compatible; GPTBot/1.4; +https://openai.com/gptbot)"
74.7.241.58 - - [31/Jul/2026:07:05:20 +0000] "GET /index.php?lokasie=/proc/2280741/net/udp6&loknya=/proc/2280741/net HTTP/1.1" 200 1736 "https://greenestate.com.bd/index.php?loknya=/proc/2280741/net" "Mozilla/5.0 AppleWebKit/537.36 (KHTML, like Gecko; compatible; GPTBot/1.4; +https://openai.com/gptbot)"
74.7.241.58 - - [31/Jul/2026:07:05:21 +0000] "GET /index.php?lokasie=/proc/2280741/net/snmp6&loknya=/proc/2280741/net HTTP/1.1" 200 2450 "https://greenestate.com.bd/index.php?loknya=/proc/2280741/net" "Mozilla/5.0 AppleWebKit/537.36 (KHTML, like Gecko; compatible; GPTBot/1.4; +https://openai.com/gptbot)"
217.182.139.33 - - [31/Jul/2026:07:05:21 +0000] "GET /2026/04/28/are-there-mobile-specific-promotions-at-betzillo-casino/feed/?lokasie=/var/www/php/green-estate-prod/index.php&loknya=/var/www/php/green-estate-prod HTTP/1.1" 200 1906 "-" "Mozilla/5.0 (compatible; MJ12bot/v1.4.8; http://mj12bot.com/)"
74.7.241.58 - - [31/Jul/2026:07:05:21 +0000] "GET /index.php?lokasie=/proc/1104358/net/icmp6&loknya=/proc/1104358/net HTTP/1.1" 200 1736 "https://greenestate.com.bd/index.php?loknya=/proc/1104358/net" "Mozilla/5.0 AppleWebKit/537.36 (KHTML, like Gecko; compatible; GPTBot/1.4; +https://openai.com/gptbot)"
74.7.241.58 - - [31/Jul/2026:07:05:22 +0000] "GET /index.php?lokasie=/proc/1104358/net/snmp6&loknya=/proc/1104358/net HTTP/1.1" 200 2451 "https://greenestate.com.bd/index.php?loknya=/proc/1104358/net" "Mozilla/5.0 AppleWebKit/537.36 (KHTML, like Gecko; compatible; GPTBot/1.4; +https://openai.com/gptbot)"
74.7.241.58 - - [31/Jul/2026:07:05:22 +0000] "GET /index.php?lokasie=/proc/1104358/net/igmp6&loknya=/proc/1104358/net HTTP/1.1" 200 1765 "https://greenestate.com.bd/index.php?loknya=/proc/1104358/net" "Mozilla/5.0 AppleWebKit/537.36 (KHTML, like Gecko; compatible; GPTBot/1.4; +https://openai.com/gptbot)"
217.182.139.33 - - [31/Jul/2026:07:05:22 +0000] "GET /2026/04/28/are-there-mobile-specific-promotions-at-betzillo-casino/feed/?lokasie=/var/www/php/green-estate-prod/license.txt&loknya=/var/www/php/green-estate-prod HTTP/1.1" 200 10094 "-" "Mozilla/5.0 (compatible; MJ12bot/v1.4.8; http://mj12bot.com/)"
74.7.241.58 - - [31/Jul/2026:07:05:23 +0000] "GET /index.php?lokasie=/proc/2280741/net/icmp6&loknya=/proc/2280741/net HTTP/1.1" 200 1738 "https://greenestate.com.bd/index.php?loknya=/proc/2280741/net" "Mozilla/5.0 AppleWebKit/537.36 (KHTML, like Gecko; compatible; GPTBot/1.4; +https://openai.com/gptbot)"
74.7.241.58 - - [31/Jul/2026:07:05:23 +0000] "GET /index.php?lokasie=/proc/1104358/net/rt6_stats&loknya=/proc/1104358/net HTTP/1.1" 200 1678 "https://greenestate.com.bd/index.php?loknya=/proc/1104358/net" "Mozilla/5.0 AppleWebKit/537.36 (KHTML, like Gecko; compatible; GPTBot/1.4; +https://openai.com/gptbot)"
74.7.241.58 - - [31/Jul/2026:07:05:24 +0000] "GET /index.php?lokasie=/proc/1104358/net/raw6&loknya=/proc/1104358/net HTTP/1.1" 200 1798 "https://greenestate.com.bd/index.php?loknya=/proc/1104358/net" "Mozilla/5.0 AppleWebKit/537.36 (KHTML, like Gecko; compatible; GPTBot/1.4; +https://openai.com/gptbot)"
217.182.139.33 - - [31/Jul/2026:07:05:24 +0000] "GET /2026/04/28/are-there-mobile-specific-promotions-at-betzillo-casino/feed/?lokasie=/var/www/php/green-estate-prod/readme.html&loknya=/var/www/php/green-estate-prod HTTP/1.1" 200 5167 "-" "Mozilla/5.0 (compatible; MJ12bot/v1.4.8; http://mj12bot.com/)"
74.7.241.58 - - [31/Jul/2026:07:05:25 +0000] "GET /index.php?lokasie=/proc/2372549/net/raw6&loknya=/proc/2372549/net HTTP/1.1" 200 1798 "https://greenestate.com.bd/index.php?loknya=/proc/2372549/net" "Mozilla/5.0 AppleWebKit/537.36 (KHTML, like Gecko; compatible; GPTBot/1.4; +https://openai.com/gptbot)"
74.7.241.58 - - [31/Jul/2026:07:05:25 +0000] "GET /index.php?lokasie=/proc/2371692/net/igmp6&loknya=/proc/2371692/net HTTP/1.1" 200 1765 "https://greenestate.com.bd/index.php?loknya=/proc/2371692/net" "Mozilla/5.0 AppleWebKit/537.36 (KHTML, like Gecko; compatible; GPTBot/1.4; +https://openai.com/gptbot)"
217.182.139.33 - - [31/Jul/2026:07:05:25 +0000] "GET /2026/04/28/are-there-mobile-specific-promotions-at-betzillo-casino/feed/?lokasie=/var/www/php/green-estate-prod/wp-activate.php&loknya=/var/www/php/green-estate-prod HTTP/1.1" 200 4587 "-" "Mozilla/5.0 (compatible; MJ12bot/v1.4.8; http://mj12bot.com/)"
74.7.241.58 - - [31/Jul/2026:07:05:26 +0000] "GET /index.php?lokasie=/proc/2246795/net/rt6_stats&loknya=/proc/2246795/net HTTP/1.1" 200 1677 "https://greenestate.com.bd/index.php?loknya=/proc/2246795/net" "Mozilla/5.0 AppleWebKit/537.36 (KHTML, like Gecko; compatible; GPTBot/1.4; +https://openai.com/gptbot)"
74.7.241.58 - - [31/Jul/2026:07:05:26 +0000] "GET /index.php?lokasie=/proc/2371692/net/rt6_stats&loknya=/proc/2371692/net HTTP/1.1" 200 1678 "https://greenestate.com.bd/index.php?loknya=/proc/2371692/net" "Mozilla/5.0 AppleWebKit/537.36 (KHTML, like Gecko; compatible; GPTBot/1.4; +https://openai.com/gptbot)"
74.7.241.58 - - [31/Jul/2026:07:05:27 +0000] "GET /index.php?lokasie=/proc/2372549/net/udplite6&loknya=/proc/2372549/net HTTP/1.1" 200 1739 "https://greenestate.com.bd/index.php?loknya=/proc/2372549/net" "Mozilla/5.0 AppleWebKit/537.36 (KHTML, like Gecko; compatible; GPTBot/1.4; +https://openai.com/gptbot)"
217.182.139.33 - - [31/Jul/2026:07:05:27 +0000] "GET /2026/04/28/are-there-mobile-specific-promotions-at-betzillo-casino/feed/?lokasie=/var/www/php/green-estate-prod/wp-blog-header.php&loknya=/var/www/php/green-estate-prod HTTP/1.1" 200 1889 "-" "Mozilla/5.0 (compatible; MJ12bot/v1.4.8; http://mj12bot.com/)"
74.7.241.58 - - [31/Jul/2026:07:05:27 +0000] "GET /index.php?lokasie=/proc/1104358/net/udplite6&loknya=/proc/1104358/net HTTP/1.1" 200 1738 "https://greenestate.com.bd/index.php?loknya=/proc/1104358/net" "Mozilla/5.0 AppleWebKit/537.36 (KHTML, like Gecko; compatible; GPTBot/1.4; +https://openai.com/gptbot)"
74.7.241.58 - - [31/Jul/2026:07:05:28 +0000] "GET /index.php?lokasie=/proc/1104358/net/anycast6&loknya=/proc/1104358/net HTTP/1.1" 200 1661 "https://greenestate.com.bd/index.php?loknya=/proc/1104358/net" "Mozilla/5.0 AppleWebKit/537.36 (KHTML, like Gecko; compatible; GPTBot/1.4; +https://openai.com/gptbot)"
74.7.241.58 - - [31/Jul/2026:07:05:28 +0000] "GET /index.php?lokasie=/proc/2371692/net/ip6_mr_vif&loknya=/proc/2371692/net HTTP/1.1" 200 1695 "https://greenestate.com.bd/index.php?loknya=/proc/2371692/net" "Mozilla/5.0 AppleWebKit/537.36 (KHTML, like Gecko; compatible; GPTBot/1.4; +https://openai.com/gptbot)"
217.182.139.33 - - [31/Jul/2026:07:05:28 +0000] "GET /2026/04/28/are-there-mobile-specific-promotions-at-betzillo-casino/feed/?lokasie=/var/www/php/green-estate-prod/wp-comments-post.php&loknya=/var/www/php/green-estate-prod HTTP/1.1" 200 2847 "-" "Mozilla/5.0 (compatible; MJ12bot/v1.4.8; http://mj12bot.com/)"
74.7.241.58 - - [31/Jul/2026:07:05:29 +0000] "GET /index.php?lokasie=/proc/2246795/net/ip6_mr_vif&loknya=/proc/2246795/net HTTP/1.1" 200 1695 "https://greenestate.com.bd/index.php?loknya=/proc/2246795/net" "Mozilla/5.0 AppleWebKit/537.36 (KHTML, like Gecko; compatible; GPTBot/1.4; +https://openai.com/gptbot)"
74.7.241.58 - - [31/Jul/2026:07:05:29 +0000] "GET /index.php?lokasie=/proc/1104358/net/ip6_mr_vif&loknya=/proc/1104358/net HTTP/1.1" 200 1695 "https://greenestate.com.bd/index.php?loknya=/proc/1104358/net" "Mozilla/5.0 AppleWebKit/537.36 (KHTML, like Gecko; compatible; GPTBot/1.4; +https://openai.com/gptbot)"
74.7.241.58 - - [31/Jul/2026:07:05:30 +0000] "GET /index.php?lokasie=/proc/2280741/net/ip6_mr_vif&loknya=/proc/2280741/net HTTP/1.1" 200 1695 "https://greenestate.com.bd/index.php?loknya=/proc/2280741/net" "Mozilla/5.0 AppleWebKit/537.36 (KHTML, like Gecko; compatible; GPTBot/1.4; +https://openai.com/gptbot)"
217.182.139.33 - - [31/Jul/2026:07:05:30 +0000] "GET /2026/04/28/are-there-mobile-specific-promotions-at-betzillo-casino/feed/?lokasie=/var/www/php/green-estate-prod/wp-config-sample.php&loknya=/var/www/php/green-estate-prod HTTP/1.1" 200 3093 "-" "Mozilla/5.0 (compatible; MJ12bot/v1.4.8; http://mj12bot.com/)"
74.7.241.58 - - [31/Jul/2026:07:05:30 +0000] "GET /index.php?lokasie=/proc/2372549/net/ip6_mr_vif&loknya=/proc/2372549/net HTTP/1.1" 200 1695 "https://greenestate.com.bd/index.php?loknya=/proc/2372549/net" "Mozilla/5.0 AppleWebKit/537.36 (KHTML, like Gecko; compatible; GPTBot/1.4; +https://openai.com/gptbot)"
74.7.241.58 - - [31/Jul/2026:07:05:31 +0000] "GET /index.php?lokasie=/proc/2280741/net/ipv6_route&loknya=/proc/2280741/net HTTP/1.1" 200 1851 "https://greenestate.com.bd/index.php?loknya=/proc/2280741/net" "Mozilla/5.0 AppleWebKit/537.36 (KHTML, like Gecko; compatible; GPTBot/1.4; +https://openai.com/gptbot)"
217.182.139.33 - - [31/Jul/2026:07:05:31 +0000] "GET /2026/04/28/are-there-mobile-specific-promotions-at-betzillo-casino/feed/?lokasie=/var/www/php/green-estate-prod/wp-config.php&loknya=/var/www/php/green-estate-prod HTTP/1.1" 200 3621 "-" "Mozilla/5.0 (compatible; MJ12bot/v1.4.8; http://mj12bot.com/)"
74.7.241.58 - - [31/Jul/2026:07:05:31 +0000] "GET /index.php?lokasie=/proc/2372549/net/ipv6_route&loknya=/proc/2372549/net HTTP/1.1" 200 1852 "https://greenestate.com.bd/index.php?loknya=/proc/2372549/net" "Mozilla/5.0 AppleWebKit/537.36 (KHTML, like Gecko; compatible; GPTBot/1.4; +https://openai.com/gptbot)"
74.7.241.58 - - [31/Jul/2026:07:05:32 +0000] "GET /index.php?lokasie=/proc/2371692/net/ipv6_route&loknya=/proc/2371692/net HTTP/1.1" 200 1851 "https://greenestate.com.bd/index.php?loknya=/proc/2371692/net" "Mozilla/5.0 AppleWebKit/537.36 (KHTML, like Gecko; compatible; GPTBot/1.4; +https://openai.com/gptbot)"
74.7.241.58 - - [31/Jul/2026:07:05:32 +0000] "GET /index.php?lokasie=/proc/2246795/net/ipv6_route&loknya=/proc/2246795/net HTTP/1.1" 200 1851 "https://greenestate.com.bd/index.php?loknya=/proc/2246795/net" "Mozilla/5.0 AppleWebKit/537.36 (KHTML, like Gecko; compatible; GPTBot/1.4; +https://openai.com/gptbot)"
217.182.139.33 - - [31/Jul/2026:07:05:33 +0000] "GET /2026/04/28/are-there-mobile-specific-promotions-at-betzillo-casino/feed/?lokasie=/var/www/php/green-estate-prod/wp-cron.php&loknya=/var/www/php/green-estate-prod HTTP/1.1" 200 3966 "-" "Mozilla/5.0 (compatible; MJ12bot/v1.4.8; http://mj12bot.com/)"
74.7.241.58 - - [31/Jul/2026:07:05:33 +0000] "GET /index.php?lokasie=/proc/1104358/net/wireless&loknya=/proc/1104358/net HTTP/1.1" 200 1760 "https://greenestate.com.bd/index.php?loknya=/proc/1104358/net" "Mozilla/5.0 AppleWebKit/537.36 (KHTML, like Gecko; compatible; GPTBot/1.4; +https://openai.com/gptbot)"
74.7.241.58 - - [31/Jul/2026:07:05:33 +0000] "GET /index.php?lokasie=/proc/2372549/net/wireless&loknya=/proc/2372549/net HTTP/1.1" 200 1760 "https://greenestate.com.bd/index.php?loknya=/proc/2372549/net" "Mozilla/5.0 AppleWebKit/537.36 (KHTML, like Gecko; compatible; GPTBot/1.4; +https://openai.com/gptbot)"
74.7.241.58 - - [31/Jul/2026:07:05:34 +0000] "GET /index.php?lokasie=/proc/2371692/net/wireless&loknya=/proc/2371692/net HTTP/1.1" 200 1760 "https://greenestate.com.bd/index.php?loknya=/proc/2371692/net" "Mozilla/5.0 AppleWebKit/537.36 (KHTML, like Gecko; compatible; GPTBot/1.4; +https://openai.com/gptbot)"
217.182.139.33 - - [31/Jul/2026:07:05:34 +0000] "GET /2026/04/28/are-there-mobile-specific-promotions-at-betzillo-casino/feed/?lokasie=/var/www/php/green-estate-prod/wp-links-opml.php&loknya=/var/www/php/green-estate-prod HTTP/1.1" 200 2913 "-" "Mozilla/5.0 (compatible; MJ12bot/v1.4.8; http://mj12bot.com/)"
74.7.241.58 - - [31/Jul/2026:07:05:34 +0000] "GET /index.php?lokasie=/proc/2372549/net/sockstat&loknya=/proc/2372549/net HTTP/1.1" 200 1744 "https://greenestate.com.bd/index.php?loknya=/proc/2372549/net" "Mozilla/5.0 AppleWebKit/537.36 (KHTML, like Gecko; compatible; GPTBot/1.4; +https://openai.com/gptbot)"
74.7.241.58 - - [31/Jul/2026:07:05:35 +0000] "GET /index.php?lokasie=/proc/2280741/net/wireless&loknya=/proc/2280741/net HTTP/1.1" 200 1760 "https://greenestate.com.bd/index.php?loknya=/proc/2280741/net" "Mozilla/5.0 AppleWebKit/537.36 (KHTML, like Gecko; compatible; GPTBot/1.4; +https://openai.com/gptbot)"
217.182.139.33 - - [31/Jul/2026:07:05:35 +0000] "GET /2026/04/28/are-there-mobile-specific-promotions-at-betzillo-casino/feed/?lokasie=/var/www/php/green-estate-prod/wp-load.php&loknya=/var/www/php/green-estate-prod HTTP/1.1" 200 3472 "-" "Mozilla/5.0 (compatible; MJ12bot/v1.4.8; http://mj12bot.com/)"
74.7.241.58 - - [31/Jul/2026:07:05:36 +0000] "GET /index.php?lokasie=/proc/2246795/net/sockstat&loknya=/proc/2246795/net HTTP/1.1" 200 1742 "https://greenestate.com.bd/index.php?loknya=/proc/2246795/net" "Mozilla/5.0 AppleWebKit/537.36 (KHTML, like Gecko; compatible; GPTBot/1.4; +https://openai.com/gptbot)"
74.7.241.58 - - [31/Jul/2026:07:05:36 +0000] "GET /index.php?lokasie=/proc/1104358/net/sockstat&loknya=/proc/1104358/net HTTP/1.1" 200 1742 "https://greenestate.com.bd/index.php?loknya=/proc/1104358/net" "Mozilla/5.0 AppleWebKit/537.36 (KHTML, like Gecko; compatible; GPTBot/1.4; +https://openai.com/gptbot)"
74.7.241.58 - - [31/Jul/2026:07:05:37 +0000] "GET /index.php?lokasie=/proc/2280741/net/sockstat&loknya=/proc/2280741/net HTTP/1.1" 200 1742 "https://greenestate.com.bd/index.php?loknya=/proc/2280741/net" "Mozilla/5.0 AppleWebKit/537.36 (KHTML, like Gecko; compatible; GPTBot/1.4; +https://openai.com/gptbot)"
217.182.139.33 - - [31/Jul/2026:07:05:37 +0000] "GET /2026/04/28/are-there-mobile-specific-promotions-at-betzillo-casino/feed/?lokasie=/var/www/php/green-estate-prod/wp-mail.php&loknya=/var/www/php/green-estate-prod HTTP/1.1" 200 5205 "-" "Mozilla/5.0 (compatible; MJ12bot/v1.4.8; http://mj12bot.com/)"
74.7.241.58 - - [31/Jul/2026:07:05:37 +0000] "GET /index.php?lokasie=/proc/2371692/net/sockstat&loknya=/proc/2371692/net HTTP/1.1" 200 1743 "https://greenestate.com.bd/index.php?loknya=/proc/2371692/net" "Mozilla/5.0 AppleWebKit/537.36 (KHTML, like Gecko; compatible; GPTBot/1.4; +https://openai.com/gptbot)"
74.7.241.58 - - [31/Jul/2026:07:05:38 +0000] "GET /index.php?lokasie=/proc/2371692/net/udplite6&loknya=/proc/2371692/net HTTP/1.1" 200 1739 "https://greenestate.com.bd/index.php?loknya=/proc/2371692/net" "Mozilla/5.0 AppleWebKit/537.36 (KHTML, like Gecko; compatible; GPTBot/1.4; +https://openai.com/gptbot)"
74.7.241.58 - - [31/Jul/2026:07:05:38 +0000] "GET /index.php?lokasie=/proc/2246795/net/udplite6&loknya=/proc/2246795/net HTTP/1.1" 200 1738 "https://greenestate.com.bd/index.php?loknya=/proc/2246795/net" "Mozilla/5.0 AppleWebKit/537.36 (KHTML, like Gecko; compatible; GPTBot/1.4; +https://openai.com/gptbot)"
217.182.139.33 - - [31/Jul/2026:07:05:39 +0000] "GET /2026/04/28/are-there-mobile-specific-promotions-at-betzillo-casino/feed/?lokasie=/var/www/php/green-estate-prod/wp-settings.php&loknya=/var/www/php/green-estate-prod HTTP/1.1" 200 9086 "-" "Mozilla/5.0 (compatible; MJ12bot/v1.4.8; http://mj12bot.com/)"
74.7.241.58 - - [31/Jul/2026:07:05:39 +0000] "GET /index.php?lokasie=/proc/2246795/net/anycast6&loknya=/proc/2246795/net HTTP/1.1" 200 1661 "https://greenestate.com.bd/index.php?loknya=/proc/2246795/net" "Mozilla/5.0 AppleWebKit/537.36 (KHTML, like Gecko; compatible; GPTBot/1.4; +https://openai.com/gptbot)"
74.7.241.58 - - [31/Jul/2026:07:05:39 +0000] "GET /index.php?lokasie=/proc/2371692/net/anycast6&loknya=/proc/2371692/net HTTP/1.1" 200 1661 "https://greenestate.com.bd/index.php?loknya=/proc/2371692/net" "Mozilla/5.0 AppleWebKit/537.36 (KHTML, like Gecko; compatible; GPTBot/1.4; +https://openai.com/gptbot)"
74.7.241.58 - - [31/Jul/2026:07:05:40 +0000] "GET /index.php?lokasie=/proc/2371692/net/ip_mr_cache&loknya=/proc/2371692/net HTTP/1.1" 200 1699 "https://greenestate.com.bd/index.php?loknya=/proc/2371692/net" "Mozilla/5.0 AppleWebKit/537.36 (KHTML, like Gecko; compatible; GPTBot/1.4; +https://openai.com/gptbot)"
217.182.139.33 - - [31/Jul/2026:07:05:40 +0000] "GET /2026/04/28/are-there-mobile-specific-promotions-at-betzillo-casino/feed/?lokasie=/var/www/php/green-estate-prod/wp-signup.php&loknya=/var/www/php/green-estate-prod HTTP/1.1" 200 12548 "-" "Mozilla/5.0 (compatible; MJ12bot/v1.4.8; http://mj12bot.com/)"
74.7.241.58 - - [31/Jul/2026:07:05:40 +0000] "GET /index.php?lokasie=/proc/2372549/net/ip_mr_cache&loknya=/proc/2372549/net HTTP/1.1" 200 1699 "https://greenestate.com.bd/index.php?loknya=/proc/2372549/net" "Mozilla/5.0 AppleWebKit/537.36 (KHTML, like Gecko; compatible; GPTBot/1.4; +https://openai.com/gptbot)"
74.7.241.58 - - [31/Jul/2026:07:05:41 +0000] "GET /index.php?lokasie=/proc/2246795/net/ip_mr_cache&loknya=/proc/2246795/net HTTP/1.1" 200 1699 "https://greenestate.com.bd/index.php?loknya=/proc/2246795/net" "Mozilla/5.0 AppleWebKit/537.36 (KHTML, like Gecko; compatible; GPTBot/1.4; +https://openai.com/gptbot)"
74.7.241.58 - - [31/Jul/2026:07:05:41 +0000] "GET /index.php?lokasie=/proc/1104358/net/ip_mr_cache&loknya=/proc/1104358/net HTTP/1.1" 200 1699 "https://greenestate.com.bd/index.php?loknya=/proc/1104358/net" "Mozilla/5.0 AppleWebKit/537.36 (KHTML, like Gecko; compatible; GPTBot/1.4; +https://openai.com/gptbot)"
217.182.139.33 - - [31/Jul/2026:07:05:42 +0000] "GET /2026/04/28/are-there-mobile-specific-promotions-at-betzillo-casino/feed/?lokasie=/var/www/php/green-estate-prod/wp-trackback.php&loknya=/var/www/php/green-estate-prod HTTP/1.1" 200 3830 "-" "Mozilla/5.0 (compatible; MJ12bot/v1.4.8; http://mj12bot.com/)"
74.7.241.58 - - [31/Jul/2026:07:05:42 +0000] "GET /index.php?lokasie=/proc/2280741/net/ip_mr_cache&loknya=/proc/2280741/net HTTP/1.1" 200 1699 "https://greenestate.com.bd/index.php?loknya=/proc/2280741/net" "Mozilla/5.0 AppleWebKit/537.36 (KHTML, like Gecko; compatible; GPTBot/1.4; +https://openai.com/gptbot)"
74.7.241.58 - - [31/Jul/2026:07:05:42 +0000] "GET /index.php?lokasie=/proc/2280741/net/mcfilter&loknya=/proc/2280741/net HTTP/1.1" 200 1688 "https://greenestate.com.bd/index.php?loknya=/proc/2280741/net" "Mozilla/5.0 AppleWebKit/537.36 (KHTML, like Gecko; compatible; GPTBot/1.4; +https://openai.com/gptbot)"
74.7.241.58 - - [31/Jul/2026:07:05:43 +0000] "GET /index.php?lokasie=/proc/1104358/net/mcfilter&loknya=/proc/1104358/net HTTP/1.1" 200 1688 "https://greenestate.com.bd/index.php?loknya=/proc/1104358/net" "Mozilla/5.0 AppleWebKit/537.36 (KHTML, like Gecko; compatible; GPTBot/1.4; +https://openai.com/gptbot)"
217.182.139.33 - - [31/Jul/2026:07:05:43 +0000] "GET /2026/04/28/are-there-mobile-specific-promotions-at-betzillo-casino/feed/?loknya=/ HTTP/1.1" 200 3283 "-" "Mozilla/5.0 (compatible; MJ12bot/v1.4.8; http://mj12bot.com/)"
74.7.241.58 - - [31/Jul/2026:07:05:44 +0000] "GET /index.php?lokasie=/proc/2280741/net/rt6_stats&loknya=/proc/2280741/net HTTP/1.1" 200 1678 "https://greenestate.com.bd/index.php?loknya=/proc/2280741/net" "Mozilla/5.0 AppleWebKit/537.36 (KHTML, like Gecko; compatible; GPTBot/1.4; +https://openai.com/gptbot)"
74.7.241.58 - - [31/Jul/2026:07:05:44 +0000] "GET /index.php?lokasie=/proc/2280741/net/udplite6&loknya=/proc/2280741/net HTTP/1.1" 200 1739 "https://greenestate.com.bd/index.php?loknya=/proc/2280741/net" "Mozilla/5.0 AppleWebKit/537.36 (KHTML, like Gecko; compatible; GPTBot/1.4; +https://openai.com/gptbot)"
74.7.241.58 - - [31/Jul/2026:07:05:45 +0000] "GET /index.php?lokasie=/proc/2372549/net/anycast6&loknya=/proc/2372549/net HTTP/1.1" 200 1661 "https://greenestate.com.bd/index.php?loknya=/proc/2372549/net" "Mozilla/5.0 AppleWebKit/537.36 (KHTML, like Gecko; compatible; GPTBot/1.4; +https://openai.com/gptbot)"
217.182.139.33 - - [31/Jul/2026:07:05:45 +0000] "GET /2026/04/28/are-there-mobile-specific-promotions-at-betzillo-casino/feed/?loknya=/var HTTP/1.1" 200 2858 "-" "Mozilla/5.0 (compatible; MJ12bot/v1.4.8; http://mj12bot.com/)"
74.7.241.58 - - [31/Jul/2026:07:05:45 +0000] "GET /index.php?lokasie=/proc/2280741/net/anycast6&loknya=/proc/2280741/net HTTP/1.1" 200 1661 "https://greenestate.com.bd/index.php?loknya=/proc/2280741/net" "Mozilla/5.0 AppleWebKit/537.36 (KHTML, like Gecko; compatible; GPTBot/1.4; +https://openai.com/gptbot)"
74.7.241.58 - - [31/Jul/2026:07:05:46 +0000] "GET /index.php?lokasie=/proc/2280741/net/softnet_stat&loknya=/proc/2280741/net HTTP/1.1" 200 1688 "https://greenestate.com.bd/index.php?loknya=/proc/2280741/net" "Mozilla/5.0 AppleWebKit/537.36 (KHTML, like Gecko; compatible; GPTBot/1.4; +https://openai.com/gptbot)"
217.182.139.33 - - [31/Jul/2026:07:05:46 +0000] "GET /2026/04/28/are-there-mobile-specific-promotions-at-betzillo-casino/feed/?loknya=/var/www HTTP/1.1" 200 2236 "-" "Mozilla/5.0 (compatible; MJ12bot/v1.4.8; http://mj12bot.com/)"
74.7.241.58 - - [31/Jul/2026:07:05:46 +0000] "GET /index.php?lokasie=/proc/2372549/net/softnet_stat&loknya=/proc/2372549/net HTTP/1.1" 200 1689 "https://greenestate.com.bd/index.php?loknya=/proc/2372549/net" "Mozilla/5.0 AppleWebKit/537.36 (KHTML, like Gecko; compatible; GPTBot/1.4; +https://openai.com/gptbot)"
74.7.241.58 - - [31/Jul/2026:07:05:47 +0000] "GET /index.php?lokasie=/proc/2280741/net/fib_triestat&loknya=/proc/2280741/net HTTP/1.1" 200 1921 "https://greenestate.com.bd/index.php?loknya=/proc/2280741/net" "Mozilla/5.0 AppleWebKit/537.36 (KHTML, like Gecko; compatible; GPTBot/1.4; +https://openai.com/gptbot)"
74.7.241.58 - - [31/Jul/2026:07:05:47 +0000] "GET /index.php?lokasie=/proc/2371692/net/fib_triestat&loknya=/proc/2371692/net HTTP/1.1" 200 1923 "https://greenestate.com.bd/index.php?loknya=/proc/2371692/net" "Mozilla/5.0 AppleWebKit/537.36 (KHTML, like Gecko; compatible; GPTBot/1.4; +https://openai.com/gptbot)"
217.182.139.33 - - [31/Jul/2026:07:05:48 +0000] "GET /2026/04/28/are-there-mobile-specific-promotions-at-betzillo-casino/feed/?loknya=/var/www/php HTTP/1.1" 200 2164 "-" "Mozilla/5.0 (compatible; MJ12bot/v1.4.8; http://mj12bot.com/)"
74.7.241.58 - - [31/Jul/2026:07:05:48 +0000] "GET /index.php?lokasie=/proc/2372549/net/fib_triestat&loknya=/proc/2372549/net HTTP/1.1" 200 1923 "https://greenestate.com.bd/index.php?loknya=/proc/2372549/net" "Mozilla/5.0 AppleWebKit/537.36 (KHTML, like Gecko; compatible; GPTBot/1.4; +https://openai.com/gptbot)"
74.7.241.58 - - [31/Jul/2026:07:05:48 +0000] "GET /index.php?lokasie=/proc/2246795/net/fib_triestat&loknya=/proc/2246795/net HTTP/1.1" 200 1923 "https://greenestate.com.bd/index.php?loknya=/proc/2246795/net" "Mozilla/5.0 AppleWebKit/537.36 (KHTML, like Gecko; compatible; GPTBot/1.4; +https://openai.com/gptbot)"
74.7.241.58 - - [31/Jul/2026:07:05:49 +0000] "GET /index.php?lokasie=/proc/2246795/net/softnet_stat&loknya=/proc/2246795/net HTTP/1.1" 200 1688 "https://greenestate.com.bd/index.php?loknya=/proc/2246795/net" "Mozilla/5.0 AppleWebKit/537.36 (KHTML, like Gecko; compatible; GPTBot/1.4; +https://openai.com/gptbot)"
217.182.139.33 - - [31/Jul/2026:07:05:49 +0000] "GET /2026/04/28/are-there-mobile-specific-promotions-at-betzillo-casino/feed/?loknya=/var/www/php/ HTTP/1.1" 200 2162 "-" "Mozilla/5.0 (compatible; MJ12bot/v1.4.8; http://mj12bot.com/)"
74.7.241.58 - - [31/Jul/2026:07:05:49 +0000] "GET /index.php?lokasie=/proc/1104358/net/fib_triestat&loknya=/proc/1104358/net HTTP/1.1" 200 1922 "https://greenestate.com.bd/index.php?loknya=/proc/1104358/net" "Mozilla/5.0 AppleWebKit/537.36 (KHTML, like Gecko; compatible; GPTBot/1.4; +https://openai.com/gptbot)"
74.7.241.58 - - [31/Jul/2026:07:05:50 +0000] "GET /index.php?lokasie=/proc/2371692/net/softnet_stat&loknya=/proc/2371692/net HTTP/1.1" 200 1688 "https://greenestate.com.bd/index.php?loknya=/proc/2371692/net" "Mozilla/5.0 AppleWebKit/537.36 (KHTML, like Gecko; compatible; GPTBot/1.4; +https://openai.com/gptbot)"
74.7.241.58 - - [31/Jul/2026:07:05:50 +0000] "GET /index.php?lokasie=/proc/2371692/net/ip_tables_matches&loknya=/proc/2371692/net HTTP/1.1" 200 1665 "https://greenestate.com.bd/index.php?loknya=/proc/2371692/net" "Mozilla/5.0 AppleWebKit/537.36 (KHTML, like Gecko; compatible; GPTBot/1.4; +https://openai.com/gptbot)"
217.182.139.33 - - [31/Jul/2026:07:05:51 +0000] "GET /2026/04/28/are-there-mobile-specific-promotions-at-betzillo-casino/feed/?loknya=/var/www/php/green-estate-prod HTTP/1.1" 200 3339 "-" "Mozilla/5.0 (compatible; MJ12bot/v1.4.8; http://mj12bot.com/)"
74.7.241.58 - - [31/Jul/2026:07:05:51 +0000] "GET /index.php?lokasie=/proc/2246795/net/ip_tables_matches&loknya=/proc/2246795/net HTTP/1.1" 200 1664 "https://greenestate.com.bd/index.php?loknya=/proc/2246795/net" "Mozilla/5.0 AppleWebKit/537.36 (KHTML, like Gecko; compatible; GPTBot/1.4; +https://openai.com/gptbot)"
74.7.241.58 - - [31/Jul/2026:07:05:51 +0000] "GET /index.php?lokasie=/proc/1104358/net/ip_tables_matches&loknya=/proc/1104358/net HTTP/1.1" 200 1665 "https://greenestate.com.bd/index.php?loknya=/proc/1104358/net" "Mozilla/5.0 AppleWebKit/537.36 (KHTML, like Gecko; compatible; GPTBot/1.4; +https://openai.com/gptbot)"
74.7.241.58 - - [31/Jul/2026:07:05:52 +0000] "GET /index.php?lokasie=/proc/2371692/net/ip_tables_targets&loknya=/proc/2371692/net HTTP/1.1" 200 1663 "https://greenestate.com.bd/index.php?loknya=/proc/2371692/net" "Mozilla/5.0 AppleWebKit/537.36 (KHTML, like Gecko; compatible; GPTBot/1.4; +https://openai.com/gptbot)"
217.182.139.33 - - [31/Jul/2026:07:05:52 +0000] "GET /2026/04/28/are-there-mobile-specific-promotions-at-betzillo-casino/feed/?loknya=/var/www/php/green-estate-prod/.git HTTP/1.1" 200 2757 "-" "Mozilla/5.0 (compatible; MJ12bot/v1.4.8; http://mj12bot.com/)"
74.7.241.58 - - [31/Jul/2026:07:05:52 +0000] "GET /index.php?lokasie=/proc/2280741/net/ip_tables_names&loknya=/proc/2280741/net HTTP/1.1" 200 1663 "https://greenestate.com.bd/index.php?loknya=/proc/2280741/net" "Mozilla/5.0 AppleWebKit/537.36 (KHTML, like Gecko; compatible; GPTBot/1.4; +https://openai.com/gptbot)"
74.7.241.58 - - [31/Jul/2026:07:05:53 +0000] "GET /index.php?lokasie=/proc/2372549/net/ip_tables_matches&loknya=/proc/2372549/net HTTP/1.1" 200 1665 "https://greenestate.com.bd/index.php?loknya=/proc/2372549/net" "Mozilla/5.0 AppleWebKit/537.36 (KHTML, like Gecko; compatible; GPTBot/1.4; +https://openai.com/gptbot)"
74.7.241.58 - - [31/Jul/2026:07:05:54 +0000] "GET /index.php?lokasie=/proc/2372549/net/ip_tables_targets&loknya=/proc/2372549/net HTTP/1.1" 200 1664 "https://greenestate.com.bd/index.php?loknya=/proc/2372549/net" "Mozilla/5.0 AppleWebKit/537.36 (KHTML, like Gecko; compatible; GPTBot/1.4; +https://openai.com/gptbot)"
217.182.139.33 - - [31/Jul/2026:07:05:54 +0000] "GET /2026/04/28/are-there-mobile-specific-promotions-at-betzillo-casino/feed/?loknya=/var/www/php/green-estate-prod/wp-admin HTTP/1.1" 200 6227 "-" "Mozilla/5.0 (compatible; MJ12bot/v1.4.8; http://mj12bot.com/)"
74.7.241.58 - - [31/Jul/2026:07:05:54 +0000] "GET /index.php?lokasie=/proc/2246795/net/ip_tables_targets&loknya=/proc/2246795/net HTTP/1.1" 200 1663 "https://greenestate.com.bd/index.php?loknya=/proc/2246795/net" "Mozilla/5.0 AppleWebKit/537.36 (KHTML, like Gecko; compatible; GPTBot/1.4; +https://openai.com/gptbot)"
74.7.241.58 - - [31/Jul/2026:07:05:55 +0000] "GET /index.php?lokasie=/proc/1104358/net/ip_tables_targets&loknya=/proc/1104358/net HTTP/1.1" 200 1663 "https://greenestate.com.bd/index.php?loknya=/proc/1104358/net" "Mozilla/5.0 AppleWebKit/537.36 (KHTML, like Gecko; compatible; GPTBot/1.4; +https://openai.com/gptbot)"
217.182.139.33 - - [31/Jul/2026:07:05:55 +0000] "GET /2026/04/28/are-there-mobile-specific-promotions-at-betzillo-casino/feed/?loknya=/var/www/php/green-estate-prod/wp-content HTTP/1.1" 200 2590 "-" "Mozilla/5.0 (compatible; MJ12bot/v1.4.8; http://mj12bot.com/)"
74.7.241.58 - - [31/Jul/2026:07:05:55 +0000] "GET /index.php?lokasie=/proc/2371692/net/ip_tables_names&loknya=/proc/2371692/net HTTP/1.1" 200 1663 "https://greenestate.com.bd/index.php?loknya=/proc/2371692/net" "Mozilla/5.0 AppleWebKit/537.36 (KHTML, like Gecko; compatible; GPTBot/1.4; +https://openai.com/gptbot)"
74.7.241.58 - - [31/Jul/2026:07:05:56 +0000] "GET /index.php?lokasie=/proc/2372549/net/ip_tables_names&loknya=/proc/2372549/net HTTP/1.1" 200 1663 "https://greenestate.com.bd/index.php?loknya=/proc/2372549/net" "Mozilla/5.0 AppleWebKit/537.36 (KHTML, like Gecko; compatible; GPTBot/1.4; +https://openai.com/gptbot)"
74.7.241.58 - - [31/Jul/2026:07:05:56 +0000] "GET /index.php?lokasie=/proc/2246795/net/ip_tables_names&loknya=/proc/2246795/net HTTP/1.1" 200 1663 "https://greenestate.com.bd/index.php?loknya=/proc/2246795/net" "Mozilla/5.0 AppleWebKit/537.36 (KHTML, like Gecko; compatible; GPTBot/1.4; +https://openai.com/gptbot)"
217.182.139.33 - - [31/Jul/2026:07:05:57 +0000] "GET /2026/04/28/are-there-mobile-specific-promotions-at-betzillo-casino/feed/?loknya=/var/www/php/green-estate-prod/wp-includes HTTP/1.1" 200 13975 "-" "Mozilla/5.0 (compatible; MJ12bot/v1.4.8; http://mj12bot.com/)"
74.7.241.58 - - [31/Jul/2026:07:05:57 +0000] "GET /index.php?lokasie=/proc/2280741/net/ip_tables_matches&loknya=/proc/2280741/net HTTP/1.1" 200 1665 "https://greenestate.com.bd/index.php?loknya=/proc/2280741/net" "Mozilla/5.0 AppleWebKit/537.36 (KHTML, like Gecko; compatible; GPTBot/1.4; +https://openai.com/gptbot)"
74.7.241.58 - - [31/Jul/2026:07:05:57 +0000] "GET /index.php?lokasie=/proc/2280741/net/ip_tables_targets&loknya=/proc/2280741/net HTTP/1.1" 200 1664 "https://greenestate.com.bd/index.php?loknya=/proc/2280741/net" "Mozilla/5.0 AppleWebKit/537.36 (KHTML, like Gecko; compatible; GPTBot/1.4; +https://openai.com/gptbot)"
74.7.241.58 - - [31/Jul/2026:07:05:58 +0000] "GET /index.php?lokasie=/proc/1104358/net/ip_tables_names&loknya=/proc/1104358/net HTTP/1.1" 200 1663 "https://greenestate.com.bd/index.php?loknya=/proc/1104358/net" "Mozilla/5.0 AppleWebKit/537.36 (KHTML, like Gecko; compatible; GPTBot/1.4; +https://openai.com/gptbot)"
217.182.139.33 - - [31/Jul/2026:07:05:58 +0000] "GET /2026/05/ HTTP/1.1" 200 3339 "-" "Mozilla/5.0 (compatible; MJ12bot/v1.4.8; http://mj12bot.com/)"
74.7.241.58 - - [31/Jul/2026:07:05:58 +0000] "GET /index.php?lokasie=/proc/2371692/net/ip6_mr_cache&loknya=/proc/2371692/net HTTP/1.1" 200 1702 "https://greenestate.com.bd/index.php?loknya=/proc/2371692/net" "Mozilla/5.0 AppleWebKit/537.36 (KHTML, like Gecko; compatible; GPTBot/1.4; +https://openai.com/gptbot)"
74.7.241.58 - - [31/Jul/2026:07:05:59 +0000] "GET /index.php?lokasie=/proc/2372549/net/ip6_mr_cache&loknya=/proc/2372549/net HTTP/1.1" 200 1702 "https://greenestate.com.bd/index.php?loknya=/proc/2372549/net" "Mozilla/5.0 AppleWebKit/537.36 (KHTML, like Gecko; compatible; GPTBot/1.4; +https://openai.com/gptbot)"
66.249.74.34 - - [31/Jul/2026:07:05:59 +0000] "GET /2026/07/29/zkusenosti-se-zakaznickou-podporou-v-kasinu-spinit-osobni-recenze/ HTTP/1.1" 200 3334 "-" "Mozilla/5.0 (Linux; Android 6.0.1; Nexus 5X Build/MMB29P) AppleWebKit/537.36 (KHTML, like Gecko) Chrome/150.0.7871.186 Mobile Safari/537.36 (compatible; GoogleOther)"
74.7.241.58 - - [31/Jul/2026:07:05:59 +0000] "GET /index.php?lokasie=/proc/2280741/net/ip6_mr_cache&loknya=/proc/2280741/net HTTP/1.1" 200 1702 "https://greenestate.com.bd/index.php?loknya=/proc/2280741/net" "Mozilla/5.0 AppleWebKit/537.36 (KHTML, like Gecko; compatible; GPTBot/1.4; +https://openai.com/gptbot)"
217.182.139.33 - - [31/Jul/2026:07:05:59 +0000] "GET /2026/07/28/coronavirus-disease-2019/feed/ HTTP/1.1" 200 3339 "-" "Mozilla/5.0 (compatible; MJ12bot/v1.4.8; http://mj12bot.com/)"
74.7.241.58 - - [31/Jul/2026:07:06:00 +0000] "GET /index.php?lokasie=/proc/1104358/net/ip6_mr_cache&loknya=/proc/1104358/net HTTP/1.1" 200 1702 "https://greenestate.com.bd/index.php?loknya=/proc/1104358/net" "Mozilla/5.0 AppleWebKit/537.36 (KHTML, like Gecko; compatible; GPTBot/1.4; +https://openai.com/gptbot)"
74.7.241.58 - - [31/Jul/2026:07:06:00 +0000] "GET /index.php?lokasie=/proc/2246795/net/ip6_mr_cache&loknya=/proc/2246795/net HTTP/1.1" 200 1702 "https://greenestate.com.bd/index.php?loknya=/proc/2246795/net" "Mozilla/5.0 AppleWebKit/537.36 (KHTML, like Gecko; compatible; GPTBot/1.4; +https://openai.com/gptbot)"
217.182.139.33 - - [31/Jul/2026:07:06:01 +0000] "GET /2026/07/30/%CF%83%CF%8D%CE%BD%CE%B4%CE%B5%CF%83%CE%B7-casombie-casino-%CF%84%CE%B1%CF%87%CF%8D%CF%84%CE%B1%CF%84%CE%B7-%CE%BA%CE%B1%CE%B9-%CE%B1%CF%83%CF%86%CE%B1%CE%BB%CE%AE%CF%82/?lokasie=/var/www/php/green-estate-prod/index.php&loknya=/var/www/php/green-estate-prod HTTP/1.1" 200 1906 "-" "Mozilla/5.0 (compatible; MJ12bot/v1.4.8; http://mj12bot.com/)"
74.7.241.58 - - [31/Jul/2026:07:06:01 +0000] "GET /index.php?lokasie=/proc/2246795/net/ip6_flowlabel&loknya=/proc/2246795/net HTTP/1.1" 200 1698 "https://greenestate.com.bd/index.php?loknya=/proc/2246795/net" "Mozilla/5.0 AppleWebKit/537.36 (KHTML, like Gecko; compatible; GPTBot/1.4; +https://openai.com/gptbot)"
74.7.241.58 - - [31/Jul/2026:07:06:01 +0000] "GET /index.php?lokasie=/proc/2372549/net/ip6_flowlabel&loknya=/proc/2372549/net HTTP/1.1" 200 1699 "https://greenestate.com.bd/index.php?loknya=/proc/2372549/net" "Mozilla/5.0 AppleWebKit/537.36 (KHTML, like Gecko; compatible; GPTBot/1.4; +https://openai.com/gptbot)"
74.7.241.58 - - [31/Jul/2026:07:06:02 +0000] "GET /index.php?lokasie=/proc/2371692/net/ip6_flowlabel&loknya=/proc/2371692/net HTTP/1.1" 200 1698 "https://greenestate.com.bd/index.php?loknya=/proc/2371692/net" "Mozilla/5.0 AppleWebKit/537.36 (KHTML, like Gecko; compatible; GPTBot/1.4; +https://openai.com/gptbot)"
217.182.139.33 - - [31/Jul/2026:07:06:02 +0000] "GET /2026/07/30/%CF%83%CF%8D%CE%BD%CE%B4%CE%B5%CF%83%CE%B7-casombie-casino-%CF%84%CE%B1%CF%87%CF%8D%CF%84%CE%B1%CF%84%CE%B7-%CE%BA%CE%B1%CE%B9-%CE%B1%CF%83%CF%86%CE%B1%CE%BB%CE%AE%CF%82/?lokasie=/var/www/php/green-estate-prod/license.txt&loknya=/var/www/php/green-estate-prod HTTP/1.1" 200 10094 "-" "Mozilla/5.0 (compatible; MJ12bot/v1.4.8; http://mj12bot.com/)"
74.7.241.58 - - [31/Jul/2026:07:06:02 +0000] "GET /index.php?lokasie=/proc/1104358/net/ip6_flowlabel&loknya=/proc/1104358/net HTTP/1.1" 200 1698 "https://greenestate.com.bd/index.php?loknya=/proc/1104358/net" "Mozilla/5.0 AppleWebKit/537.36 (KHTML, like Gecko; compatible; GPTBot/1.4; +https://openai.com/gptbot)"
74.7.241.58 - - [31/Jul/2026:07:06:03 +0000] "GET /index.php?lokasie=/proc/2280741/net/ip6_flowlabel&loknya=/proc/2280741/net HTTP/1.1" 200 1698 "https://greenestate.com.bd/index.php?loknya=/proc/2280741/net" "Mozilla/5.0 AppleWebKit/537.36 (KHTML, like Gecko; compatible; GPTBot/1.4; +https://openai.com/gptbot)"
74.7.241.58 - - [31/Jul/2026:07:06:03 +0000] "GET /index.php?loknya=/proc/2280741/fd HTTP/1.1" 200 1949 "https://greenestate.com.bd/index.php?loknya=/proc/2280741" "Mozilla/5.0 AppleWebKit/537.36 (KHTML, like Gecko; compatible; GPTBot/1.4; +https://openai.com/gptbot)"
217.182.139.33 - - [31/Jul/2026:07:06:04 +0000] "GET /2026/07/30/%CF%83%CF%8D%CE%BD%CE%B4%CE%B5%CF%83%CE%B7-casombie-casino-%CF%84%CE%B1%CF%87%CF%8D%CF%84%CE%B1%CF%84%CE%B7-%CE%BA%CE%B1%CE%B9-%CE%B1%CF%83%CF%86%CE%B1%CE%BB%CE%AE%CF%82/?lokasie=/var/www/php/green-estate-prod/readme.html&loknya=/var/www/php/green-estate-prod HTTP/1.1" 200 5167 "-" "Mozilla/5.0 (compatible; MJ12bot/v1.4.8; http://mj12bot.com/)"
74.7.241.58 - - [31/Jul/2026:07:06:04 +0000] "GET /index.php?loknya=/proc/2353784/ns HTTP/1.1" 200 1947 "https://greenestate.com.bd/index.php?loknya=/proc/2353784" "Mozilla/5.0 AppleWebKit/537.36 (KHTML, like Gecko; compatible; GPTBot/1.4; +https://openai.com/gptbot)"
74.7.241.58 - - [31/Jul/2026:07:06:05 +0000] "GET /index.php?loknya=/proc/2372649/ns HTTP/1.1" 200 1943 "https://greenestate.com.bd/index.php?loknya=/proc/2372649" "Mozilla/5.0 AppleWebKit/537.36 (KHTML, like Gecko; compatible; GPTBot/1.4; +https://openai.com/gptbot)"
74.7.241.58 - - [31/Jul/2026:07:06:05 +0000] "GET /index.php?loknya=/proc/1104358/fd HTTP/1.1" 200 1948 "https://greenestate.com.bd/index.php?loknya=/proc/1104358" "Mozilla/5.0 AppleWebKit/537.36 (KHTML, like Gecko; compatible; GPTBot/1.4; +https://openai.com/gptbot)"
217.182.139.33 - - [31/Jul/2026:07:06:05 +0000] "GET /2026/07/30/%CF%83%CF%8D%CE%BD%CE%B4%CE%B5%CF%83%CE%B7-casombie-casino-%CF%84%CE%B1%CF%87%CF%8D%CF%84%CE%B1%CF%84%CE%B7-%CE%BA%CE%B1%CE%B9-%CE%B1%CF%83%CF%86%CE%B1%CE%BB%CE%AE%CF%82/?lokasie=/var/www/php/green-estate-prod/wp-activate.php&loknya=/var/www/php/green-estate-prod HTTP/1.1" 200 4587 "-" "Mozilla/5.0 (compatible; MJ12bot/v1.4.8; http://mj12bot.com/)"
74.7.241.58 - - [31/Jul/2026:07:06:06 +0000] "GET /index.php?loknya=/proc/2280741/ns HTTP/1.1" 200 1945 "https://greenestate.com.bd/index.php?loknya=/proc/2280741" "Mozilla/5.0 AppleWebKit/537.36 (KHTML, like Gecko; compatible; GPTBot/1.4; +https://openai.com/gptbot)"
74.7.241.58 - - [31/Jul/2026:07:06:06 +0000] "GET /index.php?loknya=/proc/2371841/fd HTTP/1.1" 200 1949 "https://greenestate.com.bd/index.php?loknya=/proc/2371841" "Mozilla/5.0 AppleWebKit/537.36 (KHTML, like Gecko; compatible; GPTBot/1.4; +https://openai.com/gptbot)"
74.7.241.58 - - [31/Jul/2026:07:06:07 +0000] "GET /index.php?loknya=/proc/2280675/fd HTTP/1.1" 200 1949 "https://greenestate.com.bd/index.php?loknya=/proc/2280675" "Mozilla/5.0 AppleWebKit/537.36 (KHTML, like Gecko; compatible; GPTBot/1.4; +https://openai.com/gptbot)"
217.182.139.33 - - [31/Jul/2026:07:06:07 +0000] "GET /2026/07/30/%CF%83%CF%8D%CE%BD%CE%B4%CE%B5%CF%83%CE%B7-casombie-casino-%CF%84%CE%B1%CF%87%CF%8D%CF%84%CE%B1%CF%84%CE%B7-%CE%BA%CE%B1%CE%B9-%CE%B1%CF%83%CF%86%CE%B1%CE%BB%CE%AE%CF%82/?lokasie=/var/www/php/green-estate-prod/wp-blog-header.php&loknya=/var/www/php/green-estate-prod HTTP/1.1" 200 1889 "-" "Mozilla/5.0 (compatible; MJ12bot/v1.4.8; http://mj12bot.com/)"
74.7.241.58 - - [31/Jul/2026:07:06:07 +0000] "GET /index.php?loknya=/proc/2280761/fd HTTP/1.1" 200 1952 "https://greenestate.com.bd/index.php?loknya=/proc/2280761" "Mozilla/5.0 AppleWebKit/537.36 (KHTML, like Gecko; compatible; GPTBot/1.4; +https://openai.com/gptbot)"
74.7.241.58 - - [31/Jul/2026:07:06:08 +0000] "GET /index.php?loknya=/proc/1104358/ns HTTP/1.1" 200 1944 "https://greenestate.com.bd/index.php?loknya=/proc/1104358" "Mozilla/5.0 AppleWebKit/537.36 (KHTML, like Gecko; compatible; GPTBot/1.4; +https://openai.com/gptbot)"
217.182.139.33 - - [31/Jul/2026:07:06:08 +0000] "GET /2026/07/30/%CF%83%CF%8D%CE%BD%CE%B4%CE%B5%CF%83%CE%B7-casombie-casino-%CF%84%CE%B1%CF%87%CF%8D%CF%84%CE%B1%CF%84%CE%B7-%CE%BA%CE%B1%CE%B9-%CE%B1%CF%83%CF%86%CE%B1%CE%BB%CE%AE%CF%82/?lokasie=/var/www/php/green-estate-prod/wp-comments-post.php&loknya=/var/www/php/green-estate-prod HTTP/1.1" 200 2847 "-" "Mozilla/5.0 (compatible; MJ12bot/v1.4.8; http://mj12bot.com/)"
74.7.241.58 - - [31/Jul/2026:07:06:08 +0000] "GET /index.php?loknya=/proc/2280715/ns HTTP/1.1" 200 1945 "https://greenestate.com.bd/index.php?loknya=/proc/2280715" "Mozilla/5.0 AppleWebKit/537.36 (KHTML, like Gecko; compatible; GPTBot/1.4; +https://openai.com/gptbot)"
74.7.241.58 - - [31/Jul/2026:07:06:09 +0000] "GET /index.php?loknya=/proc/2280679/fd HTTP/1.1" 200 1957 "https://greenestate.com.bd/index.php?loknya=/proc/2280679" "Mozilla/5.0 AppleWebKit/537.36 (KHTML, like Gecko; compatible; GPTBot/1.4; +https://openai.com/gptbot)"
74.7.241.58 - - [31/Jul/2026:07:06:09 +0000] "GET /index.php?loknya=/proc/2246795/ns HTTP/1.1" 200 1942 "https://greenestate.com.bd/index.php?loknya=/proc/2246795" "Mozilla/5.0 AppleWebKit/537.36 (KHTML, like Gecko; compatible; GPTBot/1.4; +https://openai.com/gptbot)"
217.182.139.33 - - [31/Jul/2026:07:06:10 +0000] "GET /2026/07/30/%CF%83%CF%8D%CE%BD%CE%B4%CE%B5%CF%83%CE%B7-casombie-casino-%CF%84%CE%B1%CF%87%CF%8D%CF%84%CE%B1%CF%84%CE%B7-%CE%BA%CE%B1%CE%B9-%CE%B1%CF%83%CF%86%CE%B1%CE%BB%CE%AE%CF%82/?lokasie=/var/www/php/green-estate-prod/wp-config-sample.php&loknya=/var/www/php/green-estate-prod HTTP/1.1" 200 3093 "-" "Mozilla/5.0 (compatible; MJ12bot/v1.4.8; http://mj12bot.com/)"
74.7.241.58 - - [31/Jul/2026:07:06:10 +0000] "GET /index.php?loknya=/proc/2371692/fd HTTP/1.1" 200 1949 "https://greenestate.com.bd/index.php?loknya=/proc/2371692" "Mozilla/5.0 AppleWebKit/537.36 (KHTML, like Gecko; compatible; GPTBot/1.4; +https://openai.com/gptbot)"
74.7.241.58 - - [31/Jul/2026:07:06:10 +0000] "GET /index.php?loknya=/proc/2372549/ns HTTP/1.1" 200 1943 "https://greenestate.com.bd/index.php?loknya=/proc/2372549" "Mozilla/5.0 AppleWebKit/537.36 (KHTML, like Gecko; compatible; GPTBot/1.4; +https://openai.com/gptbot)"
74.7.241.58 - - [31/Jul/2026:07:06:11 +0000] "GET /index.php?loknya=/proc/2371692/ns HTTP/1.1" 200 1945 "https://greenestate.com.bd/index.php?loknya=/proc/2371692" "Mozilla/5.0 AppleWebKit/537.36 (KHTML, like Gecko; compatible; GPTBot/1.4; +https://openai.com/gptbot)"
217.182.139.33 - - [31/Jul/2026:07:06:11 +0000] "GET /2026/07/30/%CF%83%CF%8D%CE%BD%CE%B4%CE%B5%CF%83%CE%B7-casombie-casino-%CF%84%CE%B1%CF%87%CF%8D%CF%84%CE%B1%CF%84%CE%B7-%CE%BA%CE%B1%CE%B9-%CE%B1%CF%83%CF%86%CE%B1%CE%BB%CE%AE%CF%82/?lokasie=/var/www/php/green-estate-prod/wp-config.php&loknya=/var/www/php/green-estate-prod HTTP/1.1" 200 3621 "-" "Mozilla/5.0 (compatible; MJ12bot/v1.4.8; http://mj12bot.com/)"
74.7.241.58 - - [31/Jul/2026:07:06:11 +0000] "GET /index.php?loknya=/proc/2246783/fd HTTP/1.1" 200 1949 "https://greenestate.com.bd/index.php?loknya=/proc/2246783" "Mozilla/5.0 AppleWebKit/537.36 (KHTML, like Gecko; compatible; GPTBot/1.4; +https://openai.com/gptbot)"
74.7.241.58 - - [31/Jul/2026:07:06:12 +0000] "GET /index.php?loknya=/proc/2280761/ns HTTP/1.1" 200 1948 "https://greenestate.com.bd/index.php?loknya=/proc/2280761" "Mozilla/5.0 AppleWebKit/537.36 (KHTML, like Gecko; compatible; GPTBot/1.4; +https://openai.com/gptbot)"
74.7.241.58 - - [31/Jul/2026:07:06:12 +0000] "GET /index.php?loknya=/proc/2372649/fd HTTP/1.1" 200 1946 "https://greenestate.com.bd/index.php?loknya=/proc/2372649" "Mozilla/5.0 AppleWebKit/537.36 (KHTML, like Gecko; compatible; GPTBot/1.4; +https://openai.com/gptbot)"
217.182.139.33 - - [31/Jul/2026:07:06:13 +0000] "GET /2026/07/30/%CF%83%CF%8D%CE%BD%CE%B4%CE%B5%CF%83%CE%B7-casombie-casino-%CF%84%CE%B1%CF%87%CF%8D%CF%84%CE%B1%CF%84%CE%B7-%CE%BA%CE%B1%CE%B9-%CE%B1%CF%83%CF%86%CE%B1%CE%BB%CE%AE%CF%82/?lokasie=/var/www/php/green-estate-prod/wp-cron.php&loknya=/var/www/php/green-estate-prod HTTP/1.1" 200 3966 "-" "Mozilla/5.0 (compatible; MJ12bot/v1.4.8; http://mj12bot.com/)"
74.7.241.58 - - [31/Jul/2026:07:06:13 +0000] "GET /index.php?loknya=/proc/2246783/ns HTTP/1.1" 200 1945 "https://greenestate.com.bd/index.php?loknya=/proc/2246783" "Mozilla/5.0 AppleWebKit/537.36 (KHTML, like Gecko; compatible; GPTBot/1.4; +https://openai.com/gptbot)"
74.7.241.58 - - [31/Jul/2026:07:06:13 +0000] "GET /index.php?loknya=/proc/2353784/fd HTTP/1.1" 200 2171 "https://greenestate.com.bd/index.php?loknya=/proc/2353784" "Mozilla/5.0 AppleWebKit/537.36 (KHTML, like Gecko; compatible; GPTBot/1.4; +https://openai.com/gptbot)"
217.182.139.33 - - [31/Jul/2026:07:06:14 +0000] "GET /2026/07/30/%CF%83%CF%8D%CE%BD%CE%B4%CE%B5%CF%83%CE%B7-casombie-casino-%CF%84%CE%B1%CF%87%CF%8D%CF%84%CE%B1%CF%84%CE%B7-%CE%BA%CE%B1%CE%B9-%CE%B1%CF%83%CF%86%CE%B1%CE%BB%CE%AE%CF%82/?lokasie=/var/www/php/green-estate-prod/wp-links-opml.php&loknya=/var/www/php/green-estate-prod HTTP/1.1" 200 2913 "-" "Mozilla/5.0 (compatible; MJ12bot/v1.4.8; http://mj12bot.com/)"
74.7.241.58 - - [31/Jul/2026:07:06:14 +0000] "GET /index.php?loknya=/proc/2372549/fd HTTP/1.1" 200 1946 "https://greenestate.com.bd/index.php?loknya=/proc/2372549" "Mozilla/5.0 AppleWebKit/537.36 (KHTML, like Gecko; compatible; GPTBot/1.4; +https://openai.com/gptbot)"
74.7.241.58 - - [31/Jul/2026:07:06:15 +0000] "GET /index.php?loknya=/proc/2280675/ns HTTP/1.1" 200 1945 "https://greenestate.com.bd/index.php?loknya=/proc/2280675" "Mozilla/5.0 AppleWebKit/537.36 (KHTML, like Gecko; compatible; GPTBot/1.4; +https://openai.com/gptbot)"
74.7.241.58 - - [31/Jul/2026:07:06:15 +0000] "GET /index.php?loknya=/proc/2371841/ns HTTP/1.1" 200 1945 "https://greenestate.com.bd/index.php?loknya=/proc/2371841" "Mozilla/5.0 AppleWebKit/537.36 (KHTML, like Gecko; compatible; GPTBot/1.4; +https://openai.com/gptbot)"
217.182.139.33 - - [31/Jul/2026:07:06:15 +0000] "GET /2026/07/30/%CF%83%CF%8D%CE%BD%CE%B4%CE%B5%CF%83%CE%B7-casombie-casino-%CF%84%CE%B1%CF%87%CF%8D%CF%84%CE%B1%CF%84%CE%B7-%CE%BA%CE%B1%CE%B9-%CE%B1%CF%83%CF%86%CE%B1%CE%BB%CE%AE%CF%82/?lokasie=/var/www/php/green-estate-prod/wp-load.php&loknya=/var/www/php/green-estate-prod HTTP/1.1" 200 3472 "-" "Mozilla/5.0 (compatible; MJ12bot/v1.4.8; http://mj12bot.com/)"
74.7.241.58 - - [31/Jul/2026:07:06:16 +0000] "GET /index.php?loknya=/proc/2246795/fd HTTP/1.1" 200 1946 "https://greenestate.com.bd/index.php?loknya=/proc/2246795" "Mozilla/5.0 AppleWebKit/537.36 (KHTML, like Gecko; compatible; GPTBot/1.4; +https://openai.com/gptbot)"
74.7.241.58 - - [31/Jul/2026:07:06:16 +0000] "GET /index.php?loknya=/proc/1161/attr HTTP/1.1" 200 2577 "https://greenestate.com.bd/index.php?loknya=/proc/1161" "Mozilla/5.0 AppleWebKit/537.36 (KHTML, like Gecko; compatible; GPTBot/1.4; +https://openai.com/gptbot)"
74.7.241.58 - - [31/Jul/2026:07:06:17 +0000] "GET /index.php?loknya=/proc/2280701 HTTP/1.1" 200 4421 "https://greenestate.com.bd/index.php?loknya=/proc" "Mozilla/5.0 AppleWebKit/537.36 (KHTML, like Gecko; compatible; GPTBot/1.4; +https://openai.com/gptbot)"
217.182.139.33 - - [31/Jul/2026:07:06:17 +0000] "GET /2026/07/30/how-do-i-claim-a-uk-no-deposit-bonus-code/ HTTP/1.1" 200 3339 "-" "Mozilla/5.0 (compatible; MJ12bot/v1.4.8; http://mj12bot.com/)"
74.7.241.58 - - [31/Jul/2026:07:06:17 +0000] "GET /index.php?loknya=/proc/2280738 HTTP/1.1" 200 4454 "https://greenestate.com.bd/index.php?loknya=/proc" "Mozilla/5.0 AppleWebKit/537.36 (KHTML, like Gecko; compatible; GPTBot/1.4; +https://openai.com/gptbot)"
74.7.241.58 - - [31/Jul/2026:07:06:18 +0000] "GET /index.php?loknya=/proc/2280839 HTTP/1.1" 200 4511 "https://greenestate.com.bd/index.php?loknya=/proc" "Mozilla/5.0 AppleWebKit/537.36 (KHTML, like Gecko; compatible; GPTBot/1.4; +https://openai.com/gptbot)"
217.182.139.33 - - [31/Jul/2026:07:06:18 +0000] "GET /2026/07/30/how-to-check-if-uk-online-casinos-are-fair-and-trustworthy/ HTTP/1.1" 200 3339 "-" "Mozilla/5.0 (compatible; MJ12bot/v1.4.8; http://mj12bot.com/)"
74.7.241.58 - - [31/Jul/2026:07:06:18 +0000] "GET /index.php?loknya=/proc/2280910 HTTP/1.1" 200 4631 "https://greenestate.com.bd/index.php?loknya=/proc" "Mozilla/5.0 AppleWebKit/537.36 (KHTML, like Gecko; compatible; GPTBot/1.4; +https://openai.com/gptbot)"
74.7.241.58 - - [31/Jul/2026:07:06:19 +0000] "GET /index.php?loknya=/proc/2372264 HTTP/1.1" 200 4420 "https://greenestate.com.bd/index.php?loknya=/proc" "Mozilla/5.0 AppleWebKit/537.36 (KHTML, like Gecko; compatible; GPTBot/1.4; +https://openai.com/gptbot)"
74.7.241.58 - - [31/Jul/2026:07:06:19 +0000] "GET /index.php?loknya=/proc/2280696 HTTP/1.1" 200 4441 "https://greenestate.com.bd/index.php?loknya=/proc" "Mozilla/5.0 AppleWebKit/537.36 (KHTML, like Gecko; compatible; GPTBot/1.4; +https://openai.com/gptbot)"
217.182.139.33 - - [31/Jul/2026:07:06:20 +0000] "GET /2026/07/30/mostbet-az-bukmeker-ve-kazino-mostbet-giris-r-smi-sayt/ HTTP/1.1" 200 3339 "-" "Mozilla/5.0 (compatible; MJ12bot/v1.4.8; http://mj12bot.com/)"
74.7.241.58 - - [31/Jul/2026:07:06:20 +0000] "GET /index.php?loknya=/proc/2280665 HTTP/1.1" 200 4424 "https://greenestate.com.bd/index.php?loknya=/proc" "Mozilla/5.0 AppleWebKit/537.36 (KHTML, like Gecko; compatible; GPTBot/1.4; +https://openai.com/gptbot)"
74.7.241.58 - - [31/Jul/2026:07:06:20 +0000] "GET /index.php?loknya=/proc/2246823 HTTP/1.1" 200 4428 "https://greenestate.com.bd/index.php?loknya=/proc" "Mozilla/5.0 AppleWebKit/537.36 (KHTML, like Gecko; compatible; GPTBot/1.4; +https://openai.com/gptbot)"
74.7.241.58 - - [31/Jul/2026:07:06:21 +0000] "GET /index.php?loknya=/proc/2371392 HTTP/1.1" 200 4409 "https://greenestate.com.bd/index.php?loknya=/proc" "Mozilla/5.0 AppleWebKit/537.36 (KHTML, like Gecko; compatible; GPTBot/1.4; +https://openai.com/gptbot)"
217.182.139.33 - - [31/Jul/2026:07:06:21 +0000] "GET /2026/07/30/summary-of-payments-from-a-mobile-phone-to-an-online-casino-in-the-uk/ HTTP/1.1" 200 3339 "-" "Mozilla/5.0 (compatible; MJ12bot/v1.4.8; http://mj12bot.com/)"
74.7.241.58 - - [31/Jul/2026:07:06:21 +0000] "GET /index.php?loknya=/proc/2280742 HTTP/1.1" 200 4550 "https://greenestate.com.bd/index.php?loknya=/proc" "Mozilla/5.0 AppleWebKit/537.36 (KHTML, like Gecko; compatible; GPTBot/1.4; +https://openai.com/gptbot)"
74.7.241.58 - - [31/Jul/2026:07:06:22 +0000] "GET /index.php?loknya=/proc/2362685 HTTP/1.1" 200 4447 "https://greenestate.com.bd/index.php?loknya=/proc" "Mozilla/5.0 AppleWebKit/537.36 (KHTML, like Gecko; compatible; GPTBot/1.4; +https://openai.com/gptbot)"
74.7.241.58 - - [31/Jul/2026:07:06:23 +0000] "GET /index.php?loknya=/proc/2280690 HTTP/1.1" 200 4479 "https://greenestate.com.bd/index.php?loknya=/proc" "Mozilla/5.0 AppleWebKit/537.36 (KHTML, like Gecko; compatible; GPTBot/1.4; +https://openai.com/gptbot)"
217.182.139.33 - - [31/Jul/2026:07:06:23 +0000] "GET /2026/07/30/what-makes-a-digital-gambling-platform-reliable-and-safe-to-use/ HTTP/1.1" 200 3339 "-" "Mozilla/5.0 (compatible; MJ12bot/v1.4.8; http://mj12bot.com/)"
