66.249.74.34 - - [31/Jul/2026:03:40:31 +0000] "GET /2026/07/29/jak-se-zaregistrovat-na-bezpecnem-zahranicnim-casinu-securely/ HTTP/1.1" 200 15439 "-" "Mozilla/5.0 (Linux; Android 6.0.1; Nexus 5X Build/MMB29P) AppleWebKit/537.36 (KHTML, like Gecko) Chrome/150.0.7871.186 Mobile Safari/537.36 (compatible; GoogleOther)"
5.235.243.43 - - [31/Jul/2026:03:41:09 +0000] "POST / HTTP/1.1" 200 20439 "-" "Go-http-client/1.1"
10.10.0.2 - - [31/Jul/2026:03:42:05 +0000] "POST /wp-cron.php?doing_wp_cron=1785469325.8528211116790771484375 HTTP/1.1" 200 31 "-" "WordPress/6.9.4; https://greenestate.com.bd"
109.75.49.241 - - [31/Jul/2026:03:42:05 +0000] "POST / HTTP/1.1" 200 20439 "-" "Go-http-client/1.1"
10.10.0.2 - - [31/Jul/2026:03:42:29 +0000] "POST /wp-cron.php?doing_wp_cron=1785469348.9875440597534179687500 HTTP/1.1" 200 31 "-" "WordPress/6.9.4; https://greenestate.com.bd"
82.194.41.58 - - [31/Jul/2026:03:42:29 +0000] "GET / HTTP/1.1" 200 84082 "-" "Mozilla/5.0 (Windows NT 10.0; Win64; x64) AppleWebKit/537.36 (KHTML, like Gecko) Chrome/124.0 Safari/537.36"
116.105.174.237 - - [31/Jul/2026:03:42:33 +0000] "GET / HTTP/1.1" 200 84098 "-" "Mozilla/5.0 (compatible; Googlebot/2.1; +http://www.google.com/bot.html)"
47.147.16.144 - - [31/Jul/2026:03:42:36 +0000] "GET / HTTP/1.1" 200 84082 "-" "Mozilla/5.0 (compatible; bingbot/2.0; +http://www.bing.com/bingbot.htm)"
178.152.95.64 - - [31/Jul/2026:03:42:39 +0000] "GET / HTTP/1.1" 200 84097 "-" "Mozilla/5.0 (iPhone; CPU iPhone OS 16_0 like Mac OS X) AppleWebKit/605.1.15 (KHTML, like Gecko) Version/16.0 Mobile/15E148 Safari/604.1"
85.208.96.203 - - [31/Jul/2026:03:42:42 +0000] "GET /projects/mixed-use-development/ HTTP/1.1" 301 5 "-" "Mozilla/5.0 (compatible; SemrushBot/7~bl; +http://www.semrush.com/bot.html)"
187.108.1.142 - - [31/Jul/2026:03:43:13 +0000] "GET / HTTP/1.0" 301 178 "-" "ivre-masscan/1.3 https://github.com/robertdavidgraham/"
4.232.188.49 - - [31/Jul/2026:03:43:13 +0000] "GET /wp-content/plugins/hellopress/wp_filemanager.php HTTP/1.1" 301 178 "-" "-"
4.232.188.49 - - [31/Jul/2026:03:43:15 +0000] "GET /wp-content/plugins/hellopress/wp_filemanager.php HTTP/1.1" 404 162 "-" "-"
4.232.188.49 - - [31/Jul/2026:03:43:15 +0000] "GET /this_is_a_new_hello_world.php HTTP/1.1" 301 178 "-" "-"
4.232.188.49 - - [31/Jul/2026:03:43:16 +0000] "GET /this_is_a_new_hello_world.php HTTP/1.1" 404 162 "-" "-"
4.232.188.49 - - [31/Jul/2026:03:43:16 +0000] "GET /3PJcpMFsD8B.php HTTP/1.1" 301 178 "-" "-"
4.232.188.49 - - [31/Jul/2026:03:43:16 +0000] "GET /3PJcpMFsD8B.php HTTP/1.1" 404 162 "-" "-"
4.232.188.49 - - [31/Jul/2026:03:43:16 +0000] "GET /err.php HTTP/1.1" 301 178 "-" "-"
4.232.188.49 - - [31/Jul/2026:03:43:16 +0000] "GET /err.php HTTP/1.1" 404 162 "-" "-"
4.232.188.49 - - [31/Jul/2026:03:43:16 +0000] "GET /img.php HTTP/1.1" 301 178 "-" "-"
4.232.188.49 - - [31/Jul/2026:03:43:16 +0000] "GET /img.php HTTP/1.1" 404 162 "-" "-"
4.232.188.49 - - [31/Jul/2026:03:43:16 +0000] "GET //aa.php HTTP/1.1" 301 178 "-" "-"
4.232.188.49 - - [31/Jul/2026:03:43:17 +0000] "GET //aa.php HTTP/1.1" 404 162 "-" "-"
4.232.188.49 - - [31/Jul/2026:03:43:17 +0000] "GET //av.php HTTP/1.1" 301 178 "-" "-"
4.232.188.49 - - [31/Jul/2026:03:43:17 +0000] "GET //av.php HTTP/1.1" 404 162 "-" "-"
4.232.188.49 - - [31/Jul/2026:03:43:18 +0000] "GET /xa.php HTTP/1.1" 301 178 "-" "-"
4.232.188.49 - - [31/Jul/2026:03:43:18 +0000] "GET /xa.php HTTP/1.1" 404 162 "-" "-"
4.232.188.49 - - [31/Jul/2026:03:43:18 +0000] "GET /media.php HTTP/1.1" 301 178 "-" "-"
4.232.188.49 - - [31/Jul/2026:03:43:18 +0000] "GET /media.php HTTP/1.1" 404 162 "-" "-"
4.232.188.49 - - [31/Jul/2026:03:43:18 +0000] "GET /images.php HTTP/1.1" 301 178 "-" "-"
4.232.188.49 - - [31/Jul/2026:03:43:18 +0000] "GET /images.php HTTP/1.1" 404 162 "-" "-"
4.232.188.49 - - [31/Jul/2026:03:43:18 +0000] "GET /gecko.php HTTP/1.1" 301 178 "-" "-"
4.232.188.49 - - [31/Jul/2026:03:43:18 +0000] "GET /gecko.php HTTP/1.1" 404 162 "-" "-"
4.232.188.49 - - [31/Jul/2026:03:43:18 +0000] "GET /82.php HTTP/1.1" 301 178 "-" "-"
4.232.188.49 - - [31/Jul/2026:03:43:19 +0000] "GET /82.php HTTP/1.1" 404 162 "-" "-"
4.232.188.49 - - [31/Jul/2026:03:43:19 +0000] "GET /xstelth.php HTTP/1.1" 301 178 "-" "-"
4.232.188.49 - - [31/Jul/2026:03:43:19 +0000] "GET /xstelth.php HTTP/1.1" 404 162 "-" "-"
4.232.188.49 - - [31/Jul/2026:03:43:19 +0000] "GET /xp.php HTTP/1.1" 301 178 "-" "-"
4.232.188.49 - - [31/Jul/2026:03:43:19 +0000] "GET /xp.php HTTP/1.1" 404 162 "-" "-"
4.232.188.49 - - [31/Jul/2026:03:43:19 +0000] "GET ///admin.php HTTP/1.1" 301 178 "-" "-"
4.232.188.49 - - [31/Jul/2026:03:43:19 +0000] "GET ///admin.php HTTP/1.1" 404 162 "-" "-"
4.232.188.49 - - [31/Jul/2026:03:43:19 +0000] "GET /adminner.php HTTP/1.1" 301 178 "-" "-"
4.232.188.49 - - [31/Jul/2026:03:43:19 +0000] "GET /adminner.php HTTP/1.1" 404 162 "-" "-"
4.232.188.49 - - [31/Jul/2026:03:43:19 +0000] "GET //a.php HTTP/1.1" 301 178 "-" "-"
4.232.188.49 - - [31/Jul/2026:03:43:20 +0000] "GET //a.php HTTP/1.1" 404 162 "-" "-"
4.232.188.49 - - [31/Jul/2026:03:43:20 +0000] "GET /k.php HTTP/1.1" 301 178 "-" "-"
4.232.188.49 - - [31/Jul/2026:03:43:20 +0000] "GET /k.php HTTP/1.1" 404 162 "-" "-"
4.232.188.49 - - [31/Jul/2026:03:43:20 +0000] "GET /222.php HTTP/1.1" 301 178 "-" "-"
4.232.188.49 - - [31/Jul/2026:03:43:20 +0000] "GET /222.php HTTP/1.1" 404 162 "-" "-"
4.232.188.49 - - [31/Jul/2026:03:43:20 +0000] "GET /mac.php HTTP/1.1" 301 178 "-" "-"
4.232.188.49 - - [31/Jul/2026:03:43:20 +0000] "GET /mac.php HTTP/1.1" 404 162 "-" "-"
4.232.188.49 - - [31/Jul/2026:03:43:20 +0000] "GET /wp-content/uploads/ HTTP/1.1" 301 178 "-" "-"
4.232.188.49 - - [31/Jul/2026:03:43:20 +0000] "GET /wp-content/uploads/ HTTP/1.1" 403 162 "-" "-"
4.232.188.49 - - [31/Jul/2026:03:43:21 +0000] "GET /wp-includes/Text/ HTTP/1.1" 301 178 "-" "-"
4.232.188.49 - - [31/Jul/2026:03:43:21 +0000] "GET /wp-includes/Text/ HTTP/1.1" 403 162 "-" "-"
4.232.188.49 - - [31/Jul/2026:03:43:21 +0000] "GET /ops.php HTTP/1.1" 301 178 "-" "-"
4.232.188.49 - - [31/Jul/2026:03:43:21 +0000] "GET /ops.php HTTP/1.1" 404 162 "-" "-"
4.232.188.49 - - [31/Jul/2026:03:43:21 +0000] "GET /8.php HTTP/1.1" 301 178 "-" "-"
4.232.188.49 - - [31/Jul/2026:03:43:21 +0000] "GET /8.php HTTP/1.1" 404 162 "-" "-"
4.232.188.49 - - [31/Jul/2026:03:43:21 +0000] "GET /FWAZ.php HTTP/1.1" 301 178 "-" "-"
4.232.188.49 - - [31/Jul/2026:03:43:21 +0000] "GET /FWAZ.php HTTP/1.1" 404 162 "-" "-"
4.232.188.49 - - [31/Jul/2026:03:43:21 +0000] "GET /biufile.php HTTP/1.1" 301 178 "-" "-"
4.232.188.49 - - [31/Jul/2026:03:43:22 +0000] "GET /biufile.php HTTP/1.1" 404 162 "-" "-"
4.232.188.49 - - [31/Jul/2026:03:43:22 +0000] "GET /coffexium.php HTTP/1.1" 301 178 "-" "-"
4.232.188.49 - - [31/Jul/2026:03:43:22 +0000] "GET /coffexium.php HTTP/1.1" 404 162 "-" "-"
4.232.188.49 - - [31/Jul/2026:03:43:22 +0000] "GET /simple.php HTTP/1.1" 301 178 "-" "-"
4.232.188.49 - - [31/Jul/2026:03:43:22 +0000] "GET /simple.php HTTP/1.1" 404 162 "-" "-"
4.232.188.49 - - [31/Jul/2026:03:43:22 +0000] "GET /fpwch.php HTTP/1.1" 301 178 "-" "-"
4.232.188.49 - - [31/Jul/2026:03:43:22 +0000] "GET /fpwch.php HTTP/1.1" 404 162 "-" "-"
4.232.188.49 - - [31/Jul/2026:03:43:23 +0000] "GET /dex.php HTTP/1.1" 301 178 "-" "-"
4.232.188.49 - - [31/Jul/2026:03:43:23 +0000] "GET /dex.php HTTP/1.1" 404 162 "-" "-"
4.232.188.49 - - [31/Jul/2026:03:43:23 +0000] "GET /1.php HTTP/1.1" 301 178 "-" "-"
4.232.188.49 - - [31/Jul/2026:03:43:23 +0000] "GET /1.php HTTP/1.1" 404 162 "-" "-"
4.232.188.49 - - [31/Jul/2026:03:43:23 +0000] "GET /wp-admin/css/colors/modern/ HTTP/1.1" 301 178 "-" "-"
4.232.188.49 - - [31/Jul/2026:03:43:36 +0000] "GET /wp-admin/css/colors/modern/ HTTP/1.1" 403 162 "-" "-"
4.232.188.49 - - [31/Jul/2026:03:43:36 +0000] "GET /config.json.php HTTP/1.1" 301 178 "-" "-"
4.232.188.49 - - [31/Jul/2026:03:43:36 +0000] "GET /config.json.php HTTP/1.1" 404 162 "-" "-"
4.232.188.49 - - [31/Jul/2026:03:43:36 +0000] "GET /k2.php HTTP/1.1" 301 178 "-" "-"
4.232.188.49 - - [31/Jul/2026:03:43:36 +0000] "GET /k2.php HTTP/1.1" 404 162 "-" "-"
4.232.188.49 - - [31/Jul/2026:03:43:36 +0000] "GET /raw.php HTTP/1.1" 301 178 "-" "-"
4.232.188.49 - - [31/Jul/2026:03:43:37 +0000] "GET /raw.php HTTP/1.1" 404 162 "-" "-"
4.232.188.49 - - [31/Jul/2026:03:43:37 +0000] "GET //wp.php? HTTP/1.1" 301 178 "-" "-"
4.232.188.49 - - [31/Jul/2026:03:43:37 +0000] "GET //wp.php? HTTP/1.1" 404 162 "-" "-"
4.232.188.49 - - [31/Jul/2026:03:43:37 +0000] "GET /fffm.php?p= HTTP/1.1" 301 178 "-" "-"
4.232.188.49 - - [31/Jul/2026:03:43:37 +0000] "GET /fffm.php?p= HTTP/1.1" 404 162 "-" "-"
4.232.188.49 - - [31/Jul/2026:03:43:37 +0000] "GET /111.php HTTP/1.1" 301 178 "-" "-"
4.232.188.49 - - [31/Jul/2026:03:43:37 +0000] "GET /111.php HTTP/1.1" 404 162 "-" "-"
4.232.188.49 - - [31/Jul/2026:03:43:37 +0000] "GET //wp-includes/Requests/ HTTP/1.1" 301 178 "-" "-"
4.232.188.49 - - [31/Jul/2026:03:43:37 +0000] "GET //wp-includes/Requests/ HTTP/1.1" 403 162 "-" "-"
4.232.188.49 - - [31/Jul/2026:03:43:37 +0000] "GET /ws.php HTTP/1.1" 301 178 "-" "-"
4.232.188.49 - - [31/Jul/2026:03:43:38 +0000] "GET /ws.php HTTP/1.1" 404 162 "-" "-"
4.232.188.49 - - [31/Jul/2026:03:43:38 +0000] "GET ///coffee.php HTTP/1.1" 301 178 "-" "-"
4.232.188.49 - - [31/Jul/2026:03:43:38 +0000] "GET ///coffee.php HTTP/1.1" 404 162 "-" "-"
4.232.188.49 - - [31/Jul/2026:03:43:38 +0000] "GET /goods.php HTTP/1.1" 301 178 "-" "-"
4.232.188.49 - - [31/Jul/2026:03:43:38 +0000] "GET /goods.php HTTP/1.1" 404 162 "-" "-"
4.232.188.49 - - [31/Jul/2026:03:43:38 +0000] "GET /about.php? HTTP/1.1" 301 178 "-" "-"
4.232.188.49 - - [31/Jul/2026:03:43:38 +0000] "GET /about.php? HTTP/1.1" 404 162 "-" "-"
4.232.188.49 - - [31/Jul/2026:03:43:38 +0000] "GET /about.php HTTP/1.1" 301 178 "-" "-"
4.232.188.49 - - [31/Jul/2026:03:43:38 +0000] "GET /about.php HTTP/1.1" 404 162 "-" "-"
4.232.188.49 - - [31/Jul/2026:03:43:38 +0000] "GET /admin.php HTTP/1.1" 301 178 "-" "-"
4.232.188.49 - - [31/Jul/2026:03:43:39 +0000] "GET /admin.php HTTP/1.1" 404 162 "-" "-"
4.232.188.49 - - [31/Jul/2026:03:43:39 +0000] "GET /inputs.php? HTTP/1.1" 301 178 "-" "-"
4.232.188.49 - - [31/Jul/2026:03:43:39 +0000] "GET /inputs.php? HTTP/1.1" 404 162 "-" "-"
4.232.188.49 - - [31/Jul/2026:03:43:39 +0000] "GET /inputs.php HTTP/1.1" 301 178 "-" "-"
4.232.188.49 - - [31/Jul/2026:03:43:39 +0000] "GET /inputs.php HTTP/1.1" 404 162 "-" "-"
4.232.188.49 - - [31/Jul/2026:03:43:39 +0000] "GET //adminfuns.php HTTP/1.1" 301 178 "-" "-"
4.232.188.49 - - [31/Jul/2026:03:43:39 +0000] "GET //adminfuns.php HTTP/1.1" 404 162 "-" "-"
4.232.188.49 - - [31/Jul/2026:03:43:39 +0000] "GET /404.php?p= HTTP/1.1" 301 178 "-" "-"
4.232.188.49 - - [31/Jul/2026:03:43:39 +0000] "GET /404.php?p= HTTP/1.1" 404 162 "-" "-"
4.232.188.49 - - [31/Jul/2026:03:43:39 +0000] "GET /xxx.php HTTP/1.1" 301 178 "-" "-"
4.232.188.49 - - [31/Jul/2026:03:43:40 +0000] "GET /xxx.php HTTP/1.1" 404 162 "-" "-"
4.232.188.49 - - [31/Jul/2026:03:43:40 +0000] "GET /classwithtostring.php?p= HTTP/1.1" 301 178 "-" "-"
4.232.188.49 - - [31/Jul/2026:03:43:40 +0000] "GET /classwithtostring.php?p= HTTP/1.1" 404 162 "-" "-"
4.232.188.49 - - [31/Jul/2026:03:43:40 +0000] "GET /234ff.php HTTP/1.1" 301 178 "-" "-"
4.232.188.49 - - [31/Jul/2026:03:43:41 +0000] "GET /234ff.php HTTP/1.1" 404 162 "-" "-"
4.232.188.49 - - [31/Jul/2026:03:43:41 +0000] "GET ///133.php HTTP/1.1" 301 178 "-" "-"
4.232.188.49 - - [31/Jul/2026:03:43:41 +0000] "GET ///133.php HTTP/1.1" 404 162 "-" "-"
4.232.188.49 - - [31/Jul/2026:03:43:41 +0000] "GET /wp-ws68.php?p= HTTP/1.1" 301 178 "-" "-"
4.232.188.49 - - [31/Jul/2026:03:43:41 +0000] "GET /wp-ws68.php?p= HTTP/1.1" 404 162 "-" "-"
4.232.188.49 - - [31/Jul/2026:03:43:42 +0000] "GET /mgrr.php HTTP/1.1" 301 178 "-" "-"
4.232.188.49 - - [31/Jul/2026:03:43:42 +0000] "GET /mgrr.php HTTP/1.1" 404 162 "-" "-"
4.232.188.49 - - [31/Jul/2026:03:43:43 +0000] "GET /55.php?p= HTTP/1.1" 301 178 "-" "-"
4.232.188.49 - - [31/Jul/2026:03:43:43 +0000] "GET /55.php?p= HTTP/1.1" 404 162 "-" "-"
4.232.188.49 - - [31/Jul/2026:03:43:43 +0000] "GET /asd.php HTTP/1.1" 301 178 "-" "-"
4.232.188.49 - - [31/Jul/2026:03:43:43 +0000] "GET /asd.php HTTP/1.1" 404 162 "-" "-"
4.232.188.49 - - [31/Jul/2026:03:43:44 +0000] "GET /ajax.php HTTP/1.1" 301 178 "-" "-"
4.232.188.49 - - [31/Jul/2026:03:43:44 +0000] "GET /ajax.php HTTP/1.1" 404 162 "-" "-"
4.232.188.49 - - [31/Jul/2026:03:43:44 +0000] "GET /yj09.php HTTP/1.1" 301 178 "-" "-"
4.232.188.49 - - [31/Jul/2026:03:43:44 +0000] "GET /yj09.php HTTP/1.1" 404 162 "-" "-"
10.10.0.2 - - [31/Jul/2026:03:45:44 +0000] "POST /wp-cron.php?doing_wp_cron=1785469544.6557779312133789062500 HTTP/1.1" 200 31 "-" "WordPress/6.9.4; https://greenestate.com.bd"
185.191.171.10 - - [31/Jul/2026:03:45:44 +0000] "GET /2026/07/30/decouvrez-le-monde-fascinant-de-justbit-casino-et-ses-atouts-en-crypto-copy/ HTTP/1.1" 200 15245 "-" "Mozilla/5.0 (compatible; SemrushBot/7~bl; +http://www.semrush.com/bot.html)"
171.95.210.199 - - [31/Jul/2026:03:46:05 +0000] "GET / HTTP/1.1" 301 178 "-" "Mozilla/5.0 (Windows NT 10.0; Win64; x64) AppleWebKit/537.36 (KHTML, like Gecko) Chrome/89.0.4389.90 Safari/537.36"
171.95.210.199 - - [31/Jul/2026:03:46:06 +0000] "GET / HTTP/1.1" 200 52980 "-" "Mozilla/5.0 (Windows NT 10.0; Win64; x64) AppleWebKit/537.36 (KHTML, like Gecko) Chrome/89.0.4389.90 Safari/537.36"
95.214.211.40 - - [31/Jul/2026:03:46:33 +0000] "PRI * HTTP/2.0" 400 166 "-" "-"
62.89.209.157 - - [31/Jul/2026:03:46:35 +0000] "POST / HTTP/1.1" 404 134 "-" "-"
10.10.0.2 - - [31/Jul/2026:03:47:05 +0000] "POST /wp-cron.php?doing_wp_cron=1785469625.8639380931854248046875 HTTP/1.1" 200 31 "-" "WordPress/6.9.4; https://greenestate.com.bd"
66.249.74.34 - - [31/Jul/2026:03:47:05 +0000] "GET /2026/07/30/unveiling-the-secrets-of-roman-casino-experiences-to-elevate-your-play/ HTTP/1.1" 200 16412 "-" "Mozilla/5.0 (Linux; Android 6.0.1; Nexus 5X Build/MMB29P) AppleWebKit/537.36 (KHTML, like Gecko) Chrome/150.0.7871.186 Mobile Safari/537.36 (compatible; GoogleOther)"
66.249.74.34 - - [31/Jul/2026:03:47:08 +0000] "GET /2026/07/29/podrobny-pruvodce-sazenim-na-spinbetter/ HTTP/1.1" 200 16280 "-" "Mozilla/5.0 (Linux; Android 6.0.1; Nexus 5X Build/MMB29P) AppleWebKit/537.36 (KHTML, like Gecko) Chrome/150.0.7871.186 Mobile Safari/537.36 (compatible; GoogleOther)"
87.253.38.223 - - [31/Jul/2026:03:47:43 +0000] "POST ////////////////////////////////////////////////////////////////////////////////////////////////////////////////////////////////////////////////////////////////////////////////////////////////////////////////////////////////////////////////////////////////////////////////////////////////////////////////////////////////////////////////////////////////////////////////////////////////////////////////////////////////////////////////////////////////////////////////////////////////////////////////////////////////////////////////////////////////////////////////////////////////////////////////////////////////////////////////////////////////////////////////////////////////////////////////////////////////////////////////////////////////////////////////////////////////////////////////////////////////////////////////////////////////////////////////////////////////////////////////////////////////////////////////////////////////////////////////////////////////////////////////////////////////////////////////////////////////////////////////////////////////////////////////////////////////////////////////////////////////////////////////////////////////////////////////////////////////////////////////////////////////////////////////////////////////////////////////////////////////////////////////////////////////////////////////////////////////////////////////////////////////////////////////////////////////////////////////////////// HTTP/1.1" 404 134 "-" "-"
81.196.20.141 - - [31/Jul/2026:03:47:58 +0000] "GET / HTTP/1.1" 200 18953 "-" "Mozilla/5.0 (Windows NT 10.0; Win64; x64) AppleWebKit/537.36 (KHTML, like Gecko) Chrome/124.0.0.0 Safari/537.36"
10.10.0.2 - - [31/Jul/2026:03:48:20 +0000] "POST /wp-cron.php?doing_wp_cron=1785469700.3795080184936523437500 HTTP/1.1" 200 31 "-" "WordPress/6.9.4; https://greenestate.com.bd"
49.51.203.164 - - [31/Jul/2026:03:48:20 +0000] "GET /category/bizzo-casino/ HTTP/1.1" 200 14885 "-" "Mozilla/5.0 (iPhone; CPU iPhone OS 13_2_3 like Mac OS X) AppleWebKit/605.1.15 (KHTML, like Gecko) Version/13.0.3 Mobile/15E148 Safari/604.1"
10.10.0.2 - - [31/Jul/2026:03:49:42 +0000] "POST /wp-cron.php?doing_wp_cron=1785469782.1004650592803955078125 HTTP/1.1" 200 31 "-" "WordPress/6.9.4; https://greenestate.com.bd"
66.249.74.34 - - [31/Jul/2026:03:49:42 +0000] "GET /2026/03/28/goldex-casinos-reputation-trust-and-fair-play-explained/feed/ HTTP/1.1" 200 910 "-" "Mozilla/5.0 (Linux; Android 6.0.1; Nexus 5X Build/MMB29P) AppleWebKit/537.36 (KHTML, like Gecko) Chrome/150.0.7871.186 Mobile Safari/537.36 (compatible; GoogleOther)"
66.249.74.35 - - [31/Jul/2026:03:49:44 +0000] "GET /2026/07/29/community-feedback-on-the-best-australian-payid-casino-sites-a-deep-dive-into-jackpot-city-casino/ HTTP/1.1" 200 15996 "-" "Mozilla/5.0 (Linux; Android 6.0.1; Nexus 5X Build/MMB29P) AppleWebKit/537.36 (KHTML, like Gecko) Chrome/150.0.7871.186 Mobile Safari/537.36 (compatible; GoogleOther)"
51.120.79.193 - - [31/Jul/2026:03:50:30 +0000] "GET /wp-content/plugins/hellopress/wp_filemanager.php HTTP/1.1" 404 162 "-" "-"
51.120.79.193 - - [31/Jul/2026:03:50:30 +0000] "GET /this_is_a_new_hello_world.php HTTP/1.1" 404 162 "-" "-"
51.120.79.193 - - [31/Jul/2026:03:50:30 +0000] "GET /3PJcpMFsD8B.php HTTP/1.1" 404 162 "-" "-"
51.120.79.193 - - [31/Jul/2026:03:50:30 +0000] "GET /media.php HTTP/1.1" 404 162 "-" "-"
51.120.79.193 - - [31/Jul/2026:03:50:31 +0000] "GET /images.php HTTP/1.1" 404 162 "-" "-"
51.120.79.193 - - [31/Jul/2026:03:50:31 +0000] "GET /adminner.php HTTP/1.1" 404 162 "-" "-"
51.120.79.193 - - [31/Jul/2026:03:50:31 +0000] "GET ///admin.php HTTP/1.1" 404 162 "-" "-"
51.120.79.193 - - [31/Jul/2026:03:50:31 +0000] "GET /ops.php HTTP/1.1" 404 162 "-" "-"
51.120.79.193 - - [31/Jul/2026:03:50:31 +0000] "GET /mac.php HTTP/1.1" 404 162 "-" "-"
51.120.79.193 - - [31/Jul/2026:03:50:31 +0000] "GET /wp-admin/css/colors/modern/ HTTP/1.1" 404 162 "-" "-"
51.120.79.193 - - [31/Jul/2026:03:50:32 +0000] "GET /pucci.php HTTP/1.1" 404 162 "-" "-"
51.120.79.193 - - [31/Jul/2026:03:50:32 +0000] "GET //wp-admin/js/index.php HTTP/1.1" 404 162 "-" "-"
51.120.79.193 - - [31/Jul/2026:03:50:32 +0000] "GET /8.php HTTP/1.1" 404 162 "-" "-"
51.120.79.193 - - [31/Jul/2026:03:50:32 +0000] "GET /1.php HTTP/1.1" 404 162 "-" "-"
51.120.79.193 - - [31/Jul/2026:03:50:32 +0000] "GET /wp-content/admin.php HTTP/1.1" 404 162 "-" "-"
51.120.79.193 - - [31/Jul/2026:03:50:32 +0000] "GET /wp-content/themes/index.php HTTP/1.1" 404 162 "-" "-"
51.120.79.193 - - [31/Jul/2026:03:50:32 +0000] "GET /222.php HTTP/1.1" 404 162 "-" "-"
51.120.79.193 - - [31/Jul/2026:03:50:32 +0000] "GET //cgi-bin/index.php HTTP/1.1" 404 162 "-" "-"
51.120.79.193 - - [31/Jul/2026:03:50:32 +0000] "GET //wp-includes/css/dist/ HTTP/1.1" 404 162 "-" "-"
51.120.79.193 - - [31/Jul/2026:03:50:33 +0000] "GET //wp-includes/l10n/ HTTP/1.1" 404 162 "-" "-"
51.120.79.193 - - [31/Jul/2026:03:50:33 +0000] "GET /wp-content/uploads/ HTTP/1.1" 404 162 "-" "-"
51.120.79.193 - - [31/Jul/2026:03:50:33 +0000] "GET /raw.php HTTP/1.1" 404 162 "-" "-"
51.120.79.193 - - [31/Jul/2026:03:50:33 +0000] "GET /wp-content/ HTTP/1.1" 404 162 "-" "-"
51.120.79.193 - - [31/Jul/2026:03:50:33 +0000] "GET /simple.php HTTP/1.1" 404 162 "-" "-"
51.120.79.193 - - [31/Jul/2026:03:50:33 +0000] "GET /xxx.php HTTP/1.1" 404 162 "-" "-"
51.120.79.193 - - [31/Jul/2026:03:50:33 +0000] "GET /file.php? HTTP/1.1" 404 162 "-" "-"
51.120.79.193 - - [31/Jul/2026:03:50:33 +0000] "GET /wp-load.php HTTP/1.1" 404 162 "-" "-"
51.120.79.193 - - [31/Jul/2026:03:50:33 +0000] "GET //wp-includes/assets/ HTTP/1.1" 404 162 "-" "-"
51.120.79.193 - - [31/Jul/2026:03:50:35 +0000] "GET /wp-admin/css/colors/sunrise/ HTTP/1.1" 404 162 "-" "-"
51.120.79.193 - - [31/Jul/2026:03:50:35 +0000] "GET /wp-admin/css/colors/midnight/about.php HTTP/1.1" 404 162 "-" "-"
51.120.79.193 - - [31/Jul/2026:03:50:35 +0000] "GET /a.php HTTP/1.1" 404 162 "-" "-"
51.120.79.193 - - [31/Jul/2026:03:50:35 +0000] "GET /4PJcpMFsD8B.php HTTP/1.1" 404 162 "-" "-"
51.120.79.193 - - [31/Jul/2026:03:50:35 +0000] "GET //aa.php HTTP/1.1" 404 162 "-" "-"
51.120.79.193 - - [31/Jul/2026:03:50:35 +0000] "GET /177.php HTTP/1.1" 404 162 "-" "-"
51.120.79.193 - - [31/Jul/2026:03:50:35 +0000] "GET /coffexium.php HTTP/1.1" 404 162 "-" "-"
51.120.79.193 - - [31/Jul/2026:03:50:35 +0000] "GET /fffm.php?p= HTTP/1.1" 404 162 "-" "-"
51.120.79.193 - - [31/Jul/2026:03:50:35 +0000] "GET /82.php HTTP/1.1" 404 162 "-" "-"
51.120.79.193 - - [31/Jul/2026:03:50:36 +0000] "GET /config.json.php HTTP/1.1" 404 162 "-" "-"
51.120.79.193 - - [31/Jul/2026:03:50:36 +0000] "GET /fpwch.php HTTP/1.1" 404 162 "-" "-"
51.120.79.193 - - [31/Jul/2026:03:50:36 +0000] "GET /xp.php HTTP/1.1" 404 162 "-" "-"
51.120.79.193 - - [31/Jul/2026:03:50:36 +0000] "GET /reop3.php?p= HTTP/1.1" 404 162 "-" "-"
51.120.79.193 - - [31/Jul/2026:03:50:36 +0000] "GET /wp-includes/Requests/ HTTP/1.1" 404 162 "-" "-"
51.120.79.193 - - [31/Jul/2026:03:50:36 +0000] "GET //wp.php? HTTP/1.1" 404 162 "-" "-"
51.120.79.193 - - [31/Jul/2026:03:50:37 +0000] "GET /dex.php HTTP/1.1" 404 162 "-" "-"
51.120.79.193 - - [31/Jul/2026:03:50:37 +0000] "GET /biufile.php HTTP/1.1" 404 162 "-" "-"
51.120.79.193 - - [31/Jul/2026:03:50:37 +0000] "GET /inputs.php? HTTP/1.1" 404 162 "-" "-"
51.120.79.193 - - [31/Jul/2026:03:50:37 +0000] "GET /inputs.php HTTP/1.1" 404 162 "-" "-"
51.120.79.193 - - [31/Jul/2026:03:50:37 +0000] "GET //adminfuns.php HTTP/1.1" 404 162 "-" "-"
51.120.79.193 - - [31/Jul/2026:03:50:38 +0000] "GET /goods.php HTTP/1.1" 404 162 "-" "-"
51.120.79.193 - - [31/Jul/2026:03:50:38 +0000] "GET /about.php? HTTP/1.1" 404 162 "-" "-"
51.120.79.193 - - [31/Jul/2026:03:50:38 +0000] "GET /about.php HTTP/1.1" 404 162 "-" "-"
51.120.79.193 - - [31/Jul/2026:03:50:38 +0000] "GET /admin.php HTTP/1.1" 404 162 "-" "-"
51.120.79.193 - - [31/Jul/2026:03:50:38 +0000] "GET /admin.php? HTTP/1.1" 404 162 "-" "-"
51.120.79.193 - - [31/Jul/2026:03:50:39 +0000] "GET /chosen.php? HTTP/1.1" 404 162 "-" "-"
37.215.13.71 - - [31/Jul/2026:03:50:43 +0000] "PRI * HTTP/2.0" 400 166 "-" "-"
10.10.0.2 - - [31/Jul/2026:03:50:55 +0000] "POST /wp-cron.php?doing_wp_cron=1785469855.0680410861968994140625 HTTP/1.1" 200 31 "-" "WordPress/6.9.4; https://greenestate.com.bd"
66.249.74.35 - - [31/Jul/2026:03:50:55 +0000] "GET /2026/07/29/jak-spojit-boomerangy-s-moderni-technologii-recenze-online-kasina-casinoboom/ HTTP/1.1" 200 15512 "-" "Mozilla/5.0 (Linux; Android 6.0.1; Nexus 5X Build/MMB29P) AppleWebKit/537.36 (KHTML, like Gecko) Chrome/150.0.7871.186 Mobile Safari/537.36 (compatible; GoogleOther)"
46.20.202.30 - - [31/Jul/2026:03:50:55 +0000] "POST / HTTP/1.1" 404 134 "-" "-"
173.252.95.115 - - [31/Jul/2026:03:51:40 +0000] "GET / HTTP/1.1" 200 52993 "-" "facebookexternalhit/1.1 (+http://www.facebook.com/externalhit_uatext.php)"
147.235.221.142 - - [31/Jul/2026:03:51:43 +0000] "POST ////////////////////////////////////////////////////////////////////////////////////////////////////////////////////////////////////////////////////////////////////////////////////////////////////////////////////////////////////////////////////////////////////////////////////////////////////////////////////////////////////////////////////////////////////////////////////////////////////////////////////////////////////////////////////////////////////////////////////////////////////////////////////////////////////////////////////////////////////////////////////////////////////////////////////////////////////////////////////////////////////////////////////////////////////////////////////////////////////////////////////////////////////////////////////////////////////////////////////////////////////////////////////////////////////////////////////////////////////////////////////////////////////////////////////////////////////////////////////////////////////////////////////////////////////////////////////////////////////////////////////////////////////////////////////////////////////////////////////////////////////////////////////////////////////////////////////////////////////////////////////////////////////////////////////////////////////////////////////////////////////////////////////////////////////////////////////////////////////////////////////////////////////////////////////////////////////////////////////////// HTTP/1.1" 404 162 "-" "-"
5.53.37.31 - - [31/Jul/2026:03:51:52 +0000] "POST / HTTP/1.1 " 400 166 "-" "-"
139.28.30.240 - - [31/Jul/2026:03:51:58 +0000] "POST / HTTP/1.1" 404 134 "-" "-"
45.79.5.11 - - [31/Jul/2026:03:52:05 +0000] "GET / HTTP/1.1" 400 264 "-" "Mozilla/5.0 zgrab/0.x"
45.33.14.197 - - [31/Jul/2026:03:52:08 +0000] "GET / HTTP/1.1" 404 134 "-" "Mozilla/5.0 zgrab/0.x"
2.183.128.29 - - [31/Jul/2026:03:52:24 +0000] "XZB / HTTP/1.1" 404 134 "-" "-"
86.57.24.221 - - [31/Jul/2026:03:52:54 +0000] "POST / HTTP/1.%1" 400 166 "-" "-"
10.10.0.2 - - [31/Jul/2026:03:53:23 +0000] "POST /wp-cron.php?doing_wp_cron=1785470003.6718060970306396484375 HTTP/1.1" 200 31 "-" "WordPress/6.9.4; https://greenestate.com.bd"
35.172.125.172 - - [31/Jul/2026:03:53:23 +0000] "GET /2026/07/30/zinkra-eesti-unistuste-maailm-ootab-avastamist-ja-mangu/ HTTP/1.1" 200 15044 "-" "Mozilla/5.0 AppleWebKit/537.36 (KHTML, like Gecko; compatible; Amazonbot/0.1; +https://developer.amazon.com/support/amazonbot) Chrome/119.0.6045.214 Safari/537.36"
10.10.0.2 - - [31/Jul/2026:03:53:29 +0000] "POST /wp-cron.php?doing_wp_cron=1785470009.5632369518280029296875 HTTP/1.1" 200 31 "-" "WordPress/6.9.4; https://greenestate.com.bd"
98.82.66.172 - - [31/Jul/2026:03:53:29 +0000] "GET /2026/07/30/best-online-casino-games-in-australia-your-guide-to-real-money-action/ HTTP/1.1" 200 15692 "-" "Mozilla/5.0 AppleWebKit/537.36 (KHTML, like Gecko; compatible; Amazonbot/0.1; +https://developer.amazon.com/support/amazonbot) Chrome/119.0.6045.214 Safari/537.36"
34.236.41.241 - - [31/Jul/2026:03:53:31 +0000] "GET /wp-login.php?action=lostpassword&redirect_to=https://greenestate.com.bd/2026/07/28/kako-ostati-obvescen-z-ivibet-stavnimi-nasveti/ HTTP/1.1" 200 1332 "-" "Mozilla/5.0 AppleWebKit/537.36 (KHTML, like Gecko; compatible; Amazonbot/0.1; +https://developer.amazon.com/support/amazonbot) Chrome/119.0.6045.214 Safari/537.36"
52.6.232.201 - - [31/Jul/2026:03:53:35 +0000] "GET /wp-login.php?action=lostpassword&redirect_to=https://greenestate.com.bd/2026/07/29/objavte-exkluzivny-slovensky-bonusovy-kod-pre-romanske-kasino-a-vyhrajte-viac/ HTTP/1.1" 200 1355 "-" "Mozilla/5.0 AppleWebKit/537.36 (KHTML, like Gecko; compatible; Amazonbot/0.1; +https://developer.amazon.com/support/amazonbot) Chrome/119.0.6045.214 Safari/537.36"
54.147.182.90 - - [31/Jul/2026:03:53:39 +0000] "GET /2026/03/31/are-players-satisfied-with-neospin-casinos-service/ HTTP/1.1" 200 15320 "-" "Mozilla/5.0 AppleWebKit/537.36 (KHTML, like Gecko; compatible; Amazonbot/0.1; +https://developer.amazon.com/support/amazonbot) Chrome/119.0.6045.214 Safari/537.36"
66.249.74.35 - - [31/Jul/2026:03:53:54 +0000] "GET /category/slotsgem/ HTTP/1.1" 200 14513 "-" "Mozilla/5.0 (Linux; Android 6.0.1; Nexus 5X Build/MMB29P) AppleWebKit/537.36 (KHTML, like Gecko) Chrome/150.0.7871.186 Mobile Safari/537.36 (compatible; GoogleOther)"
66.249.74.36 - - [31/Jul/2026:03:53:57 +0000] "GET /2026/07/30/zinkra-casino-uk-ignite-your-passion-for-unforgettable-wins/ HTTP/1.1" 200 15342 "-" "Mozilla/5.0 (Linux; Android 6.0.1; Nexus 5X Build/MMB29P) AppleWebKit/537.36 (KHTML, like Gecko) Chrome/150.0.7871.186 Mobile Safari/537.36 (compatible; GoogleOther)"
10.10.0.2 - - [31/Jul/2026:03:54:59 +0000] "POST /wp-cron.php?doing_wp_cron=1785470099.1839768886566162109375 HTTP/1.1" 200 31 "-" "WordPress/6.9.4; https://greenestate.com.bd"
62.84.185.55 - - [31/Jul/2026:03:54:59 +0000] "GET /robots.txt HTTP/1.1" 200 130 "-" "Mozilla/5.0 (compatible; MJ12bot/v1.4.8; http://mj12bot.com/)"
62.84.185.55 - - [31/Jul/2026:03:55:02 +0000] "GET /2026/03/23/wild-joker-casino-vs-competitors-a-comparison/ HTTP/1.1" 200 15235 "-" "Mozilla/5.0 (compatible; MJ12bot/v1.4.8; http://mj12bot.com/)"
62.84.185.55 - - [31/Jul/2026:03:55:06 +0000] "GET /2026/03/24/exploring-dragonia-casinos-customer-support-services/feed/ HTTP/1.1" 200 896 "-" "Mozilla/5.0 (compatible; MJ12bot/v1.4.8; http://mj12bot.com/)"
62.84.185.55 - - [31/Jul/2026:03:55:09 +0000] "GET /2026/03/29/is-methspin-casino-a-safe-place-to-play/feed/ HTTP/1.1" 200 855 "-" "Mozilla/5.0 (compatible; MJ12bot/v1.4.8; http://mj12bot.com/)"
62.84.185.55 - - [31/Jul/2026:03:55:13 +0000] "GET /2026/03/31/are-players-satisfied-with-neospin-casinos-service/ HTTP/1.1" 200 15314 "-" "Mozilla/5.0 (compatible; MJ12bot/v1.4.8; http://mj12bot.com/)"
62.84.185.55 - - [31/Jul/2026:03:55:15 +0000] "GET /2026/04/20/les-jeux-innovants-sur-win-ma-chance-casino-a-essayer-en-2023/ HTTP/1.1" 200 15188 "-" "Mozilla/5.0 (compatible; MJ12bot/v1.4.8; http://mj12bot.com/)"
66.249.74.35 - - [31/Jul/2026:03:55:15 +0000] "GET /category/malina/ HTTP/1.1" 200 14567 "-" "Mozilla/5.0 (Linux; Android 6.0.1; Nexus 5X Build/MMB29P) AppleWebKit/537.36 (KHTML, like Gecko) Chrome/150.0.7871.186 Mobile Safari/537.36 (compatible; GoogleOther)"
62.84.185.55 - - [31/Jul/2026:03:55:17 +0000] "GET /2026/04/21/how-does-rooster-bet-casino-enhance-gaming-variety/feed/ HTTP/1.1" 200 888 "-" "Mozilla/5.0 (compatible; MJ12bot/v1.4.8; http://mj12bot.com/)"
62.84.185.55 - - [31/Jul/2026:03:55:19 +0000] "GET /2026/04/26/the-essential-guide-to-spinsy-casinos-payment-options/feed/ HTTP/1.1" 200 899 "-" "Mozilla/5.0 (compatible; MJ12bot/v1.4.8; http://mj12bot.com/)"
62.84.185.55 - - [31/Jul/2026:03:55:21 +0000] "GET /2026/04/26/why-choose-maxispin-casino-key-benefits-discussed/ HTTP/1.1" 200 15267 "-" "Mozilla/5.0 (compatible; MJ12bot/v1.4.8; http://mj12bot.com/)"
10.10.0.2 - - [31/Jul/2026:03:55:24 +0000] "POST /wp-cron.php?doing_wp_cron=1785470124.0029881000518798828125 HTTP/1.1" 200 31 "-" "WordPress/6.9.4; https://greenestate.com.bd"
62.84.185.55 - - [31/Jul/2026:03:55:24 +0000] "GET /2026/07/30/dudespin-was-sie-wissen-mussen/feed/ HTTP/1.1" 200 829 "-" "Mozilla/5.0 (compatible; MJ12bot/v1.4.8; http://mj12bot.com/)"
62.84.185.55 - - [31/Jul/2026:03:55:26 +0000] "GET /2026/07/30/raziskovanje-funkcij-stav-v-zivo-na-sportaza/ HTTP/1.1" 200 15451 "-" "Mozilla/5.0 (compatible; MJ12bot/v1.4.8; http://mj12bot.com/)"
62.84.185.55 - - [31/Jul/2026:03:55:28 +0000] "GET /2026/07/30/unlock-a-world-of-fun-at-golden-lady-casino-with-no-deposit-bonanza/ HTTP/1.1" 200 16029 "-" "Mozilla/5.0 (compatible; MJ12bot/v1.4.8; http://mj12bot.com/)"
62.84.185.55 - - [31/Jul/2026:03:55:30 +0000] "GET /2026/07/30/vipluck-app-mobile-guide-casino-auf-dem-smartphone-einfach-nutzen/ HTTP/1.1" 200 17832 "-" "Mozilla/5.0 (compatible; MJ12bot/v1.4.8; http://mj12bot.com/)"
62.84.185.55 - - [31/Jul/2026:03:55:32 +0000] "GET /2026/07/30/zinkra-eesti-unistuste-maailm-ootab-avastamist-ja-mangu/feed/ HTTP/1.1" 200 903 "-" "Mozilla/5.0 (compatible; MJ12bot/v1.4.8; http://mj12bot.com/)"
62.84.185.55 - - [31/Jul/2026:03:55:34 +0000] "GET /category/slotsgem/ HTTP/1.1" 200 14507 "-" "Mozilla/5.0 (compatible; MJ12bot/v1.4.8; http://mj12bot.com/)"
135.237.124.21 - - [31/Jul/2026:03:55:40 +0000] "GET /actuator/health HTTP/1.1" 404 134 "-" "Mozilla/5.0 zgrab/0.x"
5.61.209.44 - - [31/Jul/2026:03:56:34 +0000] "GET /SDK/webLanguage HTTP/1.1" 404 196 "-" "Mozilla/5.0 (Windows NT 10.0; Win64; x64) AppleWebKit/537.36 (KHTML, like Gecko) Chrome/90.0.4430.85 Safari/537.36 Edg/90.0.818.46"
43.164.133.138 - - [31/Jul/2026:03:56:48 +0000] "GET / HTTP/1.1" 301 178 "-" "Mozilla/5.0 (iPhone; CPU iPhone OS 13_2_3 like Mac OS X) AppleWebKit/605.1.15 (KHTML, like Gecko) Version/13.0.3 Mobile/15E148 Safari/604.1"
43.164.133.138 - - [31/Jul/2026:03:56:49 +0000] "GET / HTTP/1.1" 200 18243 "http://tanviranik.com" "Mozilla/5.0 (iPhone; CPU iPhone OS 13_2_3 like Mac OS X) AppleWebKit/605.1.15 (KHTML, like Gecko) Version/13.0.3 Mobile/15E148 Safari/604.1"
10.10.0.2 - - [31/Jul/2026:03:57:33 +0000] "POST /wp-cron.php?doing_wp_cron=1785470252.8404080867767333984375 HTTP/1.1" 200 31 "-" "WordPress/6.9.4; https://greenestate.com.bd"
150.109.46.88 - - [31/Jul/2026:03:57:33 +0000] "GET /category/wiz-slots/ HTTP/1.1" 200 14501 "-" "Mozilla/5.0 (iPhone; CPU iPhone OS 13_2_3 like Mac OS X) AppleWebKit/605.1.15 (KHTML, like Gecko) Version/13.0.3 Mobile/15E148 Safari/604.1"
164.90.169.163 - - [31/Jul/2026:03:57:54 +0000] "GET / HTTP/1.1" 301 5 "-" "Mozilla/5.0 (X11; Linux x86_64) AppleWebKit/537.36 (KHTML, like Gecko) Chrome/81.0.4044.129 Safari/537.36"
46.203.45.181 - - [31/Jul/2026:03:58:06 +0000] "GET /wp-login.php HTTP/1.1" 200 2162 "-" "Mozilla/5.0 (Windows NT 10.0; Win64; x64) AppleWebKit/537.36 (KHTML, like Gecko) Chrome/145.0.0.0 Safari/537.36"
46.203.45.181 - - [31/Jul/2026:03:58:07 +0000] "POST /wp-login.php HTTP/1.1" 302 5 "https://greenestate.com.bd/wp-login.php" "Mozilla/5.0 (Windows NT 10.0; Win64; x64) AppleWebKit/537.36 (KHTML, like Gecko) Chrome/145.0.0.0 Safari/537.36"
46.203.45.181 - - [31/Jul/2026:03:58:08 +0000] "GET /wp-admin/ HTTP/1.1" 200 83571 "https://greenestate.com.bd/wp-login.php" "Mozilla/5.0 (Windows NT 10.0; Win64; x64) AppleWebKit/537.36 (KHTML, like Gecko) Chrome/145.0.0.0 Safari/537.36"
46.203.45.181 - - [31/Jul/2026:03:58:11 +0000] "GET /wp-admin/user-new.php HTTP/1.1" 200 70685 "https://greenestate.com.bd/wp-login.php" "Mozilla/5.0 (Windows NT 10.0; Win64; x64) AppleWebKit/537.36 (KHTML, like Gecko) Chrome/145.0.0.0 Safari/537.36"
46.203.45.181 - - [31/Jul/2026:03:58:14 +0000] "POST /wp-admin/user-new.php HTTP/1.1" 200 70751 "https://greenestate.com.bd/wp-login.php" "Mozilla/5.0 (Windows NT 10.0; Win64; x64) AppleWebKit/537.36 (KHTML, like Gecko) Chrome/145.0.0.0 Safari/537.36"
46.203.45.181 - - [31/Jul/2026:03:58:17 +0000] "GET /wp-admin/plugins.php?plugin_status=all&paged=1&s HTTP/1.1" 200 77101 "https://greenestate.com.bd/wp-login.php" "Mozilla/5.0 (Windows NT 10.0; Win64; x64) AppleWebKit/537.36 (KHTML, like Gecko) Chrome/145.0.0.0 Safari/537.36"
46.203.45.181 - - [31/Jul/2026:03:58:19 +0000] "GET /wp-admin/plugins.php HTTP/1.1" 200 77007 "https://greenestate.com.bd/wp-login.php" "Mozilla/5.0 (Windows NT 10.0; Win64; x64) AppleWebKit/537.36 (KHTML, like Gecko) Chrome/145.0.0.0 Safari/537.36"
46.203.45.181 - - [31/Jul/2026:03:58:22 +0000] "GET /wp-admin/plugin-install.php HTTP/1.1" 200 77544 "https://greenestate.com.bd/wp-login.php" "Mozilla/5.0 (Windows NT 10.0; Win64; x64) AppleWebKit/537.36 (KHTML, like Gecko) Chrome/145.0.0.0 Safari/537.36"
10.10.0.2 - - [31/Jul/2026:03:58:24 +0000] "POST /wp-cron.php?doing_wp_cron=1785470304.1261889934539794921875 HTTP/1.1" 200 31 "-" "WordPress/6.9.4; https://greenestate.com.bd"
46.203.45.181 - - [31/Jul/2026:03:58:24 +0000] "POST /wp-admin/admin-ajax.php HTTP/1.1" 200 273 "https://greenestate.com.bd/wp-login.php" "Mozilla/5.0 (Windows NT 10.0; Win64; x64) AppleWebKit/537.36 (KHTML, like Gecko) Chrome/145.0.0.0 Safari/537.36"
46.203.45.181 - - [31/Jul/2026:03:58:26 +0000] "POST /wp-admin/admin-ajax.php HTTP/1.1" 200 242 "https://greenestate.com.bd/wp-login.php" "Mozilla/5.0 (Windows NT 10.0; Win64; x64) AppleWebKit/537.36 (KHTML, like Gecko) Chrome/145.0.0.0 Safari/537.36"
46.203.45.181 - - [31/Jul/2026:03:58:29 +0000] "GET /wp-admin/plugins.php?plugin_status=all&paged=1&s HTTP/1.1" 200 77101 "https://greenestate.com.bd/wp-login.php" "Mozilla/5.0 (Windows NT 10.0; Win64; x64) AppleWebKit/537.36 (KHTML, like Gecko) Chrome/145.0.0.0 Safari/537.36"
66.249.74.36 - - [31/Jul/2026:03:58:50 +0000] "GET /2026/07/29/jak-udelat-svuj-prvni-vklad-na-cocobet/ HTTP/1.1" 200 16361 "-" "Mozilla/5.0 (Linux; Android 6.0.1; Nexus 5X Build/MMB29P) AppleWebKit/537.36 (KHTML, like Gecko) Chrome/150.0.7871.186 Mobile Safari/537.36 (compatible; Googlebot/2.1; +http://www.google.com/bot.html)"
66.249.74.34 - - [31/Jul/2026:03:59:04 +0000] "GET /wp-login.php?action=lostpassword&redirect_to=https%3A%2F%2Fgreenestate.com.bd%2F2026%2F07%2F29%2Fpodrobny-pruvodce-sazenim-na-spinbetter%2F HTTP/1.1" 200 1326 "-" "Mozilla/5.0 (Linux; Android 6.0.1; Nexus 5X Build/MMB29P) AppleWebKit/537.36 (KHTML, like Gecko) Chrome/150.0.7871.186 Mobile Safari/537.36 (compatible; GoogleOther)"
5.61.209.44 - - [31/Jul/2026:03:59:17 +0000] "GET /SDK/webLanguage HTTP/1.1" 404 196 "-" "Mozilla/5.0 (Windows NT 10.0; Win64; x64) AppleWebKit/537.36 (KHTML, like Gecko) Chrome/90.0.4430.85 Safari/537.36 Edg/90.0.818.46"
10.10.0.2 - - [31/Jul/2026:04:00:46 +0000] "POST /wp-cron.php?doing_wp_cron=1785470446.4124939441680908203125 HTTP/1.1" 200 31 "-" "WordPress/6.9.4; https://greenestate.com.bd"
66.249.74.34 - - [31/Jul/2026:04:00:46 +0000] "GET /2026/07/28/jak-dziala-aplikacja-mobilna-mostbet-porady-dla-graczy/ HTTP/1.1" 200 15694 "-" "Mozilla/5.0 (Linux; Android 6.0.1; Nexus 5X Build/MMB29P) AppleWebKit/537.36 (KHTML, like Gecko) Chrome/150.0.7871.186 Mobile Safari/537.36 (compatible; GoogleOther)"
152.32.172.191 - - [31/Jul/2026:04:01:00 +0000] "\xFF\x00\x00\x00\x00\x00\x00\x00\x00\x7F\x03\x01NULL\x00\x00\x00\x00\x00\x00\x00\x00\x00\x00\x00\x00\x00\x00\x00\x00\x00\x00\x00\x00\x00\x00\x00\x00\x00\x00\x00\x00\x00\x00\x00\x00\x00\x00\x00\x00\x00\x00\x00\x00\x00\x00\x00\x00\x00\x00\x00\x00" 400 166 "-" "-"
152.32.172.191 - - [31/Jul/2026:04:01:01 +0000] "\xFF\x00\x00\x00\x00\x00\x00\x00\x00\x7F\x03\x01NULL\x00\x00\x00\x00\x00\x00\x00\x00\x00\x00\x00\x00\x00\x00\x00\x00\x00\x00\x00\x00\x00\x00\x00\x00\x00\x00\x00\x00\x00\x00\x00\x00\x00\x00\x00\x00\x00\x00\x00\x00\x00\x00\x00\x00\x00\x00\x00\x00" 400 166 "-" "-"
152.32.172.191 - - [31/Jul/2026:04:01:04 +0000] "\xFF\x00\x00\x00\x00\x00\x00\x00\x00\x7F\x03\x01NULL\x00\x00\x00\x00\x00\x00\x00\x00\x00\x00\x00\x00\x00\x00\x00\x00\x00\x00\x00\x00\x00\x00\x00\x00\x00\x00\x00\x00\x00\x00\x00\x00\x00\x00\x00\x00\x00\x00\x00\x00\x00\x00\x00\x00\x00\x00\x00\x00" 400 166 "-" "-"
152.32.172.191 - - [31/Jul/2026:04:01:12 +0000] "GET /version HTTP/1.1" 404 162 "-" "-"
152.32.172.191 - - [31/Jul/2026:04:01:12 +0000] "GET / HTTP/1.1" 404 162 "-" "-"
152.32.172.191 - - [31/Jul/2026:04:01:13 +0000] "GET / HTTP/1.1" 404 162 "-" "-"
152.32.172.191 - - [31/Jul/2026:04:01:13 +0000] "GET /v1 HTTP/1.1" 404 162 "-" "-"
152.32.172.191 - - [31/Jul/2026:04:01:14 +0000] "GET / HTTP/1.1" 404 162 "-" "-"
152.32.172.191 - - [31/Jul/2026:04:01:16 +0000] "GET / HTTP/1.1" 404 564 "-" "Mozilla/5.0 (Windows NT 6.1) AppleWebKit/537.36 (KHTML, like Gecko) Chrome/49.0.2623.112 Safari/537.36"
152.32.172.191 - - [31/Jul/2026:04:01:17 +0000] "GET /favicon.ico HTTP/1.1" 404 564 "http://159.203.156.69:80" "Mozilla/5.0 (Windows NT 6.1) AppleWebKit/537.36 (KHTML, like Gecko) Chrome/49.0.2623.112 Safari/537.36"
145.255.176.67 - - [31/Jul/2026:04:02:15 +0000] "X\xC2Qq\x8D\xB3|B\x02E\x9E\xFA\x17\xD8g\x9D\xF2\x13\xCB\xA3\xB0\xF8f\xC1\xD3\x9E\xAF\xFB\xED\xF1[\x9A<\xF0\xB0\x5C\xC3\x12!\xA8\xF8\xA7\xDC\xD4\xC2\xB0\x1E\xC53m'A\xC4Q\xCBE\x17\x88ah\xC2\x0B\x0F\x99\xC0\xCE,:\x9E\x1A\xF5!\xAC&\xDEK\xCCVxL.>\xD9\xD3j\xE1\x8F|\x91\xAC\x13\x98/\x05\xCE\x1D\xBE\xF4\xB3\x9ET\x10\x88Ycf\xB8\xEE\x22\xC9*\x8COm\xAE\xB1" 400 166 "-" "-"
185.242.226.114 - - [31/Jul/2026:04:02:24 +0000] "GET / HTTP/1.1" 404 196 "-" "Mozilla/5.0 (Windows NT 10.0; Win64; x64) AppleWebKit/537.36 (KHTML, like Gecko) Chrome/88.0.4324.190 Safari/537.36"
91.230.168.21 - - [31/Jul/2026:04:02:29 +0000] "\x16\x03\x03\x02c\x01\x00\x02_\x03\x03!\x06\xA0:\xC2\xC8\x83//\xCBs\xE0\xB2\xC2\xFB\xAD\xC9b#\xEB\xB7\x1E+\x1E2oW\x8F?\xD7\x13\xC8 \x93\xD3\xE1c\xF2]\xEB:p\x22" 400 166 "-" "-"
91.230.168.22 - - [31/Jul/2026:04:02:32 +0000] "GET / HTTP/1.1" 404 162 "-" "Mozilla/5.0 (X11; Ubuntu; Linux x86_64; rv:134.0) Gecko/20100101 Firefox/134.0"
147.185.132.60 - - [31/Jul/2026:04:02:48 +0000] "GET / HTTP/1.0" 301 178 "-" "Hello from Palo Alto Networks, find out more about our scans in https://docs-cortex.paloaltonetworks.com/r/1/Cortex-Xpanse/Scanning-activity"
185.180.141.38 - - [31/Jul/2026:04:03:08 +0000] "GET / HTTP/1.1" 404 196 "-" "Mozilla/5.0 AppleWebKit/537.36 (KHTML, like Gecko) Chrome/123.0.6312.86 Safari/537.36"
185.180.141.37 - - [31/Jul/2026:04:03:08 +0000] "POST /mcp HTTP/1.1" 404 134 "-" "python-httpx/0.28.1"
185.180.141.37 - - [31/Jul/2026:04:03:08 +0000] "GET /sse HTTP/1.1" 404 134 "-" "python-httpx/0.28.1"
185.180.141.38 - - [31/Jul/2026:04:03:09 +0000] "GET /favicon.ico HTTP/1.1" 404 196 "-" "Mozilla/5.0 AppleWebKit/537.36 (KHTML, like Gecko) Chrome/123.0.6312.86 Safari/537.36"
10.10.0.2 - - [31/Jul/2026:04:04:23 +0000] "POST /wp-cron.php?doing_wp_cron=1785470663.2720289230346679687500 HTTP/1.1" 200 31 "-" "WordPress/6.9.4; https://greenestate.com.bd"
45.148.10.244 - - [31/Jul/2026:04:04:23 +0000] "GET / HTTP/1.1" 301 5 "-" "Mozilla/5.0 (Windows NT 10.0; Win64; x64) AppleWebKit/537.36 (KHTML, like Gecko) Chrome/126.0.0.0 Safari/537.36"
10.10.0.2 - - [31/Jul/2026:04:04:24 +0000] "POST /wp-cron.php?doing_wp_cron=1785470664.9286708831787109375000 HTTP/1.1" 200 31 "-" "WordPress/6.9.4; https://greenestate.com.bd"
45.148.10.244 - - [31/Jul/2026:04:04:24 +0000] "GET / HTTP/1.1" 200 84097 "-" "Mozilla/5.0 (Windows NT 10.0; Win64; x64) AppleWebKit/537.36 (KHTML, like Gecko) Chrome/126.0.0.0 Safari/537.36"
45.148.10.244 - - [31/Jul/2026:04:04:25 +0000] "GET /wp-json/batch/v1 HTTP/1.1" 401 139 "-" "Mozilla/5.0 (Windows NT 10.0; Win64; x64) AppleWebKit/537.36 (KHTML, like Gecko) Chrome/126.0.0.0 Safari/537.36"
45.148.10.244 - - [31/Jul/2026:04:04:25 +0000] "GET /?rest_route=/batch/v1 HTTP/1.1" 401 139 "-" "Mozilla/5.0 (Windows NT 10.0; Win64; x64) AppleWebKit/537.36 (KHTML, like Gecko) Chrome/126.0.0.0 Safari/537.36"
45.148.10.244 - - [31/Jul/2026:04:04:26 +0000] "POST /?rest_route=/batch/v1 HTTP/1.1" 401 139 "-" "Mozilla/5.0 (Windows NT 10.0; Win64; x64) AppleWebKit/537.36 (KHTML, like Gecko) Chrome/126.0.0.0 Safari/537.36"
45.148.10.244 - - [31/Jul/2026:04:04:26 +0000] "POST /wp-json/batch/v1 HTTP/1.1" 401 139 "-" "Mozilla/5.0 (Windows NT 10.0; Win64; x64) AppleWebKit/537.36 (KHTML, like Gecko) Chrome/126.0.0.0 Safari/537.36"
172.239.71.244 - - [31/Jul/2026:04:04:37 +0000] "GET / HTTP/1.1" 301 5 "-" "Mozilla/5.0 (Macintosh; Intel Mac OS X 13_1) AppleWebKit/537.36 (KHTML, like Gecko) Chrome/108.0.0.0 Safari/537.36"
172.239.71.244 - - [31/Jul/2026:04:04:39 +0000] "GET / HTTP/1.1" 200 20445 "https://165.227.207.41/" "Mozilla/5.0 (Macintosh; Intel Mac OS X 13_1) AppleWebKit/537.36 (KHTML, like Gecko) Chrome/108.0.0.0 Safari/537.36"
43.130.74.193 - - [31/Jul/2026:04:05:40 +0000] "GET / HTTP/1.1" 301 178 "-" "Mozilla/5.0 (iPhone; CPU iPhone OS 13_2_3 like Mac OS X) AppleWebKit/605.1.15 (KHTML, like Gecko) Version/13.0.3 Mobile/15E148 Safari/604.1"
10.10.0.2 - - [31/Jul/2026:04:05:42 +0000] "POST /wp-cron.php?doing_wp_cron=1785470742.0776700973510742187500 HTTP/1.1" 200 31 "-" "WordPress/6.9.4; https://greenestate.com.bd"
43.130.74.193 - - [31/Jul/2026:04:05:42 +0000] "GET / HTTP/1.1" 301 5 "http://www.greenestate.com.bd" "Mozilla/5.0 (iPhone; CPU iPhone OS 13_2_3 like Mac OS X) AppleWebKit/605.1.15 (KHTML, like Gecko) Version/13.0.3 Mobile/15E148 Safari/604.1"
43.130.74.193 - - [31/Jul/2026:04:05:43 +0000] "GET / HTTP/1.1" 200 20450 "https://www.greenestate.com.bd/" "Mozilla/5.0 (iPhone; CPU iPhone OS 13_2_3 like Mac OS X) AppleWebKit/605.1.15 (KHTML, like Gecko) Version/13.0.3 Mobile/15E148 Safari/604.1"
2.179.8.215 - - [31/Jul/2026:04:06:12 +0000] "POST / HTTP/1.1" 404 196 "-" "Mozilla/5.0 (Macintosh; Intel Mac OS X 10_12_3) AppleWebKit/537.36 (KHTML, like Gecko) Chrome/56.0.2924.87 Safari/537.36"
117.55.202.181 - - [31/Jul/2026:04:06:45 +0000] "\x17\x03\x032\xECKJK0\xBB\x09Y\x9Aga)\xC6\x9D\xAD\xDA<\xC9\xBC\x96:^\xD2\x94\xC1\xC5\xEB\x81\xDF\x95\xBB>\xE9\xAA\xCB\x87\xCAf\x87}!\x81f\xCA7\x16G\xFB\xA0\xC9\xFB\x07\x93\xAE\xC5S\x85\x82\xE5\xF0y" 400 166 "-" "-"
10.10.0.2 - - [31/Jul/2026:04:07:35 +0000] "POST /wp-cron.php?doing_wp_cron=1785470855.7681059837341308593750 HTTP/1.1" 200 31 "-" "WordPress/6.9.4; https://greenestate.com.bd"
66.249.74.36 - - [31/Jul/2026:04:07:35 +0000] "GET /2023/12/ HTTP/1.1" 200 14483 "-" "Mozilla/5.0 (Linux; Android 6.0.1; Nexus 5X Build/MMB29P) AppleWebKit/537.36 (KHTML, like Gecko) Chrome/150.0.7871.186 Mobile Safari/537.36 (compatible; GoogleOther)"
41.78.139.35 - - [31/Jul/2026:04:08:04 +0000] "POST / HTTP/1.1" 404 134 "-" "-"
43.153.102.138 - - [31/Jul/2026:04:08:22 +0000] "GET /category/best-online-casino/ HTTP/1.1" 200 16641 "-" "Mozilla/5.0 (iPhone; CPU iPhone OS 13_2_3 like Mac OS X) AppleWebKit/605.1.15 (KHTML, like Gecko) Version/13.0.3 Mobile/15E148 Safari/604.1"
152.206.213.228 - - [31/Jul/2026:04:08:27 +0000] "POST / HTTP/1.1" 404 162 "-" "-"
10.10.0.2 - - [31/Jul/2026:04:08:27 +0000] "POST /wp-cron.php?doing_wp_cron=1785470907.1351339817047119140625 HTTP/1.1" 200 31 "-" "WordPress/6.9.4; https://greenestate.com.bd"
66.249.74.34 - - [31/Jul/2026:04:08:27 +0000] "GET /2026/07/28/obzor-kazino-1khbet-anonsy-i-relizy-novykh-funktsii-dlia-uluchsheniia-vashego-opyta/ HTTP/1.1" 200 17066 "-" "Mozilla/5.0 (Linux; Android 6.0.1; Nexus 5X Build/MMB29P) AppleWebKit/537.36 (KHTML, like Gecko) Chrome/150.0.7871.186 Mobile Safari/537.36 (compatible; GoogleOther)"
66.249.74.34 - - [31/Jul/2026:04:08:29 +0000] "GET /2026/07/30/fedezd-fel-a-magyar-romai-kaszino-izgalmas-vilagat-es-exkluziv-nyeremenyeit/ HTTP/1.1" 200 15931 "-" "Mozilla/5.0 (Linux; Android 6.0.1; Nexus 5X Build/MMB29P) AppleWebKit/537.36 (KHTML, like Gecko) Chrome/150.0.7871.186 Mobile Safari/537.36 (compatible; GoogleOther)"
187.108.1.142 - - [31/Jul/2026:04:08:58 +0000] "GET / HTTP/1.0" 400 264 "-" "ivre-masscan/1.3 https://github.com/robertdavidgraham/"
20.203.205.96 - - [31/Jul/2026:04:10:17 +0000] "GET /wp-content/plugins/hellopress/wp_filemanager.php HTTP/1.1" 404 162 "-" "-"
20.203.205.96 - - [31/Jul/2026:04:10:17 +0000] "GET /this_is_a_new_hello_world.php HTTP/1.1" 404 162 "-" "-"
20.203.205.96 - - [31/Jul/2026:04:10:17 +0000] "GET /x.php HTTP/1.1" 404 162 "-" "-"
20.203.205.96 - - [31/Jul/2026:04:10:17 +0000] "GET /mgrr.php HTTP/1.1" 404 162 "-" "-"
20.203.205.96 - - [31/Jul/2026:04:10:17 +0000] "GET /domvf.php HTTP/1.1" 404 162 "-" "-"
20.203.205.96 - - [31/Jul/2026:04:10:18 +0000] "GET /yup.php HTTP/1.1" 404 162 "-" "-"
20.203.205.96 - - [31/Jul/2026:04:10:18 +0000] "GET /X.php HTTP/1.1" 404 162 "-" "-"
20.203.205.96 - - [31/Jul/2026:04:10:18 +0000] "GET /dyt8mjxc3yofbkoriukvgjaCdefault.php HTTP/1.1" 404 162 "-" "-"
20.203.205.96 - - [31/Jul/2026:04:10:18 +0000] "GET /gec.php HTTP/1.1" 404 162 "-" "-"
20.203.205.96 - - [31/Jul/2026:04:10:18 +0000] "GET /sky.php HTTP/1.1" 404 162 "-" "-"
20.203.205.96 - - [31/Jul/2026:04:10:18 +0000] "GET /fffm.php HTTP/1.1" 404 162 "-" "-"
20.203.205.96 - - [31/Jul/2026:04:10:18 +0000] "GET /sixxis.php HTTP/1.1" 404 162 "-" "-"
20.203.205.96 - - [31/Jul/2026:04:10:18 +0000] "GET /yj09.php HTTP/1.1" 404 162 "-" "-"
10.10.0.2 - - [31/Jul/2026:04:10:18 +0000] "POST /wp-cron.php?doing_wp_cron=1785471018.8043880462646484375000 HTTP/1.1" 200 31 "-" "WordPress/6.9.4; https://greenestate.com.bd"
66.249.74.35 - - [31/Jul/2026:04:10:18 +0000] "GET /category/posido/ HTTP/1.1" 200 14501 "-" "Mozilla/5.0 (Linux; Android 6.0.1; Nexus 5X Build/MMB29P) AppleWebKit/537.36 (KHTML, like Gecko) Chrome/150.0.7871.186 Mobile Safari/537.36 (compatible; GoogleOther)"
20.203.205.96 - - [31/Jul/2026:04:10:18 +0000] "GET /k.php HTTP/1.1" 404 162 "-" "-"
20.203.205.96 - - [31/Jul/2026:04:10:18 +0000] "GET /k2.php HTTP/1.1" 404 162 "-" "-"
20.203.205.96 - - [31/Jul/2026:04:10:19 +0000] "GET /w.php HTTP/1.1" 404 162 "-" "-"
20.203.205.96 - - [31/Jul/2026:04:10:19 +0000] "GET /fpwch.php HTTP/1.1" 404 162 "-" "-"
20.203.205.96 - - [31/Jul/2026:04:10:19 +0000] "GET /w2025.php HTTP/1.1" 404 162 "-" "-"
20.203.205.96 - - [31/Jul/2026:04:10:19 +0000] "GET /FWAZ.php HTTP/1.1" 404 162 "-" "-"
20.203.205.96 - - [31/Jul/2026:04:10:19 +0000] "GET /qterm.php?p= HTTP/1.1" 404 162 "-" "-"
20.203.205.96 - - [31/Jul/2026:04:10:19 +0000] "GET /blurbs.php HTTP/1.1" 404 162 "-" "-"
20.203.205.96 - - [31/Jul/2026:04:10:19 +0000] "GET /wp-ws68.php?p= HTTP/1.1" 404 162 "-" "-"
20.203.205.96 - - [31/Jul/2026:04:10:19 +0000] "GET /xyn.php HTTP/1.1" 404 162 "-" "-"
20.203.205.96 - - [31/Jul/2026:04:10:19 +0000] "GET /ccc.php?p= HTTP/1.1" 404 162 "-" "-"
20.203.205.96 - - [31/Jul/2026:04:10:19 +0000] "GET /get.php HTTP/1.1" 404 162 "-" "-"
20.203.205.96 - - [31/Jul/2026:04:10:19 +0000] "GET /images.php HTTP/1.1" 404 162 "-" "-"
20.203.205.96 - - [31/Jul/2026:04:10:19 +0000] "GET /alls.php HTTP/1.1" 404 162 "-" "-"
20.203.205.96 - - [31/Jul/2026:04:10:20 +0000] "GET /coffexium.php HTTP/1.1" 404 162 "-" "-"
20.203.205.96 - - [31/Jul/2026:04:10:20 +0000] "GET /red.php HTTP/1.1" 404 162 "-" "-"
20.203.205.96 - - [31/Jul/2026:04:10:20 +0000] "GET /wp-includes/sodium_compat/ HTTP/1.1" 404 162 "-" "-"
20.203.205.96 - - [31/Jul/2026:04:10:20 +0000] "GET /wp-admin/css/colors/coffee/wp-adochan.php HTTP/1.1" 404 162 "-" "-"
20.203.205.96 - - [31/Jul/2026:04:10:20 +0000] "GET /wp-includes/Text/ HTTP/1.1" 404 162 "-" "-"
20.203.205.96 - - [31/Jul/2026:04:10:20 +0000] "GET /wp-content/uploads/ HTTP/1.1" 404 162 "-" "-"
20.203.205.96 - - [31/Jul/2026:04:10:20 +0000] "GET /wp-content/index.php HTTP/1.1" 404 162 "-" "-"
20.203.205.96 - - [31/Jul/2026:04:10:20 +0000] "GET ///admin.php HTTP/1.1" 404 162 "-" "-"
20.203.205.96 - - [31/Jul/2026:04:10:20 +0000] "GET /177.php HTTP/1.1" 404 162 "-" "-"
20.203.205.96 - - [31/Jul/2026:04:10:20 +0000] "GET /199.php HTTP/1.1" 404 162 "-" "-"
20.203.205.96 - - [31/Jul/2026:04:10:20 +0000] "GET /file52.php HTTP/1.1" 404 162 "-" "-"
20.203.205.96 - - [31/Jul/2026:04:10:21 +0000] "GET /geck.php HTTP/1.1" 404 162 "-" "-"
20.203.205.96 - - [31/Jul/2026:04:10:21 +0000] "GET /biufile.php HTTP/1.1" 404 162 "-" "-"
