74.7.241.58 - - [31/Jul/2026:07:07:29 +0000] "GET /index.php?lokasie=/proc/2371392/net/route&loknya=/proc/2371392/net HTTP/1.1" 200 1803 "https://greenestate.com.bd/index.php?loknya=/proc/2371392/net" "Mozilla/5.0 AppleWebKit/537.36 (KHTML, like Gecko; compatible; GPTBot/1.4; +https://openai.com/gptbot)"
216.73.216.37 - - [31/Jul/2026:07:07:29 +0000] "GET /wp-sitemap.xml?loknya=%2Fvar%2Flock HTTP/1.1" 200 2362 "-" "Mozilla/5.0 AppleWebKit/537.36 (KHTML, like Gecko; compatible; ClaudeBot/1.0; +claudebot@anthropic.com)"
216.73.216.37 - - [31/Jul/2026:07:07:30 +0000] "GET /wp-sitemap.xml?loknya=%2Fvar%2Fopt HTTP/1.1" 200 1929 "-" "Mozilla/5.0 AppleWebKit/537.36 (KHTML, like Gecko; compatible; ClaudeBot/1.0; +claudebot@anthropic.com)"
216.73.216.37 - - [31/Jul/2026:07:07:30 +0000] "GET /wp-sitemap.xml?loknya=%2Fvar%2Fwww%2Fphp%2Fgreen-estate-prod%2F.git%2Fobjects HTTP/1.1" 200 2202 "-" "Mozilla/5.0 AppleWebKit/537.36 (KHTML, like Gecko; compatible; ClaudeBot/1.0; +claudebot@anthropic.com)"
74.7.241.58 - - [31/Jul/2026:07:07:30 +0000] "GET /index.php?lokasie=/proc/2280910/net/icmp&loknya=/proc/2280910/net HTTP/1.1" 200 1731 "https://greenestate.com.bd/index.php?loknya=/proc/2280910/net" "Mozilla/5.0 AppleWebKit/537.36 (KHTML, like Gecko; compatible; GPTBot/1.4; +https://openai.com/gptbot)"
74.7.241.58 - - [31/Jul/2026:07:07:30 +0000] "GET /index.php?lokasie=/proc/2280738/net/icmp&loknya=/proc/2280738/net HTTP/1.1" 200 1732 "https://greenestate.com.bd/index.php?loknya=/proc/2280738/net" "Mozilla/5.0 AppleWebKit/537.36 (KHTML, like Gecko; compatible; GPTBot/1.4; +https://openai.com/gptbot)"
100.27.153.9 - - [31/Jul/2026:07:07:31 +0000] "GET /wp-json/oembed/1.0/embed?format=xml&url=https://greenestate.com.bd/2026/07/27/celebrity-sightings-at-the-worlds-best-luxury-casinos-a-look-into-betway-casino/ HTTP/1.1" 200 3334 "-" "Mozilla/5.0 AppleWebKit/537.36 (KHTML, like Gecko; compatible; Amazonbot/0.1; +https://developer.amazon.com/support/amazonbot) Chrome/119.0.6045.214 Safari/537.36"
74.7.241.58 - - [31/Jul/2026:07:07:31 +0000] "GET /index.php?lokasie=/proc/2362685/net/route&loknya=/proc/2362685/net HTTP/1.1" 200 1801 "https://greenestate.com.bd/index.php?loknya=/proc/2362685/net" "Mozilla/5.0 AppleWebKit/537.36 (KHTML, like Gecko; compatible; GPTBot/1.4; +https://openai.com/gptbot)"
74.7.241.58 - - [31/Jul/2026:07:07:31 +0000] "GET /index.php?lokasie=/proc/2371392/net/icmp&loknya=/proc/2371392/net HTTP/1.1" 200 1732 "https://greenestate.com.bd/index.php?loknya=/proc/2371392/net" "Mozilla/5.0 AppleWebKit/537.36 (KHTML, like Gecko; compatible; GPTBot/1.4; +https://openai.com/gptbot)"
74.7.241.58 - - [31/Jul/2026:07:07:32 +0000] "GET /index.php?lokasie=/proc/2280696/net/ptype&loknya=/proc/2280696/net HTTP/1.1" 200 1723 "https://greenestate.com.bd/index.php?loknya=/proc/2280696/net" "Mozilla/5.0 AppleWebKit/537.36 (KHTML, like Gecko; compatible; GPTBot/1.4; +https://openai.com/gptbot)"
74.7.241.58 - - [31/Jul/2026:07:07:33 +0000] "GET /index.php?lokasie=/proc/2371392/net/ptype&loknya=/proc/2371392/net HTTP/1.1" 200 1723 "https://greenestate.com.bd/index.php?loknya=/proc/2371392/net" "Mozilla/5.0 AppleWebKit/537.36 (KHTML, like Gecko; compatible; GPTBot/1.4; +https://openai.com/gptbot)"
74.7.241.58 - - [31/Jul/2026:07:07:33 +0000] "GET /index.php?lokasie=/proc/2280910/net/ptype&loknya=/proc/2280910/net HTTP/1.1" 200 1723 "https://greenestate.com.bd/index.php?loknya=/proc/2280910/net" "Mozilla/5.0 AppleWebKit/537.36 (KHTML, like Gecko; compatible; GPTBot/1.4; +https://openai.com/gptbot)"
74.7.241.58 - - [31/Jul/2026:07:07:34 +0000] "GET /index.php?lokasie=/proc/2362685/net/ptype&loknya=/proc/2362685/net HTTP/1.1" 200 1721 "https://greenestate.com.bd/index.php?loknya=/proc/2362685/net" "Mozilla/5.0 AppleWebKit/537.36 (KHTML, like Gecko; compatible; GPTBot/1.4; +https://openai.com/gptbot)"
74.7.241.58 - - [31/Jul/2026:07:07:34 +0000] "GET /index.php?lokasie=/proc/2372264/net/unix&loknya=/proc/2372264/net HTTP/1.1" 200 3448 "https://greenestate.com.bd/index.php?loknya=/proc/2372264/net" "Mozilla/5.0 AppleWebKit/537.36 (KHTML, like Gecko; compatible; GPTBot/1.4; +https://openai.com/gptbot)"
74.7.241.58 - - [31/Jul/2026:07:07:35 +0000] "GET /index.php?lokasie=/proc/2280696/net/netstat&loknya=/proc/2280696/net HTTP/1.1" 200 3423 "https://greenestate.com.bd/index.php?loknya=/proc/2280696/net" "Mozilla/5.0 AppleWebKit/537.36 (KHTML, like Gecko; compatible; GPTBot/1.4; +https://openai.com/gptbot)"
34.203.111.15 - - [31/Jul/2026:07:07:35 +0000] "GET /2026/07/30/cashed-suomi-valloittaa-suomen-markkinat-innovatiivisella-rahansiirron-ratkaisullaan/ HTTP/1.1" 200 3331 "-" "Mozilla/5.0 AppleWebKit/537.36 (KHTML, like Gecko; compatible; Amazonbot/0.1; +https://developer.amazon.com/support/amazonbot) Chrome/119.0.6045.214 Safari/537.36"
74.7.241.58 - - [31/Jul/2026:07:07:35 +0000] "GET /index.php?lokasie=/proc/2362685/net/netstat&loknya=/proc/2362685/net HTTP/1.1" 200 3420 "https://greenestate.com.bd/index.php?loknya=/proc/2362685/net" "Mozilla/5.0 AppleWebKit/537.36 (KHTML, like Gecko; compatible; GPTBot/1.4; +https://openai.com/gptbot)"
74.7.241.58 - - [31/Jul/2026:07:07:36 +0000] "GET /index.php?lokasie=/proc/2371392/net/udplite&loknya=/proc/2371392/net HTTP/1.1" 200 1735 "https://greenestate.com.bd/index.php?loknya=/proc/2371392/net" "Mozilla/5.0 AppleWebKit/537.36 (KHTML, like Gecko; compatible; GPTBot/1.4; +https://openai.com/gptbot)"
74.7.241.58 - - [31/Jul/2026:07:07:36 +0000] "GET /index.php?lokasie=/proc/2372264/net/udplite&loknya=/proc/2372264/net HTTP/1.1" 200 1735 "https://greenestate.com.bd/index.php?loknya=/proc/2372264/net" "Mozilla/5.0 AppleWebKit/537.36 (KHTML, like Gecko; compatible; GPTBot/1.4; +https://openai.com/gptbot)"
74.7.241.58 - - [31/Jul/2026:07:07:37 +0000] "GET /index.php?lokasie=/proc/2372264/net/packet&loknya=/proc/2372264/net HTTP/1.1" 200 1738 "https://greenestate.com.bd/index.php?loknya=/proc/2372264/net" "Mozilla/5.0 AppleWebKit/537.36 (KHTML, like Gecko; compatible; GPTBot/1.4; +https://openai.com/gptbot)"
74.7.241.58 - - [31/Jul/2026:07:07:37 +0000] "GET /index.php?lokasie=/proc/2371392/net/psched&loknya=/proc/2371392/net HTTP/1.1" 200 1684 "https://greenestate.com.bd/index.php?loknya=/proc/2371392/net" "Mozilla/5.0 AppleWebKit/537.36 (KHTML, like Gecko; compatible; GPTBot/1.4; +https://openai.com/gptbot)"
74.7.241.58 - - [31/Jul/2026:07:07:38 +0000] "GET /index.php?lokasie=/proc/2246823/net/udplite&loknya=/proc/2246823/net HTTP/1.1" 200 1734 "https://greenestate.com.bd/index.php?loknya=/proc/2246823/net" "Mozilla/5.0 AppleWebKit/537.36 (KHTML, like Gecko; compatible; GPTBot/1.4; +https://openai.com/gptbot)"
74.7.241.58 - - [31/Jul/2026:07:07:38 +0000] "GET /index.php?lokasie=/proc/2280910/net/psched&loknya=/proc/2280910/net HTTP/1.1" 200 1683 "https://greenestate.com.bd/index.php?loknya=/proc/2280910/net" "Mozilla/5.0 AppleWebKit/537.36 (KHTML, like Gecko; compatible; GPTBot/1.4; +https://openai.com/gptbot)"
74.7.241.58 - - [31/Jul/2026:07:07:39 +0000] "GET /index.php?lokasie=/proc/2371392/net/netlink&loknya=/proc/2371392/net HTTP/1.1" 200 2150 "https://greenestate.com.bd/index.php?loknya=/proc/2371392/net" "Mozilla/5.0 AppleWebKit/537.36 (KHTML, like Gecko; compatible; GPTBot/1.4; +https://openai.com/gptbot)"
184.72.84.154 - - [31/Jul/2026:07:07:39 +0000] "GET /wp-json/wp/v2/posts/9012 HTTP/1.1" 200 3334 "-" "Mozilla/5.0 AppleWebKit/537.36 (KHTML, like Gecko; compatible; Amazonbot/0.1; +https://developer.amazon.com/support/amazonbot) Chrome/119.0.6045.214 Safari/537.36"
74.7.241.58 - - [31/Jul/2026:07:07:39 +0000] "GET /index.php?lokasie=/proc/2362685/net/psched&loknya=/proc/2362685/net HTTP/1.1" 200 1682 "https://greenestate.com.bd/index.php?loknya=/proc/2362685/net" "Mozilla/5.0 AppleWebKit/537.36 (KHTML, like Gecko; compatible; GPTBot/1.4; +https://openai.com/gptbot)"
74.7.241.58 - - [31/Jul/2026:07:07:40 +0000] "GET /index.php?lokasie=/proc/2280696/net/netlink&loknya=/proc/2280696/net HTTP/1.1" 200 2148 "https://greenestate.com.bd/index.php?loknya=/proc/2280696/net" "Mozilla/5.0 AppleWebKit/537.36 (KHTML, like Gecko; compatible; GPTBot/1.4; +https://openai.com/gptbot)"
74.7.241.58 - - [31/Jul/2026:07:07:40 +0000] "GET /index.php?lokasie=/proc/2280738/net/psched&loknya=/proc/2280738/net HTTP/1.1" 200 1683 "https://greenestate.com.bd/index.php?loknya=/proc/2280738/net" "Mozilla/5.0 AppleWebKit/537.36 (KHTML, like Gecko; compatible; GPTBot/1.4; +https://openai.com/gptbot)"
74.7.241.58 - - [31/Jul/2026:07:07:41 +0000] "GET /index.php?lokasie=/proc/2280696/net/packet&loknya=/proc/2280696/net HTTP/1.1" 200 1739 "https://greenestate.com.bd/index.php?loknya=/proc/2280696/net" "Mozilla/5.0 AppleWebKit/537.36 (KHTML, like Gecko; compatible; GPTBot/1.4; +https://openai.com/gptbot)"
74.7.241.58 - - [31/Jul/2026:07:07:41 +0000] "GET /index.php?lokasie=/proc/2372264/net/netstat&loknya=/proc/2372264/net HTTP/1.1" 200 3421 "https://greenestate.com.bd/index.php?loknya=/proc/2372264/net" "Mozilla/5.0 AppleWebKit/537.36 (KHTML, like Gecko; compatible; GPTBot/1.4; +https://openai.com/gptbot)"
74.7.241.58 - - [31/Jul/2026:07:07:42 +0000] "GET /index.php?lokasie=/proc/2362685/net/packet&loknya=/proc/2362685/net HTTP/1.1" 200 1736 "https://greenestate.com.bd/index.php?loknya=/proc/2362685/net" "Mozilla/5.0 AppleWebKit/537.36 (KHTML, like Gecko; compatible; GPTBot/1.4; +https://openai.com/gptbot)"
74.7.241.58 - - [31/Jul/2026:07:07:43 +0000] "GET /index.php?lokasie=/proc/2280701/net/psched&loknya=/proc/2280701/net HTTP/1.1" 200 1683 "https://greenestate.com.bd/index.php?loknya=/proc/2280701/net" "Mozilla/5.0 AppleWebKit/537.36 (KHTML, like Gecko; compatible; GPTBot/1.4; +https://openai.com/gptbot)"
35.169.119.108 - - [31/Jul/2026:07:07:43 +0000] "GET /wp-login.php?action=lostpassword&redirect_to=https://greenestate.com.bd/2026/07/29/fedezd-fel-a-boomerang-bet-casino-magyarorszag-rejtett-kincseit/ HTTP/1.1" 200 3345 "-" "Mozilla/5.0 AppleWebKit/537.36 (KHTML, like Gecko; compatible; Amazonbot/0.1; +https://developer.amazon.com/support/amazonbot) Chrome/119.0.6045.214 Safari/537.36"
74.7.241.58 - - [31/Jul/2026:07:07:43 +0000] "GET /index.php?lokasie=/proc/2280696/net/psched&loknya=/proc/2280696/net HTTP/1.1" 200 1684 "https://greenestate.com.bd/index.php?loknya=/proc/2280696/net" "Mozilla/5.0 AppleWebKit/537.36 (KHTML, like Gecko; compatible; GPTBot/1.4; +https://openai.com/gptbot)"
74.7.241.58 - - [31/Jul/2026:07:07:44 +0000] "GET /index.php?lokasie=/proc/2371392/net/packet&loknya=/proc/2371392/net HTTP/1.1" 200 1738 "https://greenestate.com.bd/index.php?loknya=/proc/2371392/net" "Mozilla/5.0 AppleWebKit/537.36 (KHTML, like Gecko; compatible; GPTBot/1.4; +https://openai.com/gptbot)"
74.7.241.58 - - [31/Jul/2026:07:07:44 +0000] "GET /index.php?lokasie=/proc/2280701/net/packet&loknya=/proc/2280701/net HTTP/1.1" 200 1738 "https://greenestate.com.bd/index.php?loknya=/proc/2280701/net" "Mozilla/5.0 AppleWebKit/537.36 (KHTML, like Gecko; compatible; GPTBot/1.4; +https://openai.com/gptbot)"
74.7.241.58 - - [31/Jul/2026:07:07:45 +0000] "GET /index.php?lokasie=/proc/2280738/net/udplite&loknya=/proc/2280738/net HTTP/1.1" 200 1734 "https://greenestate.com.bd/index.php?loknya=/proc/2280738/net" "Mozilla/5.0 AppleWebKit/537.36 (KHTML, like Gecko; compatible; GPTBot/1.4; +https://openai.com/gptbot)"
74.7.241.58 - - [31/Jul/2026:07:07:45 +0000] "GET /index.php?lokasie=/proc/2280910/net/netstat&loknya=/proc/2280910/net HTTP/1.1" 200 3419 "https://greenestate.com.bd/index.php?loknya=/proc/2280910/net" "Mozilla/5.0 AppleWebKit/537.36 (KHTML, like Gecko; compatible; GPTBot/1.4; +https://openai.com/gptbot)"
74.7.241.58 - - [31/Jul/2026:07:07:46 +0000] "GET /index.php?lokasie=/proc/2280738/net/netstat&loknya=/proc/2280738/net HTTP/1.1" 200 3422 "https://greenestate.com.bd/index.php?loknya=/proc/2280738/net" "Mozilla/5.0 AppleWebKit/537.36 (KHTML, like Gecko; compatible; GPTBot/1.4; +https://openai.com/gptbot)"
74.7.241.58 - - [31/Jul/2026:07:07:46 +0000] "GET /index.php?lokasie=/proc/2362685/net/netlink&loknya=/proc/2362685/net HTTP/1.1" 200 2148 "https://greenestate.com.bd/index.php?loknya=/proc/2362685/net" "Mozilla/5.0 AppleWebKit/537.36 (KHTML, like Gecko; compatible; GPTBot/1.4; +https://openai.com/gptbot)"
74.7.241.58 - - [31/Jul/2026:07:07:47 +0000] "GET /index.php?lokasie=/proc/2246823/net/netstat&loknya=/proc/2246823/net HTTP/1.1" 200 3419 "https://greenestate.com.bd/index.php?loknya=/proc/2246823/net" "Mozilla/5.0 AppleWebKit/537.36 (KHTML, like Gecko; compatible; GPTBot/1.4; +https://openai.com/gptbot)"
44.215.61.66 - - [31/Jul/2026:07:07:47 +0000] "GET /wp-login.php?action=lostpassword&redirect_to=https://greenestate.com.bd/2026/07/29/experience-the-thrill-at-goldbet-casino-a-deep-dive-into-live-betting-and-slot/ HTTP/1.1" 200 3340 "-" "Mozilla/5.0 AppleWebKit/537.36 (KHTML, like Gecko; compatible; Amazonbot/0.1; +https://developer.amazon.com/support/amazonbot) Chrome/119.0.6045.214 Safari/537.36"
74.7.241.58 - - [31/Jul/2026:07:07:47 +0000] "GET /index.php?lokasie=/proc/2280738/net/netlink&loknya=/proc/2280738/net HTTP/1.1" 200 2149 "https://greenestate.com.bd/index.php?loknya=/proc/2280738/net" "Mozilla/5.0 AppleWebKit/537.36 (KHTML, like Gecko; compatible; GPTBot/1.4; +https://openai.com/gptbot)"
74.7.241.58 - - [31/Jul/2026:07:07:48 +0000] "GET /index.php?lokasie=/proc/2280910/net/udplite&loknya=/proc/2280910/net HTTP/1.1" 200 1734 "https://greenestate.com.bd/index.php?loknya=/proc/2280910/net" "Mozilla/5.0 AppleWebKit/537.36 (KHTML, like Gecko; compatible; GPTBot/1.4; +https://openai.com/gptbot)"
74.7.241.58 - - [31/Jul/2026:07:07:48 +0000] "GET /index.php?lokasie=/proc/2372264/net/netlink&loknya=/proc/2372264/net HTTP/1.1" 200 2149 "https://greenestate.com.bd/index.php?loknya=/proc/2372264/net" "Mozilla/5.0 AppleWebKit/537.36 (KHTML, like Gecko; compatible; GPTBot/1.4; +https://openai.com/gptbot)"
74.7.241.58 - - [31/Jul/2026:07:07:49 +0000] "GET /index.php?lokasie=/proc/2246823/net/netlink&loknya=/proc/2246823/net HTTP/1.1" 200 2149 "https://greenestate.com.bd/index.php?loknya=/proc/2246823/net" "Mozilla/5.0 AppleWebKit/537.36 (KHTML, like Gecko; compatible; GPTBot/1.4; +https://openai.com/gptbot)"
74.7.241.58 - - [31/Jul/2026:07:07:49 +0000] "GET /index.php?lokasie=/proc/2280696/net/udplite&loknya=/proc/2280696/net HTTP/1.1" 200 1735 "https://greenestate.com.bd/index.php?loknya=/proc/2280696/net" "Mozilla/5.0 AppleWebKit/537.36 (KHTML, like Gecko; compatible; GPTBot/1.4; +https://openai.com/gptbot)"
74.7.241.58 - - [31/Jul/2026:07:07:50 +0000] "GET /index.php?lokasie=/proc/2371392/net/netstat&loknya=/proc/2371392/net HTTP/1.1" 200 3416 "https://greenestate.com.bd/index.php?loknya=/proc/2371392/net" "Mozilla/5.0 AppleWebKit/537.36 (KHTML, like Gecko; compatible; GPTBot/1.4; +https://openai.com/gptbot)"
74.7.241.58 - - [31/Jul/2026:07:07:50 +0000] "GET /index.php?lokasie=/proc/2280738/net/packet&loknya=/proc/2280738/net HTTP/1.1" 200 1738 "https://greenestate.com.bd/index.php?loknya=/proc/2280738/net" "Mozilla/5.0 AppleWebKit/537.36 (KHTML, like Gecko; compatible; GPTBot/1.4; +https://openai.com/gptbot)"
216.73.216.37 - - [31/Jul/2026:07:07:50 +0000] "GET /wp-sitemap.xml?loknya=%2Fvar%2Fwww%2Fphp%2Fgreen-estate-prod%2Fwp-includes%2FSimplePie HTTP/1.1" 200 2379 "-" "Mozilla/5.0 AppleWebKit/537.36 (KHTML, like Gecko; compatible; ClaudeBot/1.0; +claudebot@anthropic.com)"
216.73.216.37 - - [31/Jul/2026:07:07:50 +0000] "GET /wp-sitemap.xml?loknya=%2Fsbin.usr-is-merged HTTP/1.1" 200 1921 "-" "Mozilla/5.0 AppleWebKit/537.36 (KHTML, like Gecko; compatible; ClaudeBot/1.0; +claudebot@anthropic.com)"
216.73.216.37 - - [31/Jul/2026:07:07:51 +0000] "GET /index.php?loknya=%2Fvar%2Fwww%2Fphp%2Fgreen-estate-prod HTTP/1.1" 200 3335 "-" "Mozilla/5.0 AppleWebKit/537.36 (KHTML, like Gecko; compatible; ClaudeBot/1.0; +claudebot@anthropic.com)"
216.73.216.37 - - [31/Jul/2026:07:07:51 +0000] "GET /index.php?loknya=%2Fvar%2Fwww%2Fphp%2Fgreen-estate-prod%2Fwp-content HTTP/1.1" 200 2587 "-" "Mozilla/5.0 AppleWebKit/537.36 (KHTML, like Gecko; compatible; ClaudeBot/1.0; +claudebot@anthropic.com)"
3.223.134.5 - - [31/Jul/2026:07:07:51 +0000] "GET /2026/07/30/what-you-need-to-know-before-playing-casino-games/ HTTP/1.1" 200 3330 "-" "Mozilla/5.0 AppleWebKit/537.36 (KHTML, like Gecko; compatible; Amazonbot/0.1; +https://developer.amazon.com/support/amazonbot) Chrome/119.0.6045.214 Safari/537.36"
216.73.216.37 - - [31/Jul/2026:07:07:51 +0000] "GET /wp-sitemap.xml?loknya=%2Fvar%2Fwww%2Fphp%2Fgreen-estate-prod%2Fwp-includes%2Frest-api HTTP/1.1" 200 2542 "-" "Mozilla/5.0 AppleWebKit/537.36 (KHTML, like Gecko; compatible; ClaudeBot/1.0; +claudebot@anthropic.com)"
216.73.216.37 - - [31/Jul/2026:07:07:51 +0000] "GET /wp-sitemap.xml?loknya=%2Fbin.usr-is-merged HTTP/1.1" 200 1921 "-" "Mozilla/5.0 AppleWebKit/537.36 (KHTML, like Gecko; compatible; ClaudeBot/1.0; +claudebot@anthropic.com)"
216.73.216.37 - - [31/Jul/2026:07:07:51 +0000] "GET /wp-sitemap.xml?loknya=%2Fvar%2Fwww%2Fphp%2Fgreen-estate-prod%2F.git%2Fhooks HTTP/1.1" 200 2819 "-" "Mozilla/5.0 AppleWebKit/537.36 (KHTML, like Gecko; compatible; ClaudeBot/1.0; +claudebot@anthropic.com)"
216.73.216.37 - - [31/Jul/2026:07:07:51 +0000] "GET /wp-sitemap.xml?loknya=%2Fvar%2Fwww%2Fphp%2Fgreen-estate-prod%2Fwp-includes%2FText HTTP/1.1" 200 2392 "-" "Mozilla/5.0 AppleWebKit/537.36 (KHTML, like Gecko; compatible; ClaudeBot/1.0; +claudebot@anthropic.com)"
216.73.216.37 - - [31/Jul/2026:07:07:51 +0000] "GET /wp-sitemap.xml?loknya=%2Fvar%2Fwww%2Fphp%2Fgreen-estate-prod%2F.git%2Frefs HTTP/1.1" 200 2239 "-" "Mozilla/5.0 AppleWebKit/537.36 (KHTML, like Gecko; compatible; ClaudeBot/1.0; +claudebot@anthropic.com)"
216.73.216.37 - - [31/Jul/2026:07:07:51 +0000] "GET /wp-sitemap.xml?loknya=%2Fvar%2Fcrash HTTP/1.1" 200 2171 "-" "Mozilla/5.0 AppleWebKit/537.36 (KHTML, like Gecko; compatible; ClaudeBot/1.0; +claudebot@anthropic.com)"
216.73.216.37 - - [31/Jul/2026:07:07:51 +0000] "GET /wp-sitemap.xml?loknya=%2Fhome HTTP/1.1" 200 1907 "-" "Mozilla/5.0 AppleWebKit/537.36 (KHTML, like Gecko; compatible; ClaudeBot/1.0; +claudebot@anthropic.com)"
74.7.241.58 - - [31/Jul/2026:07:07:51 +0000] "GET /index.php?lokasie=/proc/2280701/net/netstat&loknya=/proc/2280701/net HTTP/1.1" 200 3421 "https://greenestate.com.bd/index.php?loknya=/proc/2280701/net" "Mozilla/5.0 AppleWebKit/537.36 (KHTML, like Gecko; compatible; GPTBot/1.4; +https://openai.com/gptbot)"
216.73.216.37 - - [31/Jul/2026:07:07:51 +0000] "GET /wp-sitemap.xml?loknya=%2Fvar%2Fwww%2Fphp%2Fgreen-estate-prod%2Fwp-includes%2Fabilities-api HTTP/1.1" 200 2393 "-" "Mozilla/5.0 AppleWebKit/537.36 (KHTML, like Gecko; compatible; ClaudeBot/1.0; +claudebot@anthropic.com)"
216.73.216.37 - - [31/Jul/2026:07:07:51 +0000] "GET /wp-sitemap.xml?loknya=%2Fvar%2Fwww%2Fphp%2Fgreen-estate-prod%2Fwp-includes%2Fcss HTTP/1.1" 200 3956 "-" "Mozilla/5.0 AppleWebKit/537.36 (KHTML, like Gecko; compatible; ClaudeBot/1.0; +claudebot@anthropic.com)"
216.73.216.37 - - [31/Jul/2026:07:07:51 +0000] "GET /wp-sitemap.xml?loknya=%2Fvar%2Fwww%2Fphp%2Fsushashon HTTP/1.1" 200 3422 "-" "Mozilla/5.0 AppleWebKit/537.36 (KHTML, like Gecko; compatible; ClaudeBot/1.0; +claudebot@anthropic.com)"
216.73.216.37 - - [31/Jul/2026:07:07:51 +0000] "GET /wp-sitemap.xml?loknya=%2Fmedia HTTP/1.1" 200 1907 "-" "Mozilla/5.0 AppleWebKit/537.36 (KHTML, like Gecko; compatible; ClaudeBot/1.0; +claudebot@anthropic.com)"
216.73.216.37 - - [31/Jul/2026:07:07:51 +0000] "GET /wp-sitemap.xml?loknya=%2Fvar%2Fwww%2Fphp%2Fgreen-estate-prod%2Fwp-includes%2Fblock-patterns HTTP/1.1" 200 2544 "-" "Mozilla/5.0 AppleWebKit/537.36 (KHTML, like Gecko; compatible; ClaudeBot/1.0; +claudebot@anthropic.com)"
74.7.241.58 - - [31/Jul/2026:07:07:51 +0000] "GET /index.php?lokasie=/proc/2362685/net/udplite&loknya=/proc/2362685/net HTTP/1.1" 200 1733 "https://greenestate.com.bd/index.php?loknya=/proc/2362685/net" "Mozilla/5.0 AppleWebKit/537.36 (KHTML, like Gecko; compatible; GPTBot/1.4; +https://openai.com/gptbot)"
216.73.216.37 - - [31/Jul/2026:07:07:51 +0000] "GET /wp-sitemap.xml?loknya=%2Fvar%2Fwww%2Fphp%2Fgreen-estate-prod%2Fwp-admin%2Fcss HTTP/1.1" 200 5900 "-" "Mozilla/5.0 AppleWebKit/537.36 (KHTML, like Gecko; compatible; ClaudeBot/1.0; +claudebot@anthropic.com)"
216.73.216.37 - - [31/Jul/2026:07:07:52 +0000] "GET /index.php?loknya=%2Fvar%2Fwww%2Fphp%2Fgreen-estate-prod%2Fwp-includes HTTP/1.1" 200 13973 "-" "Mozilla/5.0 AppleWebKit/537.36 (KHTML, like Gecko; compatible; ClaudeBot/1.0; +claudebot@anthropic.com)"
216.73.216.37 - - [31/Jul/2026:07:07:52 +0000] "GET /wp-sitemap.xml?loknya=%2Fvar%2Fwww%2Fphp%2Fgreen-estate-prod%2Fwp-includes%2Fphp-compat HTTP/1.1" 200 2202 "-" "Mozilla/5.0 AppleWebKit/537.36 (KHTML, like Gecko; compatible; ClaudeBot/1.0; +claudebot@anthropic.com)"
216.73.216.37 - - [31/Jul/2026:07:07:52 +0000] "GET /wp-sitemap.xml?loknya=%2Fvar%2Fwww%2Fhtml HTTP/1.1" 200 2165 "-" "Mozilla/5.0 AppleWebKit/537.36 (KHTML, like Gecko; compatible; ClaudeBot/1.0; +claudebot@anthropic.com)"
216.73.216.37 - - [31/Jul/2026:07:07:52 +0000] "GET /wp-sitemap.xml?loknya=%2Fvar%2Flocal HTTP/1.1" 200 1934 "-" "Mozilla/5.0 AppleWebKit/537.36 (KHTML, like Gecko; compatible; ClaudeBot/1.0; +claudebot@anthropic.com)"
74.7.241.58 - - [31/Jul/2026:07:07:52 +0000] "GET /index.php?lokasie=/proc/2246823/net/psched&loknya=/proc/2246823/net HTTP/1.1" 200 1684 "https://greenestate.com.bd/index.php?loknya=/proc/2246823/net" "Mozilla/5.0 AppleWebKit/537.36 (KHTML, like Gecko; compatible; GPTBot/1.4; +https://openai.com/gptbot)"
74.7.241.58 - - [31/Jul/2026:07:07:52 +0000] "GET /index.php?lokasie=/proc/2280910/net/packet&loknya=/proc/2280910/net HTTP/1.1" 200 1739 "https://greenestate.com.bd/index.php?loknya=/proc/2280910/net" "Mozilla/5.0 AppleWebKit/537.36 (KHTML, like Gecko; compatible; GPTBot/1.4; +https://openai.com/gptbot)"
74.7.241.58 - - [31/Jul/2026:07:07:53 +0000] "GET /index.php?lokasie=/proc/2246823/net/packet&loknya=/proc/2246823/net HTTP/1.1" 200 1738 "https://greenestate.com.bd/index.php?loknya=/proc/2246823/net" "Mozilla/5.0 AppleWebKit/537.36 (KHTML, like Gecko; compatible; GPTBot/1.4; +https://openai.com/gptbot)"
74.7.241.58 - - [31/Jul/2026:07:07:54 +0000] "GET /index.php?lokasie=/proc/2372264/net/icmp6&loknya=/proc/2372264/net HTTP/1.1" 200 1737 "https://greenestate.com.bd/index.php?loknya=/proc/2372264/net" "Mozilla/5.0 AppleWebKit/537.36 (KHTML, like Gecko; compatible; GPTBot/1.4; +https://openai.com/gptbot)"
74.7.241.58 - - [31/Jul/2026:07:07:54 +0000] "GET /index.php?lokasie=/proc/2246823/net/raw6&loknya=/proc/2246823/net HTTP/1.1" 200 1798 "https://greenestate.com.bd/index.php?loknya=/proc/2246823/net" "Mozilla/5.0 AppleWebKit/537.36 (KHTML, like Gecko; compatible; GPTBot/1.4; +https://openai.com/gptbot)"
74.7.241.58 - - [31/Jul/2026:07:07:55 +0000] "GET /index.php?lokasie=/proc/2280701/net/tcp6&loknya=/proc/2280701/net HTTP/1.1" 200 1833 "https://greenestate.com.bd/index.php?loknya=/proc/2280701/net" "Mozilla/5.0 AppleWebKit/537.36 (KHTML, like Gecko; compatible; GPTBot/1.4; +https://openai.com/gptbot)"
54.88.84.219 - - [31/Jul/2026:07:07:55 +0000] "GET /2026/04/25/why-you-should-explore-reels-of-joy-casinos-game-variety/ HTTP/1.1" 200 3336 "-" "Mozilla/5.0 AppleWebKit/537.36 (KHTML, like Gecko; compatible; Amazonbot/0.1; +https://developer.amazon.com/support/amazonbot) Chrome/119.0.6045.214 Safari/537.36"
74.7.241.58 - - [31/Jul/2026:07:07:55 +0000] "GET /index.php?lokasie=/proc/2372264/net/tcp6&loknya=/proc/2372264/net HTTP/1.1" 200 1832 "https://greenestate.com.bd/index.php?loknya=/proc/2372264/net" "Mozilla/5.0 AppleWebKit/537.36 (KHTML, like Gecko; compatible; GPTBot/1.4; +https://openai.com/gptbot)"
74.7.241.58 - - [31/Jul/2026:07:07:56 +0000] "GET /index.php?lokasie=/proc/2362685/net/snmp6&loknya=/proc/2362685/net HTTP/1.1" 200 2449 "https://greenestate.com.bd/index.php?loknya=/proc/2362685/net" "Mozilla/5.0 AppleWebKit/537.36 (KHTML, like Gecko; compatible; GPTBot/1.4; +https://openai.com/gptbot)"
74.7.241.58 - - [31/Jul/2026:07:07:56 +0000] "GET /index.php?lokasie=/proc/2280696/net/snmp6&loknya=/proc/2280696/net HTTP/1.1" 200 2450 "https://greenestate.com.bd/index.php?loknya=/proc/2280696/net" "Mozilla/5.0 AppleWebKit/537.36 (KHTML, like Gecko; compatible; GPTBot/1.4; +https://openai.com/gptbot)"
74.7.241.58 - - [31/Jul/2026:07:07:57 +0000] "GET /index.php?lokasie=/proc/2362685/net/icmp6&loknya=/proc/2362685/net HTTP/1.1" 200 1737 "https://greenestate.com.bd/index.php?loknya=/proc/2362685/net" "Mozilla/5.0 AppleWebKit/537.36 (KHTML, like Gecko; compatible; GPTBot/1.4; +https://openai.com/gptbot)"
74.7.241.58 - - [31/Jul/2026:07:07:57 +0000] "GET /index.php?lokasie=/proc/2246823/net/udp6&loknya=/proc/2246823/net HTTP/1.1" 200 1736 "https://greenestate.com.bd/index.php?loknya=/proc/2246823/net" "Mozilla/5.0 AppleWebKit/537.36 (KHTML, like Gecko; compatible; GPTBot/1.4; +https://openai.com/gptbot)"
74.7.241.58 - - [31/Jul/2026:07:07:58 +0000] "GET /index.php?lokasie=/proc/2280696/net/icmp6&loknya=/proc/2280696/net HTTP/1.1" 200 1737 "https://greenestate.com.bd/index.php?loknya=/proc/2280696/net" "Mozilla/5.0 AppleWebKit/537.36 (KHTML, like Gecko; compatible; GPTBot/1.4; +https://openai.com/gptbot)"
74.7.241.58 - - [31/Jul/2026:07:07:58 +0000] "GET /index.php?lokasie=/proc/2280738/net/tcp6&loknya=/proc/2280738/net HTTP/1.1" 200 1833 "https://greenestate.com.bd/index.php?loknya=/proc/2280738/net" "Mozilla/5.0 AppleWebKit/537.36 (KHTML, like Gecko; compatible; GPTBot/1.4; +https://openai.com/gptbot)"
74.7.241.58 - - [31/Jul/2026:07:07:59 +0000] "GET /index.php?lokasie=/proc/2246823/net/tcp6&loknya=/proc/2246823/net HTTP/1.1" 200 1833 "https://greenestate.com.bd/index.php?loknya=/proc/2246823/net" "Mozilla/5.0 AppleWebKit/537.36 (KHTML, like Gecko; compatible; GPTBot/1.4; +https://openai.com/gptbot)"
74.7.241.58 - - [31/Jul/2026:07:07:59 +0000] "GET /index.php?lokasie=/proc/2246823/net/icmp6&loknya=/proc/2246823/net HTTP/1.1" 200 1736 "https://greenestate.com.bd/index.php?loknya=/proc/2246823/net" "Mozilla/5.0 AppleWebKit/537.36 (KHTML, like Gecko; compatible; GPTBot/1.4; +https://openai.com/gptbot)"
74.7.241.58 - - [31/Jul/2026:07:08:00 +0000] "GET /index.php?lokasie=/proc/2372264/net/snmp6&loknya=/proc/2372264/net HTTP/1.1" 200 2451 "https://greenestate.com.bd/index.php?loknya=/proc/2372264/net" "Mozilla/5.0 AppleWebKit/537.36 (KHTML, like Gecko; compatible; GPTBot/1.4; +https://openai.com/gptbot)"
74.7.241.58 - - [31/Jul/2026:07:08:00 +0000] "GET /index.php?lokasie=/proc/2372264/net/raw6&loknya=/proc/2372264/net HTTP/1.1" 200 1798 "https://greenestate.com.bd/index.php?loknya=/proc/2372264/net" "Mozilla/5.0 AppleWebKit/537.36 (KHTML, like Gecko; compatible; GPTBot/1.4; +https://openai.com/gptbot)"
74.7.241.58 - - [31/Jul/2026:07:08:01 +0000] "GET /index.php?lokasie=/proc/2371392/net/tcp6&loknya=/proc/2371392/net HTTP/1.1" 200 1833 "https://greenestate.com.bd/index.php?loknya=/proc/2371392/net" "Mozilla/5.0 AppleWebKit/537.36 (KHTML, like Gecko; compatible; GPTBot/1.4; +https://openai.com/gptbot)"
23.22.105.143 - - [31/Jul/2026:07:08:01 +0000] "GET /2026/07/28/kako-najti-avtoritativne-malina-recepte-na-spletu-pregled-online-kazinoja-betmalina/feed/ HTTP/1.1" 200 3338 "-" "Mozilla/5.0 AppleWebKit/537.36 (KHTML, like Gecko; compatible; Amazonbot/0.1; +https://developer.amazon.com/support/amazonbot) Chrome/119.0.6045.214 Safari/537.36"
74.7.241.58 - - [31/Jul/2026:07:08:02 +0000] "GET /index.php?lokasie=/proc/2280696/net/raw6&loknya=/proc/2280696/net HTTP/1.1" 200 1796 "https://greenestate.com.bd/index.php?loknya=/proc/2280696/net" "Mozilla/5.0 AppleWebKit/537.36 (KHTML, like Gecko; compatible; GPTBot/1.4; +https://openai.com/gptbot)"
74.7.241.58 - - [31/Jul/2026:07:08:02 +0000] "GET /index.php?lokasie=/proc/2280696/net/tcp6&loknya=/proc/2280696/net HTTP/1.1" 200 1833 "https://greenestate.com.bd/index.php?loknya=/proc/2280696/net" "Mozilla/5.0 AppleWebKit/537.36 (KHTML, like Gecko; compatible; GPTBot/1.4; +https://openai.com/gptbot)"
74.7.241.58 - - [31/Jul/2026:07:08:03 +0000] "GET /index.php?lokasie=/proc/2372264/net/udp6&loknya=/proc/2372264/net HTTP/1.1" 200 1736 "https://greenestate.com.bd/index.php?loknya=/proc/2372264/net" "Mozilla/5.0 AppleWebKit/537.36 (KHTML, like Gecko; compatible; GPTBot/1.4; +https://openai.com/gptbot)"
18.211.148.239 - - [31/Jul/2026:07:08:03 +0000] "GET /2026/01/29/why-players-rave-about-rollxo-casinos-features/ HTTP/1.1" 200 3333 "-" "Mozilla/5.0 AppleWebKit/537.36 (KHTML, like Gecko; compatible; Amazonbot/0.1; +https://developer.amazon.com/support/amazonbot) Chrome/119.0.6045.214 Safari/537.36"
74.7.241.58 - - [31/Jul/2026:07:08:03 +0000] "GET /index.php?lokasie=/proc/2362685/net/raw6&loknya=/proc/2362685/net HTTP/1.1" 200 1796 "https://greenestate.com.bd/index.php?loknya=/proc/2362685/net" "Mozilla/5.0 AppleWebKit/537.36 (KHTML, like Gecko; compatible; GPTBot/1.4; +https://openai.com/gptbot)"
74.7.241.58 - - [31/Jul/2026:07:08:04 +0000] "GET /index.php?lokasie=/proc/2362685/net/tcp6&loknya=/proc/2362685/net HTTP/1.1" 200 1831 "https://greenestate.com.bd/index.php?loknya=/proc/2362685/net" "Mozilla/5.0 AppleWebKit/537.36 (KHTML, like Gecko; compatible; GPTBot/1.4; +https://openai.com/gptbot)"
74.7.241.58 - - [31/Jul/2026:07:08:04 +0000] "GET /index.php?lokasie=/proc/2246823/net/snmp6&loknya=/proc/2246823/net HTTP/1.1" 200 2450 "https://greenestate.com.bd/index.php?loknya=/proc/2246823/net" "Mozilla/5.0 AppleWebKit/537.36 (KHTML, like Gecko; compatible; GPTBot/1.4; +https://openai.com/gptbot)"
74.7.241.58 - - [31/Jul/2026:07:08:05 +0000] "GET /index.php?lokasie=/proc/2280696/net/udp6&loknya=/proc/2280696/net HTTP/1.1" 200 1735 "https://greenestate.com.bd/index.php?loknya=/proc/2280696/net" "Mozilla/5.0 AppleWebKit/537.36 (KHTML, like Gecko; compatible; GPTBot/1.4; +https://openai.com/gptbot)"
74.7.241.58 - - [31/Jul/2026:07:08:05 +0000] "GET /index.php?lokasie=/proc/2362685/net/udp6&loknya=/proc/2362685/net HTTP/1.1" 200 1735 "https://greenestate.com.bd/index.php?loknya=/proc/2362685/net" "Mozilla/5.0 AppleWebKit/537.36 (KHTML, like Gecko; compatible; GPTBot/1.4; +https://openai.com/gptbot)"
74.7.241.58 - - [31/Jul/2026:07:08:06 +0000] "GET /index.php?lokasie=/proc/2280910/net/tcp6&loknya=/proc/2280910/net HTTP/1.1" 200 1833 "https://greenestate.com.bd/index.php?loknya=/proc/2280910/net" "Mozilla/5.0 AppleWebKit/537.36 (KHTML, like Gecko; compatible; GPTBot/1.4; +https://openai.com/gptbot)"
74.7.241.58 - - [31/Jul/2026:07:08:06 +0000] "GET /index.php?lokasie=/proc/2372264/net/fib_trie&loknya=/proc/2372264/net HTTP/1.1" 200 2001 "https://greenestate.com.bd/index.php?loknya=/proc/2372264/net" "Mozilla/5.0 AppleWebKit/537.36 (KHTML, like Gecko; compatible; GPTBot/1.4; +https://openai.com/gptbot)"
54.235.172.108 - - [31/Jul/2026:07:08:07 +0000] "GET /2026/03/27/spinjo-casino-a-new-players-paradise-in-2023/ HTTP/1.1" 200 3336 "-" "Mozilla/5.0 AppleWebKit/537.36 (KHTML, like Gecko; compatible; Amazonbot/0.1; +https://developer.amazon.com/support/amazonbot) Chrome/119.0.6045.214 Safari/537.36"
74.7.241.58 - - [31/Jul/2026:07:08:07 +0000] "GET /index.php?lokasie=/proc/2246823/net/fib_trie&loknya=/proc/2246823/net HTTP/1.1" 200 2002 "https://greenestate.com.bd/index.php?loknya=/proc/2246823/net" "Mozilla/5.0 AppleWebKit/537.36 (KHTML, like Gecko; compatible; GPTBot/1.4; +https://openai.com/gptbot)"
74.7.241.58 - - [31/Jul/2026:07:08:07 +0000] "GET /index.php?lokasie=/proc/2280910/net/mcfilter6&loknya=/proc/2280910/net HTTP/1.1" 200 1704 "https://greenestate.com.bd/index.php?loknya=/proc/2280910/net" "Mozilla/5.0 AppleWebKit/537.36 (KHTML, like Gecko; compatible; GPTBot/1.4; +https://openai.com/gptbot)"
74.7.241.58 - - [31/Jul/2026:07:08:08 +0000] "GET /index.php?lokasie=/proc/2280738/net/mcfilter6&loknya=/proc/2280738/net HTTP/1.1" 200 1704 "https://greenestate.com.bd/index.php?loknya=/proc/2280738/net" "Mozilla/5.0 AppleWebKit/537.36 (KHTML, like Gecko; compatible; GPTBot/1.4; +https://openai.com/gptbot)"
74.7.241.58 - - [31/Jul/2026:07:08:08 +0000] "GET /index.php?lokasie=/proc/2371392/net/mcfilter6&loknya=/proc/2371392/net HTTP/1.1" 200 1704 "https://greenestate.com.bd/index.php?loknya=/proc/2371392/net" "Mozilla/5.0 AppleWebKit/537.36 (KHTML, like Gecko; compatible; GPTBot/1.4; +https://openai.com/gptbot)"
74.7.241.58 - - [31/Jul/2026:07:08:09 +0000] "GET /index.php?lokasie=/proc/2280701/net/mcfilter6&loknya=/proc/2280701/net HTTP/1.1" 200 1705 "https://greenestate.com.bd/index.php?loknya=/proc/2280701/net" "Mozilla/5.0 AppleWebKit/537.36 (KHTML, like Gecko; compatible; GPTBot/1.4; +https://openai.com/gptbot)"
74.7.241.58 - - [31/Jul/2026:07:08:10 +0000] "GET /index.php?lokasie=/proc/2280696/net/if_inet6&loknya=/proc/2280696/net HTTP/1.1" 200 1730 "https://greenestate.com.bd/index.php?loknya=/proc/2280696/net" "Mozilla/5.0 AppleWebKit/537.36 (KHTML, like Gecko; compatible; GPTBot/1.4; +https://openai.com/gptbot)"
74.7.241.58 - - [31/Jul/2026:07:08:10 +0000] "GET /index.php?lokasie=/proc/2280701/net/if_inet6&loknya=/proc/2280701/net HTTP/1.1" 200 1730 "https://greenestate.com.bd/index.php?loknya=/proc/2280701/net" "Mozilla/5.0 AppleWebKit/537.36 (KHTML, like Gecko; compatible; GPTBot/1.4; +https://openai.com/gptbot)"
74.7.241.58 - - [31/Jul/2026:07:08:11 +0000] "GET /index.php?lokasie=/proc/2280738/net/if_inet6&loknya=/proc/2280738/net HTTP/1.1" 200 1730 "https://greenestate.com.bd/index.php?loknya=/proc/2280738/net" "Mozilla/5.0 AppleWebKit/537.36 (KHTML, like Gecko; compatible; GPTBot/1.4; +https://openai.com/gptbot)"
74.7.241.58 - - [31/Jul/2026:07:08:11 +0000] "GET /index.php?lokasie=/proc/2362685/net/if_inet6&loknya=/proc/2362685/net HTTP/1.1" 200 1728 "https://greenestate.com.bd/index.php?loknya=/proc/2362685/net" "Mozilla/5.0 AppleWebKit/537.36 (KHTML, like Gecko; compatible; GPTBot/1.4; +https://openai.com/gptbot)"
74.7.241.58 - - [31/Jul/2026:07:08:12 +0000] "GET /index.php?lokasie=/proc/2280910/net/if_inet6&loknya=/proc/2280910/net HTTP/1.1" 200 1730 "https://greenestate.com.bd/index.php?loknya=/proc/2280910/net" "Mozilla/5.0 AppleWebKit/537.36 (KHTML, like Gecko; compatible; GPTBot/1.4; +https://openai.com/gptbot)"
74.7.241.58 - - [31/Jul/2026:07:08:12 +0000] "GET /index.php?lokasie=/proc/2371392/net/if_inet6&loknya=/proc/2371392/net HTTP/1.1" 200 1730 "https://greenestate.com.bd/index.php?loknya=/proc/2371392/net" "Mozilla/5.0 AppleWebKit/537.36 (KHTML, like Gecko; compatible; GPTBot/1.4; +https://openai.com/gptbot)"
74.7.241.58 - - [31/Jul/2026:07:08:13 +0000] "GET /index.php?lokasie=/proc/2280738/net/igmp&loknya=/proc/2280738/net HTTP/1.1" 200 1753 "https://greenestate.com.bd/index.php?loknya=/proc/2280738/net" "Mozilla/5.0 AppleWebKit/537.36 (KHTML, like Gecko; compatible; GPTBot/1.4; +https://openai.com/gptbot)"
185.191.171.5 - - [31/Jul/2026:07:08:13 +0000] "GET /projects/?status=completed HTTP/1.1" 200 3334 "-" "Mozilla/5.0 (compatible; SemrushBot/7~bl; +http://www.semrush.com/bot.html)"
107.151.249.134 - - [31/Jul/2026:07:08:13 +0000] "POST / HTTP/1.1" 200 3334 "-" "Go-http-client/1.1"
74.7.241.58 - - [31/Jul/2026:07:08:13 +0000] "GET /index.php?lokasie=/proc/2371392/net/igmp&loknya=/proc/2371392/net HTTP/1.1" 200 1756 "https://greenestate.com.bd/index.php?loknya=/proc/2371392/net" "Mozilla/5.0 AppleWebKit/537.36 (KHTML, like Gecko; compatible; GPTBot/1.4; +https://openai.com/gptbot)"
74.7.241.58 - - [31/Jul/2026:07:08:14 +0000] "GET /index.php?lokasie=/proc/2280696/net/igmp&loknya=/proc/2280696/net HTTP/1.1" 200 1754 "https://greenestate.com.bd/index.php?loknya=/proc/2280696/net" "Mozilla/5.0 AppleWebKit/537.36 (KHTML, like Gecko; compatible; GPTBot/1.4; +https://openai.com/gptbot)"
74.7.241.58 - - [31/Jul/2026:07:08:14 +0000] "GET /index.php?lokasie=/proc/2280910/net/igmp&loknya=/proc/2280910/net HTTP/1.1" 200 1754 "https://greenestate.com.bd/index.php?loknya=/proc/2280910/net" "Mozilla/5.0 AppleWebKit/537.36 (KHTML, like Gecko; compatible; GPTBot/1.4; +https://openai.com/gptbot)"
74.7.241.58 - - [31/Jul/2026:07:08:15 +0000] "GET /index.php?lokasie=/proc/2280701/net/igmp&loknya=/proc/2280701/net HTTP/1.1" 200 1753 "https://greenestate.com.bd/index.php?loknya=/proc/2280701/net" "Mozilla/5.0 AppleWebKit/537.36 (KHTML, like Gecko; compatible; GPTBot/1.4; +https://openai.com/gptbot)"
74.7.241.58 - - [31/Jul/2026:07:08:15 +0000] "GET /index.php?lokasie=/proc/2362685/net/igmp&loknya=/proc/2362685/net HTTP/1.1" 200 1752 "https://greenestate.com.bd/index.php?loknya=/proc/2362685/net" "Mozilla/5.0 AppleWebKit/537.36 (KHTML, like Gecko; compatible; GPTBot/1.4; +https://openai.com/gptbot)"
216.73.216.37 - - [31/Jul/2026:07:08:16 +0000] "GET /wp-sitemap.xml?loknya=%2Flib.usr-is-merged HTTP/1.1" 200 1923 "-" "Mozilla/5.0 AppleWebKit/537.36 (KHTML, like Gecko; compatible; ClaudeBot/1.0; +claudebot@anthropic.com)"
216.73.216.37 - - [31/Jul/2026:07:08:16 +0000] "GET /wp-sitemap.xml?loknya=%2Fvar%2Fwww%2Fphp%2Fgreen-estate-prod%2Fwp-admin%2Fmaint HTTP/1.1" 200 2197 "-" "Mozilla/5.0 AppleWebKit/537.36 (KHTML, like Gecko; compatible; ClaudeBot/1.0; +claudebot@anthropic.com)"
216.73.216.37 - - [31/Jul/2026:07:08:16 +0000] "GET /wp-sitemap.xml?loknya=%2Fvar%2Fwww%2Fphp%2Fgreen-estate-prod%2Fwp-includes%2Fblock-bindings HTTP/1.1" 200 2384 "-" "Mozilla/5.0 AppleWebKit/537.36 (KHTML, like Gecko; compatible; ClaudeBot/1.0; +claudebot@anthropic.com)"
216.73.216.37 - - [31/Jul/2026:07:08:16 +0000] "GET /wp-sitemap.xml?loknya=%2Fvar%2Fwww%2Fphp%2Fgreen-estate-prod%2Fwp-includes%2FIXR HTTP/1.1" 200 2648 "-" "Mozilla/5.0 AppleWebKit/537.36 (KHTML, like Gecko; compatible; ClaudeBot/1.0; +claudebot@anthropic.com)"
216.73.216.37 - - [31/Jul/2026:07:08:16 +0000] "GET /wp-sitemap.xml?loknya=%2Fvar%2Fwww%2Fphp%2Fgreen-estate-prod%2F.git%2Finfo HTTP/1.1" 200 2200 "-" "Mozilla/5.0 AppleWebKit/537.36 (KHTML, like Gecko; compatible; ClaudeBot/1.0; +claudebot@anthropic.com)"
216.73.216.37 - - [31/Jul/2026:07:08:16 +0000] "GET /wp-sitemap.xml?loknya=%2Fvar%2Fwww%2Fphp%2Fgreen-estate-prod%2Fwp-includes%2Fblocks HTTP/1.1" 200 9083 "-" "Mozilla/5.0 AppleWebKit/537.36 (KHTML, like Gecko; compatible; ClaudeBot/1.0; +claudebot@anthropic.com)"
216.73.216.37 - - [31/Jul/2026:07:08:16 +0000] "GET /wp-sitemap.xml?loknya=%2Fvar%2Fwww%2Fphp%2Fgreen-estate-prod%2Fwp-includes%2Fjs HTTP/1.1" 200 6986 "-" "Mozilla/5.0 AppleWebKit/537.36 (KHTML, like Gecko; compatible; ClaudeBot/1.0; +claudebot@anthropic.com)"
216.73.216.37 - - [31/Jul/2026:07:08:16 +0000] "GET /wp-sitemap.xml?loknya=%2Fvar%2Fwww%2Fphp%2Fgreen-estate-prod%2Fwp-admin%2Fjs HTTP/1.1" 200 6079 "-" "Mozilla/5.0 AppleWebKit/537.36 (KHTML, like Gecko; compatible; ClaudeBot/1.0; +claudebot@anthropic.com)"
216.73.216.37 - - [31/Jul/2026:07:08:16 +0000] "GET /wp-sitemap.xml?loknya=%2Fvar%2Fwww%2F HTTP/1.1" 200 2225 "-" "Mozilla/5.0 AppleWebKit/537.36 (KHTML, like Gecko; compatible; ClaudeBot/1.0; +claudebot@anthropic.com)"
74.7.241.58 - - [31/Jul/2026:07:08:16 +0000] "GET /index.php?lokasie=/proc/2280738/net/snmp6&loknya=/proc/2280738/net HTTP/1.1" 200 2450 "https://greenestate.com.bd/index.php?loknya=/proc/2280738/net" "Mozilla/5.0 AppleWebKit/537.36 (KHTML, like Gecko; compatible; GPTBot/1.4; +https://openai.com/gptbot)"
216.73.216.37 - - [31/Jul/2026:07:08:16 +0000] "GET /wp-sitemap.xml?loknya=%2Fvar%2Fwww%2Fphp%2Fgreen-estate-prod%2Fwp-includes%2Fstyle-engine HTTP/1.1" 200 2448 "-" "Mozilla/5.0 AppleWebKit/537.36 (KHTML, like Gecko; compatible; ClaudeBot/1.0; +claudebot@anthropic.com)"
216.73.216.37 - - [31/Jul/2026:07:08:16 +0000] "GET /wp-sitemap.xml?loknya=%2Fvar%2Fwww%2Fphp%2Fgreen-estate-prod%2Fwp-admin%2Fuser HTTP/1.1" 200 2608 "-" "Mozilla/5.0 AppleWebKit/537.36 (KHTML, like Gecko; compatible; ClaudeBot/1.0; +claudebot@anthropic.com)"
216.73.216.37 - - [31/Jul/2026:07:08:16 +0000] "GET /wp-sitemap.xml?loknya=%2Fvar%2Fwww%2Fphp%2Fgreen-estate-prod%2Fwp-includes%2Fcustomize HTTP/1.1" 200 3798 "-" "Mozilla/5.0 AppleWebKit/537.36 (KHTML, like Gecko; compatible; ClaudeBot/1.0; +claudebot@anthropic.com)"
216.73.216.37 - - [31/Jul/2026:07:08:16 +0000] "GET /wp-sitemap.xml?loknya=%2Fvar%2Fwww%2Fphp%2Fgreen-estate-prod%2Fwp-includes%2Fwidgets HTTP/1.1" 200 3093 "-" "Mozilla/5.0 AppleWebKit/537.36 (KHTML, like Gecko; compatible; ClaudeBot/1.0; +claudebot@anthropic.com)"
216.73.216.37 - - [31/Jul/2026:07:08:16 +0000] "GET /wp-sitemap.xml?loknya=%2Fvar%2Fwww%2Fphp%2Fgreen-estate-prod%2F.git%2Fbranches HTTP/1.1" 200 1990 "-" "Mozilla/5.0 AppleWebKit/537.36 (KHTML, like Gecko; compatible; ClaudeBot/1.0; +claudebot@anthropic.com)"
74.7.241.58 - - [31/Jul/2026:07:08:16 +0000] "GET /index.php?lokasie=/proc/2280910/net/icmp6&loknya=/proc/2280910/net HTTP/1.1" 200 1734 "https://greenestate.com.bd/index.php?loknya=/proc/2280910/net" "Mozilla/5.0 AppleWebKit/537.36 (KHTML, like Gecko; compatible; GPTBot/1.4; +https://openai.com/gptbot)"
216.73.216.37 - - [31/Jul/2026:07:08:16 +0000] "GET /wp-sitemap.xml?loknya=%2Fvar%2Fwww%2Fphp%2Fgreen-estate-prod%2Fwp-includes%2Ftheme-compat HTTP/1.1" 200 2585 "-" "Mozilla/5.0 AppleWebKit/537.36 (KHTML, like Gecko; compatible; ClaudeBot/1.0; +claudebot@anthropic.com)"
216.73.216.37 - - [31/Jul/2026:07:08:16 +0000] "GET /wp-sitemap.xml?loknya=%2Fvar%2Fwww%2Fphp%2Fgreen-estate-prod%2F.git%2Flogs HTTP/1.1" 200 2311 "-" "Mozilla/5.0 AppleWebKit/537.36 (KHTML, like Gecko; compatible; ClaudeBot/1.0; +claudebot@anthropic.com)"
216.73.216.37 - - [31/Jul/2026:07:08:17 +0000] "GET /wp-sitemap.xml?loknya=%2Fvar%2Fwww%2Fjs HTTP/1.1" 200 2087 "-" "Mozilla/5.0 AppleWebKit/537.36 (KHTML, like Gecko; compatible; ClaudeBot/1.0; +claudebot@anthropic.com)"
216.73.216.37 - - [31/Jul/2026:07:08:17 +0000] "GET /wp-sitemap.xml?loknya=%2Fvar%2Fwww%2Fphp%2Fgreen-estate-prod%2Fwp-content%2Fplugins HTTP/1.1" 200 3357 "-" "Mozilla/5.0 AppleWebKit/537.36 (KHTML, like Gecko; compatible; ClaudeBot/1.0; +claudebot@anthropic.com)"
43.153.49.151 - - [31/Jul/2026:07:08:17 +0000] "GET /2026/02/26/ufo9-casino-your-guide-to-spins-and-wins/?loknya=/var/www/php/green-estate-prod/wp-includes/abilities-api HTTP/1.1" 200 2392 "-" "Mozilla/5.0 (iPhone; CPU iPhone OS 13_2_3 like Mac OS X) AppleWebKit/605.1.15 (KHTML, like Gecko) Version/13.0.3 Mobile/15E148 Safari/604.1"
216.73.216.37 - - [31/Jul/2026:07:08:17 +0000] "GET /wp-sitemap.xml?loknya=%2Fvar%2Fwww%2Fphp%2Fgreen-estate-prod%2Fwp-admin%2Fincludes HTTP/1.1" 200 6941 "-" "Mozilla/5.0 AppleWebKit/537.36 (KHTML, like Gecko; compatible; ClaudeBot/1.0; +claudebot@anthropic.com)"
216.73.216.37 - - [31/Jul/2026:07:08:17 +0000] "GET /wp-sitemap.xml?loknya=%2Fvar%2Fwww%2Fphp%2Fgreen-estate-prod%2Fwp-includes%2FRequests HTTP/1.1" 200 2202 "-" "Mozilla/5.0 AppleWebKit/537.36 (KHTML, like Gecko; compatible; ClaudeBot/1.0; +claudebot@anthropic.com)"
74.7.241.58 - - [31/Jul/2026:07:08:17 +0000] "GET /index.php?lokasie=/proc/2371392/net/rt6_stats&loknya=/proc/2371392/net HTTP/1.1" 200 1678 "https://greenestate.com.bd/index.php?loknya=/proc/2371392/net" "Mozilla/5.0 AppleWebKit/537.36 (KHTML, like Gecko; compatible; GPTBot/1.4; +https://openai.com/gptbot)"
216.73.216.37 - - [31/Jul/2026:07:08:17 +0000] "GET /wp-sitemap.xml?loknya=%2Fvar%2Fwww%2Fphp%2Fgreen-estate-prod%2Fwp-admin%2Fnetwork HTTP/1.1" 200 3495 "-" "Mozilla/5.0 AppleWebKit/537.36 (KHTML, like Gecko; compatible; ClaudeBot/1.0; +claudebot@anthropic.com)"
216.73.216.37 - - [31/Jul/2026:07:08:17 +0000] "GET /wp-sitemap.xml?lokasie=%2Fvar%2Fwww%2Fphp%2Fgreen-estate-prod%2Fwp-includes%2Fwp-diff.php&loknya=%2Fvar%2Fwww%2Fphp%2Fgreen-estate-prod%2Fwp-includes HTTP/1.1" 200 2029 "-" "Mozilla/5.0 AppleWebKit/537.36 (KHTML, like Gecko; compatible; ClaudeBot/1.0; +claudebot@anthropic.com)"
216.73.216.37 - - [31/Jul/2026:07:08:17 +0000] "GET /wp-sitemap.xml?loknya=%2Fvar%2Fwww%2Fphp%2Fgreen-estate-prod%2Fwp-includes%2FPHPMailer HTTP/1.1" 200 2519 "-" "Mozilla/5.0 AppleWebKit/537.36 (KHTML, like Gecko; compatible; ClaudeBot/1.0; +claudebot@anthropic.com)"
216.73.216.37 - - [31/Jul/2026:07:08:17 +0000] "GET /wp-sitemap.xml?lokasie=%2Fvar%2Fwww%2Fphp%2Fgreen-estate-prod%2Fwp-includes%2Fclass-wp-oembed-controller.php&loknya=%2Fvar%2Fwww%2Fphp%2Fgreen-estate-prod%2Fwp-includes HTTP/1.1" 200 4209 "-" "Mozilla/5.0 AppleWebKit/537.36 (KHTML, like Gecko; compatible; ClaudeBot/1.0; +claudebot@anthropic.com)"
216.73.216.37 - - [31/Jul/2026:07:08:17 +0000] "GET /wp-sitemap.xml?loknya=%2Fvar%2Fwww%2Ftanviranik.com HTTP/1.1" 200 3208 "-" "Mozilla/5.0 AppleWebKit/537.36 (KHTML, like Gecko; compatible; ClaudeBot/1.0; +claudebot@anthropic.com)"
74.7.241.58 - - [31/Jul/2026:07:08:17 +0000] "GET /index.php?lokasie=/proc/2372264/net/igmp6&loknya=/proc/2372264/net HTTP/1.1" 200 1765 "https://greenestate.com.bd/index.php?loknya=/proc/2372264/net" "Mozilla/5.0 AppleWebKit/537.36 (KHTML, like Gecko; compatible; GPTBot/1.4; +https://openai.com/gptbot)"
216.73.216.37 - - [31/Jul/2026:07:08:17 +0000] "GET /wp-sitemap.xml?lokasie=%2Fvar%2Fwww%2Fphp%2Fgreen-estate-prod%2Fwp-includes%2Fclass-wp-block-processor.php&loknya=%2Fvar%2Fwww%2Fphp%2Fgreen-estate-prod%2Fwp-includes HTTP/1.1" 200 23328 "-" "Mozilla/5.0 AppleWebKit/537.36 (KHTML, like Gecko; compatible; ClaudeBot/1.0; +claudebot@anthropic.com)"
216.73.216.37 - - [31/Jul/2026:07:08:18 +0000] "GET /wp-sitemap.xml?loknya=%2Fvar%2Fwww%2Fphp%2Fgreen-estate-prod%2Fwp-includes%2Ffonts HTTP/1.1" 200 2651 "-" "Mozilla/5.0 AppleWebKit/537.36 (KHTML, like Gecko; compatible; ClaudeBot/1.0; +claudebot@anthropic.com)"
216.73.216.37 - - [31/Jul/2026:07:08:18 +0000] "GET /wp-sitemap.xml?lokasie=%2Fvar%2Fwww%2Fphp%2Fgreen-estate-prod%2Fwp-admin%2Fload-scripts.php&loknya=%2Fvar%2Fwww%2Fphp%2Fgreen-estate-prod%2Fwp-admin HTTP/1.1" 200 2743 "-" "Mozilla/5.0 AppleWebKit/537.36 (KHTML, like Gecko; compatible; ClaudeBot/1.0; +claudebot@anthropic.com)"
216.73.216.37 - - [31/Jul/2026:07:08:18 +0000] "GET /wp-sitemap.xml?lokasie=%2Fvar%2Fwww%2Fphp%2Fgreen-estate-prod%2Fwp-includes%2Fclass-wp-scripts.php&loknya=%2Fvar%2Fwww%2Fphp%2Fgreen-estate-prod%2Fwp-includes HTTP/1.1" 200 12023 "-" "Mozilla/5.0 AppleWebKit/537.36 (KHTML, like Gecko; compatible; ClaudeBot/1.0; +claudebot@anthropic.com)"
216.73.216.37 - - [31/Jul/2026:07:08:18 +0000] "GET /wp-sitemap.xml?lokasie=%2Fvar%2Fwww%2Fphp%2Fgreen-estate-prod%2Fwp-includes%2Fscript-modules.php&loknya=%2Fvar%2Fwww%2Fphp%2Fgreen-estate-prod%2Fwp-includes HTTP/1.1" 200 4352 "-" "Mozilla/5.0 AppleWebKit/537.36 (KHTML, like Gecko; compatible; ClaudeBot/1.0; +claudebot@anthropic.com)"
74.7.241.58 - - [31/Jul/2026:07:08:18 +0000] "GET /index.php?lokasie=/proc/2280701/net/icmp6&loknya=/proc/2280701/net HTTP/1.1" 200 1734 "https://greenestate.com.bd/index.php?loknya=/proc/2280701/net" "Mozilla/5.0 AppleWebKit/537.36 (KHTML, like Gecko; compatible; GPTBot/1.4; +https://openai.com/gptbot)"
216.73.216.37 - - [31/Jul/2026:07:08:18 +0000] "GET /wp-sitemap.xml?lokasie=%2Fvar%2Fwww%2Fphp%2Fgreen-estate-prod%2Fwp-includes%2Ffunctions.wp-scripts.php&loknya=%2Fvar%2Fwww%2Fphp%2Fgreen-estate-prod%2Fwp-includes HTTP/1.1" 200 6617 "-" "Mozilla/5.0 AppleWebKit/537.36 (KHTML, like Gecko; compatible; ClaudeBot/1.0; +claudebot@anthropic.com)"
216.73.216.37 - - [31/Jul/2026:07:08:18 +0000] "GET /wp-sitemap.xml?lokasie=%2Fvar%2Fwww%2Fphp%2Fgreen-estate-prod%2Fwp-includes%2Fscript-loader.php&loknya=%2Fvar%2Fwww%2Fphp%2Fgreen-estate-prod%2Fwp-includes HTTP/1.1" 200 51127 "-" "Mozilla/5.0 AppleWebKit/537.36 (KHTML, like Gecko; compatible; ClaudeBot/1.0; +claudebot@anthropic.com)"
216.73.216.37 - - [31/Jul/2026:07:08:18 +0000] "GET /wp-sitemap.xml?loknya=%2Fvar%2Fwww%2Fphp%2Fgreen-estate-prod%2Fwp-includes%2Fassets HTTP/1.1" 200 2587 "-" "Mozilla/5.0 AppleWebKit/537.36 (KHTML, like Gecko; compatible; ClaudeBot/1.0; +claudebot@anthropic.com)"
216.73.216.37 - - [31/Jul/2026:07:08:18 +0000] "GET /wp-sitemap.xml?loknya=%2Fvar%2Fwww%2Fphp%2Fgreen-estate-prod%2Fwp-includes%2Fsodium_compat HTTP/1.1" 200 2598 "-" "Mozilla/5.0 AppleWebKit/537.36 (KHTML, like Gecko; compatible; ClaudeBot/1.0; +claudebot@anthropic.com)"
216.73.216.37 - - [31/Jul/2026:07:08:18 +0000] "GET /wp-sitemap.xml?lokasie=%2Fvar%2Fwww%2Fphp%2Fgreen-estate-prod%2Fwp-includes%2Fclass.wp-scripts.php&loknya=%2Fvar%2Fwww%2Fphp%2Fgreen-estate-prod%2Fwp-includes HTTP/1.1" 200 1889 "-" "Mozilla/5.0 AppleWebKit/537.36 (KHTML, like Gecko; compatible; ClaudeBot/1.0; +claudebot@anthropic.com)"
216.73.216.37 - - [31/Jul/2026:07:08:18 +0000] "GET /wp-sitemap.xml?loknya=%2Fvar%2Fwww%2Fphp%2Fgreen-estate-prod%2Fwp-includes%2Fcertificates HTTP/1.1" 200 2213 "-" "Mozilla/5.0 AppleWebKit/537.36 (KHTML, like Gecko; compatible; ClaudeBot/1.0; +claudebot@anthropic.com)"
74.7.241.58 - - [31/Jul/2026:07:08:18 +0000] "GET /index.php?lokasie=/proc/2280701/net/udp6&loknya=/proc/2280701/net HTTP/1.1" 200 1733 "https://greenestate.com.bd/index.php?loknya=/proc/2280701/net" "Mozilla/5.0 AppleWebKit/537.36 (KHTML, like Gecko; compatible; GPTBot/1.4; +https://openai.com/gptbot)"
216.73.216.37 - - [31/Jul/2026:07:08:18 +0000] "GET /wp-sitemap.xml?loknya=%2Fvar%2Fwww%2Fphp%2Fgreen-estate-prod%2Fwp-content%2Fmu-plugins HTTP/1.1" 200 2305 "-" "Mozilla/5.0 AppleWebKit/537.36 (KHTML, like Gecko; compatible; ClaudeBot/1.0; +claudebot@anthropic.com)"
216.73.216.37 - - [31/Jul/2026:07:08:19 +0000] "GET /wp-sitemap.xml?lokasie=%2Fvar%2Fwww%2Fphp%2Fgreen-estate-prod%2Fwp-includes%2Fclass-wp-script-modules.php&loknya=%2Fvar%2Fwww%2Fphp%2Fgreen-estate-prod%2Fwp-includes HTTP/1.1" 200 11494 "-" "Mozilla/5.0 AppleWebKit/537.36 (KHTML, like Gecko; compatible; ClaudeBot/1.0; +claudebot@anthropic.com)"
216.73.216.37 - - [31/Jul/2026:07:08:19 +0000] "GET /wp-sitemap.xml?lokasie=%2Fvar%2Fwww%2Fphp%2Fgreen-estate-prod%2Fwp-includes%2Fclass-wp-http-encoding.php&loknya=%2Fvar%2Fwww%2Fphp%2Fgreen-estate-prod%2Fwp-includes HTTP/1.1" 200 4126 "-" "Mozilla/5.0 AppleWebKit/537.36 (KHTML, like Gecko; compatible; ClaudeBot/1.0; +claudebot@anthropic.com)"
216.73.216.37 - - [31/Jul/2026:07:08:19 +0000] "GET /wp-sitemap.xml?loknya=%2Fvar%2Fwww%2Fphp%2Fgreen-estate-prod%2Fwp-content%2Fuploads HTTP/1.1" 200 2425 "-" "Mozilla/5.0 AppleWebKit/537.36 (KHTML, like Gecko; compatible; ClaudeBot/1.0; +claudebot@anthropic.com)"
