58.186.122.222 - - [31/Jul/2026:00:36:53 +0000] "GET / HTTP/1.1" 301 178 "-" "Mozilla/5.0 (Windows NT 10.0; Win64; x64) AppleWebKit/537.36 (KHTML, like Gecko) Chrome/120.0.0.0 Safari/537.36"
85.11.167.203 - - [31/Jul/2026:00:37:05 +0000] "POST /xmlrpc.php HTTP/1.1" 499 0 "-" "Mozilla/5.0"
85.11.167.203 - - [31/Jul/2026:00:37:09 +0000] "POST /xmlrpc.php HTTP/1.1" 499 0 "-" "Mozilla/5.0"
10.10.0.2 - - [31/Jul/2026:00:37:41 +0000] "POST /wp-cron.php?doing_wp_cron=1785458261.6879570484161376953125 HTTP/1.1" 200 31 "-" "WordPress/6.9.4; https://greenestate.com.bd"
179.48.215.228 - - [31/Jul/2026:00:37:41 +0000] "GET / HTTP/1.1" 200 20445 "-" "Mozilla/5.0 (Windows NT 10.0; Win64; x64) AppleWebKit/537.36 (KHTML, like Gecko) Chrome/120.0.0.0 Safari/537.36"
45.79.5.11 - - [31/Jul/2026:00:37:45 +0000] "GET / HTTP/1.1" 404 134 "-" "Mozilla/5.0 zgrab/0.x"
197.147.21.173 - - [31/Jul/2026:00:37:52 +0000] "GET /wp-login.php HTTP/1.1" 200 2162 "-" "Mozilla/5.0 (Windows NT 10.0; Win64; x64) AppleWebKit/537.36 (KHTML, like Gecko) Chrome/120.0.0.0 Safari/537.36"
197.147.21.173 - - [31/Jul/2026:00:37:57 +0000] "POST /wp-login.php HTTP/1.1" 200 2328 "https://greenestate.com.bd/wp-login.php" "Mozilla/5.0 (Windows NT 10.0; Win64; x64) AppleWebKit/537.36 (KHTML, like Gecko) Chrome/120.0.0.0 Safari/537.36"
85.11.167.203 - - [31/Jul/2026:00:37:58 +0000] "POST /xmlrpc.php HTTP/1.1" 499 0 "-" "Mozilla/5.0"
85.11.167.203 - - [31/Jul/2026:00:37:59 +0000] "POST /xmlrpc.php HTTP/1.1" 499 0 "-" "Mozilla/5.0"
197.147.21.173 - - [31/Jul/2026:00:38:06 +0000] "POST /wp-login.php HTTP/1.1" 200 2328 "https://greenestate.com.bd/wp-login.php" "Mozilla/5.0 (Windows NT 10.0; Win64; x64) AppleWebKit/537.36 (KHTML, like Gecko) Chrome/120.0.0.0 Safari/537.36"
197.147.21.173 - - [31/Jul/2026:00:38:16 +0000] "POST /wp-login.php HTTP/1.1" 200 2328 "https://greenestate.com.bd/wp-login.php" "Mozilla/5.0 (Windows NT 10.0; Win64; x64) AppleWebKit/537.36 (KHTML, like Gecko) Chrome/120.0.0.0 Safari/537.36"
197.147.21.173 - - [31/Jul/2026:00:38:21 +0000] "POST /xmlrpc.php HTTP/1.1" 200 415 "-" "WordPress/5.0; https://greenestate.com.bd"
10.10.0.2 - - [31/Jul/2026:00:38:31 +0000] "POST /wp-cron.php?doing_wp_cron=1785458311.4910531044006347656250 HTTP/1.1" 200 31 "-" "WordPress/6.9.4; https://greenestate.com.bd"
190.5.36.59 - - [31/Jul/2026:00:38:31 +0000] "GET / HTTP/1.1" 200 20445 "-" "Mozilla/5.0 (Windows NT 10.0; Win64; x64) AppleWebKit/537.36 (KHTML, like Gecko) Chrome/120.0.0.0 Safari/537.36"
45.79.207.111 - - [31/Jul/2026:00:38:34 +0000] "GET / HTTP/1.1" 404 134 "-" "Mozilla/5.0 zgrab/0.x"
66.249.74.35 - - [31/Jul/2026:00:38:34 +0000] "GET /2026/02/17/betzillo-casinos-loyalty-program-are-the-rewards-worth-it/ HTTP/1.1" 200 15267 "-" "Mozilla/5.0 (Linux; Android 6.0.1; Nexus 5X Build/MMB29P) AppleWebKit/537.36 (KHTML, like Gecko) Chrome/150.0.7871.186 Mobile Safari/537.36 (compatible; Googlebot/2.1; +http://www.google.com/bot.html)"
190.5.36.59 - - [31/Jul/2026:00:38:36 +0000] "GET /wp-login.php HTTP/1.1" 200 2162 "-" "Mozilla/5.0 (Windows NT 10.0; Win64; x64) AppleWebKit/537.36 (KHTML, like Gecko) Chrome/120.0.0.0 Safari/537.36"
190.5.36.59 - - [31/Jul/2026:00:38:42 +0000] "POST /wp-login.php HTTP/1.1" 200 2328 "https://greenestate.com.bd/wp-login.php" "Mozilla/5.0 (Windows NT 10.0; Win64; x64) AppleWebKit/537.36 (KHTML, like Gecko) Chrome/120.0.0.0 Safari/537.36"
85.11.167.203 - - [31/Jul/2026:00:38:44 +0000] "POST /xmlrpc.php HTTP/1.1" 499 0 "-" "Mozilla/5.0"
85.11.167.203 - - [31/Jul/2026:00:38:47 +0000] "POST /xmlrpc.php HTTP/1.1" 499 0 "-" "Mozilla/5.0"
89.41.241.58 - - [31/Jul/2026:00:38:49 +0000] "POST / HTTP/1.1" 404 134 "-" "-"
190.5.36.59 - - [31/Jul/2026:00:38:52 +0000] "POST /wp-login.php HTTP/1.1" 200 2328 "https://greenestate.com.bd/wp-login.php" "Mozilla/5.0 (Windows NT 10.0; Win64; x64) AppleWebKit/537.36 (KHTML, like Gecko) Chrome/120.0.0.0 Safari/537.36"
43.166.244.251 - - [31/Jul/2026:00:39:01 +0000] "GET /2026/02/11/les-avis-sur-sg-casino-verite-ou-mythe/ HTTP/1.1" 200 15108 "-" "Mozilla/5.0 (iPhone; CPU iPhone OS 13_2_3 like Mac OS X) AppleWebKit/605.1.15 (KHTML, like Gecko) Version/13.0.3 Mobile/15E148 Safari/604.1"
190.5.36.59 - - [31/Jul/2026:00:39:01 +0000] "POST /wp-login.php HTTP/1.1" 200 2328 "https://greenestate.com.bd/wp-login.php" "Mozilla/5.0 (Windows NT 10.0; Win64; x64) AppleWebKit/537.36 (KHTML, like Gecko) Chrome/120.0.0.0 Safari/537.36"
50.116.49.221 - - [31/Jul/2026:00:39:03 +0000] "GET / HTTP/1.1" 404 196 "-" "Mozilla/5.0 (Macintosh; Intel Mac OS X 13_1) AppleWebKit/537.36 (KHTML, like Gecko) Chrome/108.0.0.0 Safari/537.36"
190.5.36.59 - - [31/Jul/2026:00:39:06 +0000] "POST /xmlrpc.php HTTP/1.1" 200 415 "-" "WordPress/5.0; https://greenestate.com.bd"
103.168.44.81 - - [31/Jul/2026:00:39:18 +0000] "GET / HTTP/1.1" 301 178 "-" "Mozilla/5.0 (Windows NT 10.0; Win64; x64) AppleWebKit/537.36 (KHTML, like Gecko) Chrome/120.0.0.0 Safari/537.36"
10.10.0.2 - - [31/Jul/2026:00:39:26 +0000] "POST /wp-cron.php?doing_wp_cron=1785458366.3251791000366210937500 HTTP/1.1" 200 31 "-" "WordPress/6.9.4; https://greenestate.com.bd"
176.241.84.53 - - [31/Jul/2026:00:39:26 +0000] "GET / HTTP/1.1" 200 20445 "-" "Mozilla/5.0 (Windows NT 10.0; Win64; x64) AppleWebKit/537.36 (KHTML, like Gecko) Chrome/120.0.0.0 Safari/537.36"
85.11.167.203 - - [31/Jul/2026:00:39:34 +0000] "POST /xmlrpc.php HTTP/1.1" 499 0 "-" "Mozilla/5.0"
85.11.167.203 - - [31/Jul/2026:00:39:37 +0000] "POST /xmlrpc.php HTTP/1.1" 499 0 "-" "Mozilla/5.0"
151.254.19.198 - - [31/Jul/2026:00:39:39 +0000] "GET /wp-login.php HTTP/1.1" 200 2162 "-" "Mozilla/5.0 (Windows NT 10.0; Win64; x64) AppleWebKit/537.36 (KHTML, like Gecko) Chrome/120.0.0.0 Safari/537.36"
151.254.19.198 - - [31/Jul/2026:00:39:45 +0000] "POST /wp-login.php HTTP/1.1" 200 2328 "https://greenestate.com.bd/wp-login.php" "Mozilla/5.0 (Windows NT 10.0; Win64; x64) AppleWebKit/537.36 (KHTML, like Gecko) Chrome/120.0.0.0 Safari/537.36"
91.218.162.228 - - [31/Jul/2026:00:39:59 +0000] "POST / HTTP/1.1" 200 20439 "-" "Go-http-client/1.1"
91.218.162.228 - - [31/Jul/2026:00:39:59 +0000] "POST / HTTP/1.1" 200 20439 "-" "Go-http-client/1.1"
93.233.208.235 - - [31/Jul/2026:00:40:03 +0000] "POST /wp-login.php HTTP/1.1" 200 2328 "https://greenestate.com.bd/wp-login.php" "Mozilla/5.0 (Windows NT 10.0; Win64; x64) AppleWebKit/537.36 (KHTML, like Gecko) Chrome/120.0.0.0 Safari/537.36"
93.233.208.235 - - [31/Jul/2026:00:40:12 +0000] "POST /wp-login.php HTTP/1.1" 200 2328 "https://greenestate.com.bd/wp-login.php" "Mozilla/5.0 (Windows NT 10.0; Win64; x64) AppleWebKit/537.36 (KHTML, like Gecko) Chrome/120.0.0.0 Safari/537.36"
93.233.208.235 - - [31/Jul/2026:00:40:19 +0000] "POST /xmlrpc.php HTTP/1.1" 200 415 "-" "WordPress/5.0; https://greenestate.com.bd"
85.11.167.203 - - [31/Jul/2026:00:40:23 +0000] "POST /xmlrpc.php HTTP/1.1" 499 0 "-" "Mozilla/5.0"
10.10.0.2 - - [31/Jul/2026:00:40:29 +0000] "POST /wp-cron.php?doing_wp_cron=1785458429.5694301128387451171875 HTTP/1.1" 200 31 "-" "WordPress/6.9.4; https://greenestate.com.bd"
37.41.46.144 - - [31/Jul/2026:00:40:29 +0000] "GET / HTTP/1.1" 200 20445 "-" "Mozilla/5.0 (Windows NT 10.0; Win64; x64) AppleWebKit/537.36 (KHTML, like Gecko) Chrome/120.0.0.0 Safari/537.36"
85.11.167.203 - - [31/Jul/2026:00:40:31 +0000] "POST /xmlrpc.php HTTP/1.1" 499 0 "-" "Mozilla/5.0"
94.98.68.111 - - [31/Jul/2026:00:40:40 +0000] "GET /wp-login.php HTTP/1.1" 200 2162 "-" "Mozilla/5.0 (Windows NT 10.0; Win64; x64) AppleWebKit/537.36 (KHTML, like Gecko) Chrome/120.0.0.0 Safari/537.36"
2.180.245.136 - - [31/Jul/2026:00:40:45 +0000] "POST / HTTP/1.1" 404 134 "-" "-"
94.98.68.111 - - [31/Jul/2026:00:40:46 +0000] "POST /wp-login.php HTTP/1.1" 200 2328 "https://greenestate.com.bd/wp-login.php" "Mozilla/5.0 (Windows NT 10.0; Win64; x64) AppleWebKit/537.36 (KHTML, like Gecko) Chrome/120.0.0.0 Safari/537.36"
80.191.201.60 - - [31/Jul/2026:00:40:50 +0000] "POST / HTTP/1.1" 404 134 "-" "-"
94.98.68.111 - - [31/Jul/2026:00:40:58 +0000] "POST /wp-login.php HTTP/1.1" 200 2328 "https://greenestate.com.bd/wp-login.php" "Mozilla/5.0 (Windows NT 10.0; Win64; x64) AppleWebKit/537.36 (KHTML, like Gecko) Chrome/120.0.0.0 Safari/537.36"
94.98.68.111 - - [31/Jul/2026:00:41:09 +0000] "POST /wp-login.php HTTP/1.1" 200 2328 "https://greenestate.com.bd/wp-login.php" "Mozilla/5.0 (Windows NT 10.0; Win64; x64) AppleWebKit/537.36 (KHTML, like Gecko) Chrome/120.0.0.0 Safari/537.36"
85.11.167.203 - - [31/Jul/2026:00:41:15 +0000] "POST /xmlrpc.php HTTP/1.1" 499 0 "-" "Mozilla/5.0"
94.98.68.111 - - [31/Jul/2026:00:41:15 +0000] "POST /xmlrpc.php HTTP/1.1" 200 415 "-" "WordPress/5.0; https://greenestate.com.bd"
85.11.167.203 - - [31/Jul/2026:00:41:18 +0000] "POST /xmlrpc.php HTTP/1.1" 499 0 "-" "Mozilla/5.0"
172.236.228.38 - - [31/Jul/2026:00:41:37 +0000] "GET / HTTP/1.1" 404 196 "-" "Mozilla/5.0 (Macintosh; Intel Mac OS X 13_1) AppleWebKit/537.36 (KHTML, like Gecko) Chrome/108.0.0.0 Safari/537.36"
5.192.112.10 - - [31/Jul/2026:00:41:40 +0000] "GET / HTTP/1.1" 301 178 "-" "Mozilla/5.0 (Windows NT 10.0; Win64; x64) AppleWebKit/537.36 (KHTML, like Gecko) Chrome/120.0.0.0 Safari/537.36"
10.10.0.2 - - [31/Jul/2026:00:41:51 +0000] "POST /wp-cron.php?doing_wp_cron=1785458511.0448040962219238281250 HTTP/1.1" 200 31 "-" "WordPress/6.9.4; https://greenestate.com.bd"
189.78.20.139 - - [31/Jul/2026:00:41:51 +0000] "GET / HTTP/1.1" 200 20445 "-" "Mozilla/5.0 (Windows NT 10.0; Win64; x64) AppleWebKit/537.36 (KHTML, like Gecko) Chrome/120.0.0.0 Safari/537.36"
66.249.74.35 - - [31/Jul/2026:00:42:01 +0000] "GET /2026/02/15/why-fair-play-is-essential-at-beep-beep-casino/ HTTP/1.1" 200 15252 "-" "Mozilla/5.0 (Linux; Android 6.0.1; Nexus 5X Build/MMB29P) AppleWebKit/537.36 (KHTML, like Gecko) Chrome/150.0.7871.186 Mobile Safari/537.36 (compatible; Googlebot/2.1; +http://www.google.com/bot.html)"
38.166.51.63 - - [31/Jul/2026:00:42:03 +0000] "GET /wp-login.php HTTP/1.1" 200 2162 "-" "Mozilla/5.0 (Windows NT 10.0; Win64; x64) AppleWebKit/537.36 (KHTML, like Gecko) Chrome/120.0.0.0 Safari/537.36"
85.11.167.203 - - [31/Jul/2026:00:42:04 +0000] "POST /xmlrpc.php HTTP/1.1" 499 0 "-" "Mozilla/5.0"
85.11.167.203 - - [31/Jul/2026:00:42:06 +0000] "POST /xmlrpc.php HTTP/1.1" 499 0 "-" "Mozilla/5.0"
45.79.207.181 - - [31/Jul/2026:00:42:06 +0000] "GET / HTTP/1.1" 400 264 "-" "Mozilla/5.0 zgrab/0.x"
38.166.51.63 - - [31/Jul/2026:00:42:07 +0000] "POST /wp-login.php HTTP/1.1" 200 2328 "https://greenestate.com.bd/wp-login.php" "Mozilla/5.0 (Windows NT 10.0; Win64; x64) AppleWebKit/537.36 (KHTML, like Gecko) Chrome/120.0.0.0 Safari/537.36"
66.228.53.136 - - [31/Jul/2026:00:42:15 +0000] "GET / HTTP/1.1" 301 5 "-" "Mozilla/5.0 (Macintosh; Intel Mac OS X 13_1) AppleWebKit/537.36 (KHTML, like Gecko) Chrome/108.0.0.0 Safari/537.36"
38.166.51.63 - - [31/Jul/2026:00:42:19 +0000] "POST /wp-login.php HTTP/1.1" 200 2328 "https://greenestate.com.bd/wp-login.php" "Mozilla/5.0 (Windows NT 10.0; Win64; x64) AppleWebKit/537.36 (KHTML, like Gecko) Chrome/120.0.0.0 Safari/537.36"
66.228.53.136 - - [31/Jul/2026:00:42:20 +0000] "GET / HTTP/1.1" 200 20445 "https://159.203.156.69/" "Mozilla/5.0 (Macintosh; Intel Mac OS X 13_1) AppleWebKit/537.36 (KHTML, like Gecko) Chrome/108.0.0.0 Safari/537.36"
85.11.167.203 - - [31/Jul/2026:00:42:53 +0000] "POST /xmlrpc.php HTTP/1.1" 499 0 "-" "Mozilla/5.0"
10.10.0.2 - - [31/Jul/2026:00:42:54 +0000] "POST /wp-cron.php?doing_wp_cron=1785458573.7972519397735595703125 HTTP/1.1" 200 31 "-" "WordPress/6.9.4; https://greenestate.com.bd"
151.244.156.170 - - [31/Jul/2026:00:42:56 +0000] "POST /xmlrpc.php HTTP/1.1" 200 415 "-" "WordPress/5.0; https://greenestate.com.bd"
85.11.167.203 - - [31/Jul/2026:00:42:58 +0000] "POST /xmlrpc.php HTTP/1.1" 499 0 "-" "Mozilla/5.0"
10.10.0.2 - - [31/Jul/2026:00:43:28 +0000] "POST /wp-cron.php?doing_wp_cron=1785458608.3050320148468017578125 HTTP/1.1" 200 31 "-" "WordPress/6.9.4; https://greenestate.com.bd"
185.191.171.12 - - [31/Jul/2026:00:43:28 +0000] "GET /projects/business-center/ HTTP/1.1" 301 5 "-" "Mozilla/5.0 (compatible; SemrushBot/7~bl; +http://www.semrush.com/bot.html)"
85.11.167.203 - - [31/Jul/2026:00:43:42 +0000] "POST /xmlrpc.php HTTP/1.1" 499 0 "-" "Mozilla/5.0"
85.11.167.203 - - [31/Jul/2026:00:43:46 +0000] "POST /xmlrpc.php HTTP/1.1" 499 0 "-" "Mozilla/5.0"
103.176.96.121 - - [31/Jul/2026:00:44:10 +0000] "GET / HTTP/1.1" 200 20445 "-" "Mozilla/5.0 (Windows NT 10.0; Win64; x64) AppleWebKit/537.36 (KHTML, like Gecko) Chrome/120.0.0.0 Safari/537.36"
10.10.0.2 - - [31/Jul/2026:00:44:24 +0000] "POST /wp-cron.php?doing_wp_cron=1785458664.6995270252227783203125 HTTP/1.1" 200 31 "-" "WordPress/6.9.4; https://greenestate.com.bd"
186.33.30.173 - - [31/Jul/2026:00:44:24 +0000] "GET /wp-login.php HTTP/1.1" 200 2162 "-" "Mozilla/5.0 (Windows NT 10.0; Win64; x64) AppleWebKit/537.36 (KHTML, like Gecko) Chrome/120.0.0.0 Safari/537.36"
186.33.30.173 - - [31/Jul/2026:00:44:29 +0000] "POST /wp-login.php HTTP/1.1" 200 2328 "https://greenestate.com.bd/wp-login.php" "Mozilla/5.0 (Windows NT 10.0; Win64; x64) AppleWebKit/537.36 (KHTML, like Gecko) Chrome/120.0.0.0 Safari/537.36"
85.11.167.203 - - [31/Jul/2026:00:44:31 +0000] "POST /xmlrpc.php HTTP/1.1" 499 0 "-" "Mozilla/5.0"
85.11.167.203 - - [31/Jul/2026:00:44:36 +0000] "POST /xmlrpc.php HTTP/1.1" 499 0 "-" "Mozilla/5.0"
186.33.30.173 - - [31/Jul/2026:00:44:40 +0000] "POST /wp-login.php HTTP/1.1" 200 2328 "https://greenestate.com.bd/wp-login.php" "Mozilla/5.0 (Windows NT 10.0; Win64; x64) AppleWebKit/537.36 (KHTML, like Gecko) Chrome/120.0.0.0 Safari/537.36"
186.33.30.173 - - [31/Jul/2026:00:44:52 +0000] "POST /wp-login.php HTTP/1.1" 200 2328 "https://greenestate.com.bd/wp-login.php" "Mozilla/5.0 (Windows NT 10.0; Win64; x64) AppleWebKit/537.36 (KHTML, like Gecko) Chrome/120.0.0.0 Safari/537.36"
186.33.30.173 - - [31/Jul/2026:00:44:58 +0000] "POST /xmlrpc.php HTTP/1.1" 200 415 "-" "WordPress/5.0; https://greenestate.com.bd"
180.73.83.95 - - [31/Jul/2026:00:45:08 +0000] "GET / HTTP/1.1" 200 20445 "-" "Mozilla/5.0 (Windows NT 10.0; Win64; x64) AppleWebKit/537.36 (KHTML, like Gecko) Chrome/120.0.0.0 Safari/537.36"
180.73.83.95 - - [31/Jul/2026:00:45:13 +0000] "GET /wp-login.php HTTP/1.1" 200 2162 "-" "Mozilla/5.0 (Windows NT 10.0; Win64; x64) AppleWebKit/537.36 (KHTML, like Gecko) Chrome/120.0.0.0 Safari/537.36"
180.73.83.95 - - [31/Jul/2026:00:45:19 +0000] "POST /wp-login.php HTTP/1.1" 200 2328 "https://greenestate.com.bd/wp-login.php" "Mozilla/5.0 (Windows NT 10.0; Win64; x64) AppleWebKit/537.36 (KHTML, like Gecko) Chrome/120.0.0.0 Safari/537.36"
85.11.167.203 - - [31/Jul/2026:00:45:20 +0000] "POST /xmlrpc.php HTTP/1.1" 499 0 "-" "Mozilla/5.0"
85.11.167.203 - - [31/Jul/2026:00:45:30 +0000] "POST /xmlrpc.php HTTP/1.1" 499 0 "-" "Mozilla/5.0"
10.10.0.2 - - [31/Jul/2026:00:45:30 +0000] "POST /wp-cron.php?doing_wp_cron=1785458730.1997160911560058593750 HTTP/1.1" 200 31 "-" "WordPress/6.9.4; https://greenestate.com.bd"
180.73.83.95 - - [31/Jul/2026:00:45:30 +0000] "POST /wp-login.php HTTP/1.1" 200 2328 "https://greenestate.com.bd/wp-login.php" "Mozilla/5.0 (Windows NT 10.0; Win64; x64) AppleWebKit/537.36 (KHTML, like Gecko) Chrome/120.0.0.0 Safari/537.36"
69.5.169.177 - - [31/Jul/2026:00:45:43 +0000] "GET / HTTP/1.1" 404 162 "-" "Mozilla/5.0 (compatible; Infrawatch/1.0; +https://infrawat.ch/)"
78.180.127.202 - - [31/Jul/2026:00:45:48 +0000] "POST /wp-login.php HTTP/1.1" 200 2328 "https://greenestate.com.bd/wp-login.php" "Mozilla/5.0 (Windows NT 10.0; Win64; x64) AppleWebKit/537.36 (KHTML, like Gecko) Chrome/120.0.0.0 Safari/537.36"
78.180.127.202 - - [31/Jul/2026:00:45:53 +0000] "POST /xmlrpc.php HTTP/1.1" 200 415 "-" "WordPress/5.0; https://greenestate.com.bd"
179.25.2.55 - - [31/Jul/2026:00:46:03 +0000] "GET / HTTP/1.1" 200 20445 "-" "Mozilla/5.0 (Windows NT 10.0; Win64; x64) AppleWebKit/537.36 (KHTML, like Gecko) Chrome/120.0.0.0 Safari/537.36"
85.11.167.203 - - [31/Jul/2026:00:46:09 +0000] "POST /xmlrpc.php HTTP/1.1" 499 0 "-" "Mozilla/5.0"
85.11.167.203 - - [31/Jul/2026:00:46:11 +0000] "POST /xmlrpc.php HTTP/1.1" 499 0 "-" "Mozilla/5.0"
111.119.38.196 - - [31/Jul/2026:00:46:15 +0000] "GET /wp-login.php HTTP/1.1" 200 2162 "-" "Mozilla/5.0 (Windows NT 10.0; Win64; x64) AppleWebKit/537.36 (KHTML, like Gecko) Chrome/120.0.0.0 Safari/537.36"
111.119.38.196 - - [31/Jul/2026:00:46:21 +0000] "POST /wp-login.php HTTP/1.1" 200 2328 "https://greenestate.com.bd/wp-login.php" "Mozilla/5.0 (Windows NT 10.0; Win64; x64) AppleWebKit/537.36 (KHTML, like Gecko) Chrome/120.0.0.0 Safari/537.36"
185.216.145.189 - - [31/Jul/2026:00:46:23 +0000] "GET / HTTP/1.1" 404 134 "-" "Mozilla/5.0 (compatible; Infrawatch/1.0; +https://infrawat.ch/)"
193.176.29.30 - - [31/Jul/2026:00:46:23 +0000] "GET /favicon.ico HTTP/1.1" 404 134 "-" "Mozilla/5.0 (compatible; Infrawatch/1.0; +https://infrawat.ch/)"
188.240.59.57 - - [31/Jul/2026:00:46:23 +0000] "POST / HTTP/1.1" 404 134 "-" "Mozilla/5.0 (compatible; Infrawatch/1.0; +https://infrawat.ch/)"
31.14.254.125 - - [31/Jul/2026:00:46:23 +0000] "POST /mcp HTTP/1.1" 404 134 "-" "Mozilla/5.0 (compatible; Infrawatch/1.0; +https://infrawat.ch/)"
188.240.59.50 - - [31/Jul/2026:00:46:23 +0000] "GET /sse HTTP/1.1" 404 134 "-" "Mozilla/5.0 (compatible; Infrawatch/1.0; +https://infrawat.ch/)"
10.10.0.2 - - [31/Jul/2026:00:46:31 +0000] "POST /wp-cron.php?doing_wp_cron=1785458790.8905360698699951171875 HTTP/1.1" 200 31 "-" "WordPress/6.9.4; https://greenestate.com.bd"
111.119.38.196 - - [31/Jul/2026:00:46:31 +0000] "POST /wp-login.php HTTP/1.1" 200 2328 "https://greenestate.com.bd/wp-login.php" "Mozilla/5.0 (Windows NT 10.0; Win64; x64) AppleWebKit/537.36 (KHTML, like Gecko) Chrome/120.0.0.0 Safari/537.36"
151.95.127.149 - - [31/Jul/2026:00:47:00 +0000] "GET / HTTP/1.1" 200 20445 "-" "Mozilla/5.0 (Windows NT 10.0; Win64; x64) AppleWebKit/537.36 (KHTML, like Gecko) Chrome/120.0.0.0 Safari/537.36"
85.11.167.203 - - [31/Jul/2026:00:47:01 +0000] "POST /xmlrpc.php HTTP/1.1" 499 0 "-" "Mozilla/5.0"
85.11.167.203 - - [31/Jul/2026:00:47:03 +0000] "POST /xmlrpc.php HTTP/1.1" 499 0 "-" "Mozilla/5.0"
209.14.157.248 - - [31/Jul/2026:00:47:05 +0000] "GET / HTTP/1.1" 301 178 "-" "Mozilla/5.0 (Windows NT 10.0; Win64; x64) AppleWebKit/537.36 (KHTML, like Gecko) Chrome/120.0.0.0 Safari/537.36"
67.163.13.149 - - [31/Jul/2026:00:47:14 +0000] "GET / HTTP/1.1" 200 20445 "-" "Mozilla/5.0 (Windows NT 10.0; Win64; x64) AppleWebKit/537.36 (KHTML, like Gecko) Chrome/120.0.0.0 Safari/537.36"
210.87.87.149 - - [31/Jul/2026:00:47:24 +0000] "GET / HTTP/1.1" 301 178 "-" "Mozilla/5.0 (Windows NT 10.0; Win64; x64) AppleWebKit/537.36 (KHTML, like Gecko) Chrome/120.0.0.0 Safari/537.36"
10.10.0.2 - - [31/Jul/2026:00:47:45 +0000] "POST /wp-cron.php?doing_wp_cron=1785458865.3153259754180908203125 HTTP/1.1" 200 31 "-" "WordPress/6.9.4; https://greenestate.com.bd"
66.249.74.34 - - [31/Jul/2026:00:47:45 +0000] "GET /2026/07/25/algoritmicheskij-trejding-metatrader-4/ HTTP/1.1" 200 17891 "-" "Mozilla/5.0 (Linux; Android 6.0.1; Nexus 5X Build/MMB29P) AppleWebKit/537.36 (KHTML, like Gecko) Chrome/150.0.7871.186 Mobile Safari/537.36 (compatible; Googlebot/2.1; +http://www.google.com/bot.html)"
85.11.167.203 - - [31/Jul/2026:00:47:49 +0000] "POST /xmlrpc.php HTTP/1.1" 499 0 "-" "Mozilla/5.0"
85.11.167.203 - - [31/Jul/2026:00:47:53 +0000] "POST /xmlrpc.php HTTP/1.1" 499 0 "-" "Mozilla/5.0"
85.11.167.203 - - [31/Jul/2026:00:48:36 +0000] "POST /xmlrpc.php HTTP/1.1" 499 0 "-" "Mozilla/5.0"
10.10.0.2 - - [31/Jul/2026:00:48:36 +0000] "POST /wp-cron.php?doing_wp_cron=1785458916.1682889461517333984375 HTTP/1.1" 200 31 "-" "WordPress/6.9.4; https://greenestate.com.bd"
85.11.167.203 - - [31/Jul/2026:00:48:39 +0000] "POST /xmlrpc.php HTTP/1.1" 499 0 "-" "Mozilla/5.0"
85.217.149.12 - - [31/Jul/2026:00:48:57 +0000] "GET / HTTP/1.1" 400 264 "-" "Mozilla/5.0 (compatible; ModatScanner/1.2; +https://modat.io/)"
85.217.149.12 - - [31/Jul/2026:00:48:58 +0000] "GET / HTTP/1.1" 301 5 "-" "Mozilla/5.0 (compatible; ModatScanner/1.2; +https://modat.io/)"
85.217.149.12 - - [31/Jul/2026:00:48:59 +0000] "GET / HTTP/1.1" 200 20439 "https://159.203.156.69/" "Mozilla/5.0 (compatible; ModatScanner/1.2; +https://modat.io/)"
85.217.149.12 - - [31/Jul/2026:00:48:59 +0000] "GET /wp-content/uploads/2025/09/cropped-WhatsApp-Image-2025-09-13-at-7.43.55-PM-32x32.jpeg HTTP/1.1" 200 1283 "-" "Mozilla/5.0 (compatible; ModatScanner/1.2; +https://modat.io/)"
85.217.149.12 - - [31/Jul/2026:00:48:59 +0000] "GET /wp-content/uploads/2025/09/cropped-WhatsApp-Image-2025-09-13-at-7.43.55-PM-192x192.jpeg HTTP/1.1" 200 8637 "-" "Mozilla/5.0 (compatible; ModatScanner/1.2; +https://modat.io/)"
85.217.149.12 - - [31/Jul/2026:00:48:59 +0000] "GET /wp-content/uploads/2025/09/cropped-WhatsApp-Image-2025-09-13-at-7.43.55-PM-180x180.jpeg HTTP/1.1" 200 8105 "-" "Mozilla/5.0 (compatible; ModatScanner/1.2; +https://modat.io/)"
170.106.180.139 - - [31/Jul/2026:00:49:04 +0000] "GET /2026/03/04/how-experienced-gamblers-approach-herospin-casino/ HTTP/1.1" 200 15340 "-" "Mozilla/5.0 (iPhone; CPU iPhone OS 13_2_3 like Mac OS X) AppleWebKit/605.1.15 (KHTML, like Gecko) Version/13.0.3 Mobile/15E148 Safari/604.1"
185.191.171.2 - - [31/Jul/2026:00:49:11 +0000] "GET /our-team/bernardo-gordon/ HTTP/1.1" 200 10198 "-" "Mozilla/5.0 (compatible; SemrushBot/7~bl; +http://www.semrush.com/bot.html)"
85.11.167.203 - - [31/Jul/2026:00:49:22 +0000] "POST /xmlrpc.php HTTP/1.1" 499 0 "-" "Mozilla/5.0"
85.11.167.203 - - [31/Jul/2026:00:49:23 +0000] "POST /xmlrpc.php HTTP/1.1" 499 0 "-" "Mozilla/5.0"
10.10.0.2 - - [31/Jul/2026:00:49:24 +0000] "POST /wp-cron.php?doing_wp_cron=1785458964.0100491046905517578125 HTTP/1.1" 200 31 "-" "WordPress/6.9.4; https://greenestate.com.bd"
85.11.167.203 - - [31/Jul/2026:00:50:08 +0000] "POST /xmlrpc.php HTTP/1.1" 499 0 "-" "Mozilla/5.0"
43.153.19.83 - - [31/Jul/2026:00:50:11 +0000] "GET / HTTP/1.1" 301 178 "-" "Mozilla/5.0 (iPhone; CPU iPhone OS 13_2_3 like Mac OS X) AppleWebKit/605.1.15 (KHTML, like Gecko) Version/13.0.3 Mobile/15E148 Safari/604.1"
43.153.19.83 - - [31/Jul/2026:00:50:11 +0000] "GET / HTTP/1.1" 200 18237 "http://www.tanviranik.com" "Mozilla/5.0 (iPhone; CPU iPhone OS 13_2_3 like Mac OS X) AppleWebKit/605.1.15 (KHTML, like Gecko) Version/13.0.3 Mobile/15E148 Safari/604.1"
85.11.167.203 - - [31/Jul/2026:00:50:11 +0000] "POST /xmlrpc.php HTTP/1.1" 499 0 "-" "Mozilla/5.0"
85.11.167.203 - - [31/Jul/2026:00:51:01 +0000] "POST /xmlrpc.php HTTP/1.1" 499 0 "-" "Mozilla/5.0"
10.10.0.2 - - [31/Jul/2026:00:51:01 +0000] "POST /wp-cron.php?doing_wp_cron=1785459061.1174890995025634765625 HTTP/1.1" 200 31 "-" "WordPress/6.9.4; https://greenestate.com.bd"
85.11.167.203 - - [31/Jul/2026:00:51:03 +0000] "POST /xmlrpc.php HTTP/1.1" 499 0 "-" "Mozilla/5.0"
85.11.167.203 - - [31/Jul/2026:00:51:51 +0000] "POST /xmlrpc.php HTTP/1.1" 499 0 "-" "Mozilla/5.0"
10.10.0.2 - - [31/Jul/2026:00:51:51 +0000] "POST /wp-cron.php?doing_wp_cron=1785459111.5064980983734130859375 HTTP/1.1" 200 31 "-" "WordPress/6.9.4; https://greenestate.com.bd"
85.11.167.203 - - [31/Jul/2026:00:51:52 +0000] "POST /xmlrpc.php HTTP/1.1" 499 0 "-" "Mozilla/5.0"
118.193.56.246 - - [31/Jul/2026:00:52:11 +0000] "GET / HTTP/1.1" 404 196 "-" "Mozilla/5.0 (Windows NT 9_2_1; Win64; x64) AppleWebKit/577.37 (KHTML, like Gecko) Chrome/89.0.61 Safari/537.36"
118.193.56.246 - - [31/Jul/2026:00:52:12 +0000] "GET /favicon.ico HTTP/1.1" 404 134 "-" "Go-http-client/1.1"
118.193.56.246 - - [31/Jul/2026:00:52:12 +0000] "GET /robots.txt HTTP/1.1" 404 134 "-" "Go-http-client/1.1"
118.193.56.246 - - [31/Jul/2026:00:52:12 +0000] "GET /sitemap.xml HTTP/1.1" 404 134 "-" "Go-http-client/1.1"
85.11.167.203 - - [31/Jul/2026:00:52:40 +0000] "POST /xmlrpc.php HTTP/1.1" 499 0 "-" "Mozilla/5.0"
10.10.0.2 - - [31/Jul/2026:00:52:41 +0000] "POST /wp-cron.php?doing_wp_cron=1785459160.9395771026611328125000 HTTP/1.1" 200 31 "-" "WordPress/6.9.4; https://greenestate.com.bd"
85.11.167.203 - - [31/Jul/2026:00:52:42 +0000] "POST /xmlrpc.php HTTP/1.1" 499 0 "-" "Mozilla/5.0"
40.119.24.130 - - [31/Jul/2026:00:52:42 +0000] "GET /ecp/Current/exporttool/microsoft.exchange.ediscovery.exporttool.application HTTP/1.1" 404 110 "-" "Mozilla/5.0 zgrab/0.x"
121.205.201.225 - - [31/Jul/2026:00:52:52 +0000] "GET /wp-login.php HTTP/1.1" 200 2162 "-" "Mozilla/5.0 (Windows NT 10.0; Win64; x64) AppleWebKit/537.36 (KHTML, like Gecko) HeadlessChrome/150.0.0.0 Safari/537.36"
121.205.201.225 - - [31/Jul/2026:00:52:52 +0000] "GET /wp-includes/css/dashicons.min.css?ver=6.9.4 HTTP/1.1" 200 59004 "https://greenestate.com.bd/wp-login.php" "Mozilla/5.0 (Windows NT 10.0; Win64; x64) AppleWebKit/537.36 (KHTML, like Gecko) HeadlessChrome/150.0.0.0 Safari/537.36"
121.205.201.225 - - [31/Jul/2026:00:52:52 +0000] "GET /wp-admin/css/forms.min.css?ver=6.9.4 HTTP/1.1" 200 28422 "https://greenestate.com.bd/wp-login.php" "Mozilla/5.0 (Windows NT 10.0; Win64; x64) AppleWebKit/537.36 (KHTML, like Gecko) HeadlessChrome/150.0.0.0 Safari/537.36"
121.205.201.225 - - [31/Jul/2026:00:52:52 +0000] "GET /wp-includes/css/buttons.min.css?ver=6.9.4 HTTP/1.1" 200 6061 "https://greenestate.com.bd/wp-login.php" "Mozilla/5.0 (Windows NT 10.0; Win64; x64) AppleWebKit/537.36 (KHTML, like Gecko) HeadlessChrome/150.0.0.0 Safari/537.36"
121.205.201.225 - - [31/Jul/2026:00:52:53 +0000] "GET /wp-admin/css/l10n.min.css?ver=6.9.4 HTTP/1.1" 200 3200 "https://greenestate.com.bd/wp-login.php" "Mozilla/5.0 (Windows NT 10.0; Win64; x64) AppleWebKit/537.36 (KHTML, like Gecko) HeadlessChrome/150.0.0.0 Safari/537.36"
121.205.201.225 - - [31/Jul/2026:00:52:53 +0000] "GET /wp-admin/css/login.min.css?ver=6.9.4 HTTP/1.1" 200 6381 "https://greenestate.com.bd/wp-login.php" "Mozilla/5.0 (Windows NT 10.0; Win64; x64) AppleWebKit/537.36 (KHTML, like Gecko) HeadlessChrome/150.0.0.0 Safari/537.36"
121.205.201.225 - - [31/Jul/2026:00:52:53 +0000] "GET /wp-includes/js/clipboard.min.js?ver=2.0.11 HTTP/1.1" 200 9009 "https://greenestate.com.bd/wp-login.php" "Mozilla/5.0 (Windows NT 10.0; Win64; x64) AppleWebKit/537.36 (KHTML, like Gecko) HeadlessChrome/150.0.0.0 Safari/537.36"
121.205.201.225 - - [31/Jul/2026:00:52:53 +0000] "GET /wp-includes/js/jquery/jquery.min.js?ver=3.7.1 HTTP/1.1" 200 87553 "https://greenestate.com.bd/wp-login.php" "Mozilla/5.0 (Windows NT 10.0; Win64; x64) AppleWebKit/537.36 (KHTML, like Gecko) HeadlessChrome/150.0.0.0 Safari/537.36"
121.205.201.225 - - [31/Jul/2026:00:52:53 +0000] "GET /wp-includes/js/jquery/jquery-migrate.min.js?ver=3.4.1 HTTP/1.1" 200 13577 "https://greenestate.com.bd/wp-login.php" "Mozilla/5.0 (Windows NT 10.0; Win64; x64) AppleWebKit/537.36 (KHTML, like Gecko) HeadlessChrome/150.0.0.0 Safari/537.36"
121.205.201.225 - - [31/Jul/2026:00:52:53 +0000] "GET /wp-includes/js/zxcvbn-async.min.js?ver=1.0 HTTP/1.1" 200 351 "https://greenestate.com.bd/wp-login.php" "Mozilla/5.0 (Windows NT 10.0; Win64; x64) AppleWebKit/537.36 (KHTML, like Gecko) HeadlessChrome/150.0.0.0 Safari/537.36"
121.205.201.225 - - [31/Jul/2026:00:52:53 +0000] "GET /wp-includes/js/dist/hooks.min.js?ver=dd5603f07f9220ed27f1 HTTP/1.1" 200 5661 "https://greenestate.com.bd/wp-login.php" "Mozilla/5.0 (Windows NT 10.0; Win64; x64) AppleWebKit/537.36 (KHTML, like Gecko) HeadlessChrome/150.0.0.0 Safari/537.36"
121.205.201.225 - - [31/Jul/2026:00:52:53 +0000] "GET /wp-includes/js/dist/i18n.min.js?ver=c26c3dc7bed366793375 HTTP/1.1" 200 5314 "https://greenestate.com.bd/wp-login.php" "Mozilla/5.0 (Windows NT 10.0; Win64; x64) AppleWebKit/537.36 (KHTML, like Gecko) HeadlessChrome/150.0.0.0 Safari/537.36"
121.205.201.225 - - [31/Jul/2026:00:52:53 +0000] "GET /wp-admin/js/password-strength-meter.min.js?ver=6.9.4 HTTP/1.1" 200 1123 "https://greenestate.com.bd/wp-login.php" "Mozilla/5.0 (Windows NT 10.0; Win64; x64) AppleWebKit/537.36 (KHTML, like Gecko) HeadlessChrome/150.0.0.0 Safari/537.36"
121.205.201.225 - - [31/Jul/2026:00:52:53 +0000] "GET /wp-includes/js/underscore.min.js?ver=1.13.7 HTTP/1.1" 200 18905 "https://greenestate.com.bd/wp-login.php" "Mozilla/5.0 (Windows NT 10.0; Win64; x64) AppleWebKit/537.36 (KHTML, like Gecko) HeadlessChrome/150.0.0.0 Safari/537.36"
121.205.201.225 - - [31/Jul/2026:00:52:53 +0000] "GET /wp-includes/js/wp-util.min.js?ver=6.9.4 HTTP/1.1" 200 1431 "https://greenestate.com.bd/wp-login.php" "Mozilla/5.0 (Windows NT 10.0; Win64; x64) AppleWebKit/537.36 (KHTML, like Gecko) HeadlessChrome/150.0.0.0 Safari/537.36"
121.205.201.225 - - [31/Jul/2026:00:52:53 +0000] "GET /wp-includes/js/dist/a11y.min.js?ver=cb460b4676c94bd228ed HTTP/1.1" 200 2212 "https://greenestate.com.bd/wp-login.php" "Mozilla/5.0 (Windows NT 10.0; Win64; x64) AppleWebKit/537.36 (KHTML, like Gecko) HeadlessChrome/150.0.0.0 Safari/537.36"
121.205.201.225 - - [31/Jul/2026:00:52:53 +0000] "GET /wp-includes/js/dist/dom-ready.min.js?ver=f77871ff7694fffea381 HTTP/1.1" 200 457 "https://greenestate.com.bd/wp-login.php" "Mozilla/5.0 (Windows NT 10.0; Win64; x64) AppleWebKit/537.36 (KHTML, like Gecko) HeadlessChrome/150.0.0.0 Safari/537.36"
121.205.201.225 - - [31/Jul/2026:00:52:53 +0000] "GET /wp-admin/js/user-profile.min.js?ver=6.9.4 HTTP/1.1" 200 7997 "https://greenestate.com.bd/wp-login.php" "Mozilla/5.0 (Windows NT 10.0; Win64; x64) AppleWebKit/537.36 (KHTML, like Gecko) HeadlessChrome/150.0.0.0 Safari/537.36"
121.205.201.225 - - [31/Jul/2026:00:52:54 +0000] "GET /wp-content/uploads/2025/09/cropped-WhatsApp-Image-2025-09-13-at-7.43.55-PM-32x32.jpeg HTTP/1.1" 200 1283 "https://greenestate.com.bd/wp-login.php" "Mozilla/5.0 (Windows NT 10.0; Win64; x64) AppleWebKit/537.36 (KHTML, like Gecko) HeadlessChrome/150.0.0.0 Safari/537.36"
121.205.201.225 - - [31/Jul/2026:00:52:54 +0000] "POST /wp-login.php HTTP/1.1" 302 5 "https://greenestate.com.bd/wp-login.php" "Mozilla/5.0 (Windows NT 10.0; Win64; x64) AppleWebKit/537.36 (KHTML, like Gecko) HeadlessChrome/150.0.0.0 Safari/537.36"
121.205.201.225 - - [31/Jul/2026:00:52:55 +0000] "GET /wp-includes/js/zxcvbn.min.js HTTP/1.1" 200 822237 "https://greenestate.com.bd/wp-login.php" "Mozilla/5.0 (Windows NT 10.0; Win64; x64) AppleWebKit/537.36 (KHTML, like Gecko) HeadlessChrome/150.0.0.0 Safari/537.36"
121.205.201.225 - - [31/Jul/2026:00:52:55 +0000] "GET /wp-admin/ HTTP/1.1" 200 83335 "https://greenestate.com.bd/wp-login.php" "Mozilla/5.0 (Windows NT 10.0; Win64; x64) AppleWebKit/537.36 (KHTML, like Gecko) HeadlessChrome/150.0.0.0 Safari/537.36"
121.205.201.225 - - [31/Jul/2026:00:52:55 +0000] "GET /wp-includes/js/thickbox/thickbox.css?ver=6.9.4 HTTP/1.1" 200 2668 "https://greenestate.com.bd/wp-admin/" "Mozilla/5.0 (Windows NT 10.0; Win64; x64) AppleWebKit/537.36 (KHTML, like Gecko) HeadlessChrome/150.0.0.0 Safari/537.36"
121.205.201.225 - - [31/Jul/2026:00:52:55 +0000] "GET /wp-content/plugins/wpforms-lite/assets/lib/font-awesome/font-awesome.min.css?ver=4.7.0 HTTP/1.1" 200 32404 "https://greenestate.com.bd/wp-admin/" "Mozilla/5.0 (Windows NT 10.0; Win64; x64) AppleWebKit/537.36 (KHTML, like Gecko) HeadlessChrome/150.0.0.0 Safari/537.36"
121.205.201.225 - - [31/Jul/2026:00:52:55 +0000] "GET /wp-content/plugins/wp-mail-smtp/assets/css/admin-bar.min.css?ver=4.6.0 HTTP/1.1" 200 908 "https://greenestate.com.bd/wp-admin/" "Mozilla/5.0 (Windows NT 10.0; Win64; x64) AppleWebKit/537.36 (KHTML, like Gecko) HeadlessChrome/150.0.0.0 Safari/537.36"
121.205.201.225 - - [31/Jul/2026:00:52:55 +0000] "GET /wp-content/plugins/wpforms-lite/assets/lib/jquery.confirm/jquery-confirm.min.css?ver=1.0.0 HTTP/1.1" 200 18174 "https://greenestate.com.bd/wp-admin/" "Mozilla/5.0 (Windows NT 10.0; Win64; x64) AppleWebKit/537.36 (KHTML, like Gecko) HeadlessChrome/150.0.0.0 Safari/537.36"
121.205.201.225 - - [31/Jul/2026:00:52:55 +0000] "GET /wp-content/themes/spaciaz/assets/css/admin/admin.css?ver=6.9.4 HTTP/1.1" 200 133 "https://greenestate.com.bd/wp-admin/" "Mozilla/5.0 (Windows NT 10.0; Win64; x64) AppleWebKit/537.36 (KHTML, like Gecko) HeadlessChrome/150.0.0.0 Safari/537.36"
121.205.201.225 - - [31/Jul/2026:00:52:55 +0000] "GET /wp-content/plugins/wpforms-lite/assets/lite/css/dashboard-education.min.css?ver=1.9.8.1 HTTP/1.1" 200 28513 "https://greenestate.com.bd/wp-admin/" "Mozilla/5.0 (Windows NT 10.0; Win64; x64) AppleWebKit/537.36 (KHTML, like Gecko) HeadlessChrome/150.0.0.0 Safari/537.36"
121.205.201.225 - - [31/Jul/2026:00:52:55 +0000] "GET /wp-content/plugins/wpforms-lite/assets/css/admin-bar.min.css?ver=1.9.8.1 HTTP/1.1" 200 1443 "https://greenestate.com.bd/wp-admin/" "Mozilla/5.0 (Windows NT 10.0; Win64; x64) AppleWebKit/537.36 (KHTML, like Gecko) HeadlessChrome/150.0.0.0 Safari/537.36"
121.205.201.225 - - [31/Jul/2026:00:52:56 +0000] "GET /wp-content/plugins/wpforms-lite/assets/css/dashboard-widget.min.css?ver=1.9.8.1 HTTP/1.1" 200 16601 "https://greenestate.com.bd/wp-admin/" "Mozilla/5.0 (Windows NT 10.0; Win64; x64) AppleWebKit/537.36 (KHTML, like Gecko) HeadlessChrome/150.0.0.0 Safari/537.36"
121.205.201.225 - - [31/Jul/2026:00:52:56 +0000] "GET /wp-admin/load-scripts.php?c=1&load%5Bchunk_0%5D=jquery-core,jquery-migrate,utils&ver=6.9.4 HTTP/1.1" 200 103090 "https://greenestate.com.bd/wp-admin/" "Mozilla/5.0 (Windows NT 10.0; Win64; x64) AppleWebKit/537.36 (KHTML, like Gecko) HeadlessChrome/150.0.0.0 Safari/537.36"
121.205.201.225 - - [31/Jul/2026:00:52:56 +0000] "GET /wp-content/plugins/wp-mail-smtp/assets/css/dashboard-widget.min.css?ver=4.6.0 HTTP/1.1" 200 19580 "https://greenestate.com.bd/wp-admin/" "Mozilla/5.0 (Windows NT 10.0; Win64; x64) AppleWebKit/537.36 (KHTML, like Gecko) HeadlessChrome/150.0.0.0 Safari/537.36"
121.205.201.225 - - [31/Jul/2026:00:52:56 +0000] "GET /wp-admin/load-styles.php?c=1&dir=ltr&load%5Bchunk_0%5D=dashicons,admin-bar,site-health,common,forms,admin-menu,dashboard,list-tables,edit,revisions,media,themes,about,nav-menus,wp-poi&load%5Bchunk_1%5D=nter,widgets,site-icon,l10n,buttons,wp-auth-check,wp-components,wp-commands&ver=6.9.4 HTTP/1.1" 200 531440 "https://greenestate.com.bd/wp-admin/" "Mozilla/5.0 (Windows NT 10.0; Win64; x64) AppleWebKit/537.36 (KHTML, like Gecko) HeadlessChrome/150.0.0.0 Safari/537.36"
121.205.201.225 - - [31/Jul/2026:00:52:56 +0000] "GET /wp-admin/load-scripts.php?c=1&load%5Bchunk_0%5D=hoverIntent,wp-dom-ready,wp-hooks&ver=6.9.4 HTTP/1.1" 200 7639 "https://greenestate.com.bd/wp-admin/" "Mozilla/5.0 (Windows NT 10.0; Win64; x64) AppleWebKit/537.36 (KHTML, like Gecko) HeadlessChrome/150.0.0.0 Safari/537.36"
121.205.201.225 - - [31/Jul/2026:00:52:56 +0000] "GET /wp-admin/js/common.min.js?ver=6.9.4 HTTP/1.1" 200 23676 "https://greenestate.com.bd/wp-admin/" "Mozilla/5.0 (Windows NT 10.0; Win64; x64) AppleWebKit/537.36 (KHTML, like Gecko) HeadlessChrome/150.0.0.0 Safari/537.36"
121.205.201.225 - - [31/Jul/2026:00:52:56 +0000] "GET /wp-includes/js/hoverintent-js.min.js?ver=2.2.1 HTTP/1.1" 200 1718 "https://greenestate.com.bd/wp-admin/" "Mozilla/5.0 (Windows NT 10.0; Win64; x64) AppleWebKit/537.36 (KHTML, like Gecko) HeadlessChrome/150.0.0.0 Safari/537.36"
121.205.201.225 - - [31/Jul/2026:00:52:56 +0000] "GET /wp-includes/js/admin-bar.min.js?ver=6.9.4 HTTP/1.1" 200 3487 "https://greenestate.com.bd/wp-admin/" "Mozilla/5.0 (Windows NT 10.0; Win64; x64) AppleWebKit/537.36 (KHTML, like Gecko) HeadlessChrome/150.0.0.0 Safari/537.36"
121.205.201.225 - - [31/Jul/2026:00:52:56 +0000] "GET /wp-includes/js/api-request.min.js?ver=6.9.4 HTTP/1.1" 200 1023 "https://greenestate.com.bd/wp-admin/" "Mozilla/5.0 (Windows NT 10.0; Win64; x64) AppleWebKit/537.36 (KHTML, like Gecko) HeadlessChrome/150.0.0.0 Safari/537.36"
121.205.201.225 - - [31/Jul/2026:00:52:56 +0000] "GET /wp-includes/js/wp-ajax-response.min.js?ver=6.9.4 HTTP/1.1" 200 2571 "https://greenestate.com.bd/wp-admin/" "Mozilla/5.0 (Windows NT 10.0; Win64; x64) AppleWebKit/537.36 (KHTML, like Gecko) HeadlessChrome/150.0.0.0 Safari/537.36"
121.205.201.225 - - [31/Jul/2026:00:52:56 +0000] "GET /wp-includes/js/dist/url.min.js?ver=9e178c9516d1222dc834 HTTP/1.1" 200 8531 "https://greenestate.com.bd/wp-admin/" "Mozilla/5.0 (Windows NT 10.0; Win64; x64) AppleWebKit/537.36 (KHTML, like Gecko) HeadlessChrome/150.0.0.0 Safari/537.36"
121.205.201.225 - - [31/Jul/2026:00:52:56 +0000] "GET /wp-admin/js/site-health.min.js?ver=6.9.4 HTTP/1.1" 200 6282 "https://greenestate.com.bd/wp-admin/" "Mozilla/5.0 (Windows NT 10.0; Win64; x64) AppleWebKit/537.36 (KHTML, like Gecko) HeadlessChrome/150.0.0.0 Safari/537.36"
121.205.201.225 - - [31/Jul/2026:00:52:57 +0000] "GET /wp-includes/js/jquery/jquery.color.min.js?ver=3.0.0 HTTP/1.1" 200 6645 "https://greenestate.com.bd/wp-admin/" "Mozilla/5.0 (Windows NT 10.0; Win64; x64) AppleWebKit/537.36 (KHTML, like Gecko) HeadlessChrome/150.0.0.0 Safari/537.36"
121.205.201.225 - - [31/Jul/2026:00:52:57 +0000] "GET /wp-includes/js/wp-lists.min.js?ver=6.9.4 HTTP/1.1" 200 7521 "https://greenestate.com.bd/wp-admin/" "Mozilla/5.0 (Windows NT 10.0; Win64; x64) AppleWebKit/537.36 (KHTML, like Gecko) HeadlessChrome/150.0.0.0 Safari/537.36"
121.205.201.225 - - [31/Jul/2026:00:52:57 +0000] "GET /wp-includes/js/quicktags.min.js?ver=6.9.4 HTTP/1.1" 200 11132 "https://greenestate.com.bd/wp-admin/" "Mozilla/5.0 (Windows NT 10.0; Win64; x64) AppleWebKit/537.36 (KHTML, like Gecko) HeadlessChrome/150.0.0.0 Safari/537.36"
121.205.201.225 - - [31/Jul/2026:00:52:57 +0000] "GET /wp-includes/js/jquery/jquery.query.js?ver=2.2.3 HTTP/1.1" 200 3694 "https://greenestate.com.bd/wp-admin/" "Mozilla/5.0 (Windows NT 10.0; Win64; x64) AppleWebKit/537.36 (KHTML, like Gecko) HeadlessChrome/150.0.0.0 Safari/537.36"
121.205.201.225 - - [31/Jul/2026:00:52:57 +0000] "GET /wp-admin/js/edit-comments.min.js?ver=6.9.4 HTTP/1.1" 200 15488 "https://greenestate.com.bd/wp-admin/" "Mozilla/5.0 (Windows NT 10.0; Win64; x64) AppleWebKit/537.36 (KHTML, like Gecko) HeadlessChrome/150.0.0.0 Safari/537.36"
121.205.201.225 - - [31/Jul/2026:00:52:57 +0000] "GET /wp-includes/js/jquery/ui/core.min.js?ver=1.13.3 HTTP/1.1" 200 21464 "https://greenestate.com.bd/wp-admin/" "Mozilla/5.0 (Windows NT 10.0; Win64; x64) AppleWebKit/537.36 (KHTML, like Gecko) HeadlessChrome/150.0.0.0 Safari/537.36"
121.205.201.225 - - [31/Jul/2026:00:52:57 +0000] "GET /wp-includes/js/jquery/ui/mouse.min.js?ver=1.13.3 HTTP/1.1" 200 3428 "https://greenestate.com.bd/wp-admin/" "Mozilla/5.0 (Windows NT 10.0; Win64; x64) AppleWebKit/537.36 (KHTML, like Gecko) HeadlessChrome/150.0.0.0 Safari/537.36"
121.205.201.225 - - [31/Jul/2026:00:52:57 +0000] "GET /wp-includes/js/jquery/ui/sortable.min.js?ver=1.13.3 HTTP/1.1" 200 25504 "https://greenestate.com.bd/wp-admin/" "Mozilla/5.0 (Windows NT 10.0; Win64; x64) AppleWebKit/537.36 (KHTML, like Gecko) HeadlessChrome/150.0.0.0 Safari/537.36"
121.205.201.225 - - [31/Jul/2026:00:52:57 +0000] "GET /wp-admin/js/postbox.min.js?ver=6.9.4 HTTP/1.1" 200 6761 "https://greenestate.com.bd/wp-admin/" "Mozilla/5.0 (Windows NT 10.0; Win64; x64) AppleWebKit/537.36 (KHTML, like Gecko) HeadlessChrome/150.0.0.0 Safari/537.36"
121.205.201.225 - - [31/Jul/2026:00:52:57 +0000] "GET /wp-includes/js/dist/vendor/moment.min.js?ver=2.30.1 HTTP/1.1" 200 58812 "https://greenestate.com.bd/wp-admin/" "Mozilla/5.0 (Windows NT 10.0; Win64; x64) AppleWebKit/537.36 (KHTML, like Gecko) HeadlessChrome/150.0.0.0 Safari/537.36"
121.205.201.225 - - [31/Jul/2026:00:52:57 +0000] "GET /wp-includes/js/dist/deprecated.min.js?ver=e1f84915c5e8ae38964c HTTP/1.1" 200 684 "https://greenestate.com.bd/wp-admin/" "Mozilla/5.0 (Windows NT 10.0; Win64; x64) AppleWebKit/537.36 (KHTML, like Gecko) HeadlessChrome/150.0.0.0 Safari/537.36"
121.205.201.225 - - [31/Jul/2026:00:52:57 +0000] "GET /wp-admin/js/dashboard.min.js?ver=6.9.4 HTTP/1.1" 200 8862 "https://greenestate.com.bd/wp-admin/" "Mozilla/5.0 (Windows NT 10.0; Win64; x64) AppleWebKit/537.36 (KHTML, like Gecko) HeadlessChrome/150.0.0.0 Safari/537.36"
121.205.201.225 - - [31/Jul/2026:00:52:57 +0000] "GET /wp-includes/js/thickbox/thickbox.js?ver=3.1-20121105 HTTP/1.1" 200 13332 "https://greenestate.com.bd/wp-admin/" "Mozilla/5.0 (Windows NT 10.0; Win64; x64) AppleWebKit/537.36 (KHTML, like Gecko) HeadlessChrome/150.0.0.0 Safari/537.36"
121.205.201.225 - - [31/Jul/2026:00:52:57 +0000] "GET /wp-admin/js/plugin-install.min.js?ver=6.9.4 HTTP/1.1" 200 2403 "https://greenestate.com.bd/wp-admin/" "Mozilla/5.0 (Windows NT 10.0; Win64; x64) AppleWebKit/537.36 (KHTML, like Gecko) HeadlessChrome/150.0.0.0 Safari/537.36"
121.205.201.225 - - [31/Jul/2026:00:52:57 +0000] "GET /wp-includes/js/wp-sanitize.min.js?ver=6.9.4 HTTP/1.1" 200 444 "https://greenestate.com.bd/wp-admin/" "Mozilla/5.0 (Windows NT 10.0; Win64; x64) AppleWebKit/537.36 (KHTML, like Gecko) HeadlessChrome/150.0.0.0 Safari/537.36"
121.205.201.225 - - [31/Jul/2026:00:52:58 +0000] "GET /wp-admin/js/media-upload.min.js?ver=6.9.4 HTTP/1.1" 200 1152 "https://greenestate.com.bd/wp-admin/" "Mozilla/5.0 (Windows NT 10.0; Win64; x64) AppleWebKit/537.36 (KHTML, like Gecko) HeadlessChrome/150.0.0.0 Safari/537.36"
121.205.201.225 - - [31/Jul/2026:00:52:58 +0000] "GET /wp-includes/js/shortcode.min.js?ver=6.9.4 HTTP/1.1" 200 2643 "https://greenestate.com.bd/wp-admin/" "Mozilla/5.0 (Windows NT 10.0; Win64; x64) AppleWebKit/537.36 (KHTML, like Gecko) HeadlessChrome/150.0.0.0 Safari/537.36"
121.205.201.225 - - [31/Jul/2026:00:52:58 +0000] "GET /wp-admin/js/updates.min.js?ver=6.9.4 HTTP/1.1" 200 48443 "https://greenestate.com.bd/wp-admin/" "Mozilla/5.0 (Windows NT 10.0; Win64; x64) AppleWebKit/537.36 (KHTML, like Gecko) HeadlessChrome/150.0.0.0 Safari/537.36"
121.205.201.225 - - [31/Jul/2026:00:52:58 +0000] "GET /wp-admin/js/svg-painter.js?ver=6.9.4 HTTP/1.1" 200 3280 "https://greenestate.com.bd/wp-admin/" "Mozilla/5.0 (Windows NT 10.0; Win64; x64) AppleWebKit/537.36 (KHTML, like Gecko) HeadlessChrome/150.0.0.0 Safari/537.36"
121.205.201.225 - - [31/Jul/2026:00:52:58 +0000] "GET /wp-includes/js/heartbeat.min.js?ver=6.9.4 HTTP/1.1" 200 5947 "https://greenestate.com.bd/wp-admin/" "Mozilla/5.0 (Windows NT 10.0; Win64; x64) AppleWebKit/537.36 (KHTML, like Gecko) HeadlessChrome/150.0.0.0 Safari/537.36"
121.205.201.225 - - [31/Jul/2026:00:52:58 +0000] "GET /wp-includes/js/dist/date.min.js?ver=795a56839718d3ff7eae HTTP/1.1" 200 783699 "https://greenestate.com.bd/wp-admin/" "Mozilla/5.0 (Windows NT 10.0; Win64; x64) AppleWebKit/537.36 (KHTML, like Gecko) HeadlessChrome/150.0.0.0 Safari/537.36"
121.205.201.225 - - [31/Jul/2026:00:52:58 +0000] "GET /wp-includes/js/wp-auth-check.min.js?ver=6.9.4 HTTP/1.1" 200 1658 "https://greenestate.com.bd/wp-admin/" "Mozilla/5.0 (Windows NT 10.0; Win64; x64) AppleWebKit/537.36 (KHTML, like Gecko) HeadlessChrome/150.0.0.0 Safari/537.36"
121.205.201.225 - - [31/Jul/2026:00:52:58 +0000] "GET /wp-includes/js/dist/vendor/react-dom.min.js?ver=18.3.1.1 HTTP/1.1" 200 128946 "https://greenestate.com.bd/wp-admin/" "Mozilla/5.0 (Windows NT 10.0; Win64; x64) AppleWebKit/537.36 (KHTML, like Gecko) HeadlessChrome/150.0.0.0 Safari/537.36"
121.205.201.225 - - [31/Jul/2026:00:52:58 +0000] "GET /wp-includes/js/dist/vendor/react.min.js?ver=18.3.1.1 HTTP/1.1" 200 10628 "https://greenestate.com.bd/wp-admin/" "Mozilla/5.0 (Windows NT 10.0; Win64; x64) AppleWebKit/537.36 (KHTML, like Gecko) HeadlessChrome/150.0.0.0 Safari/537.36"
121.205.201.225 - - [31/Jul/2026:00:52:58 +0000] "GET /wp-includes/js/dist/vendor/react-jsx-runtime.min.js?ver=18.3.1 HTTP/1.1" 200 900 "https://greenestate.com.bd/wp-admin/" "Mozilla/5.0 (Windows NT 10.0; Win64; x64) AppleWebKit/537.36 (KHTML, like Gecko) HeadlessChrome/150.0.0.0 Safari/537.36"
121.205.201.225 - - [31/Jul/2026:00:52:58 +0000] "GET /wp-includes/js/dist/dom.min.js?ver=26edef3be6483da3de2e HTTP/1.1" 200 12598 "https://greenestate.com.bd/wp-admin/" "Mozilla/5.0 (Windows NT 10.0; Win64; x64) AppleWebKit/537.36 (KHTML, like Gecko) HeadlessChrome/150.0.0.0 Safari/537.36"
121.205.201.225 - - [31/Jul/2026:00:52:58 +0000] "GET /wp-includes/js/dist/escape-html.min.js?ver=6561a406d2d232a6fbd2 HTTP/1.1" 200 1000 "https://greenestate.com.bd/wp-admin/" "Mozilla/5.0 (Windows NT 10.0; Win64; x64) AppleWebKit/537.36 (KHTML, like Gecko) HeadlessChrome/150.0.0.0 Safari/537.36"
121.205.201.225 - - [31/Jul/2026:00:52:58 +0000] "GET /wp-includes/js/dist/element.min.js?ver=6a582b0c827fa25df3dd HTTP/1.1" 200 12112 "https://greenestate.com.bd/wp-admin/" "Mozilla/5.0 (Windows NT 10.0; Win64; x64) AppleWebKit/537.36 (KHTML, like Gecko) HeadlessChrome/150.0.0.0 Safari/537.36"
121.205.201.225 - - [31/Jul/2026:00:52:58 +0000] "GET /wp-includes/js/dist/is-shallow-equal.min.js?ver=e0f9f1d78d83f5196979 HTTP/1.1" 200 1018 "https://greenestate.com.bd/wp-admin/" "Mozilla/5.0 (Windows NT 10.0; Win64; x64) AppleWebKit/537.36 (KHTML, like Gecko) HeadlessChrome/150.0.0.0 Safari/537.36"
121.205.201.225 - - [31/Jul/2026:00:52:58 +0000] "GET /wp-includes/js/dist/keycodes.min.js?ver=34c8fb5e7a594a1c8037 HTTP/1.1" 200 2568 "https://greenestate.com.bd/wp-admin/" "Mozilla/5.0 (Windows NT 10.0; Win64; x64) AppleWebKit/537.36 (KHTML, like Gecko) HeadlessChrome/150.0.0.0 Safari/537.36"
121.205.201.225 - - [31/Jul/2026:00:52:59 +0000] "GET /wp-includes/js/dist/priority-queue.min.js?ver=2d59d091223ee9a33838 HTTP/1.1" 200 3382 "https://greenestate.com.bd/wp-admin/" "Mozilla/5.0 (Windows NT 10.0; Win64; x64) AppleWebKit/537.36 (KHTML, like Gecko) HeadlessChrome/150.0.0.0 Safari/537.36"
121.205.201.225 - - [31/Jul/2026:00:52:59 +0000] "GET /wp-includes/js/dist/compose.min.js?ver=7a9b375d8c19cf9d3d9b HTTP/1.1" 200 36634 "https://greenestate.com.bd/wp-admin/" "Mozilla/5.0 (Windows NT 10.0; Win64; x64) AppleWebKit/537.36 (KHTML, like Gecko) HeadlessChrome/150.0.0.0 Safari/537.36"
121.205.201.225 - - [31/Jul/2026:00:52:59 +0000] "GET /wp-includes/js/dist/html-entities.min.js?ver=e8b78b18a162491d5e5f HTTP/1.1" 200 792 "https://greenestate.com.bd/wp-admin/" "Mozilla/5.0 (Windows NT 10.0; Win64; x64) AppleWebKit/537.36 (KHTML, like Gecko) HeadlessChrome/150.0.0.0 Safari/537.36"
121.205.201.225 - - [31/Jul/2026:00:52:59 +0000] "GET /wp-includes/js/dist/primitives.min.js?ver=0b5dcc337aa7cbf75570 HTTP/1.1" 200 1661 "https://greenestate.com.bd/wp-admin/" "Mozilla/5.0 (Windows NT 10.0; Win64; x64) AppleWebKit/537.36 (KHTML, like Gecko) HeadlessChrome/150.0.0.0 Safari/537.36"
121.205.201.225 - - [31/Jul/2026:00:52:59 +0000] "GET /wp-includes/js/dist/private-apis.min.js?ver=4f465748bda624774139 HTTP/1.1" 200 2833 "https://greenestate.com.bd/wp-admin/" "Mozilla/5.0 (Windows NT 10.0; Win64; x64) AppleWebKit/537.36 (KHTML, like Gecko) HeadlessChrome/150.0.0.0 Safari/537.36"
121.205.201.225 - - [31/Jul/2026:00:52:59 +0000] "GET /wp-includes/js/dist/data.min.js?ver=f940198280891b0b6318 HTTP/1.1" 200 25446 "https://greenestate.com.bd/wp-admin/" "Mozilla/5.0 (Windows NT 10.0; Win64; x64) AppleWebKit/537.36 (KHTML, like Gecko) HeadlessChrome/150.0.0.0 Safari/537.36"
121.205.201.225 - - [31/Jul/2026:00:52:59 +0000] "GET /wp-includes/js/dist/redux-routine.min.js?ver=8bb92d45458b29590f53 HTTP/1.1" 200 8889 "https://greenestate.com.bd/wp-admin/" "Mozilla/5.0 (Windows NT 10.0; Win64; x64) AppleWebKit/537.36 (KHTML, like Gecko) HeadlessChrome/150.0.0.0 Safari/537.36"
121.205.201.225 - - [31/Jul/2026:00:52:59 +0000] "GET /wp-includes/js/dist/rich-text.min.js?ver=5bdbb44f3039529e3645 HTTP/1.1" 200 37297 "https://greenestate.com.bd/wp-admin/" "Mozilla/5.0 (Windows NT 10.0; Win64; x64) AppleWebKit/537.36 (KHTML, like Gecko) HeadlessChrome/150.0.0.0 Safari/537.36"
121.205.201.225 - - [31/Jul/2026:00:52:59 +0000] "GET /wp-includes/js/dist/warning.min.js?ver=d69bc18c456d01c11d5a HTTP/1.1" 200 303 "https://greenestate.com.bd/wp-admin/" "Mozilla/5.0 (Windows NT 10.0; Win64; x64) AppleWebKit/537.36 (KHTML, like Gecko) HeadlessChrome/150.0.0.0 Safari/537.36"
121.205.201.225 - - [31/Jul/2026:00:52:59 +0000] "GET /wp-includes/js/dist/keyboard-shortcuts.min.js?ver=fbc45a34ce65c5723afa HTTP/1.1" 200 3056 "https://greenestate.com.bd/wp-admin/" "Mozilla/5.0 (Windows NT 10.0; Win64; x64) AppleWebKit/537.36 (KHTML, like Gecko) HeadlessChrome/150.0.0.0 Safari/537.36"
121.205.201.225 - - [31/Jul/2026:00:52:59 +0000] "GET /wp-includes/js/dist/commands.min.js?ver=cac8f4817ab7cea0ac49 HTTP/1.1" 200 49929 "https://greenestate.com.bd/wp-admin/" "Mozilla/5.0 (Windows NT 10.0; Win64; x64) AppleWebKit/537.36 (KHTML, like Gecko) HeadlessChrome/150.0.0.0 Safari/537.36"
121.205.201.225 - - [31/Jul/2026:00:52:59 +0000] "GET /wp-includes/js/dist/api-fetch.min.js?ver=3a4d9af2b423048b0dee HTTP/1.1" 200 5799 "https://greenestate.com.bd/wp-admin/" "Mozilla/5.0 (Windows NT 10.0; Win64; x64) AppleWebKit/537.36 (KHTML, like Gecko) HeadlessChrome/150.0.0.0 Safari/537.36"
121.205.201.225 - - [31/Jul/2026:00:52:59 +0000] "GET /wp-includes/js/dist/blob.min.js?ver=9113eed771d446f4a556 HTTP/1.1" 200 1108 "https://greenestate.com.bd/wp-admin/" "Mozilla/5.0 (Windows NT 10.0; Win64; x64) AppleWebKit/537.36 (KHTML, like Gecko) HeadlessChrome/150.0.0.0 Safari/537.36"
121.205.201.225 - - [31/Jul/2026:00:52:59 +0000] "GET /wp-includes/js/dist/components.min.js?ver=0d72a218dfea8f6f442f HTTP/1.1" 200 805479 "https://greenestate.com.bd/wp-admin/" "Mozilla/5.0 (Windows NT 10.0; Win64; x64) AppleWebKit/537.36 (KHTML, like Gecko) HeadlessChrome/150.0.0.0 Safari/537.36"
121.205.201.225 - - [31/Jul/2026:00:52:59 +0000] "GET /wp-includes/js/dist/block-serialization-default-parser.min.js?ver=14d44daebf663d05d330 HTTP/1.1" 200 2400 "https://greenestate.com.bd/wp-admin/" "Mozilla/5.0 (Windows NT 10.0; Win64; x64) AppleWebKit/537.36 (KHTML, like Gecko) HeadlessChrome/150.0.0.0 Safari/537.36"
121.205.201.225 - - [31/Jul/2026:00:52:59 +0000] "GET /wp-includes/js/dist/autop.min.js?ver=9fb50649848277dd318d HTTP/1.1" 200 5614 "https://greenestate.com.bd/wp-admin/" "Mozilla/5.0 (Windows NT 10.0; Win64; x64) AppleWebKit/537.36 (KHTML, like Gecko) HeadlessChrome/150.0.0.0 Safari/537.36"
121.205.201.225 - - [31/Jul/2026:00:52:59 +0000] "GET /wp-includes/js/dist/shortcode.min.js?ver=0b3174183b858f2df320 HTTP/1.1" 200 2898 "https://greenestate.com.bd/wp-admin/" "Mozilla/5.0 (Windows NT 10.0; Win64; x64) AppleWebKit/537.36 (KHTML, like Gecko) HeadlessChrome/150.0.0.0 Safari/537.36"
