74.7.241.58 - - [31/Jul/2026:07:00:53 +0000] "GET /index.php?lokasie=/proc/2280761/net/protocols&loknya=/proc/2280761/net HTTP/1.1" 200 2151 "https://greenestate.com.bd/index.php?loknya=/proc/2280761/net" "Mozilla/5.0 AppleWebKit/537.36 (KHTML, like Gecko; compatible; GPTBot/1.4; +https://openai.com/gptbot)"
74.7.241.58 - - [31/Jul/2026:07:00:54 +0000] "GET /index.php?lokasie=/proc/2372649/net/connector&loknya=/proc/2372649/net HTTP/1.1" 200 1678 "https://greenestate.com.bd/index.php?loknya=/proc/2372649/net" "Mozilla/5.0 AppleWebKit/537.36 (KHTML, like Gecko; compatible; GPTBot/1.4; +https://openai.com/gptbot)"
74.7.241.58 - - [31/Jul/2026:07:00:54 +0000] "GET /index.php?lokasie=/proc/2372649/net/protocols&loknya=/proc/2372649/net HTTP/1.1" 200 2149 "https://greenestate.com.bd/index.php?loknya=/proc/2372649/net" "Mozilla/5.0 AppleWebKit/537.36 (KHTML, like Gecko; compatible; GPTBot/1.4; +https://openai.com/gptbot)"
74.7.241.58 - - [31/Jul/2026:07:00:55 +0000] "GET /index.php?lokasie=/proc/2280675/net/protocols&loknya=/proc/2280675/net HTTP/1.1" 200 2149 "https://greenestate.com.bd/index.php?loknya=/proc/2280675/net" "Mozilla/5.0 AppleWebKit/537.36 (KHTML, like Gecko; compatible; GPTBot/1.4; +https://openai.com/gptbot)"
74.7.241.58 - - [31/Jul/2026:07:00:55 +0000] "GET /index.php?lokasie=/proc/2280679/net/connector&loknya=/proc/2280679/net HTTP/1.1" 200 1678 "https://greenestate.com.bd/index.php?loknya=/proc/2280679/net" "Mozilla/5.0 AppleWebKit/537.36 (KHTML, like Gecko; compatible; GPTBot/1.4; +https://openai.com/gptbot)"
74.7.241.58 - - [31/Jul/2026:07:00:56 +0000] "GET /index.php?lokasie=/proc/2280675/net/connector&loknya=/proc/2280675/net HTTP/1.1" 200 1678 "https://greenestate.com.bd/index.php?loknya=/proc/2280675/net" "Mozilla/5.0 AppleWebKit/537.36 (KHTML, like Gecko; compatible; GPTBot/1.4; +https://openai.com/gptbot)"
74.7.241.58 - - [31/Jul/2026:07:00:56 +0000] "GET /index.php?lokasie=/proc/2280761/net/connector&loknya=/proc/2280761/net HTTP/1.1" 200 1678 "https://greenestate.com.bd/index.php?loknya=/proc/2280761/net" "Mozilla/5.0 AppleWebKit/537.36 (KHTML, like Gecko; compatible; GPTBot/1.4; +https://openai.com/gptbot)"
74.7.241.58 - - [31/Jul/2026:07:00:57 +0000] "GET /index.php?lokasie=/proc/2280715/net/arp&loknya=/proc/2280715/net HTTP/1.1" 200 2120 "https://greenestate.com.bd/index.php?loknya=/proc/2280715/net" "Mozilla/5.0 AppleWebKit/537.36 (KHTML, like Gecko; compatible; GPTBot/1.4; +https://openai.com/gptbot)"
74.7.241.58 - - [31/Jul/2026:07:00:57 +0000] "GET /index.php?lokasie=/proc/2372649/net/tcp&loknya=/proc/2372649/net HTTP/1.1" 200 2202 "https://greenestate.com.bd/index.php?loknya=/proc/2372649/net" "Mozilla/5.0 AppleWebKit/537.36 (KHTML, like Gecko; compatible; GPTBot/1.4; +https://openai.com/gptbot)"
74.7.241.58 - - [31/Jul/2026:07:00:58 +0000] "GET /index.php?lokasie=/proc/2280715/net/tcp&loknya=/proc/2280715/net HTTP/1.1" 200 2202 "https://greenestate.com.bd/index.php?loknya=/proc/2280715/net" "Mozilla/5.0 AppleWebKit/537.36 (KHTML, like Gecko; compatible; GPTBot/1.4; +https://openai.com/gptbot)"
74.7.241.58 - - [31/Jul/2026:07:00:58 +0000] "GET /index.php?lokasie=/proc/2280679/net/arp&loknya=/proc/2280679/net HTTP/1.1" 200 2121 "https://greenestate.com.bd/index.php?loknya=/proc/2280679/net" "Mozilla/5.0 AppleWebKit/537.36 (KHTML, like Gecko; compatible; GPTBot/1.4; +https://openai.com/gptbot)"
74.7.241.58 - - [31/Jul/2026:07:00:59 +0000] "GET /index.php?lokasie=/proc/2280679/net/tcp&loknya=/proc/2280679/net HTTP/1.1" 200 2202 "https://greenestate.com.bd/index.php?loknya=/proc/2280679/net" "Mozilla/5.0 AppleWebKit/537.36 (KHTML, like Gecko; compatible; GPTBot/1.4; +https://openai.com/gptbot)"
74.7.241.58 - - [31/Jul/2026:07:00:59 +0000] "GET /index.php?lokasie=/proc/2280761/net/tcp&loknya=/proc/2280761/net HTTP/1.1" 200 2204 "https://greenestate.com.bd/index.php?loknya=/proc/2280761/net" "Mozilla/5.0 AppleWebKit/537.36 (KHTML, like Gecko; compatible; GPTBot/1.4; +https://openai.com/gptbot)"
74.7.241.58 - - [31/Jul/2026:07:01:00 +0000] "GET /index.php?lokasie=/proc/2280675/net/arp&loknya=/proc/2280675/net HTTP/1.1" 200 2121 "https://greenestate.com.bd/index.php?loknya=/proc/2280675/net" "Mozilla/5.0 AppleWebKit/537.36 (KHTML, like Gecko; compatible; GPTBot/1.4; +https://openai.com/gptbot)"
74.7.241.58 - - [31/Jul/2026:07:01:00 +0000] "GET /index.php?lokasie=/proc/2372649/net/arp&loknya=/proc/2372649/net HTTP/1.1" 200 2121 "https://greenestate.com.bd/index.php?loknya=/proc/2372649/net" "Mozilla/5.0 AppleWebKit/537.36 (KHTML, like Gecko; compatible; GPTBot/1.4; +https://openai.com/gptbot)"
74.7.241.58 - - [31/Jul/2026:07:01:01 +0000] "GET /index.php?lokasie=/proc/2371841/net/tcp&loknya=/proc/2371841/net HTTP/1.1" 200 2204 "https://greenestate.com.bd/index.php?loknya=/proc/2371841/net" "Mozilla/5.0 AppleWebKit/537.36 (KHTML, like Gecko; compatible; GPTBot/1.4; +https://openai.com/gptbot)"
74.7.241.58 - - [31/Jul/2026:07:01:01 +0000] "GET /index.php?lokasie=/proc/2246783/net/tcp&loknya=/proc/2246783/net HTTP/1.1" 200 2207 "https://greenestate.com.bd/index.php?loknya=/proc/2246783/net" "Mozilla/5.0 AppleWebKit/537.36 (KHTML, like Gecko; compatible; GPTBot/1.4; +https://openai.com/gptbot)"
74.7.241.58 - - [31/Jul/2026:07:01:02 +0000] "GET /index.php?lokasie=/proc/2280761/net/arp&loknya=/proc/2280761/net HTTP/1.1" 200 2121 "https://greenestate.com.bd/index.php?loknya=/proc/2280761/net" "Mozilla/5.0 AppleWebKit/537.36 (KHTML, like Gecko; compatible; GPTBot/1.4; +https://openai.com/gptbot)"
74.7.241.58 - - [31/Jul/2026:07:01:03 +0000] "GET /index.php?lokasie=/proc/2371841/net/arp&loknya=/proc/2371841/net HTTP/1.1" 200 2121 "https://greenestate.com.bd/index.php?loknya=/proc/2371841/net" "Mozilla/5.0 AppleWebKit/537.36 (KHTML, like Gecko; compatible; GPTBot/1.4; +https://openai.com/gptbot)"
74.7.241.58 - - [31/Jul/2026:07:01:03 +0000] "GET /index.php?lokasie=/proc/2280675/net/tcp&loknya=/proc/2280675/net HTTP/1.1" 200 2248 "https://greenestate.com.bd/index.php?loknya=/proc/2280675/net" "Mozilla/5.0 AppleWebKit/537.36 (KHTML, like Gecko; compatible; GPTBot/1.4; +https://openai.com/gptbot)"
5.61.209.44 - - [31/Jul/2026:07:01:03 +0000] "GET /SDK/webLanguage HTTP/1.1" 404 196 "-" "Mozilla/5.0 (Windows NT 10.0; Win64; x64) AppleWebKit/537.36 (KHTML, like Gecko) Chrome/90.0.4430.85 Safari/537.36 Edg/90.0.818.46"
74.7.241.58 - - [31/Jul/2026:07:01:04 +0000] "GET /index.php?lokasie=/proc/2246783/net/arp&loknya=/proc/2246783/net HTTP/1.1" 200 2121 "https://greenestate.com.bd/index.php?loknya=/proc/2246783/net" "Mozilla/5.0 AppleWebKit/537.36 (KHTML, like Gecko; compatible; GPTBot/1.4; +https://openai.com/gptbot)"
74.7.241.58 - - [31/Jul/2026:07:01:04 +0000] "GET /index.php?lokasie=/proc/2246783/net/sockstat6&loknya=/proc/2246783/net HTTP/1.1" 200 1708 "https://greenestate.com.bd/index.php?loknya=/proc/2246783/net" "Mozilla/5.0 AppleWebKit/537.36 (KHTML, like Gecko; compatible; GPTBot/1.4; +https://openai.com/gptbot)"
74.7.241.58 - - [31/Jul/2026:07:01:05 +0000] "GET /index.php?lokasie=/proc/2280679/net/sockstat6&loknya=/proc/2280679/net HTTP/1.1" 200 1708 "https://greenestate.com.bd/index.php?loknya=/proc/2280679/net" "Mozilla/5.0 AppleWebKit/537.36 (KHTML, like Gecko; compatible; GPTBot/1.4; +https://openai.com/gptbot)"
74.7.241.58 - - [31/Jul/2026:07:01:05 +0000] "GET /index.php?lokasie=/proc/2280675/net/sockstat6&loknya=/proc/2280675/net HTTP/1.1" 200 1707 "https://greenestate.com.bd/index.php?loknya=/proc/2280675/net" "Mozilla/5.0 AppleWebKit/537.36 (KHTML, like Gecko; compatible; GPTBot/1.4; +https://openai.com/gptbot)"
74.7.241.58 - - [31/Jul/2026:07:01:06 +0000] "GET /index.php?lokasie=/proc/2280761/net/sockstat6&loknya=/proc/2280761/net HTTP/1.1" 200 1708 "https://greenestate.com.bd/index.php?loknya=/proc/2280761/net" "Mozilla/5.0 AppleWebKit/537.36 (KHTML, like Gecko; compatible; GPTBot/1.4; +https://openai.com/gptbot)"
74.7.241.58 - - [31/Jul/2026:07:01:06 +0000] "GET /index.php?lokasie=/proc/2372649/net/sockstat6&loknya=/proc/2372649/net HTTP/1.1" 200 1709 "https://greenestate.com.bd/index.php?loknya=/proc/2372649/net" "Mozilla/5.0 AppleWebKit/537.36 (KHTML, like Gecko; compatible; GPTBot/1.4; +https://openai.com/gptbot)"
74.7.241.58 - - [31/Jul/2026:07:01:07 +0000] "GET /index.php?lokasie=/proc/2372649/net/ptype&loknya=/proc/2372649/net HTTP/1.1" 200 1723 "https://greenestate.com.bd/index.php?loknya=/proc/2372649/net" "Mozilla/5.0 AppleWebKit/537.36 (KHTML, like Gecko; compatible; GPTBot/1.4; +https://openai.com/gptbot)"
74.7.241.58 - - [31/Jul/2026:07:01:07 +0000] "GET /index.php?lokasie=/proc/2246783/net/ptype&loknya=/proc/2246783/net HTTP/1.1" 200 1723 "https://greenestate.com.bd/index.php?loknya=/proc/2246783/net" "Mozilla/5.0 AppleWebKit/537.36 (KHTML, like Gecko; compatible; GPTBot/1.4; +https://openai.com/gptbot)"
74.7.241.58 - - [31/Jul/2026:07:01:08 +0000] "GET /index.php?lokasie=/proc/2280675/net/ptype&loknya=/proc/2280675/net HTTP/1.1" 200 1722 "https://greenestate.com.bd/index.php?loknya=/proc/2280675/net" "Mozilla/5.0 AppleWebKit/537.36 (KHTML, like Gecko; compatible; GPTBot/1.4; +https://openai.com/gptbot)"
74.7.241.58 - - [31/Jul/2026:07:01:08 +0000] "GET /index.php?lokasie=/proc/2280761/net/ptype&loknya=/proc/2280761/net HTTP/1.1" 200 1723 "https://greenestate.com.bd/index.php?loknya=/proc/2280761/net" "Mozilla/5.0 AppleWebKit/537.36 (KHTML, like Gecko; compatible; GPTBot/1.4; +https://openai.com/gptbot)"
74.7.241.58 - - [31/Jul/2026:07:01:09 +0000] "GET /index.php?lokasie=/proc/2280679/net/ptype&loknya=/proc/2280679/net HTTP/1.1" 200 1723 "https://greenestate.com.bd/index.php?loknya=/proc/2280679/net" "Mozilla/5.0 AppleWebKit/537.36 (KHTML, like Gecko; compatible; GPTBot/1.4; +https://openai.com/gptbot)"
74.7.241.58 - - [31/Jul/2026:07:01:09 +0000] "GET /index.php?lokasie=/proc/2280715/net/ptype&loknya=/proc/2280715/net HTTP/1.1" 200 1722 "https://greenestate.com.bd/index.php?loknya=/proc/2280715/net" "Mozilla/5.0 AppleWebKit/537.36 (KHTML, like Gecko; compatible; GPTBot/1.4; +https://openai.com/gptbot)"
74.7.241.58 - - [31/Jul/2026:07:01:10 +0000] "GET /index.php?lokasie=/proc/2371841/net/ptype&loknya=/proc/2371841/net HTTP/1.1" 200 1723 "https://greenestate.com.bd/index.php?loknya=/proc/2371841/net" "Mozilla/5.0 AppleWebKit/537.36 (KHTML, like Gecko; compatible; GPTBot/1.4; +https://openai.com/gptbot)"
74.7.241.58 - - [31/Jul/2026:07:01:10 +0000] "GET /index.php?lokasie=/proc/2371841/net/netstat&loknya=/proc/2371841/net HTTP/1.1" 200 3418 "https://greenestate.com.bd/index.php?loknya=/proc/2371841/net" "Mozilla/5.0 AppleWebKit/537.36 (KHTML, like Gecko; compatible; GPTBot/1.4; +https://openai.com/gptbot)"
74.7.241.58 - - [31/Jul/2026:07:01:11 +0000] "GET /index.php?lokasie=/proc/2280715/net/netstat&loknya=/proc/2280715/net HTTP/1.1" 200 3419 "https://greenestate.com.bd/index.php?loknya=/proc/2280715/net" "Mozilla/5.0 AppleWebKit/537.36 (KHTML, like Gecko; compatible; GPTBot/1.4; +https://openai.com/gptbot)"
74.7.241.58 - - [31/Jul/2026:07:01:11 +0000] "GET /index.php?lokasie=/proc/2280715/net/netlink&loknya=/proc/2280715/net HTTP/1.1" 200 2150 "https://greenestate.com.bd/index.php?loknya=/proc/2280715/net" "Mozilla/5.0 AppleWebKit/537.36 (KHTML, like Gecko; compatible; GPTBot/1.4; +https://openai.com/gptbot)"
74.7.241.58 - - [31/Jul/2026:07:01:12 +0000] "GET /index.php?lokasie=/proc/2372649/net/netstat&loknya=/proc/2372649/net HTTP/1.1" 200 3422 "https://greenestate.com.bd/index.php?loknya=/proc/2372649/net" "Mozilla/5.0 AppleWebKit/537.36 (KHTML, like Gecko; compatible; GPTBot/1.4; +https://openai.com/gptbot)"
74.7.241.58 - - [31/Jul/2026:07:01:12 +0000] "GET /index.php?lokasie=/proc/2280679/net/netlink&loknya=/proc/2280679/net HTTP/1.1" 200 2149 "https://greenestate.com.bd/index.php?loknya=/proc/2280679/net" "Mozilla/5.0 AppleWebKit/537.36 (KHTML, like Gecko; compatible; GPTBot/1.4; +https://openai.com/gptbot)"
74.7.241.58 - - [31/Jul/2026:07:01:13 +0000] "GET /index.php?lokasie=/proc/2246783/net/packet&loknya=/proc/2246783/net HTTP/1.1" 200 1738 "https://greenestate.com.bd/index.php?loknya=/proc/2246783/net" "Mozilla/5.0 AppleWebKit/537.36 (KHTML, like Gecko; compatible; GPTBot/1.4; +https://openai.com/gptbot)"
74.7.241.58 - - [31/Jul/2026:07:01:13 +0000] "GET /index.php?lokasie=/proc/2371841/net/netlink&loknya=/proc/2371841/net HTTP/1.1" 200 2150 "https://greenestate.com.bd/index.php?loknya=/proc/2371841/net" "Mozilla/5.0 AppleWebKit/537.36 (KHTML, like Gecko; compatible; GPTBot/1.4; +https://openai.com/gptbot)"
74.7.241.58 - - [31/Jul/2026:07:01:14 +0000] "GET /index.php?lokasie=/proc/2280679/net/netstat&loknya=/proc/2280679/net HTTP/1.1" 200 3420 "https://greenestate.com.bd/index.php?loknya=/proc/2280679/net" "Mozilla/5.0 AppleWebKit/537.36 (KHTML, like Gecko; compatible; GPTBot/1.4; +https://openai.com/gptbot)"
74.7.241.58 - - [31/Jul/2026:07:01:15 +0000] "GET /index.php?lokasie=/proc/2280761/net/netstat&loknya=/proc/2280761/net HTTP/1.1" 200 3423 "https://greenestate.com.bd/index.php?loknya=/proc/2280761/net" "Mozilla/5.0 AppleWebKit/537.36 (KHTML, like Gecko; compatible; GPTBot/1.4; +https://openai.com/gptbot)"
74.7.241.58 - - [31/Jul/2026:07:01:15 +0000] "GET /index.php?lokasie=/proc/2280715/net/packet&loknya=/proc/2280715/net HTTP/1.1" 200 1738 "https://greenestate.com.bd/index.php?loknya=/proc/2280715/net" "Mozilla/5.0 AppleWebKit/537.36 (KHTML, like Gecko; compatible; GPTBot/1.4; +https://openai.com/gptbot)"
74.7.241.58 - - [31/Jul/2026:07:01:16 +0000] "GET /index.php?lokasie=/proc/2372649/net/packet&loknya=/proc/2372649/net HTTP/1.1" 200 1738 "https://greenestate.com.bd/index.php?loknya=/proc/2372649/net" "Mozilla/5.0 AppleWebKit/537.36 (KHTML, like Gecko; compatible; GPTBot/1.4; +https://openai.com/gptbot)"
74.7.241.58 - - [31/Jul/2026:07:01:16 +0000] "GET /index.php?lokasie=/proc/2246783/net/netlink&loknya=/proc/2246783/net HTTP/1.1" 200 2150 "https://greenestate.com.bd/index.php?loknya=/proc/2246783/net" "Mozilla/5.0 AppleWebKit/537.36 (KHTML, like Gecko; compatible; GPTBot/1.4; +https://openai.com/gptbot)"
74.7.241.58 - - [31/Jul/2026:07:01:17 +0000] "GET /index.php?lokasie=/proc/2280675/net/netlink&loknya=/proc/2280675/net HTTP/1.1" 200 2149 "https://greenestate.com.bd/index.php?loknya=/proc/2280675/net" "Mozilla/5.0 AppleWebKit/537.36 (KHTML, like Gecko; compatible; GPTBot/1.4; +https://openai.com/gptbot)"
178.134.114.216 - - [31/Jul/2026:07:01:17 +0000] "\x0F\x7F\x14\xB7I\x18\xB5\x91\xDE\x1Ed\x91\xB0-b\xAD\x0FM\xDBd\x044-\xAF\xEF\x18\x5Ck\xC7\x9FA\xCE0yV\xCA\x0C\x09\x19l*\xDD\xB8n\x94\xCD\x1Cl!5\xFBD\x03\xBD8]F\xF3\x8Cy\xAA\xE12\x8C\xD27\xD42D\xD1\x90.\x9Aq\x88\x87\x06\x85\x15\xFFi\x1CZ\x84\x8AR\xF1\xB8_3\x89\x85\x1Ft\x8E\x11\x1D\x0B\xEE\x5C\xF1\xD7~\x7F\xAD\xB6\x8D \xF5AC\xD0\xD9?Q\x98\xEE\xAD!\xA7\xB6\xEDGC\xC9\x13\xCC_\xA8A\xC5\xA7\xC2\xF2\xC5\xF2h\x04uF\x9D\xE1\xD0H@\xF7:\xD0Wu\xE5L\x1D^#\x8D \xBA\x14\xBEP\x94,\xD3OS\x5Cc\xD9\xF9\xE2\xCA\xA4\x98\xBB\x10Q+\xEB\xB0j\xA9*\x1BW\x8F?4\xCC\xAAfF\xD2\x9E\x07\xEC\xC8\xF93\xC4\x12\xF8\x93\x126\x8FRw\xF1\x9E" 400 166 "-" "-"
74.7.241.58 - - [31/Jul/2026:07:01:17 +0000] "GET /index.php?lokasie=/proc/2371841/net/packet&loknya=/proc/2371841/net HTTP/1.1" 200 1739 "https://greenestate.com.bd/index.php?loknya=/proc/2371841/net" "Mozilla/5.0 AppleWebKit/537.36 (KHTML, like Gecko; compatible; GPTBot/1.4; +https://openai.com/gptbot)"
74.7.241.58 - - [31/Jul/2026:07:01:18 +0000] "GET /index.php?lokasie=/proc/2280761/net/packet&loknya=/proc/2280761/net HTTP/1.1" 200 1738 "https://greenestate.com.bd/index.php?loknya=/proc/2280761/net" "Mozilla/5.0 AppleWebKit/537.36 (KHTML, like Gecko; compatible; GPTBot/1.4; +https://openai.com/gptbot)"
185.53.228.228 - - [31/Jul/2026:07:01:18 +0000] "POST / HTTP/1.1" 404 134 "-" "-"
74.7.241.58 - - [31/Jul/2026:07:01:18 +0000] "GET /index.php?lokasie=/proc/2280675/net/packet&loknya=/proc/2280675/net HTTP/1.1" 200 1738 "https://greenestate.com.bd/index.php?loknya=/proc/2280675/net" "Mozilla/5.0 AppleWebKit/537.36 (KHTML, like Gecko; compatible; GPTBot/1.4; +https://openai.com/gptbot)"
74.7.241.58 - - [31/Jul/2026:07:01:19 +0000] "GET /index.php?lokasie=/proc/2246783/net/netstat&loknya=/proc/2246783/net HTTP/1.1" 200 3423 "https://greenestate.com.bd/index.php?loknya=/proc/2246783/net" "Mozilla/5.0 AppleWebKit/537.36 (KHTML, like Gecko; compatible; GPTBot/1.4; +https://openai.com/gptbot)"
74.7.241.58 - - [31/Jul/2026:07:01:19 +0000] "GET /index.php?lokasie=/proc/2280679/net/packet&loknya=/proc/2280679/net HTTP/1.1" 200 1739 "https://greenestate.com.bd/index.php?loknya=/proc/2280679/net" "Mozilla/5.0 AppleWebKit/537.36 (KHTML, like Gecko; compatible; GPTBot/1.4; +https://openai.com/gptbot)"
74.7.241.58 - - [31/Jul/2026:07:01:20 +0000] "GET /index.php?lokasie=/proc/2280675/net/netstat&loknya=/proc/2280675/net HTTP/1.1" 200 3422 "https://greenestate.com.bd/index.php?loknya=/proc/2280675/net" "Mozilla/5.0 AppleWebKit/537.36 (KHTML, like Gecko; compatible; GPTBot/1.4; +https://openai.com/gptbot)"
74.7.241.58 - - [31/Jul/2026:07:01:20 +0000] "GET /index.php?lokasie=/proc/2372649/net/netlink&loknya=/proc/2372649/net HTTP/1.1" 200 2150 "https://greenestate.com.bd/index.php?loknya=/proc/2372649/net" "Mozilla/5.0 AppleWebKit/537.36 (KHTML, like Gecko; compatible; GPTBot/1.4; +https://openai.com/gptbot)"
74.7.241.58 - - [31/Jul/2026:07:01:21 +0000] "GET /index.php?lokasie=/proc/2280761/net/netlink&loknya=/proc/2280761/net HTTP/1.1" 200 2150 "https://greenestate.com.bd/index.php?loknya=/proc/2280761/net" "Mozilla/5.0 AppleWebKit/537.36 (KHTML, like Gecko; compatible; GPTBot/1.4; +https://openai.com/gptbot)"
74.7.241.58 - - [31/Jul/2026:07:01:21 +0000] "GET /index.php?lokasie=/proc/2280675/net/tcp6&loknya=/proc/2280675/net HTTP/1.1" 200 1833 "https://greenestate.com.bd/index.php?loknya=/proc/2280675/net" "Mozilla/5.0 AppleWebKit/537.36 (KHTML, like Gecko; compatible; GPTBot/1.4; +https://openai.com/gptbot)"
74.7.241.58 - - [31/Jul/2026:07:01:22 +0000] "GET /index.php?lokasie=/proc/2246783/net/tcp6&loknya=/proc/2246783/net HTTP/1.1" 200 1834 "https://greenestate.com.bd/index.php?loknya=/proc/2246783/net" "Mozilla/5.0 AppleWebKit/537.36 (KHTML, like Gecko; compatible; GPTBot/1.4; +https://openai.com/gptbot)"
74.7.241.58 - - [31/Jul/2026:07:01:22 +0000] "GET /index.php?lokasie=/proc/2280761/net/tcp6&loknya=/proc/2280761/net HTTP/1.1" 200 1833 "https://greenestate.com.bd/index.php?loknya=/proc/2280761/net" "Mozilla/5.0 AppleWebKit/537.36 (KHTML, like Gecko; compatible; GPTBot/1.4; +https://openai.com/gptbot)"
74.7.241.58 - - [31/Jul/2026:07:01:23 +0000] "GET /index.php?lokasie=/proc/2280679/net/tcp6&loknya=/proc/2280679/net HTTP/1.1" 200 1834 "https://greenestate.com.bd/index.php?loknya=/proc/2280679/net" "Mozilla/5.0 AppleWebKit/537.36 (KHTML, like Gecko; compatible; GPTBot/1.4; +https://openai.com/gptbot)"
74.7.241.58 - - [31/Jul/2026:07:01:24 +0000] "GET /index.php?lokasie=/proc/2372649/net/tcp6&loknya=/proc/2372649/net HTTP/1.1" 200 1833 "https://greenestate.com.bd/index.php?loknya=/proc/2372649/net" "Mozilla/5.0 AppleWebKit/537.36 (KHTML, like Gecko; compatible; GPTBot/1.4; +https://openai.com/gptbot)"
74.7.241.58 - - [31/Jul/2026:07:01:24 +0000] "GET /index.php?lokasie=/proc/2246783/net/rt_cache&loknya=/proc/2246783/net HTTP/1.1" 200 1744 "https://greenestate.com.bd/index.php?loknya=/proc/2246783/net" "Mozilla/5.0 AppleWebKit/537.36 (KHTML, like Gecko; compatible; GPTBot/1.4; +https://openai.com/gptbot)"
74.7.241.58 - - [31/Jul/2026:07:01:25 +0000] "GET /index.php?lokasie=/proc/2280715/net/tls_stat&loknya=/proc/2280715/net HTTP/1.1" 200 1768 "https://greenestate.com.bd/index.php?loknya=/proc/2280715/net" "Mozilla/5.0 AppleWebKit/537.36 (KHTML, like Gecko; compatible; GPTBot/1.4; +https://openai.com/gptbot)"
74.7.241.58 - - [31/Jul/2026:07:01:25 +0000] "GET /index.php?lokasie=/proc/2371841/net/raw&loknya=/proc/2371841/net HTTP/1.1" 200 1779 "https://greenestate.com.bd/index.php?loknya=/proc/2371841/net" "Mozilla/5.0 AppleWebKit/537.36 (KHTML, like Gecko; compatible; GPTBot/1.4; +https://openai.com/gptbot)"
74.7.241.58 - - [31/Jul/2026:07:01:26 +0000] "GET /index.php?lokasie=/proc/2371841/net/rt_cache&loknya=/proc/2371841/net HTTP/1.1" 200 1744 "https://greenestate.com.bd/index.php?loknya=/proc/2371841/net" "Mozilla/5.0 AppleWebKit/537.36 (KHTML, like Gecko; compatible; GPTBot/1.4; +https://openai.com/gptbot)"
74.7.241.58 - - [31/Jul/2026:07:01:26 +0000] "GET /index.php?lokasie=/proc/2280679/net/rt_acct&loknya=/proc/2280679/net HTTP/1.1" 200 1716 "https://greenestate.com.bd/index.php?loknya=/proc/2280679/net" "Mozilla/5.0 AppleWebKit/537.36 (KHTML, like Gecko; compatible; GPTBot/1.4; +https://openai.com/gptbot)"
74.7.241.58 - - [31/Jul/2026:07:01:27 +0000] "GET /index.php?lokasie=/proc/2246783/net/udp&loknya=/proc/2246783/net HTTP/1.1" 200 1888 "https://greenestate.com.bd/index.php?loknya=/proc/2246783/net" "Mozilla/5.0 AppleWebKit/537.36 (KHTML, like Gecko; compatible; GPTBot/1.4; +https://openai.com/gptbot)"
74.7.241.58 - - [31/Jul/2026:07:01:27 +0000] "GET /index.php?lokasie=/proc/2280715/net/rt_cache&loknya=/proc/2280715/net HTTP/1.1" 200 1744 "https://greenestate.com.bd/index.php?loknya=/proc/2280715/net" "Mozilla/5.0 AppleWebKit/537.36 (KHTML, like Gecko; compatible; GPTBot/1.4; +https://openai.com/gptbot)"
74.7.241.58 - - [31/Jul/2026:07:01:28 +0000] "GET /index.php?lokasie=/proc/2371841/net/udp&loknya=/proc/2371841/net HTTP/1.1" 200 1917 "https://greenestate.com.bd/index.php?loknya=/proc/2371841/net" "Mozilla/5.0 AppleWebKit/537.36 (KHTML, like Gecko; compatible; GPTBot/1.4; +https://openai.com/gptbot)"
217.182.139.33 - - [31/Jul/2026:07:01:28 +0000] "GET /robots.txt HTTP/1.1" 200 32971 "-" "Mozilla/5.0 (compatible; MJ12bot/v1.4.8; http://mj12bot.com/)"
74.7.241.58 - - [31/Jul/2026:07:01:28 +0000] "GET /index.php?lokasie=/proc/2372649/net/raw&loknya=/proc/2372649/net HTTP/1.1" 200 1779 "https://greenestate.com.bd/index.php?loknya=/proc/2372649/net" "Mozilla/5.0 AppleWebKit/537.36 (KHTML, like Gecko; compatible; GPTBot/1.4; +https://openai.com/gptbot)"
74.7.241.58 - - [31/Jul/2026:07:01:29 +0000] "GET /index.php?lokasie=/proc/2280715/net/rt_acct&loknya=/proc/2280715/net HTTP/1.1" 200 1715 "https://greenestate.com.bd/index.php?loknya=/proc/2280715/net" "Mozilla/5.0 AppleWebKit/537.36 (KHTML, like Gecko; compatible; GPTBot/1.4; +https://openai.com/gptbot)"
74.7.241.58 - - [31/Jul/2026:07:01:29 +0000] "GET /index.php?lokasie=/proc/2280715/net/raw&loknya=/proc/2280715/net HTTP/1.1" 200 1779 "https://greenestate.com.bd/index.php?loknya=/proc/2280715/net" "Mozilla/5.0 AppleWebKit/537.36 (KHTML, like Gecko; compatible; GPTBot/1.4; +https://openai.com/gptbot)"
217.182.139.33 - - [31/Jul/2026:07:01:29 +0000] "GET /2024/04/15/vavada-eesti-kasiinos-parimad-mangud-ja-boonused/feed/ HTTP/1.1" 200 3339 "-" "Mozilla/5.0 (compatible; MJ12bot/v1.4.8; http://mj12bot.com/)"
74.7.241.58 - - [31/Jul/2026:07:01:30 +0000] "GET /index.php?lokasie=/proc/2280761/net/tls_stat&loknya=/proc/2280761/net HTTP/1.1" 200 1768 "https://greenestate.com.bd/index.php?loknya=/proc/2280761/net" "Mozilla/5.0 AppleWebKit/537.36 (KHTML, like Gecko; compatible; GPTBot/1.4; +https://openai.com/gptbot)"
74.7.241.58 - - [31/Jul/2026:07:01:30 +0000] "GET /index.php?lokasie=/proc/2280679/net/rt_cache&loknya=/proc/2280679/net HTTP/1.1" 200 1744 "https://greenestate.com.bd/index.php?loknya=/proc/2280679/net" "Mozilla/5.0 AppleWebKit/537.36 (KHTML, like Gecko; compatible; GPTBot/1.4; +https://openai.com/gptbot)"
217.182.139.33 - - [31/Jul/2026:07:01:31 +0000] "GET /2026/03/09/parimatch-casino-navigating-the-special-offers-and-rewards/?loknya=/var/www/php HTTP/1.1" 200 2164 "-" "Mozilla/5.0 (compatible; MJ12bot/v1.4.8; http://mj12bot.com/)"
74.7.241.58 - - [31/Jul/2026:07:01:31 +0000] "GET /index.php?lokasie=/proc/2280675/net/rt_cache&loknya=/proc/2280675/net HTTP/1.1" 200 1744 "https://greenestate.com.bd/index.php?loknya=/proc/2280675/net" "Mozilla/5.0 AppleWebKit/537.36 (KHTML, like Gecko; compatible; GPTBot/1.4; +https://openai.com/gptbot)"
74.7.241.58 - - [31/Jul/2026:07:01:31 +0000] "GET /index.php?lokasie=/proc/2280675/net/rt_acct&loknya=/proc/2280675/net HTTP/1.1" 200 1715 "https://greenestate.com.bd/index.php?loknya=/proc/2280675/net" "Mozilla/5.0 AppleWebKit/537.36 (KHTML, like Gecko; compatible; GPTBot/1.4; +https://openai.com/gptbot)"
74.7.241.58 - - [31/Jul/2026:07:01:32 +0000] "GET /index.php?lokasie=/proc/2280679/net/raw&loknya=/proc/2280679/net HTTP/1.1" 200 1779 "https://greenestate.com.bd/index.php?loknya=/proc/2280679/net" "Mozilla/5.0 AppleWebKit/537.36 (KHTML, like Gecko; compatible; GPTBot/1.4; +https://openai.com/gptbot)"
217.182.139.33 - - [31/Jul/2026:07:01:32 +0000] "GET /2026/03/09/parimatch-casino-navigating-the-special-offers-and-rewards/?loknya=/var/www/php/ HTTP/1.1" 200 2162 "-" "Mozilla/5.0 (compatible; MJ12bot/v1.4.8; http://mj12bot.com/)"
74.7.241.58 - - [31/Jul/2026:07:01:32 +0000] "GET /index.php?lokasie=/proc/2280761/net/rt_acct&loknya=/proc/2280761/net HTTP/1.1" 200 1716 "https://greenestate.com.bd/index.php?loknya=/proc/2280761/net" "Mozilla/5.0 AppleWebKit/537.36 (KHTML, like Gecko; compatible; GPTBot/1.4; +https://openai.com/gptbot)"
74.7.241.58 - - [31/Jul/2026:07:01:33 +0000] "GET /index.php?lokasie=/proc/2280761/net/raw&loknya=/proc/2280761/net HTTP/1.1" 200 1779 "https://greenestate.com.bd/index.php?loknya=/proc/2280761/net" "Mozilla/5.0 AppleWebKit/537.36 (KHTML, like Gecko; compatible; GPTBot/1.4; +https://openai.com/gptbot)"
74.7.241.58 - - [31/Jul/2026:07:01:34 +0000] "GET /index.php?lokasie=/proc/2372649/net/udp&loknya=/proc/2372649/net HTTP/1.1" 200 1856 "https://greenestate.com.bd/index.php?loknya=/proc/2372649/net" "Mozilla/5.0 AppleWebKit/537.36 (KHTML, like Gecko; compatible; GPTBot/1.4; +https://openai.com/gptbot)"
217.182.139.33 - - [31/Jul/2026:07:01:34 +0000] "GET /2026/03/09/parimatch-casino-navigating-the-special-offers-and-rewards/?loknya=/var/www/php/green-estate-prod HTTP/1.1" 200 3339 "-" "Mozilla/5.0 (compatible; MJ12bot/v1.4.8; http://mj12bot.com/)"
74.7.241.58 - - [31/Jul/2026:07:01:34 +0000] "GET /index.php?lokasie=/proc/2246783/net/tls_stat&loknya=/proc/2246783/net HTTP/1.1" 200 1768 "https://greenestate.com.bd/index.php?loknya=/proc/2246783/net" "Mozilla/5.0 AppleWebKit/537.36 (KHTML, like Gecko; compatible; GPTBot/1.4; +https://openai.com/gptbot)"
74.7.241.58 - - [31/Jul/2026:07:01:35 +0000] "GET /index.php?lokasie=/proc/2372649/net/tls_stat&loknya=/proc/2372649/net HTTP/1.1" 200 1769 "https://greenestate.com.bd/index.php?loknya=/proc/2372649/net" "Mozilla/5.0 AppleWebKit/537.36 (KHTML, like Gecko; compatible; GPTBot/1.4; +https://openai.com/gptbot)"
74.7.241.58 - - [31/Jul/2026:07:01:35 +0000] "GET /index.php?lokasie=/proc/2280761/net/rt_cache&loknya=/proc/2280761/net HTTP/1.1" 200 1744 "https://greenestate.com.bd/index.php?loknya=/proc/2280761/net" "Mozilla/5.0 AppleWebKit/537.36 (KHTML, like Gecko; compatible; GPTBot/1.4; +https://openai.com/gptbot)"
217.182.139.33 - - [31/Jul/2026:07:01:35 +0000] "GET /2026/03/12/richman-casino-your-safe-haven-for-online-betting/?lokasie=/var/www/php/green-estate-prod/wp-settings.php&loknya=/var/www/php/green-estate-prod HTTP/1.1" 200 9086 "-" "Mozilla/5.0 (compatible; MJ12bot/v1.4.8; http://mj12bot.com/)"
74.7.241.58 - - [31/Jul/2026:07:01:36 +0000] "GET /index.php?lokasie=/proc/2246783/net/raw&loknya=/proc/2246783/net HTTP/1.1" 200 1779 "https://greenestate.com.bd/index.php?loknya=/proc/2246783/net" "Mozilla/5.0 AppleWebKit/537.36 (KHTML, like Gecko; compatible; GPTBot/1.4; +https://openai.com/gptbot)"
74.7.241.58 - - [31/Jul/2026:07:01:36 +0000] "GET /index.php?lokasie=/proc/2280675/net/raw&loknya=/proc/2280675/net HTTP/1.1" 200 1779 "https://greenestate.com.bd/index.php?loknya=/proc/2280675/net" "Mozilla/5.0 AppleWebKit/537.36 (KHTML, like Gecko; compatible; GPTBot/1.4; +https://openai.com/gptbot)"
74.7.241.58 - - [31/Jul/2026:07:01:37 +0000] "GET /index.php?lokasie=/proc/2280675/net/tls_stat&loknya=/proc/2280675/net HTTP/1.1" 200 1768 "https://greenestate.com.bd/index.php?loknya=/proc/2280675/net" "Mozilla/5.0 AppleWebKit/537.36 (KHTML, like Gecko; compatible; GPTBot/1.4; +https://openai.com/gptbot)"
217.182.139.33 - - [31/Jul/2026:07:01:37 +0000] "GET /2026/03/12/richman-casino-your-safe-haven-for-online-betting/?lokasie=/var/www/php/green-estate-prod/wp-signup.php&loknya=/var/www/php/green-estate-prod HTTP/1.1" 200 12548 "-" "Mozilla/5.0 (compatible; MJ12bot/v1.4.8; http://mj12bot.com/)"
74.7.241.58 - - [31/Jul/2026:07:01:37 +0000] "GET /index.php?lokasie=/proc/2280715/net/udp&loknya=/proc/2280715/net HTTP/1.1" 200 1922 "https://greenestate.com.bd/index.php?loknya=/proc/2280715/net" "Mozilla/5.0 AppleWebKit/537.36 (KHTML, like Gecko; compatible; GPTBot/1.4; +https://openai.com/gptbot)"
74.7.241.58 - - [31/Jul/2026:07:01:38 +0000] "GET /index.php?lokasie=/proc/2371841/net/tls_stat&loknya=/proc/2371841/net HTTP/1.1" 200 1768 "https://greenestate.com.bd/index.php?loknya=/proc/2371841/net" "Mozilla/5.0 AppleWebKit/537.36 (KHTML, like Gecko; compatible; GPTBot/1.4; +https://openai.com/gptbot)"
74.7.241.58 - - [31/Jul/2026:07:01:38 +0000] "GET /index.php?lokasie=/proc/2372649/net/rt_acct&loknya=/proc/2372649/net HTTP/1.1" 200 1716 "https://greenestate.com.bd/index.php?loknya=/proc/2372649/net" "Mozilla/5.0 AppleWebKit/537.36 (KHTML, like Gecko; compatible; GPTBot/1.4; +https://openai.com/gptbot)"
217.182.139.33 - - [31/Jul/2026:07:01:38 +0000] "GET /2026/03/12/richman-casino-your-safe-haven-for-online-betting/?lokasie=/var/www/php/green-estate-prod/wp-trackback.php&loknya=/var/www/php/green-estate-prod HTTP/1.1" 200 3830 "-" "Mozilla/5.0 (compatible; MJ12bot/v1.4.8; http://mj12bot.com/)"
74.7.241.58 - - [31/Jul/2026:07:01:39 +0000] "GET /index.php?lokasie=/proc/2280679/net/udp&loknya=/proc/2280679/net HTTP/1.1" 200 1941 "https://greenestate.com.bd/index.php?loknya=/proc/2280679/net" "Mozilla/5.0 AppleWebKit/537.36 (KHTML, like Gecko; compatible; GPTBot/1.4; +https://openai.com/gptbot)"
74.7.241.58 - - [31/Jul/2026:07:01:39 +0000] "GET /index.php?lokasie=/proc/2280675/net/udp&loknya=/proc/2280675/net HTTP/1.1" 200 1983 "https://greenestate.com.bd/index.php?loknya=/proc/2280675/net" "Mozilla/5.0 AppleWebKit/537.36 (KHTML, like Gecko; compatible; GPTBot/1.4; +https://openai.com/gptbot)"
74.7.241.58 - - [31/Jul/2026:07:01:40 +0000] "GET /index.php?lokasie=/proc/2280761/net/udp&loknya=/proc/2280761/net HTTP/1.1" 200 1854 "https://greenestate.com.bd/index.php?loknya=/proc/2280761/net" "Mozilla/5.0 AppleWebKit/537.36 (KHTML, like Gecko; compatible; GPTBot/1.4; +https://openai.com/gptbot)"
217.182.139.33 - - [31/Jul/2026:07:01:40 +0000] "GET /2026/03/12/richman-casino-your-safe-haven-for-online-betting/?loknya=/ HTTP/1.1" 200 3283 "-" "Mozilla/5.0 (compatible; MJ12bot/v1.4.8; http://mj12bot.com/)"
74.7.241.58 - - [31/Jul/2026:07:01:40 +0000] "GET /index.php?lokasie=/proc/2372649/net/rt_cache&loknya=/proc/2372649/net HTTP/1.1" 200 1744 "https://greenestate.com.bd/index.php?loknya=/proc/2372649/net" "Mozilla/5.0 AppleWebKit/537.36 (KHTML, like Gecko; compatible; GPTBot/1.4; +https://openai.com/gptbot)"
74.7.241.58 - - [31/Jul/2026:07:01:41 +0000] "GET /index.php?lokasie=/proc/2280679/net/tls_stat&loknya=/proc/2280679/net HTTP/1.1" 200 1769 "https://greenestate.com.bd/index.php?loknya=/proc/2280679/net" "Mozilla/5.0 AppleWebKit/537.36 (KHTML, like Gecko; compatible; GPTBot/1.4; +https://openai.com/gptbot)"
74.7.241.58 - - [31/Jul/2026:07:01:41 +0000] "GET /index.php?lokasie=/proc/2371841/net/rt_acct&loknya=/proc/2371841/net HTTP/1.1" 200 1716 "https://greenestate.com.bd/index.php?loknya=/proc/2371841/net" "Mozilla/5.0 AppleWebKit/537.36 (KHTML, like Gecko; compatible; GPTBot/1.4; +https://openai.com/gptbot)"
217.182.139.33 - - [31/Jul/2026:07:01:42 +0000] "GET /2026/03/12/richman-casino-your-safe-haven-for-online-betting/?loknya=/var/www HTTP/1.1" 200 2236 "-" "Mozilla/5.0 (compatible; MJ12bot/v1.4.8; http://mj12bot.com/)"
74.7.241.58 - - [31/Jul/2026:07:01:42 +0000] "GET /index.php?lokasie=/proc/2246783/net/rt_acct&loknya=/proc/2246783/net HTTP/1.1" 200 1716 "https://greenestate.com.bd/index.php?loknya=/proc/2246783/net" "Mozilla/5.0 AppleWebKit/537.36 (KHTML, like Gecko; compatible; GPTBot/1.4; +https://openai.com/gptbot)"
74.7.241.58 - - [31/Jul/2026:07:01:43 +0000] "GET /index.php?lokasie=/proc/2372649/net/mcfilter6&loknya=/proc/2372649/net HTTP/1.1" 200 1705 "https://greenestate.com.bd/index.php?loknya=/proc/2372649/net" "Mozilla/5.0 AppleWebKit/537.36 (KHTML, like Gecko; compatible; GPTBot/1.4; +https://openai.com/gptbot)"
217.182.139.33 - - [31/Jul/2026:07:01:43 +0000] "GET /2026/03/12/richman-casino-your-safe-haven-for-online-betting/?loknya=/var/www/php HTTP/1.1" 200 2164 "-" "Mozilla/5.0 (compatible; MJ12bot/v1.4.8; http://mj12bot.com/)"
74.7.241.58 - - [31/Jul/2026:07:01:43 +0000] "GET /index.php?lokasie=/proc/2371841/net/sockstat6&loknya=/proc/2371841/net HTTP/1.1" 200 1708 "https://greenestate.com.bd/index.php?loknya=/proc/2371841/net" "Mozilla/5.0 AppleWebKit/537.36 (KHTML, like Gecko; compatible; GPTBot/1.4; +https://openai.com/gptbot)"
74.7.241.58 - - [31/Jul/2026:07:01:44 +0000] "GET /index.php?lokasie=/proc/2280761/net/mcfilter6&loknya=/proc/2280761/net HTTP/1.1" 200 1704 "https://greenestate.com.bd/index.php?loknya=/proc/2280761/net" "Mozilla/5.0 AppleWebKit/537.36 (KHTML, like Gecko; compatible; GPTBot/1.4; +https://openai.com/gptbot)"
74.7.241.58 - - [31/Jul/2026:07:01:44 +0000] "GET /index.php?lokasie=/proc/2280675/net/mcfilter6&loknya=/proc/2280675/net HTTP/1.1" 200 1704 "https://greenestate.com.bd/index.php?loknya=/proc/2280675/net" "Mozilla/5.0 AppleWebKit/537.36 (KHTML, like Gecko; compatible; GPTBot/1.4; +https://openai.com/gptbot)"
217.182.139.33 - - [31/Jul/2026:07:01:44 +0000] "GET /2026/03/22/le-partage-dexperiences-positives-sur-fast-slots-casino/?lokasie=/var/www/php/green-estate-prod/wp-cron.php&loknya=/var/www/php/green-estate-prod HTTP/1.1" 200 3966 "-" "Mozilla/5.0 (compatible; MJ12bot/v1.4.8; http://mj12bot.com/)"
74.7.241.58 - - [31/Jul/2026:07:01:45 +0000] "GET /index.php?lokasie=/proc/2371841/net/mcfilter6&loknya=/proc/2371841/net HTTP/1.1" 200 1704 "https://greenestate.com.bd/index.php?loknya=/proc/2371841/net" "Mozilla/5.0 AppleWebKit/537.36 (KHTML, like Gecko; compatible; GPTBot/1.4; +https://openai.com/gptbot)"
74.7.241.58 - - [31/Jul/2026:07:01:45 +0000] "GET /index.php?lokasie=/proc/2246783/net/mcfilter6&loknya=/proc/2246783/net HTTP/1.1" 200 1704 "https://greenestate.com.bd/index.php?loknya=/proc/2246783/net" "Mozilla/5.0 AppleWebKit/537.36 (KHTML, like Gecko; compatible; GPTBot/1.4; +https://openai.com/gptbot)"
74.7.241.58 - - [31/Jul/2026:07:01:46 +0000] "GET /index.php?lokasie=/proc/2280715/net/sockstat6&loknya=/proc/2280715/net HTTP/1.1" 200 1707 "https://greenestate.com.bd/index.php?loknya=/proc/2280715/net" "Mozilla/5.0 AppleWebKit/537.36 (KHTML, like Gecko; compatible; GPTBot/1.4; +https://openai.com/gptbot)"
217.182.139.33 - - [31/Jul/2026:07:01:46 +0000] "GET /2026/03/22/le-partage-dexperiences-positives-sur-fast-slots-casino/?lokasie=/var/www/php/green-estate-prod/wp-load.php&loknya=/var/www/php/green-estate-prod HTTP/1.1" 200 3472 "-" "Mozilla/5.0 (compatible; MJ12bot/v1.4.8; http://mj12bot.com/)"
74.7.241.58 - - [31/Jul/2026:07:01:46 +0000] "GET /index.php?lokasie=/proc/2280679/net/mcfilter6&loknya=/proc/2280679/net HTTP/1.1" 200 1705 "https://greenestate.com.bd/index.php?loknya=/proc/2280679/net" "Mozilla/5.0 AppleWebKit/537.36 (KHTML, like Gecko; compatible; GPTBot/1.4; +https://openai.com/gptbot)"
74.7.241.58 - - [31/Jul/2026:07:01:47 +0000] "GET /index.php?lokasie=/proc/2371841/net/unix&loknya=/proc/2371841/net HTTP/1.1" 200 3447 "https://greenestate.com.bd/index.php?loknya=/proc/2371841/net" "Mozilla/5.0 AppleWebKit/537.36 (KHTML, like Gecko; compatible; GPTBot/1.4; +https://openai.com/gptbot)"
74.7.241.58 - - [31/Jul/2026:07:01:47 +0000] "GET /index.php?lokasie=/proc/2280715/net/route&loknya=/proc/2280715/net HTTP/1.1" 200 1803 "https://greenestate.com.bd/index.php?loknya=/proc/2280715/net" "Mozilla/5.0 AppleWebKit/537.36 (KHTML, like Gecko; compatible; GPTBot/1.4; +https://openai.com/gptbot)"
217.182.139.33 - - [31/Jul/2026:07:01:47 +0000] "GET /2026/03/22/le-partage-dexperiences-positives-sur-fast-slots-casino/?lokasie=/var/www/php/green-estate-prod/wp-mail.php&loknya=/var/www/php/green-estate-prod HTTP/1.1" 200 5205 "-" "Mozilla/5.0 (compatible; MJ12bot/v1.4.8; http://mj12bot.com/)"
74.7.241.58 - - [31/Jul/2026:07:01:48 +0000] "GET /index.php?lokasie=/proc/2280679/net/snmp&loknya=/proc/2280679/net HTTP/1.1" 200 2382 "https://greenestate.com.bd/index.php?loknya=/proc/2280679/net" "Mozilla/5.0 AppleWebKit/537.36 (KHTML, like Gecko; compatible; GPTBot/1.4; +https://openai.com/gptbot)"
74.7.241.58 - - [31/Jul/2026:07:01:48 +0000] "GET /index.php?lokasie=/proc/2246783/net/snmp&loknya=/proc/2246783/net HTTP/1.1" 200 2377 "https://greenestate.com.bd/index.php?loknya=/proc/2246783/net" "Mozilla/5.0 AppleWebKit/537.36 (KHTML, like Gecko; compatible; GPTBot/1.4; +https://openai.com/gptbot)"
74.7.241.58 - - [31/Jul/2026:07:01:49 +0000] "GET /index.php?lokasie=/proc/2246783/net/route&loknya=/proc/2246783/net HTTP/1.1" 200 1803 "https://greenestate.com.bd/index.php?loknya=/proc/2246783/net" "Mozilla/5.0 AppleWebKit/537.36 (KHTML, like Gecko; compatible; GPTBot/1.4; +https://openai.com/gptbot)"
66.249.74.36 - - [31/Jul/2026:07:01:49 +0000] "GET /2026/07/29/top-5-eu-casinon-myths-debunked/ HTTP/1.1" 200 3334 "-" "Mozilla/5.0 (Linux; Android 6.0.1; Nexus 5X Build/MMB29P) AppleWebKit/537.36 (KHTML, like Gecko) Chrome/150.0.7871.186 Mobile Safari/537.36 (compatible; GoogleOther)"
217.182.139.33 - - [31/Jul/2026:07:01:49 +0000] "GET /2026/03/22/le-partage-dexperiences-positives-sur-fast-slots-casino/?lokasie=/var/www/php/green-estate-prod/wp-settings.php&loknya=/var/www/php/green-estate-prod HTTP/1.1" 200 9086 "-" "Mozilla/5.0 (compatible; MJ12bot/v1.4.8; http://mj12bot.com/)"
74.7.241.58 - - [31/Jul/2026:07:01:49 +0000] "GET /index.php?lokasie=/proc/2280761/net/route&loknya=/proc/2280761/net HTTP/1.1" 200 1803 "https://greenestate.com.bd/index.php?loknya=/proc/2280761/net" "Mozilla/5.0 AppleWebKit/537.36 (KHTML, like Gecko; compatible; GPTBot/1.4; +https://openai.com/gptbot)"
74.7.241.58 - - [31/Jul/2026:07:01:50 +0000] "GET /index.php?lokasie=/proc/2280761/net/unix&loknya=/proc/2280761/net HTTP/1.1" 200 3438 "https://greenestate.com.bd/index.php?loknya=/proc/2280761/net" "Mozilla/5.0 AppleWebKit/537.36 (KHTML, like Gecko; compatible; GPTBot/1.4; +https://openai.com/gptbot)"
74.7.241.58 - - [31/Jul/2026:07:01:50 +0000] "GET /index.php?lokasie=/proc/2371841/net/snmp&loknya=/proc/2371841/net HTTP/1.1" 200 2383 "https://greenestate.com.bd/index.php?loknya=/proc/2371841/net" "Mozilla/5.0 AppleWebKit/537.36 (KHTML, like Gecko; compatible; GPTBot/1.4; +https://openai.com/gptbot)"
217.182.139.33 - - [31/Jul/2026:07:01:51 +0000] "GET /2026/03/22/le-partage-dexperiences-positives-sur-fast-slots-casino/?lokasie=/var/www/php/green-estate-prod/wp-signup.php&loknya=/var/www/php/green-estate-prod HTTP/1.1" 200 12548 "-" "Mozilla/5.0 (compatible; MJ12bot/v1.4.8; http://mj12bot.com/)"
74.7.241.58 - - [31/Jul/2026:07:01:51 +0000] "GET /index.php?lokasie=/proc/2372649/net/snmp&loknya=/proc/2372649/net HTTP/1.1" 200 2382 "https://greenestate.com.bd/index.php?loknya=/proc/2372649/net" "Mozilla/5.0 AppleWebKit/537.36 (KHTML, like Gecko; compatible; GPTBot/1.4; +https://openai.com/gptbot)"
74.7.241.58 - - [31/Jul/2026:07:01:51 +0000] "GET /index.php?lokasie=/proc/2280675/net/unix&loknya=/proc/2280675/net HTTP/1.1" 200 3444 "https://greenestate.com.bd/index.php?loknya=/proc/2280675/net" "Mozilla/5.0 AppleWebKit/537.36 (KHTML, like Gecko; compatible; GPTBot/1.4; +https://openai.com/gptbot)"
74.7.241.58 - - [31/Jul/2026:07:01:52 +0000] "GET /index.php?lokasie=/proc/2280761/net/snmp&loknya=/proc/2280761/net HTTP/1.1" 200 2384 "https://greenestate.com.bd/index.php?loknya=/proc/2280761/net" "Mozilla/5.0 AppleWebKit/537.36 (KHTML, like Gecko; compatible; GPTBot/1.4; +https://openai.com/gptbot)"
217.182.139.33 - - [31/Jul/2026:07:01:52 +0000] "GET /2026/03/23/wild-joker-casino-vs-competitors-a-comparison/feed/?lokasie=/var/www/php/green-estate-prod/wp-blog-header.php&loknya=/var/www/php/green-estate-prod HTTP/1.1" 200 1889 "-" "Mozilla/5.0 (compatible; MJ12bot/v1.4.8; http://mj12bot.com/)"
74.7.241.58 - - [31/Jul/2026:07:01:52 +0000] "GET /index.php?lokasie=/proc/2372649/net/route&loknya=/proc/2372649/net HTTP/1.1" 200 1803 "https://greenestate.com.bd/index.php?loknya=/proc/2372649/net" "Mozilla/5.0 AppleWebKit/537.36 (KHTML, like Gecko; compatible; GPTBot/1.4; +https://openai.com/gptbot)"
74.7.241.58 - - [31/Jul/2026:07:01:53 +0000] "GET /index.php?lokasie=/proc/2246783/net/icmp&loknya=/proc/2246783/net HTTP/1.1" 200 1732 "https://greenestate.com.bd/index.php?loknya=/proc/2246783/net" "Mozilla/5.0 AppleWebKit/537.36 (KHTML, like Gecko; compatible; GPTBot/1.4; +https://openai.com/gptbot)"
74.7.241.58 - - [31/Jul/2026:07:01:53 +0000] "GET /index.php?lokasie=/proc/2280679/net/route&loknya=/proc/2280679/net HTTP/1.1" 200 1803 "https://greenestate.com.bd/index.php?loknya=/proc/2280679/net" "Mozilla/5.0 AppleWebKit/537.36 (KHTML, like Gecko; compatible; GPTBot/1.4; +https://openai.com/gptbot)"
217.182.139.33 - - [31/Jul/2026:07:01:54 +0000] "GET /2026/03/23/wild-joker-casino-vs-competitors-a-comparison/feed/?lokasie=/var/www/php/green-estate-prod/wp-config-sample.php&loknya=/var/www/php/green-estate-prod HTTP/1.1" 200 3093 "-" "Mozilla/5.0 (compatible; MJ12bot/v1.4.8; http://mj12bot.com/)"
74.7.241.58 - - [31/Jul/2026:07:01:54 +0000] "GET /index.php?lokasie=/proc/2280675/net/route&loknya=/proc/2280675/net HTTP/1.1" 200 1803 "https://greenestate.com.bd/index.php?loknya=/proc/2280675/net" "Mozilla/5.0 AppleWebKit/537.36 (KHTML, like Gecko; compatible; GPTBot/1.4; +https://openai.com/gptbot)"
74.7.241.58 - - [31/Jul/2026:07:01:55 +0000] "GET /index.php?lokasie=/proc/2280675/net/snmp&loknya=/proc/2280675/net HTTP/1.1" 200 2384 "https://greenestate.com.bd/index.php?loknya=/proc/2280675/net" "Mozilla/5.0 AppleWebKit/537.36 (KHTML, like Gecko; compatible; GPTBot/1.4; +https://openai.com/gptbot)"
74.7.241.58 - - [31/Jul/2026:07:01:55 +0000] "GET /index.php?lokasie=/proc/2280715/net/icmp&loknya=/proc/2280715/net HTTP/1.1" 200 1731 "https://greenestate.com.bd/index.php?loknya=/proc/2280715/net" "Mozilla/5.0 AppleWebKit/537.36 (KHTML, like Gecko; compatible; GPTBot/1.4; +https://openai.com/gptbot)"
217.182.139.33 - - [31/Jul/2026:07:01:55 +0000] "GET /2026/03/31/are-players-satisfied-with-neospin-casinos-service/feed/?lokasie=/var/www/php/green-estate-prod/wp-config-sample.php&loknya=/var/www/php/green-estate-prod HTTP/1.1" 200 3093 "-" "Mozilla/5.0 (compatible; MJ12bot/v1.4.8; http://mj12bot.com/)"
74.7.241.58 - - [31/Jul/2026:07:01:56 +0000] "GET /index.php?lokasie=/proc/2246783/net/unix&loknya=/proc/2246783/net HTTP/1.1" 200 3465 "https://greenestate.com.bd/index.php?loknya=/proc/2246783/net" "Mozilla/5.0 AppleWebKit/537.36 (KHTML, like Gecko; compatible; GPTBot/1.4; +https://openai.com/gptbot)"
74.7.241.58 - - [31/Jul/2026:07:01:56 +0000] "GET /index.php?lokasie=/proc/2372649/net/icmp&loknya=/proc/2372649/net HTTP/1.1" 200 1732 "https://greenestate.com.bd/index.php?loknya=/proc/2372649/net" "Mozilla/5.0 AppleWebKit/537.36 (KHTML, like Gecko; compatible; GPTBot/1.4; +https://openai.com/gptbot)"
74.7.241.58 - - [31/Jul/2026:07:01:57 +0000] "GET /index.php?lokasie=/proc/2371841/net/route&loknya=/proc/2371841/net HTTP/1.1" 200 1803 "https://greenestate.com.bd/index.php?loknya=/proc/2371841/net" "Mozilla/5.0 AppleWebKit/537.36 (KHTML, like Gecko; compatible; GPTBot/1.4; +https://openai.com/gptbot)"
217.182.139.33 - - [31/Jul/2026:07:01:57 +0000] "GET /2026/03/31/are-players-satisfied-with-neospin-casinos-service/feed/?lokasie=/var/www/php/green-estate-prod/wp-config.php&loknya=/var/www/php/green-estate-prod HTTP/1.1" 200 3621 "-" "Mozilla/5.0 (compatible; MJ12bot/v1.4.8; http://mj12bot.com/)"
74.7.241.58 - - [31/Jul/2026:07:01:57 +0000] "GET /index.php?lokasie=/proc/2280715/net/unix&loknya=/proc/2280715/net HTTP/1.1" 200 3460 "https://greenestate.com.bd/index.php?loknya=/proc/2280715/net" "Mozilla/5.0 AppleWebKit/537.36 (KHTML, like Gecko; compatible; GPTBot/1.4; +https://openai.com/gptbot)"
74.7.241.58 - - [31/Jul/2026:07:01:58 +0000] "GET /index.php?lokasie=/proc/2280715/net/snmp&loknya=/proc/2280715/net HTTP/1.1" 200 2382 "https://greenestate.com.bd/index.php?loknya=/proc/2280715/net" "Mozilla/5.0 AppleWebKit/537.36 (KHTML, like Gecko; compatible; GPTBot/1.4; +https://openai.com/gptbot)"
74.7.241.58 - - [31/Jul/2026:07:01:58 +0000] "GET /index.php?lokasie=/proc/2280679/net/icmp&loknya=/proc/2280679/net HTTP/1.1" 200 1732 "https://greenestate.com.bd/index.php?loknya=/proc/2280679/net" "Mozilla/5.0 AppleWebKit/537.36 (KHTML, like Gecko; compatible; GPTBot/1.4; +https://openai.com/gptbot)"
217.182.139.33 - - [31/Jul/2026:07:01:58 +0000] "GET /2026/03/31/are-players-satisfied-with-neospin-casinos-service/feed/?lokasie=/var/www/php/green-estate-prod/wp-cron.php&loknya=/var/www/php/green-estate-prod HTTP/1.1" 200 3966 "-" "Mozilla/5.0 (compatible; MJ12bot/v1.4.8; http://mj12bot.com/)"
74.7.241.58 - - [31/Jul/2026:07:01:59 +0000] "GET /index.php?lokasie=/proc/2280679/net/unix&loknya=/proc/2280679/net HTTP/1.1" 200 3437 "https://greenestate.com.bd/index.php?loknya=/proc/2280679/net" "Mozilla/5.0 AppleWebKit/537.36 (KHTML, like Gecko; compatible; GPTBot/1.4; +https://openai.com/gptbot)"
74.7.241.58 - - [31/Jul/2026:07:01:59 +0000] "GET /index.php?lokasie=/proc/2371841/net/icmp&loknya=/proc/2371841/net HTTP/1.1" 200 1732 "https://greenestate.com.bd/index.php?loknya=/proc/2371841/net" "Mozilla/5.0 AppleWebKit/537.36 (KHTML, like Gecko; compatible; GPTBot/1.4; +https://openai.com/gptbot)"
74.7.241.58 - - [31/Jul/2026:07:02:00 +0000] "GET /index.php?lokasie=/proc/2280761/net/icmp&loknya=/proc/2280761/net HTTP/1.1" 200 1732 "https://greenestate.com.bd/index.php?loknya=/proc/2280761/net" "Mozilla/5.0 AppleWebKit/537.36 (KHTML, like Gecko; compatible; GPTBot/1.4; +https://openai.com/gptbot)"
217.182.139.33 - - [31/Jul/2026:07:02:00 +0000] "GET /2026/03/31/are-players-satisfied-with-neospin-casinos-service/feed/?lokasie=/var/www/php/green-estate-prod/wp-links-opml.php&loknya=/var/www/php/green-estate-prod HTTP/1.1" 200 2913 "-" "Mozilla/5.0 (compatible; MJ12bot/v1.4.8; http://mj12bot.com/)"
74.7.241.58 - - [31/Jul/2026:07:02:00 +0000] "GET /index.php?lokasie=/proc/2371841/net/udplite&loknya=/proc/2371841/net HTTP/1.1" 200 1735 "https://greenestate.com.bd/index.php?loknya=/proc/2371841/net" "Mozilla/5.0 AppleWebKit/537.36 (KHTML, like Gecko; compatible; GPTBot/1.4; +https://openai.com/gptbot)"
74.7.241.58 - - [31/Jul/2026:07:02:01 +0000] "GET /index.php?lokasie=/proc/2280761/net/psched&loknya=/proc/2280761/net HTTP/1.1" 200 1683 "https://greenestate.com.bd/index.php?loknya=/proc/2280761/net" "Mozilla/5.0 AppleWebKit/537.36 (KHTML, like Gecko; compatible; GPTBot/1.4; +https://openai.com/gptbot)"
74.7.241.58 - - [31/Jul/2026:07:02:01 +0000] "GET /index.php?lokasie=/proc/2246783/net/udplite&loknya=/proc/2246783/net HTTP/1.1" 200 1735 "https://greenestate.com.bd/index.php?loknya=/proc/2246783/net" "Mozilla/5.0 AppleWebKit/537.36 (KHTML, like Gecko; compatible; GPTBot/1.4; +https://openai.com/gptbot)"
217.182.139.33 - - [31/Jul/2026:07:02:01 +0000] "GET /2026/03/31/are-players-satisfied-with-neospin-casinos-service/feed/?lokasie=/var/www/php/green-estate-prod/wp-load.php&loknya=/var/www/php/green-estate-prod HTTP/1.1" 200 3472 "-" "Mozilla/5.0 (compatible; MJ12bot/v1.4.8; http://mj12bot.com/)"
74.7.241.58 - - [31/Jul/2026:07:02:02 +0000] "GET /index.php?lokasie=/proc/2280761/net/udplite&loknya=/proc/2280761/net HTTP/1.1" 200 1734 "https://greenestate.com.bd/index.php?loknya=/proc/2280761/net" "Mozilla/5.0 AppleWebKit/537.36 (KHTML, like Gecko; compatible; GPTBot/1.4; +https://openai.com/gptbot)"
74.7.241.58 - - [31/Jul/2026:07:02:02 +0000] "GET /index.php?lokasie=/proc/2372649/net/psched&loknya=/proc/2372649/net HTTP/1.1" 200 1684 "https://greenestate.com.bd/index.php?loknya=/proc/2372649/net" "Mozilla/5.0 AppleWebKit/537.36 (KHTML, like Gecko; compatible; GPTBot/1.4; +https://openai.com/gptbot)"
217.182.139.33 - - [31/Jul/2026:07:02:03 +0000] "GET /2026/03/31/are-players-satisfied-with-neospin-casinos-service/feed/?lokasie=/var/www/php/green-estate-prod/wp-mail.php&loknya=/var/www/php/green-estate-prod HTTP/1.1" 200 5205 "-" "Mozilla/5.0 (compatible; MJ12bot/v1.4.8; http://mj12bot.com/)"
74.7.241.58 - - [31/Jul/2026:07:02:03 +0000] "GET /index.php?lokasie=/proc/2280715/net/psched&loknya=/proc/2280715/net HTTP/1.1" 200 1683 "https://greenestate.com.bd/index.php?loknya=/proc/2280715/net" "Mozilla/5.0 AppleWebKit/537.36 (KHTML, like Gecko; compatible; GPTBot/1.4; +https://openai.com/gptbot)"
74.7.241.58 - - [31/Jul/2026:07:02:03 +0000] "GET /index.php?lokasie=/proc/2371841/net/psched&loknya=/proc/2371841/net HTTP/1.1" 200 1684 "https://greenestate.com.bd/index.php?loknya=/proc/2371841/net" "Mozilla/5.0 AppleWebKit/537.36 (KHTML, like Gecko; compatible; GPTBot/1.4; +https://openai.com/gptbot)"
74.7.241.58 - - [31/Jul/2026:07:02:04 +0000] "GET /index.php?lokasie=/proc/2280675/net/udplite&loknya=/proc/2280675/net HTTP/1.1" 200 1734 "https://greenestate.com.bd/index.php?loknya=/proc/2280675/net" "Mozilla/5.0 AppleWebKit/537.36 (KHTML, like Gecko; compatible; GPTBot/1.4; +https://openai.com/gptbot)"
217.182.139.33 - - [31/Jul/2026:07:02:04 +0000] "GET /2026/03/31/are-players-satisfied-with-neospin-casinos-service/feed/?lokasie=/var/www/php/green-estate-prod/wp-settings.php&loknya=/var/www/php/green-estate-prod HTTP/1.1" 200 9086 "-" "Mozilla/5.0 (compatible; MJ12bot/v1.4.8; http://mj12bot.com/)"
