20.203.133.142 - - [31/Jul/2026:02:37:59 +0000] "GET /about.php? HTTP/1.1" 404 19 "-" "-"
20.203.133.142 - - [31/Jul/2026:02:37:59 +0000] "GET /about.php HTTP/1.1" 301 178 "-" "-"
20.203.133.142 - - [31/Jul/2026:02:37:59 +0000] "GET /about.php HTTP/1.1" 404 19 "-" "-"
20.203.133.142 - - [31/Jul/2026:02:37:59 +0000] "GET /admin.php HTTP/1.1" 301 178 "-" "-"
20.203.133.142 - - [31/Jul/2026:02:37:59 +0000] "GET /admin.php HTTP/1.1" 404 19 "-" "-"
20.203.133.142 - - [31/Jul/2026:02:38:00 +0000] "GET /admin.php? HTTP/1.1" 301 178 "-" "-"
20.203.133.142 - - [31/Jul/2026:02:38:00 +0000] "GET /admin.php? HTTP/1.1" 404 19 "-" "-"
20.203.133.142 - - [31/Jul/2026:02:38:00 +0000] "GET /chosen.php? HTTP/1.1" 301 178 "-" "-"
20.203.133.142 - - [31/Jul/2026:02:38:00 +0000] "GET /chosen.php? HTTP/1.1" 404 19 "-" "-"
37.111.4.168 - - [31/Jul/2026:02:38:00 +0000] "POST / HTTP /1.1" 400 166 "-" "-"
3.130.168.2 - - [31/Jul/2026:02:38:25 +0000] "\x03\x00\x00+&\xE0\x00\x00\x00\x00\x00Cookie: mstshash=zgrab" 400 166 "-" "-"
43.153.123.3 - - [31/Jul/2026:02:39:14 +0000] "GET / HTTP/1.1" 404 134 "-" "Mozilla/5.0 (iPhone; CPU iPhone OS 13_2_3 like Mac OS X) AppleWebKit/605.1.15 (KHTML, like Gecko) Version/13.0.3 Mobile/15E148 Safari/604.1"
3.130.168.2 - - [31/Jul/2026:02:40:05 +0000] "\x16\x03\x01\x00\xEE\x01\x00\x00\xEA\x03\x03)K\xDA\xB1Z\x1Fl3\xD4\x95\x05\xC7\xF6C\x98\xAF\x95,J" 400 166 "-" "-"
43.130.139.136 - - [31/Jul/2026:02:43:10 +0000] "GET / HTTP/1.1" 404 134 "-" "Mozilla/5.0 (iPhone; CPU iPhone OS 13_2_3 like Mac OS X) AppleWebKit/605.1.15 (KHTML, like Gecko) Version/13.0.3 Mobile/15E148 Safari/604.1"
217.8.46.163 - - [31/Jul/2026:02:45:44 +0000] "POST / HTTP/1.1" 404 134 "-" "Mozilla/5.0 (iPhone14,3; U; CPU iPhone OS 15_0 like Mac OS X) AppleWebKit/602.1.50 (KHTML, like Gecko) Version/10.0 Mobile/19A346 Safari/602.1"
178.131.154.165 - - [31/Jul/2026:02:46:52 +0000] "POST / HTTP/1.1" 404 134 "-" "-"
10.10.0.2 - - [31/Jul/2026:02:46:56 +0000] "POST /wp-cron.php?doing_wp_cron=1785466016.0572609901428222656250 HTTP/1.1" 200 31 "-" "WordPress/6.9.4; https://greenestate.com.bd"
45.148.10.244 - - [31/Jul/2026:02:46:56 +0000] "GET / HTTP/1.1" 301 5 "-" "Python-urllib/3.10"
45.148.10.244 - - [31/Jul/2026:02:46:57 +0000] "GET / HTTP/1.1" 200 84090 "-" "Python-urllib/3.10"
45.148.10.244 - - [31/Jul/2026:02:46:58 +0000] "POST /?rest_route=/batch/v1 HTTP/1.1" 401 139 "-" "Mozilla/5.0 (Windows NT 10.0; Win64; x64) AppleWebKit/537.36 (KHTML, like Gecko) Chrome/126.0.0.0 Safari/537.36"
45.148.10.244 - - [31/Jul/2026:02:46:58 +0000] "POST /wp-json/batch/v1 HTTP/1.1" 401 139 "-" "Mozilla/5.0 (Windows NT 10.0; Win64; x64) AppleWebKit/537.36 (KHTML, like Gecko) Chrome/126.0.0.0 Safari/537.36"
45.148.10.244 - - [31/Jul/2026:02:46:59 +0000] "POST / HTTP/1.1" 401 139 "-" "Mozilla/5.0 (Windows NT 10.0; Win64; x64) AppleWebKit/537.36 (KHTML, like Gecko) Chrome/126.0.0.0 Safari/537.36"
45.148.10.244 - - [31/Jul/2026:02:46:59 +0000] "POST /?rest_route=/batch/v1 HTTP/1.1" 401 139 "-" "Mozilla/5.0 (Windows NT 10.0; Win64; x64) AppleWebKit/537.36 (KHTML, like Gecko) Chrome/126.0.0.0 Safari/537.36"
45.148.10.244 - - [31/Jul/2026:02:47:00 +0000] "POST / HTTP/1.1" 401 139 "-" "Mozilla/5.0 (Windows NT 10.0; Win64; x64) AppleWebKit/537.36 (KHTML, like Gecko) Chrome/126.0.0.0 Safari/537.36"
45.148.10.244 - - [31/Jul/2026:02:47:01 +0000] "POST /?rest_route=/batch/v1 HTTP/1.1" 413 594 "-" "Mozilla/5.0 (Windows NT 10.0; Win64; x64) AppleWebKit/537.36 (KHTML, like Gecko) Chrome/126.0.0.0 Safari/537.36"
10.10.0.2 - - [31/Jul/2026:02:47:40 +0000] "POST /wp-cron.php?doing_wp_cron=1785466060.2962210178375244140625 HTTP/1.1" 200 31 "-" "WordPress/6.9.4; https://greenestate.com.bd"
43.157.174.69 - - [31/Jul/2026:02:47:40 +0000] "GET /wp-json/wp/v2/categories/49 HTTP/1.1" 200 649 "-" "Mozilla/5.0 (iPhone; CPU iPhone OS 13_2_3 like Mac OS X) AppleWebKit/605.1.15 (KHTML, like Gecko) Version/13.0.3 Mobile/15E148 Safari/604.1"
198.163.195.63 - - [31/Jul/2026:02:49:07 +0000] "\xC9\xA4\xEE\xCE\xDB\xD4\xC0\xEC\xBB=\x5C\x9A\xC7\xD0#:\x01\xF4\xBC\x03\xFF\xA8\xEES\x7Fs\xD3\xAD\xC1\xCE\x82HFS\x9C\x9B\xF1p\x81\x80z\xCF\xBC1\xBC\xA0\xEA_\xBA\xB4Q\x945\xB1\xD80\xF8l6\x99f\xF7Y\xC0\x97q\xD1\x22rkg2:\xD2G\x9D\xB6\xB1\x04\x92-I?5\xDF\xA3\xE5i\xAE\xA6\xE2\x96\xB5\xD8\x91\xFE\x07f\xD1\x10\xFF\x98d/\x0F\xD0\xB7\xDE\xE8!w\xC61<\xB0\xC4\xC4\xF4O\xE2\x7F\xAD\xEBa\xC1\xC1\xD0~\xC6\xC9n\xCE\x07u#]\x84\xA9dW\xF6\x9F\xFF\x8C'\xD6\xAB\xCD?|W \xB5\x09\x8A_\xA8\xAFM\xB0\x8C3\x8D\xE3\xAC\xCBR\xDB\xEC\x89\x85D\x13p\x95\xBE\xB4S\x8EGB\x13\xF4\xA9\xF0\xF6\xB1m\xFC*<\xCE5\xB9(\xB4aBU1\xF3\x15\x04\xEE\x9By\xDC\x06\xC3(\xE2Pz\x05\x06\x84*6~\xF1' \xC3\x84Y\xA1\x82\x97\xF7\xAE\x98\x81\xB71\x86\x08\xC9\x86\xCE1!=\x00\x02 \x9D\x01\x1E\xFB\xE45\xA5Y\xE7\x03iw&\xE4$\xEC\xF9\xC4\x00\x1B\xD3o\x06g\x0E\xE0,*r\x09\x1A&dUY'\xF0~u\x7FC\x1E\x96d\x85kh\x06Ob\xFC\xAC\xEB0\x81\xF9\xD7\xA5Kx" 400 166 "-" "-"
185.242.226.80 - - [31/Jul/2026:02:49:14 +0000] "GET / HTTP/1.1" 404 196 "-" "Mozilla/5.0 (Windows NT 10.0; Win64; x64) AppleWebKit/537.36 (KHTML, like Gecko) Chrome/88.0.4324.190 Safari/537.36"
45.56.79.53 - - [31/Jul/2026:02:50:21 +0000] "GET / HTTP/1.1" 400 264 "-" "Mozilla/5.0 zgrab/0.x"
148.153.247.174 - - [31/Jul/2026:02:51:27 +0000] "POSTPOST / HTTP/1.1" 404 134 "-" "-"
185.139.138.117 - - [31/Jul/2026:02:51:30 +0000] "POSTPOST / HTTP/1.1" 404 134 "-" "-"
45.79.207.111 - - [31/Jul/2026:02:51:30 +0000] "GET / HTTP/1.1" 404 134 "-" "Mozilla/5.0 zgrab/0.x"
27.211.207.254 - - [31/Jul/2026:02:51:51 +0000] "EILQ / HTTP/1.1" 404 134 "-" "-"
66.228.40.100 - - [31/Jul/2026:02:51:59 +0000] "GET / HTTP/1.1" 404 196 "-" "Mozilla/5.0 (Macintosh; Intel Mac OS X 13_1) AppleWebKit/537.36 (KHTML, like Gecko) Chrome/108.0.0.0 Safari/537.36"
151.243.11.235 - - [31/Jul/2026:02:52:15 +0000] "GET / HTTP/1.1" 404 162 "-" "Mozilla/5.0 (compatible; FlowIQLabsBot/1.0; +https://flowiq-labs.com/scanning-info)"
151.243.11.235 - - [31/Jul/2026:02:52:21 +0000] "GET /favicon.ico HTTP/1.1" 404 162 "-" "Mozilla/5.0 (compatible; FlowIQLabsBot/1.0; +https://flowiq-labs.com/scanning-info)"
66.249.74.34 - - [31/Jul/2026:02:52:27 +0000] "GET /2026/07/29/celebrity-sightings-in-canadian-gaming-club-casinos/ HTTP/1.1" 200 16503 "-" "Mozilla/5.0 (Linux; Android 6.0.1; Nexus 5X Build/MMB29P) AppleWebKit/537.36 (KHTML, like Gecko) Chrome/150.0.7871.186 Mobile Safari/537.36 (compatible; GoogleOther)"
123.58.209.194 - - [31/Jul/2026:02:55:01 +0000] "\xFF\x00\x00\x00\x00\x00\x00\x00\x00\x7F\x03\x01NULL\x00\x00\x00\x00\x00\x00\x00\x00\x00\x00\x00\x00\x00\x00\x00\x00\x00\x00\x00\x00\x00\x00\x00\x00\x00\x00\x00\x00\x00\x00\x00\x00\x00\x00\x00\x00\x00\x00\x00\x00\x00\x00\x00\x00\x00\x00\x00\x00" 400 166 "-" "-"
123.58.209.194 - - [31/Jul/2026:02:55:03 +0000] "\xFF\x00\x00\x00\x00\x00\x00\x00\x00\x7F\x03\x01NULL\x00\x00\x00\x00\x00\x00\x00\x00\x00\x00\x00\x00\x00\x00\x00\x00\x00\x00\x00\x00\x00\x00\x00\x00\x00\x00\x00\x00\x00\x00\x00\x00\x00\x00\x00\x00\x00\x00\x00\x00\x00\x00\x00\x00\x00\x00\x00\x00" 400 166 "-" "-"
123.58.209.194 - - [31/Jul/2026:02:55:05 +0000] "\xFF\x00\x00\x00\x00\x00\x00\x00\x00\x7F\x03\x01NULL\x00\x00\x00\x00\x00\x00\x00\x00\x00\x00\x00\x00\x00\x00\x00\x00\x00\x00\x00\x00\x00\x00\x00\x00\x00\x00\x00\x00\x00\x00\x00\x00\x00\x00\x00\x00\x00\x00\x00\x00\x00\x00\x00\x00\x00\x00\x00\x00" 400 166 "-" "-"
123.58.209.194 - - [31/Jul/2026:02:55:14 +0000] "GET /version HTTP/1.1" 404 162 "-" "-"
123.58.209.194 - - [31/Jul/2026:02:55:14 +0000] "GET / HTTP/1.1" 404 162 "-" "-"
123.58.209.194 - - [31/Jul/2026:02:55:14 +0000] "GET / HTTP/1.1" 404 162 "-" "-"
123.58.209.194 - - [31/Jul/2026:02:55:15 +0000] "GET /v1 HTTP/1.1" 404 162 "-" "-"
123.58.209.194 - - [31/Jul/2026:02:55:15 +0000] "GET / HTTP/1.1" 404 162 "-" "-"
123.58.209.194 - - [31/Jul/2026:02:55:18 +0000] "GET / HTTP/1.1" 404 564 "-" "Mozilla/5.0 (Windows NT 6.1) AppleWebKit/537.36 (KHTML, like Gecko) Chrome/49.0.2623.112 Safari/537.36"
123.58.209.194 - - [31/Jul/2026:02:55:19 +0000] "GET /favicon.ico HTTP/1.1" 404 564 "http://165.227.207.41:80" "Mozilla/5.0 (Windows NT 6.1) AppleWebKit/537.36 (KHTML, like Gecko) Chrome/49.0.2623.112 Safari/537.36"
10.10.0.2 - - [31/Jul/2026:02:55:36 +0000] "POST /wp-cron.php?doing_wp_cron=1785466536.6653320789337158203125 HTTP/1.1" 200 31 "-" "WordPress/6.9.4; https://greenestate.com.bd"
161.123.208.161 - - [31/Jul/2026:02:55:36 +0000] "GET /wp-login.php HTTP/1.1" 200 2162 "-" "Mozilla/5.0 (Windows NT 10.0; Win64; x64) AppleWebKit/537.36 (KHTML, like Gecko) Chrome/145.0.0.0 Safari/537.36"
161.123.208.161 - - [31/Jul/2026:02:55:38 +0000] "POST /wp-login.php HTTP/1.1" 302 5 "https://greenestate.com.bd/wp-login.php" "Mozilla/5.0 (Windows NT 10.0; Win64; x64) AppleWebKit/537.36 (KHTML, like Gecko) Chrome/145.0.0.0 Safari/537.36"
161.123.208.161 - - [31/Jul/2026:02:55:40 +0000] "GET /wp-admin/ HTTP/1.1" 200 83572 "https://greenestate.com.bd/wp-login.php" "Mozilla/5.0 (Windows NT 10.0; Win64; x64) AppleWebKit/537.36 (KHTML, like Gecko) Chrome/145.0.0.0 Safari/537.36"
161.123.208.161 - - [31/Jul/2026:02:55:43 +0000] "GET /wp-admin/user-new.php HTTP/1.1" 200 70688 "https://greenestate.com.bd/wp-login.php" "Mozilla/5.0 (Windows NT 10.0; Win64; x64) AppleWebKit/537.36 (KHTML, like Gecko) Chrome/145.0.0.0 Safari/537.36"
161.123.208.161 - - [31/Jul/2026:02:55:46 +0000] "POST /wp-admin/user-new.php HTTP/1.1" 200 70754 "https://greenestate.com.bd/wp-login.php" "Mozilla/5.0 (Windows NT 10.0; Win64; x64) AppleWebKit/537.36 (KHTML, like Gecko) Chrome/145.0.0.0 Safari/537.36"
45.79.207.181 - - [31/Jul/2026:02:55:49 +0000] "GET / HTTP/1.1" 404 134 "-" "Mozilla/5.0 zgrab/0.x"
161.123.208.161 - - [31/Jul/2026:02:55:50 +0000] "GET /wp-admin/plugins.php?plugin_status=all&paged=1&s HTTP/1.1" 200 77092 "https://greenestate.com.bd/wp-login.php" "Mozilla/5.0 (Windows NT 10.0; Win64; x64) AppleWebKit/537.36 (KHTML, like Gecko) Chrome/145.0.0.0 Safari/537.36"
161.123.208.161 - - [31/Jul/2026:02:55:52 +0000] "GET /wp-admin/plugins.php HTTP/1.1" 200 76995 "https://greenestate.com.bd/wp-login.php" "Mozilla/5.0 (Windows NT 10.0; Win64; x64) AppleWebKit/537.36 (KHTML, like Gecko) Chrome/145.0.0.0 Safari/537.36"
161.123.208.161 - - [31/Jul/2026:02:55:56 +0000] "GET /wp-admin/plugin-install.php HTTP/1.1" 200 77568 "https://greenestate.com.bd/wp-login.php" "Mozilla/5.0 (Windows NT 10.0; Win64; x64) AppleWebKit/537.36 (KHTML, like Gecko) Chrome/145.0.0.0 Safari/537.36"
161.123.208.161 - - [31/Jul/2026:02:55:58 +0000] "POST /wp-admin/admin-ajax.php HTTP/1.1" 200 273 "https://greenestate.com.bd/wp-login.php" "Mozilla/5.0 (Windows NT 10.0; Win64; x64) AppleWebKit/537.36 (KHTML, like Gecko) Chrome/145.0.0.0 Safari/537.36"
161.123.208.161 - - [31/Jul/2026:02:56:02 +0000] "POST /wp-admin/admin-ajax.php HTTP/1.1" 200 242 "https://greenestate.com.bd/wp-login.php" "Mozilla/5.0 (Windows NT 10.0; Win64; x64) AppleWebKit/537.36 (KHTML, like Gecko) Chrome/145.0.0.0 Safari/537.36"
161.123.208.161 - - [31/Jul/2026:02:56:04 +0000] "GET /wp-admin/plugins.php?plugin_status=all&paged=1&s HTTP/1.1" 200 77097 "https://greenestate.com.bd/wp-login.php" "Mozilla/5.0 (Windows NT 10.0; Win64; x64) AppleWebKit/537.36 (KHTML, like Gecko) Chrome/145.0.0.0 Safari/537.36"
65.49.1.38 - - [31/Jul/2026:02:56:18 +0000] "GET / HTTP/1.1" 404 196 "-" "Mozilla/5.0 (Macintosh; Intel Mac OS X 10_15_7) AppleWebKit/537.36 (KHTML, like Gecko) Chrome/109.0.0.0 Safari/537.36"
192.155.90.220 - - [31/Jul/2026:02:57:33 +0000] "GET / HTTP/1.1" 404 196 "-" "Mozilla/5.0 (Macintosh; Intel Mac OS X 13_1) AppleWebKit/537.36 (KHTML, like Gecko) Chrome/108.0.0.0 Safari/537.36"
10.10.0.2 - - [31/Jul/2026:02:58:28 +0000] "POST /wp-cron.php?doing_wp_cron=1785466708.4031469821929931640625 HTTP/1.1" 200 31 "-" "WordPress/6.9.4; https://greenestate.com.bd"
43.162.114.69 - - [31/Jul/2026:02:58:28 +0000] "GET /category/betvictor/ HTTP/1.1" 200 14495 "-" "Mozilla/5.0 (iPhone; CPU iPhone OS 13_2_3 like Mac OS X) AppleWebKit/605.1.15 (KHTML, like Gecko) Version/13.0.3 Mobile/15E148 Safari/604.1"
65.49.1.38 - - [31/Jul/2026:02:59:17 +0000] "GET /webui/ HTTP/1.1" 404 196 "-" "Mozilla/5.0 (Windows NT 10.0; Win64; x64) AppleWebKit/537.36 (KHTML, like Gecko) Chrome/119.0.0.0 Safari/537.36"
10.10.0.2 - - [31/Jul/2026:03:00:50 +0000] "POST /wp-cron.php?doing_wp_cron=1785466850.0400490760803222656250 HTTP/1.1" 200 31 "-" "WordPress/6.9.4; https://greenestate.com.bd"
85.208.96.208 - - [31/Jul/2026:03:00:50 +0000] "GET /robots.txt HTTP/1.1" 200 130 "-" "Mozilla/5.0 (compatible; SemrushBot/7~bl; +http://www.semrush.com/bot.html)"
85.208.96.194 - - [31/Jul/2026:03:00:50 +0000] "GET /category/company-insights/ HTTP/1.1" 200 15291 "-" "Mozilla/5.0 (compatible; SemrushBot/7~bl; +http://www.semrush.com/bot.html)"
10.10.0.2 - - [31/Jul/2026:03:01:34 +0000] "POST /wp-cron.php?doing_wp_cron=1785466894.4266090393066406250000 HTTP/1.1" 200 31 "-" "WordPress/6.9.4; https://greenestate.com.bd"
104.210.140.136 - - [31/Jul/2026:03:01:34 +0000] "GET /robots.txt HTTP/1.1" 200 130 "-" "Mozilla/5.0 (Macintosh; Intel Mac OS X 10_15_7) AppleWebKit/537.36 (KHTML, like Gecko) Chrome/131.0.0.0 Safari/537.36; compatible; OAI-SearchBot/1.0; +https://openai.com/searchbot"
65.49.1.41 - - [31/Jul/2026:03:01:35 +0000] "GET /favicon.ico HTTP/1.1" 404 134 "-" "Mozilla/5.0 (Macintosh; Intel Mac OS X 10_15_7) AppleWebKit/605.1.15 (KHTML, like Gecko)"
199.45.155.88 - - [31/Jul/2026:03:02:33 +0000] "GET / HTTP/1.1" 404 134 "-" "Mozilla/5.0 (compatible; CensysInspect/1.1; +https://about.censys.io/)"
199.45.155.88 - - [31/Jul/2026:03:02:33 +0000] "\x16\x03\x01\x00\xEE\x01\x00\x00\xEA\x03\x03\x94\xE7U\x17\x9D\xE4\xE9\x9B\xD0X6\xCF.T\x01Xr\x0C\xFB+\x9D\x04\x94\xB9\xE3\x9CU\x13\xE9\x08\xD6\xDF \x8B%\xD9+N\xD8/\xF8$\x02@\xD5\xB2\xACG\x05\xE5\xB1O\x89{\xC2\xEBmI\x1A\xF7+\xF8\x9F\xCB\xA1\x00&\xCC\xA8\xCC\xA9\xC0/\xC00\xC0+\xC0,\xC0\x13\xC0\x09\xC0\x14\xC0" 400 166 "-" "-"
199.45.155.88 - - [31/Jul/2026:03:02:33 +0000] "PRI * HTTP/2.0" 400 166 "-" "-"
199.45.155.88 - - [31/Jul/2026:03:02:37 +0000] "GET /sitemap.xml HTTP/1.1" 404 134 "-" "Mozilla/5.0 (compatible; CensysInspect/1.1; +https://about.censys.io/)"
199.45.155.88 - - [31/Jul/2026:03:02:42 +0000] "\x16\x03\x01\x00\xEE\x01\x00\x00\xEA\x03\x03\xE7\x8Ay\xB8\x08\x09\xD6Kr\xB0\x8E\xAC8\xF2pq\xF8X\x14\x13\x8E\x9A/@ 1\x09'^vh\xE3 q\xDF\x18d\xF5j\xC7s\xA9\x80_C\x17\xC6\x919a\x06\x22\xF6\xC9WE?\xD9\x13=\xE1\xBB\x0C\xFB\x15\x00&\xCC\xA8\xCC\xA9\xC0/\xC00\xC0+\xC0,\xC0\x13\xC0\x09\xC0\x14\xC0" 400 166 "-" "-"
65.49.1.38 - - [31/Jul/2026:03:02:47 +0000] "GET /geoserver/web/ HTTP/1.1" 404 196 "-" "Mozilla/5.0 (Macintosh; Intel Mac OS X 10_15_7) AppleWebKit/537.36 (KHTML, like Gecko) Chrome/109.0.0.0 Safari/537.36"
10.10.0.2 - - [31/Jul/2026:03:03:10 +0000] "POST /wp-cron.php?doing_wp_cron=1785466990.1780629158020019531250 HTTP/1.1" 200 31 "-" "WordPress/6.9.4; https://greenestate.com.bd"
172.236.228.218 - - [31/Jul/2026:03:03:10 +0000] "GET / HTTP/1.1" 301 5 "-" "Mozilla/5.0 (Macintosh; Intel Mac OS X 13_1) AppleWebKit/537.36 (KHTML, like Gecko) Chrome/108.0.0.0 Safari/537.36"
49.51.72.236 - - [31/Jul/2026:03:03:12 +0000] "GET / HTTP/1.1" 301 178 "-" "Mozilla/5.0 (iPhone; CPU iPhone OS 13_2_3 like Mac OS X) AppleWebKit/605.1.15 (KHTML, like Gecko) Version/13.0.3 Mobile/15E148 Safari/604.1"
172.236.228.218 - - [31/Jul/2026:03:03:14 +0000] "GET / HTTP/1.1" 200 20445 "https://165.227.207.41/" "Mozilla/5.0 (Macintosh; Intel Mac OS X 13_1) AppleWebKit/537.36 (KHTML, like Gecko) Chrome/108.0.0.0 Safari/537.36"
49.51.72.236 - - [31/Jul/2026:03:03:14 +0000] "GET / HTTP/1.1" 200 18230 "http://tanviranik.com" "Mozilla/5.0 (iPhone; CPU iPhone OS 13_2_3 like Mac OS X) AppleWebKit/605.1.15 (KHTML, like Gecko) Version/13.0.3 Mobile/15E148 Safari/604.1"
10.10.0.2 - - [31/Jul/2026:03:03:42 +0000] "POST /wp-cron.php?doing_wp_cron=1785467022.2520320415496826171875 HTTP/1.1" 200 31 "-" "WordPress/6.9.4; https://greenestate.com.bd"
66.249.74.36 - - [31/Jul/2026:03:03:42 +0000] "GET /2026/07/29/betalice-casino-cz-analyzing-the-competitors/ HTTP/1.1" 200 16135 "-" "Mozilla/5.0 (Linux; Android 6.0.1; Nexus 5X Build/MMB29P) AppleWebKit/537.36 (KHTML, like Gecko) Chrome/150.0.7871.186 Mobile Safari/537.36 (compatible; GoogleOther)"
172.215.145.162 - - [31/Jul/2026:03:03:57 +0000] "GET / HTTP/1.1" 301 5 "-" "Mozilla/5.0 zgrab/0.x"
172.215.145.162 - - [31/Jul/2026:03:04:06 +0000] "MGLNDD_159.203.156.69_443" 400 166 "-" "-"
10.10.0.2 - - [31/Jul/2026:03:05:00 +0000] "POST /wp-cron.php?doing_wp_cron=1785467100.3406469821929931640625 HTTP/1.1" 200 31 "-" "WordPress/6.9.4; https://greenestate.com.bd"
195.96.139.59 - - [31/Jul/2026:03:05:00 +0000] "GET / HTTP/1.1" 301 5 "-" "Mozilla/5.0 (compatible; InternetMeasurement/1.0; +https://internet-measurement.com/)"
195.96.139.59 - - [31/Jul/2026:03:05:00 +0000] "GET / HTTP/1.1" 200 20439 "https://165.227.207.41" "Mozilla/5.0 (compatible; InternetMeasurement/1.0; +https://internet-measurement.com/)"
87.236.176.248 - - [31/Jul/2026:03:05:02 +0000] "GET /wp-content/uploads/2025/09/cropped-WhatsApp-Image-2025-09-13-at-7.43.55-PM-192x192.jpeg HTTP/1.1" 200 8637 "-" "Mozilla/5.0 (compatible; InternetMeasurement/1.0; +https://internet-measurement.com/)"
87.236.176.80 - - [31/Jul/2026:03:05:02 +0000] "GET /wp-content/uploads/2025/09/cropped-WhatsApp-Image-2025-09-13-at-7.43.55-PM-180x180.jpeg HTTP/1.1" 200 8105 "-" "Mozilla/5.0 (compatible; InternetMeasurement/1.0; +https://internet-measurement.com/)"
27.117.56.199 - - [31/Jul/2026:03:05:24 +0000] "\x1Bk\x03\x0F_\x91\xDA\xCDl\x99<U~on*+\x1A\xAB\x95\xA4\xFEO7\x90\xEFq\x0C}\xCA\xCE9\xFD\x1CCr\xF1\xB4\xF3\x9C\xEA*9\x9B'\xA5\xC6\xBB\x932\xB2]\x99,\xBD\xE2|\xBD\xBD\x8B\xC3U\xCF\xCC\xF49 \xA5\xB9\xDF\xE4F\xC1K3L\x07W\xD7*\xC3\xC7%Z<\x9E\xDC\xCB\x9AU\x99@\x05s$\xE8\x98\x00\xA5\xFF\xFA\x1A\x01E,)]\xD5\xD6\xC1^\x87\xFEp\x1B\xAB\xD3\xA6\xE5\xC3I\xBEc\xA1i\xCD\xA8X\x9EI\xDE\x7F\xB7\xF3\xB4TL\xD3" 400 166 "-" "-"
10.10.0.2 - - [31/Jul/2026:03:06:37 +0000] "POST /wp-cron.php?doing_wp_cron=1785467197.4009790420532226562500 HTTP/1.1" 200 31 "-" "WordPress/6.9.4; https://greenestate.com.bd"
18.215.24.66 - - [31/Jul/2026:03:06:37 +0000] "GET /wp-json/wp/v2/posts/14 HTTP/1.1" 200 5695 "-" "Mozilla/5.0 AppleWebKit/537.36 (KHTML, like Gecko; compatible; Amazonbot/0.1; +https://developer.amazon.com/support/amazonbot) Chrome/119.0.6045.214 Safari/537.36"
43.130.139.177 - - [31/Jul/2026:03:06:53 +0000] "GET / HTTP/1.1" 301 178 "-" "Mozilla/5.0 (iPhone; CPU iPhone OS 13_2_3 like Mac OS X) AppleWebKit/605.1.15 (KHTML, like Gecko) Version/13.0.3 Mobile/15E148 Safari/604.1"
43.130.139.177 - - [31/Jul/2026:03:06:54 +0000] "GET / HTTP/1.1" 200 18256 "http://www.tanviranik.com" "Mozilla/5.0 (iPhone; CPU iPhone OS 13_2_3 like Mac OS X) AppleWebKit/605.1.15 (KHTML, like Gecko) Version/13.0.3 Mobile/15E148 Safari/604.1"
213.230.88.155 - - [31/Jul/2026:03:07:37 +0000] "POST / HTTP/1.1" 404 134 "-" "-"
185.242.3.233 - - [31/Jul/2026:03:09:56 +0000] "GET /.env HTTP/1.1" 404 134 "-" "Mozilla/5.0 (Linux; U; Android 4.4.2; en-US; HM NOTE 1W Build/KOT49H) AppleWebKit/534.30 (KHTML, like Gecko) Version/4.0 UCBrowser/11.0.5.850 U3/0.8.0 Mobile Safari/534.30"
185.242.3.233 - - [31/Jul/2026:03:09:57 +0000] "POST / HTTP/1.1" 404 134 "-" "Mozilla/5.0 (Linux; U; Android 4.4.2; en-US; HM NOTE 1W Build/KOT49H) AppleWebKit/534.30 (KHTML, like Gecko) Version/4.0 UCBrowser/11.0.5.850 U3/0.8.0 Mobile Safari/534.30"
10.10.0.2 - - [31/Jul/2026:03:09:58 +0000] "POST /wp-cron.php?doing_wp_cron=1785467398.0878090858459472656250 HTTP/1.1" 200 31 "-" "WordPress/6.9.4; https://greenestate.com.bd"
185.242.3.233 - - [31/Jul/2026:03:09:58 +0000] "GET /.env HTTP/1.1" 404 110 "-" "Mozilla/5.0 (Linux; U; Android 4.4.2; en-US; HM NOTE 1W Build/KOT49H) AppleWebKit/534.30 (KHTML, like Gecko) Version/4.0 UCBrowser/11.0.5.850 U3/0.8.0 Mobile Safari/534.30"
185.242.3.233 - - [31/Jul/2026:03:09:59 +0000] "POST / HTTP/1.1" 200 20450 "-" "Mozilla/5.0 (Linux; U; Android 4.4.2; en-US; HM NOTE 1W Build/KOT49H) AppleWebKit/534.30 (KHTML, like Gecko) Version/4.0 UCBrowser/11.0.5.850 U3/0.8.0 Mobile Safari/534.30"
185.242.3.233 - - [31/Jul/2026:03:10:00 +0000] "GET /vendor/phpunit/phpunit/src/Util/PHP/eval-stdin.php HTTP/1.1" 404 134 "-" "python-requests/2.25.1"
151.232.117.38 - - [31/Jul/2026:03:10:16 +0000] "POST / HTTP/1.1" 404 134 "-" "-"
10.10.0.2 - - [31/Jul/2026:03:10:47 +0000] "POST /wp-cron.php?doing_wp_cron=1785467447.7293300628662109375000 HTTP/1.1" 200 31 "-" "WordPress/6.9.4; https://greenestate.com.bd"
43.153.73.200 - - [31/Jul/2026:03:10:47 +0000] "GET /category/luxury-casino/ HTTP/1.1" 200 14555 "-" "Mozilla/5.0 (iPhone; CPU iPhone OS 13_2_3 like Mac OS X) AppleWebKit/605.1.15 (KHTML, like Gecko) Version/13.0.3 Mobile/15E148 Safari/604.1"
10.10.0.2 - - [31/Jul/2026:03:11:24 +0000] "POST /wp-cron.php?doing_wp_cron=1785467484.0739219188690185546875 HTTP/1.1" 200 31 "-" "WordPress/6.9.4; https://greenestate.com.bd"
52.70.138.176 - - [31/Jul/2026:03:11:24 +0000] "GET /wp-login.php?action=lostpassword&redirect_to=https://greenestate.com.bd/2026/07/28/navigating-betvictors-mobile-app-for-on-the-go-betting/ HTTP/1.1" 200 1335 "-" "Mozilla/5.0 AppleWebKit/537.36 (KHTML, like Gecko; compatible; Amazonbot/0.1; +https://developer.amazon.com/support/amazonbot) Chrome/119.0.6045.214 Safari/537.36"
94.154.43.185 - - [31/Jul/2026:03:11:27 +0000] "GET / HTTP/1.1" 200 84105 "-" "Mozilla/5.0 (Windows NT 10.0; Win64; x64) AppleWebKit/537.36 (KHTML, like Gecko) Chrome/147.0.0.0 Safari/537.36"
34.206.193.60 - - [31/Jul/2026:03:11:27 +0000] "GET /2026/07/28/cw-check-https-test-com/ HTTP/1.1" 200 12757 "-" "Mozilla/5.0 AppleWebKit/537.36 (KHTML, like Gecko; compatible; Amazonbot/0.1; +https://developer.amazon.com/support/amazonbot) Chrome/119.0.6045.214 Safari/537.36"
52.70.209.13 - - [31/Jul/2026:03:11:30 +0000] "GET /wp-content/uploads/2026/07/cw-image-amjbb.png HTTP/1.1" 200 68 "-" "Mozilla/5.0 AppleWebKit/537.36 (KHTML, like Gecko; compatible; Amazonbot/0.1; +https://developer.amazon.com/support/amazonbot) Chrome/119.0.6045.214 Safari/537.36"
44.212.145.46 - - [31/Jul/2026:03:11:31 +0000] "GET /2026/07/30/luxor-gold-hold-and-win/ HTTP/1.1" 200 16967 "-" "Mozilla/5.0 AppleWebKit/537.36 (KHTML, like Gecko; compatible; Amazonbot/0.1; +https://developer.amazon.com/support/amazonbot) Chrome/119.0.6045.214 Safari/537.36"
34.236.41.241 - - [31/Jul/2026:03:11:35 +0000] "GET /2026/07/28/the-role-of-technology-in-enhancing-platinum-play-a-detailed-review-of-the-casino-classic/ HTTP/1.1" 200 16360 "-" "Mozilla/5.0 AppleWebKit/537.36 (KHTML, like Gecko; compatible; Amazonbot/0.1; +https://developer.amazon.com/support/amazonbot) Chrome/119.0.6045.214 Safari/537.36"
146.0.75.159 - - [31/Jul/2026:03:11:38 +0000] "GET / HTTP/1.1" 200 18237 "-" "Mozilla/5.0 (Linux; Android 10; Redmi Note 8 Pro) AppleWebKit/537.36 (KHTML, like Gecko) Chrome/85.0.4183.127 Mobile Safari/537.36"
100.28.57.133 - - [31/Jul/2026:03:11:40 +0000] "GET /category/bizzo-casino/feed/ HTTP/1.1" 200 13156 "-" "Mozilla/5.0 AppleWebKit/537.36 (KHTML, like Gecko; compatible; Amazonbot/0.1; +https://developer.amazon.com/support/amazonbot) Chrome/119.0.6045.214 Safari/537.36"
18.205.213.231 - - [31/Jul/2026:03:11:43 +0000] "GET /2026/02/25/betzino-casino-est-il-le-bon-choix-pour-les-gros-joueurs/ HTTP/1.1" 200 15385 "-" "Mozilla/5.0 AppleWebKit/537.36 (KHTML, like Gecko; compatible; Amazonbot/0.1; +https://developer.amazon.com/support/amazonbot) Chrome/119.0.6045.214 Safari/537.36"
44.207.69.106 - - [31/Jul/2026:03:11:47 +0000] "GET /2026/04/26/the-essential-guide-to-spinsy-casinos-payment-options/ HTTP/1.1" 200 14783 "-" "Mozilla/5.0 AppleWebKit/537.36 (KHTML, like Gecko; compatible; Amazonbot/0.1; +https://developer.amazon.com/support/amazonbot) Chrome/119.0.6045.214 Safari/537.36"
3.210.29.96 - - [31/Jul/2026:03:11:51 +0000] "GET /category/malina/feed/ HTTP/1.1" 200 7230 "-" "Mozilla/5.0 AppleWebKit/537.36 (KHTML, like Gecko; compatible; Amazonbot/0.1; +https://developer.amazon.com/support/amazonbot) Chrome/119.0.6045.214 Safari/537.36"
5.219.139.254 - - [31/Jul/2026:03:12:50 +0000] "POST / HTTP/1.1" 404 134 "-" "-"
10.10.0.2 - - [31/Jul/2026:03:13:22 +0000] "POST /wp-cron.php?doing_wp_cron=1785467602.9567871093750000000000 HTTP/1.1" 200 31 "-" "WordPress/6.9.4; https://greenestate.com.bd"
128.1.121.99 - - [31/Jul/2026:03:13:22 +0000] "POST / HTTP/1.1" 200 20439 "-" "Go-http-client/1.1"
10.10.0.2 - - [31/Jul/2026:03:13:59 +0000] "POST /wp-cron.php?doing_wp_cron=1785467639.3831601142883300781250 HTTP/1.1" 200 31 "-" "WordPress/6.9.4; https://greenestate.com.bd"
20.168.13.53 - - [31/Jul/2026:03:13:59 +0000] "GET / HTTP/1.1" 301 5 "-" "Mozilla/5.0 zgrab/0.x"
4.185.41.66 - - [31/Jul/2026:03:14:02 +0000] "GET /wp-content/plugins/hellopress/wp_filemanager.php HTTP/1.1" 404 162 "-" "-"
4.185.41.66 - - [31/Jul/2026:03:14:02 +0000] "GET /this_is_a_new_hello_world.php HTTP/1.1" 404 162 "-" "-"
4.185.41.66 - - [31/Jul/2026:03:14:02 +0000] "GET /3PJcpMFsD8B.php HTTP/1.1" 404 162 "-" "-"
4.185.41.66 - - [31/Jul/2026:03:14:02 +0000] "GET /err.php HTTP/1.1" 404 162 "-" "-"
4.185.41.66 - - [31/Jul/2026:03:14:02 +0000] "GET /img.php HTTP/1.1" 404 162 "-" "-"
4.185.41.66 - - [31/Jul/2026:03:14:02 +0000] "GET //aa.php HTTP/1.1" 404 162 "-" "-"
4.185.41.66 - - [31/Jul/2026:03:14:03 +0000] "GET //av.php HTTP/1.1" 404 162 "-" "-"
4.185.41.66 - - [31/Jul/2026:03:14:03 +0000] "GET /xa.php HTTP/1.1" 404 162 "-" "-"
4.185.41.66 - - [31/Jul/2026:03:14:03 +0000] "GET /media.php HTTP/1.1" 404 162 "-" "-"
4.185.41.66 - - [31/Jul/2026:03:14:03 +0000] "GET /images.php HTTP/1.1" 404 162 "-" "-"
4.185.41.66 - - [31/Jul/2026:03:14:03 +0000] "GET /gecko.php HTTP/1.1" 404 162 "-" "-"
4.185.41.66 - - [31/Jul/2026:03:14:03 +0000] "GET /82.php HTTP/1.1" 404 162 "-" "-"
4.185.41.66 - - [31/Jul/2026:03:14:03 +0000] "GET /xstelth.php HTTP/1.1" 404 162 "-" "-"
4.185.41.66 - - [31/Jul/2026:03:14:03 +0000] "GET /xp.php HTTP/1.1" 404 162 "-" "-"
4.185.41.66 - - [31/Jul/2026:03:14:03 +0000] "GET ///admin.php HTTP/1.1" 404 162 "-" "-"
4.185.41.66 - - [31/Jul/2026:03:14:03 +0000] "GET /adminner.php HTTP/1.1" 404 162 "-" "-"
4.185.41.66 - - [31/Jul/2026:03:14:03 +0000] "GET //a.php HTTP/1.1" 404 162 "-" "-"
4.185.41.66 - - [31/Jul/2026:03:14:04 +0000] "GET /k.php HTTP/1.1" 404 162 "-" "-"
4.185.41.66 - - [31/Jul/2026:03:14:04 +0000] "GET /222.php HTTP/1.1" 404 162 "-" "-"
4.185.41.66 - - [31/Jul/2026:03:14:04 +0000] "GET /mac.php HTTP/1.1" 404 162 "-" "-"
4.185.41.66 - - [31/Jul/2026:03:14:04 +0000] "GET /wp-content/uploads/ HTTP/1.1" 404 162 "-" "-"
4.185.41.66 - - [31/Jul/2026:03:14:04 +0000] "GET /wp-includes/Text/ HTTP/1.1" 404 162 "-" "-"
4.185.41.66 - - [31/Jul/2026:03:14:04 +0000] "GET /ops.php HTTP/1.1" 404 162 "-" "-"
4.185.41.66 - - [31/Jul/2026:03:14:04 +0000] "GET /8.php HTTP/1.1" 404 162 "-" "-"
4.185.41.66 - - [31/Jul/2026:03:14:04 +0000] "GET /FWAZ.php HTTP/1.1" 404 162 "-" "-"
4.185.41.66 - - [31/Jul/2026:03:14:04 +0000] "GET /biufile.php HTTP/1.1" 404 162 "-" "-"
4.185.41.66 - - [31/Jul/2026:03:14:04 +0000] "GET /coffexium.php HTTP/1.1" 404 162 "-" "-"
20.168.13.53 - - [31/Jul/2026:03:14:05 +0000] "GET / HTTP/1.1" 200 20439 "https://165.227.207.41/" "Mozilla/5.0 zgrab/0.x"
20.168.13.53 - - [31/Jul/2026:03:14:05 +0000] "MGLNDD_165.227.207.41_443" 400 166 "-" "-"
4.185.41.66 - - [31/Jul/2026:03:14:07 +0000] "GET /simple.php HTTP/1.1" 404 162 "-" "-"
4.185.41.66 - - [31/Jul/2026:03:14:08 +0000] "GET /fpwch.php HTTP/1.1" 404 162 "-" "-"
4.185.41.66 - - [31/Jul/2026:03:14:08 +0000] "GET /dex.php HTTP/1.1" 404 162 "-" "-"
4.185.41.66 - - [31/Jul/2026:03:14:08 +0000] "GET /1.php HTTP/1.1" 404 162 "-" "-"
4.185.41.66 - - [31/Jul/2026:03:14:08 +0000] "GET /wp-admin/css/colors/modern/ HTTP/1.1" 404 162 "-" "-"
4.185.41.66 - - [31/Jul/2026:03:14:08 +0000] "GET /config.json.php HTTP/1.1" 404 162 "-" "-"
4.185.41.66 - - [31/Jul/2026:03:14:08 +0000] "GET /k2.php HTTP/1.1" 404 162 "-" "-"
4.185.41.66 - - [31/Jul/2026:03:14:08 +0000] "GET /raw.php HTTP/1.1" 404 162 "-" "-"
4.185.41.66 - - [31/Jul/2026:03:14:08 +0000] "GET //wp.php? HTTP/1.1" 404 162 "-" "-"
4.185.41.66 - - [31/Jul/2026:03:14:08 +0000] "GET /fffm.php?p= HTTP/1.1" 404 162 "-" "-"
4.185.41.66 - - [31/Jul/2026:03:14:08 +0000] "GET /111.php HTTP/1.1" 404 162 "-" "-"
4.185.41.66 - - [31/Jul/2026:03:14:09 +0000] "GET //wp-includes/Requests/ HTTP/1.1" 404 162 "-" "-"
4.185.41.66 - - [31/Jul/2026:03:14:09 +0000] "GET /ws.php HTTP/1.1" 404 162 "-" "-"
4.185.41.66 - - [31/Jul/2026:03:14:09 +0000] "GET ///coffee.php HTTP/1.1" 404 162 "-" "-"
4.185.41.66 - - [31/Jul/2026:03:14:09 +0000] "GET /goods.php HTTP/1.1" 404 162 "-" "-"
4.185.41.66 - - [31/Jul/2026:03:14:09 +0000] "GET /about.php? HTTP/1.1" 404 162 "-" "-"
4.185.41.66 - - [31/Jul/2026:03:14:09 +0000] "GET /about.php HTTP/1.1" 404 162 "-" "-"
4.185.41.66 - - [31/Jul/2026:03:14:09 +0000] "GET /admin.php HTTP/1.1" 404 162 "-" "-"
4.185.41.66 - - [31/Jul/2026:03:14:09 +0000] "GET /inputs.php? HTTP/1.1" 404 162 "-" "-"
4.185.41.66 - - [31/Jul/2026:03:14:09 +0000] "GET /inputs.php HTTP/1.1" 404 162 "-" "-"
4.185.41.66 - - [31/Jul/2026:03:14:09 +0000] "GET //adminfuns.php HTTP/1.1" 404 162 "-" "-"
4.185.41.66 - - [31/Jul/2026:03:14:09 +0000] "GET /404.php?p= HTTP/1.1" 404 162 "-" "-"
4.185.41.66 - - [31/Jul/2026:03:14:09 +0000] "GET /xxx.php HTTP/1.1" 404 162 "-" "-"
4.185.41.66 - - [31/Jul/2026:03:14:10 +0000] "GET /classwithtostring.php?p= HTTP/1.1" 404 162 "-" "-"
4.185.41.66 - - [31/Jul/2026:03:14:10 +0000] "GET /234ff.php HTTP/1.1" 404 162 "-" "-"
4.185.41.66 - - [31/Jul/2026:03:14:10 +0000] "GET ///133.php HTTP/1.1" 404 162 "-" "-"
4.185.41.66 - - [31/Jul/2026:03:14:10 +0000] "GET /wp-ws68.php?p= HTTP/1.1" 404 162 "-" "-"
4.185.41.66 - - [31/Jul/2026:03:14:10 +0000] "GET /mgrr.php HTTP/1.1" 404 162 "-" "-"
4.185.41.66 - - [31/Jul/2026:03:14:10 +0000] "GET /55.php?p= HTTP/1.1" 404 162 "-" "-"
4.185.41.66 - - [31/Jul/2026:03:14:11 +0000] "GET /asd.php HTTP/1.1" 404 162 "-" "-"
4.185.41.66 - - [31/Jul/2026:03:14:11 +0000] "GET /ajax.php HTTP/1.1" 404 162 "-" "-"
4.185.41.66 - - [31/Jul/2026:03:14:11 +0000] "GET /yj09.php HTTP/1.1" 404 162 "-" "-"
172.70.115.193 - - [31/Jul/2026:03:15:08 +0000] "GET /wp-admin/install.php?step=1 HTTP/1.1" 301 178 "-" "http://ggpfb.org/wp-admin/install.php?step=1"
4.185.41.66 - - [31/Jul/2026:03:16:48 +0000] "GET /wp-content/plugins/hellopress/wp_filemanager.php HTTP/1.1" 404 162 "-" "-"
4.185.41.66 - - [31/Jul/2026:03:16:49 +0000] "GET /this_is_a_new_hello_world.php HTTP/1.1" 404 162 "-" "-"
4.185.41.66 - - [31/Jul/2026:03:16:49 +0000] "GET /3PJcpMFsD8B.php HTTP/1.1" 404 162 "-" "-"
4.185.41.66 - - [31/Jul/2026:03:16:49 +0000] "GET /err.php HTTP/1.1" 404 162 "-" "-"
4.185.41.66 - - [31/Jul/2026:03:16:49 +0000] "GET /img.php HTTP/1.1" 404 162 "-" "-"
4.185.41.66 - - [31/Jul/2026:03:16:50 +0000] "GET //aa.php HTTP/1.1" 404 162 "-" "-"
4.185.41.66 - - [31/Jul/2026:03:16:50 +0000] "GET //av.php HTTP/1.1" 404 162 "-" "-"
4.185.41.66 - - [31/Jul/2026:03:16:50 +0000] "GET /xa.php HTTP/1.1" 404 162 "-" "-"
4.185.41.66 - - [31/Jul/2026:03:16:50 +0000] "GET /media.php HTTP/1.1" 404 162 "-" "-"
4.185.41.66 - - [31/Jul/2026:03:16:50 +0000] "GET /images.php HTTP/1.1" 404 162 "-" "-"
4.185.41.66 - - [31/Jul/2026:03:16:50 +0000] "GET /gecko.php HTTP/1.1" 404 162 "-" "-"
4.185.41.66 - - [31/Jul/2026:03:16:50 +0000] "GET /82.php HTTP/1.1" 404 162 "-" "-"
4.185.41.66 - - [31/Jul/2026:03:16:50 +0000] "GET /xstelth.php HTTP/1.1" 404 162 "-" "-"
4.185.41.66 - - [31/Jul/2026:03:16:50 +0000] "GET /xp.php HTTP/1.1" 404 162 "-" "-"
4.185.41.66 - - [31/Jul/2026:03:16:51 +0000] "GET ///admin.php HTTP/1.1" 404 162 "-" "-"
4.185.41.66 - - [31/Jul/2026:03:16:51 +0000] "GET /adminner.php HTTP/1.1" 404 162 "-" "-"
4.185.41.66 - - [31/Jul/2026:03:16:51 +0000] "GET //a.php HTTP/1.1" 404 162 "-" "-"
4.185.41.66 - - [31/Jul/2026:03:16:51 +0000] "GET /k.php HTTP/1.1" 404 162 "-" "-"
4.185.41.66 - - [31/Jul/2026:03:16:52 +0000] "GET /222.php HTTP/1.1" 404 162 "-" "-"
4.185.41.66 - - [31/Jul/2026:03:16:52 +0000] "GET /mac.php HTTP/1.1" 404 162 "-" "-"
4.185.41.66 - - [31/Jul/2026:03:16:52 +0000] "GET /wp-content/uploads/ HTTP/1.1" 404 162 "-" "-"
4.185.41.66 - - [31/Jul/2026:03:16:52 +0000] "GET /wp-includes/Text/ HTTP/1.1" 404 162 "-" "-"
4.185.41.66 - - [31/Jul/2026:03:16:52 +0000] "GET /ops.php HTTP/1.1" 404 162 "-" "-"
4.185.41.66 - - [31/Jul/2026:03:16:53 +0000] "GET /8.php HTTP/1.1" 404 162 "-" "-"
4.185.41.66 - - [31/Jul/2026:03:16:53 +0000] "GET /FWAZ.php HTTP/1.1" 404 162 "-" "-"
4.185.41.66 - - [31/Jul/2026:03:16:53 +0000] "GET /biufile.php HTTP/1.1" 404 162 "-" "-"
4.185.41.66 - - [31/Jul/2026:03:16:53 +0000] "GET /coffexium.php HTTP/1.1" 404 162 "-" "-"
4.185.41.66 - - [31/Jul/2026:03:16:53 +0000] "GET /simple.php HTTP/1.1" 404 162 "-" "-"
4.185.41.66 - - [31/Jul/2026:03:16:53 +0000] "GET /fpwch.php HTTP/1.1" 404 162 "-" "-"
4.185.41.66 - - [31/Jul/2026:03:16:53 +0000] "GET /dex.php HTTP/1.1" 404 162 "-" "-"
4.185.41.66 - - [31/Jul/2026:03:16:53 +0000] "GET /1.php HTTP/1.1" 404 162 "-" "-"
4.185.41.66 - - [31/Jul/2026:03:16:53 +0000] "GET /wp-admin/css/colors/modern/ HTTP/1.1" 404 162 "-" "-"
4.185.41.66 - - [31/Jul/2026:03:16:53 +0000] "GET /config.json.php HTTP/1.1" 404 162 "-" "-"
4.185.41.66 - - [31/Jul/2026:03:16:54 +0000] "GET /k2.php HTTP/1.1" 404 162 "-" "-"
4.185.41.66 - - [31/Jul/2026:03:16:54 +0000] "GET /raw.php HTTP/1.1" 404 162 "-" "-"
4.185.41.66 - - [31/Jul/2026:03:16:54 +0000] "GET //wp.php? HTTP/1.1" 404 162 "-" "-"
4.185.41.66 - - [31/Jul/2026:03:16:54 +0000] "GET /fffm.php?p= HTTP/1.1" 404 162 "-" "-"
4.185.41.66 - - [31/Jul/2026:03:16:54 +0000] "GET /111.php HTTP/1.1" 404 162 "-" "-"
4.185.41.66 - - [31/Jul/2026:03:16:54 +0000] "GET //wp-includes/Requests/ HTTP/1.1" 404 162 "-" "-"
4.185.41.66 - - [31/Jul/2026:03:16:55 +0000] "GET /ws.php HTTP/1.1" 404 162 "-" "-"
4.185.41.66 - - [31/Jul/2026:03:16:55 +0000] "GET ///coffee.php HTTP/1.1" 404 162 "-" "-"
4.185.41.66 - - [31/Jul/2026:03:16:55 +0000] "GET /goods.php HTTP/1.1" 404 162 "-" "-"
4.185.41.66 - - [31/Jul/2026:03:16:55 +0000] "GET /about.php? HTTP/1.1" 404 162 "-" "-"
4.185.41.66 - - [31/Jul/2026:03:16:55 +0000] "GET /about.php HTTP/1.1" 404 162 "-" "-"
4.185.41.66 - - [31/Jul/2026:03:16:55 +0000] "GET /admin.php HTTP/1.1" 404 162 "-" "-"
4.185.41.66 - - [31/Jul/2026:03:16:55 +0000] "GET /inputs.php? HTTP/1.1" 404 162 "-" "-"
4.185.41.66 - - [31/Jul/2026:03:16:55 +0000] "GET /inputs.php HTTP/1.1" 404 162 "-" "-"
4.185.41.66 - - [31/Jul/2026:03:16:56 +0000] "GET //adminfuns.php HTTP/1.1" 404 162 "-" "-"
4.185.41.66 - - [31/Jul/2026:03:16:56 +0000] "GET /404.php?p= HTTP/1.1" 404 162 "-" "-"
4.185.41.66 - - [31/Jul/2026:03:16:56 +0000] "GET /xxx.php HTTP/1.1" 404 162 "-" "-"
4.185.41.66 - - [31/Jul/2026:03:16:56 +0000] "GET /classwithtostring.php?p= HTTP/1.1" 404 162 "-" "-"
4.185.41.66 - - [31/Jul/2026:03:16:56 +0000] "GET /234ff.php HTTP/1.1" 404 162 "-" "-"
4.185.41.66 - - [31/Jul/2026:03:16:56 +0000] "GET ///133.php HTTP/1.1" 404 162 "-" "-"
4.185.41.66 - - [31/Jul/2026:03:16:56 +0000] "GET /wp-ws68.php?p= HTTP/1.1" 404 162 "-" "-"
4.185.41.66 - - [31/Jul/2026:03:16:56 +0000] "GET /mgrr.php HTTP/1.1" 404 162 "-" "-"
4.185.41.66 - - [31/Jul/2026:03:16:56 +0000] "GET /55.php?p= HTTP/1.1" 404 162 "-" "-"
4.185.41.66 - - [31/Jul/2026:03:16:56 +0000] "GET /asd.php HTTP/1.1" 404 162 "-" "-"
4.185.41.66 - - [31/Jul/2026:03:16:56 +0000] "GET /ajax.php HTTP/1.1" 404 162 "-" "-"
4.185.41.66 - - [31/Jul/2026:03:16:57 +0000] "GET /yj09.php HTTP/1.1" 404 162 "-" "-"
10.10.0.2 - - [31/Jul/2026:03:18:27 +0000] "POST /wp-cron.php?doing_wp_cron=1785467907.3314340114593505859375 HTTP/1.1" 200 31 "-" "WordPress/6.9.4; https://greenestate.com.bd"
43.134.163.229 - - [31/Jul/2026:03:18:27 +0000] "GET /category/casino-de/ HTTP/1.1" 200 14597 "-" "Mozilla/5.0 (iPhone; CPU iPhone OS 13_2_3 like Mac OS X) AppleWebKit/605.1.15 (KHTML, like Gecko) Version/13.0.3 Mobile/15E148 Safari/604.1"
57.151.105.130 - - [31/Jul/2026:03:18:41 +0000] "GET /actuator/health HTTP/1.1" 404 134 "-" "Mozilla/5.0 zgrab/0.x"
104.28.244.73 - - [31/Jul/2026:03:18:45 +0000] "POST / HTTP/1.1" 404 162 "-" "-"
112.201.242.111 - - [31/Jul/2026:03:18:46 +0000] "GET /wp-json/wp/v2/posts HTTP/1.1" 301 178 "-" "Mozilla/5.0 (Windows NT 10.0; Win64; x64) AppleWebKit/537.36 (KHTML, like Gecko) Chrome/120.0.0.0 Safari/537.36"
89.45.119.78 - - [31/Jul/2026:03:18:50 +0000] "POST / HTTP/1.1" 200 20439 "-" "Go-http-client/1.1"
77.90.13.20 - - [31/Jul/2026:03:19:04 +0000] "POST /test HTTP/1.1" 500 63 "-" "Mozilla/5.0 (Windows NT 10.0; Win64; x64) AppleWebKit/537.36"
77.90.13.20 - - [31/Jul/2026:03:19:04 +0000] "POST /test HTTP/1.1" 500 63 "-" "Mozilla/5.0 (Windows NT 10.0; Win64; x64) AppleWebKit/537.36"
20.84.166.43 - - [31/Jul/2026:03:20:14 +0000] "GET /portal/redlion HTTP/1.1" 404 134 "-" "Mozilla/5.0 zgrab/0.x"
43.159.62.129 - - [31/Jul/2026:03:20:35 +0000] "GET / HTTP/1.1" 404 134 "-" "Mozilla/5.0 (iPhone; CPU iPhone OS 13_2_3 like Mac OS X) AppleWebKit/605.1.15 (KHTML, like Gecko) Version/13.0.3 Mobile/15E148 Safari/604.1"
49.51.253.83 - - [31/Jul/2026:03:22:09 +0000] "GET / HTTP/1.1" 301 178 "-" "Mozilla/5.0 (iPhone; CPU iPhone OS 13_2_3 like Mac OS X) AppleWebKit/605.1.15 (KHTML, like Gecko) Version/13.0.3 Mobile/15E148 Safari/604.1"
10.10.0.2 - - [31/Jul/2026:03:22:12 +0000] "POST /wp-cron.php?doing_wp_cron=1785468132.0880029201507568359375 HTTP/1.1" 200 31 "-" "WordPress/6.9.4; https://greenestate.com.bd"
49.51.253.83 - - [31/Jul/2026:03:22:12 +0000] "GET / HTTP/1.1" 200 20450 "http://greenestate.com.bd" "Mozilla/5.0 (iPhone; CPU iPhone OS 13_2_3 like Mac OS X) AppleWebKit/605.1.15 (KHTML, like Gecko) Version/13.0.3 Mobile/15E148 Safari/604.1"
45.198.224.26 - - [31/Jul/2026:03:22:12 +0000] "POST /goform/formJsonAjaxReq HTTP/1.1" 404 134 "http://165.227.207.41:80/login.asp" "Mozilla/5.0 (X11; Linux x86_64; rv:128.0) Gecko/20100101 Firefox/128.0"
10.10.0.2 - - [31/Jul/2026:03:22:26 +0000] "POST /wp-cron.php?doing_wp_cron=1785468146.2618350982666015625000 HTTP/1.1" 200 31 "-" "WordPress/6.9.4; https://greenestate.com.bd"
185.191.171.5 - - [31/Jul/2026:03:22:26 +0000] "GET /2026/04/05/quoi-attendre-des-mises-en-avant-chez-fortuna/ HTTP/1.1" 200 14913 "-" "Mozilla/5.0 (compatible; SemrushBot/7~bl; +http://www.semrush.com/bot.html)"
57.129.89.94 - - [31/Jul/2026:03:22:28 +0000] "POST / HTTP/1.1" 404 134 "-" "-"
45.198.224.26 - - [31/Jul/2026:03:23:28 +0000] "POST /goform/formJsonAjaxReq HTTP/1.1" 404 134 "http://159.203.156.69:80/login.asp" "Mozilla/5.0 (X11; Linux x86_64; rv:128.0) Gecko/20100101 Firefox/128.0"
171.217.24.55 - - [31/Jul/2026:03:24:04 +0000] "HEAD / HTTP/1.1" 200 0 "-" "Mozilla/5.0 (Windows NT 10.0; Win64; x64) AppleWebKit/537.36 (KHTML, like Gecko) Chrome/91.0.4472.124 Safari/537.36"
171.217.24.55 - - [31/Jul/2026:03:24:05 +0000] "GET / HTTP/1.1" 200 18242 "-" "Mozilla/5.0 (Windows NT 10.0; Win64; x64) AppleWebKit/537.36 (KHTML, like Gecko) Chrome/91.0.4472.124 Safari/537.36"
10.10.0.2 - - [31/Jul/2026:03:25:55 +0000] "POST /wp-cron.php?doing_wp_cron=1785468355.3936250209808349609375 HTTP/1.1" 200 31 "-" "WordPress/6.9.4; https://greenestate.com.bd"
185.191.171.14 - - [31/Jul/2026:03:25:55 +0000] "GET /2025/03/18/how-to-get-started-in-buying-your-first-home/ HTTP/1.1" 200 19481 "-" "Mozilla/5.0 (compatible; SemrushBot/7~bl; +http://www.semrush.com/bot.html)"
164.215.177.241 - - [31/Jul/2026:03:26:03 +0000] "POST / HTTP/1.1" 404 134 "-" "-"
5.230.153.161 - - [31/Jul/2026:03:26:09 +0000] "POST /wp-content/plugins/header-footer-elementor/iupqriww.php HTTP/1.1" 200 39347 "-" "Mozilla/5.0 (Windows NT 10.0; Win64; x64) AppleWebKit/537.36 (KHTML, like Gecko) Chrome/127.0.0.0 Safari/537.36"
5.230.153.23 - - [31/Jul/2026:03:26:09 +0000] "POST /wp-content/plugins/header-footer-elementor/iupqriww.php HTTP/1.1" 200 40082 "-" "Mozilla/5.0 (Windows NT 10.0; Win64; x64) AppleWebKit/537.36 (KHTML, like Gecko) Chrome/127.0.0.0 Safari/537.36"
5.230.133.223 - - [31/Jul/2026:03:26:10 +0000] "POST /wp-content/plugins/header-footer-elementor/.451010753389021.php?to=maryjane@carlsensubaru.com HTTP/1.1" 200 21 "-" "Mozilla/5.0 (Windows NT 10.0; Win64; x64) AppleWebKit/537.36 (KHTML, like Gecko) Chrome/127.0.0.0 Safari/537.36"
10.10.0.2 - - [31/Jul/2026:03:26:29 +0000] "POST /wp-cron.php?doing_wp_cron=1785468389.3538250923156738281250 HTTP/1.1" 200 31 "-" "WordPress/6.9.4; https://greenestate.com.bd"
20.172.67.176 - - [31/Jul/2026:03:26:29 +0000] "GET /ecp/Current/exporttool/microsoft.exchange.ediscovery.exporttool.application HTTP/1.1" 404 110 "-" "Mozilla/5.0 zgrab/0.x"
40.76.250.51 - - [31/Jul/2026:03:27:35 +0000] "GET /portal/redlion HTTP/1.1" 404 134 "-" "Mozilla/5.0 zgrab/0.x"
106.52.216.13 - - [31/Jul/2026:03:27:38 +0000] "GET / HTTP/1.1" 301 178 "-" "Mozilla/5.0 (iPhone; CPU iPhone OS 13_2_3 like Mac OS X) AppleWebKit/605.1.15 (KHTML, like Gecko) Version/13.0.3 Mobile/15E148 Safari/604.1"
10.10.0.2 - - [31/Jul/2026:03:28:24 +0000] "POST /wp-cron.php?doing_wp_cron=1785468504.2326450347900390625000 HTTP/1.1" 200 31 "-" "WordPress/6.9.4; https://greenestate.com.bd"
43.135.144.126 - - [31/Jul/2026:03:28:24 +0000] "GET /2026/07/30/atklajiet-playio-casino-noslepumus-un-aizraujoso-spelu-pasauli/ HTTP/1.1" 200 15938 "-" "Mozilla/5.0 (iPhone; CPU iPhone OS 13_2_3 like Mac OS X) AppleWebKit/605.1.15 (KHTML, like Gecko) Version/13.0.3 Mobile/15E148 Safari/604.1"
82.194.24.181 - - [31/Jul/2026:03:28:55 +0000] "\x15\x03\x03\x00\x02\x02," 400 166 "-" "-"
216.73.216.186 - - [31/Jul/2026:03:29:01 +0000] "GET /robots.txt HTTP/1.1" 200 130 "-" "Mozilla/5.0 AppleWebKit/537.36 (KHTML, like Gecko; compatible; ClaudeBot/1.0; +claudebot@anthropic.com)"
216.73.216.186 - - [31/Jul/2026:03:29:01 +0000] "GET /wp-sitemap.xml HTTP/1.1" 200 564 "-" "Mozilla/5.0 AppleWebKit/537.36 (KHTML, like Gecko; compatible; ClaudeBot/1.0; +claudebot@anthropic.com)"
10.10.0.2 - - [31/Jul/2026:03:31:06 +0000] "POST /wp-cron.php?doing_wp_cron=1785468666.7646870613098144531250 HTTP/1.1" 200 31 "-" "WordPress/6.9.4; https://greenestate.com.bd"
66.249.74.36 - - [31/Jul/2026:03:31:06 +0000] "GET /2026/07/30/unveiling-betalice-casinos-thrilling-secrets-and-unmatched-rewards/ HTTP/1.1" 200 16447 "-" "Mozilla/5.0 (Linux; Android 6.0.1; Nexus 5X Build/MMB29P) AppleWebKit/537.36 (KHTML, like Gecko) Chrome/150.0.7871.186 Mobile Safari/537.36 (compatible; Googlebot/2.1; +http://www.google.com/bot.html)"
43.159.135.203 - - [31/Jul/2026:03:32:21 +0000] "GET / HTTP/1.1" 400 264 "-" "Mozilla/5.0 (iPhone; CPU iPhone OS 13_2_3 like Mac OS X) AppleWebKit/605.1.15 (KHTML, like Gecko) Version/13.0.3 Mobile/15E148 Safari/604.1"
188.214.217.234 - - [31/Jul/2026:03:33:24 +0000] "POST / HTTP/1.1" 404 134 "-" "-"
95.214.210.31 - - [31/Jul/2026:03:35:07 +0000] "\x88\x84+\x1Dp\xFF\x8F\x81\xC8\x86\xD3\xAD\x97\x80\xD5\x9F\x8F\x1F\x1A\xDF\xD4\x9C|\xCD\x8B\x08\x9D\xD8\x8C\x97{\x87\xA03\x0F?\xB5\xA1y\x82\xD8\x9B\xC0\xB6)\xAB\x8F\xC9=I\xFAY\xE1\x02\xBF\xFD\x89f\x8E\x97Y\x93-h\x16\xE8/s\xBB\x9A\x12F\xC2\x82\xEB/\x8E\xC7W\xBE]`\x92jz\xCFZn\xDF\xA2et4\xC2\xC5\xA8\x11\xDCps\x22\xE3%\x80\xECUm'ul\x12\x0FF\xA3 \x03\xB7\xF9\xA8a\xE9\x15/\x9Bf\x89\x0F\xC6y\xCD$l\xC3\xCD\xA4\x95\xB5\xA1r\xE9\x87^\xB8\x85F\xF4\xFF\xEC\xD0\xDB)\xD7\x1F\x9A3\x8C\x1F\xF6\xB8\xC7\xBD\xBD\xCB\x8E\x98\xBD\xEF\xD6\x02\x89\xE7\xF8\x8D\x08\x84\x5C'\xC5\xF7\xD8\x11\x84ubcLk\xC4\xCA\x7F\xBB\x87\x831k6v\xF2\x18\x18\x8F\xD9{^\xEE\xE9\xB9\xFB\xDE\xAB\xB6\xA7\x8F\xC1\x89%X\xADc\xDC\xB5\xB0y\xC159\x1Cd" 400 166 "-" "-"
46.20.202.2 - - [31/Jul/2026:03:35:17 +0000] "POST / HTTP/1.1" 404 134 "-" "-"
46.20.202.2 - - [31/Jul/2026:03:35:20 +0000] "POST / HTTP/1.1" 404 162 "-" "-"
46.20.202.2 - - [31/Jul/2026:03:35:22 +0000] "POST / HTTP/1.1" 404 162 "-" "-"
46.20.202.2 - - [31/Jul/2026:03:35:24 +0000] "POST / HTTP/1.1" 404 162 "-" "-"
46.20.202.2 - - [31/Jul/2026:03:35:25 +0000] "POST / HTTP/1.1" 404 162 "-" "-"
46.20.202.2 - - [31/Jul/2026:03:35:28 +0000] "POST / HTTP/1.1" 404 162 "-" "-"
10.10.0.2 - - [31/Jul/2026:03:37:21 +0000] "POST /wp-cron.php?doing_wp_cron=1785469041.9606149196624755859375 HTTP/1.1" 200 31 "-" "WordPress/6.9.4; https://greenestate.com.bd"
66.249.74.36 - - [31/Jul/2026:03:37:21 +0000] "GET /2026/07/29/tips-for-playing-progressive-slots-at-uptown-pokies-casino-australia/ HTTP/1.1" 200 16648 "-" "Mozilla/5.0 (Linux; Android 6.0.1; Nexus 5X Build/MMB29P) AppleWebKit/537.36 (KHTML, like Gecko) Chrome/150.0.7871.186 Mobile Safari/537.36 (compatible; Googlebot/2.1; +http://www.google.com/bot.html)"
10.10.0.2 - - [31/Jul/2026:03:37:53 +0000] "POST /wp-cron.php?doing_wp_cron=1785469073.5241229534149169921875 HTTP/1.1" 200 31 "-" "WordPress/6.9.4; https://greenestate.com.bd"
43.164.3.182 - - [31/Jul/2026:03:37:53 +0000] "GET /2026/07/30/unveiling-the-secrets-of-roman-casino-experiences-to-elevate-your-play/ HTTP/1.1" 200 16414 "-" "Mozilla/5.0 (iPhone; CPU iPhone OS 13_2_3 like Mac OS X) AppleWebKit/605.1.15 (KHTML, like Gecko) Version/13.0.3 Mobile/15E148 Safari/604.1"
10.10.0.2 - - [31/Jul/2026:03:38:48 +0000] "POST /wp-cron.php?doing_wp_cron=1785469128.4292991161346435546875 HTTP/1.1" 200 31 "-" "WordPress/6.9.4; https://greenestate.com.bd"
45.63.4.69 - - [31/Jul/2026:03:38:48 +0000] "GET / HTTP/1.1" 301 5 "-" "Mozilla/5.0 (compatible; CyberConvoyScout/1.0; +https://scout.cyberconvoy.co)"
45.63.4.69 - - [31/Jul/2026:03:38:49 +0000] "GET / HTTP/1.1" 200 20439 "https://159.203.156.69/" "Mozilla/5.0 (compatible; CyberConvoyScout/1.0; +https://scout.cyberconvoy.co)"
96.44.174.243 - - [31/Jul/2026:03:39:49 +0000] "GET / HTTP/1.1" 200 18965 "-" "python-httpx/0.28.1"
96.44.174.243 - - [31/Jul/2026:03:39:50 +0000] "GET / HTTP/1.1" 200 18946 "-" "python-httpx/0.28.1"
96.44.174.243 - - [31/Jul/2026:03:39:50 +0000] "GET / HTTP/1.1" 301 178 "-" "python-httpx/0.28.1"
96.44.174.243 - - [31/Jul/2026:03:39:50 +0000] "GET / HTTP/1.1" 200 18941 "-" "python-httpx/0.28.1"
10.10.0.2 - - [31/Jul/2026:03:39:55 +0000] "POST /wp-cron.php?doing_wp_cron=1785469195.7271170616149902343750 HTTP/1.1" 200 31 "-" "WordPress/6.9.4; https://greenestate.com.bd"
38.250.154.104 - - [31/Jul/2026:03:39:55 +0000] "GET / HTTP/1.1" 200 84105 "-" "Mozilla/5.0 (Windows NT 10.0; Win64; x64) AppleWebKit/537.36 (KHTML, like Gecko) Chrome/124.0 Safari/537.36"
10.10.0.2 - - [31/Jul/2026:03:40:12 +0000] "POST /wp-cron.php?doing_wp_cron=1785469212.2116260528564453125000 HTTP/1.1" 200 31 "-" "WordPress/6.9.4; https://greenestate.com.bd"
66.249.74.34 - - [31/Jul/2026:03:40:12 +0000] "GET /wp-login.php?action=lostpassword&redirect_to=https%3A%2F%2Fgreenestate.com.bd%2F2026%2F03%2F09%2Fparimatch-casino-navigating-the-special-offers-and-rewards%2F HTTP/1.1" 200 1336 "-" "Mozilla/5.0 (Linux; Android 6.0.1; Nexus 5X Build/MMB29P) AppleWebKit/537.36 (KHTML, like Gecko) Chrome/150.0.7871.186 Mobile Safari/537.36 (compatible; GoogleOther)"
66.249.74.35 - - [31/Jul/2026:03:40:14 +0000] "GET /2026/07/29/glory-on-line-casino-app-download-perform-slots-win-actual-bonuses/ HTTP/1.1" 200 27082 "-" "Mozilla/5.0 (Linux; Android 6.0.1; Nexus 5X Build/MMB29P) AppleWebKit/537.36 (KHTML, like Gecko) Chrome/150.0.7871.186 Mobile Safari/537.36 (compatible; GoogleOther)"
66.249.74.35 - - [31/Jul/2026:03:40:17 +0000] "GET /2026/07/30/uncover-hidden-opportunities-for-free-money-on-rollbit-today/ HTTP/1.1" 200 16748 "-" "Mozilla/5.0 (Linux; Android 6.0.1; Nexus 5X Build/MMB29P) AppleWebKit/537.36 (KHTML, like Gecko) Chrome/150.0.7871.186 Mobile Safari/537.36 (compatible; GoogleOther)"
66.249.74.35 - - [31/Jul/2026:03:40:18 +0000] "GET /wp-content/themes/spaciaz/assets/js/frontend/nav-mobile.min.js?ver=1.1.2 HTTP/1.1" 200 898 "https://greenestate.com.bd/2026/07/30/uncover-hidden-opportunities-for-free-money-on-rollbit-today/" "Mozilla/5.0 (Linux; Android 6.0.1; Nexus 5X Build/MMB29P) AppleWebKit/537.36 (KHTML, like Gecko) Chrome/150.0.7871.186 Mobile Safari/537.36 (compatible; GoogleOther)"
66.249.74.34 - - [31/Jul/2026:03:40:19 +0000] "GET /2026/07/29/behind-the-scenes-how-roobet-ensures-a-fair-play/ HTTP/1.1" 200 15967 "-" "Mozilla/5.0 (Linux; Android 6.0.1; Nexus 5X Build/MMB29P) AppleWebKit/537.36 (KHTML, like Gecko) Chrome/150.0.7871.186 Mobile Safari/537.36 (compatible; GoogleOther)"
66.249.74.34 - - [31/Jul/2026:03:40:21 +0000] "GET /2026/07/29/jak-se-zaregistrovat-na-bezpecnem-zahranicnim-casinu-securely/ HTTP/1.1" 200 15439 "-" "Mozilla/5.0 (Linux; Android 6.0.1; Nexus 5X Build/MMB29P) AppleWebKit/537.36 (KHTML, like Gecko) Chrome/150.0.7871.186 Mobile Safari/537.36 (compatible; GoogleOther)"
66.249.74.34 - - [31/Jul/2026:03:40:23 +0000] "GET /2023/08/ HTTP/1.1" 200 15619 "-" "Mozilla/5.0 (Linux; Android 6.0.1; Nexus 5X Build/MMB29P) AppleWebKit/537.36 (KHTML, like Gecko) Chrome/150.0.7871.186 Mobile Safari/537.36 (compatible; GoogleOther)"
66.249.74.34 - - [31/Jul/2026:03:40:24 +0000] "GET /wp-content/themes/spaciaz-child/style.css?ver=1.1.2 HTTP/1.1" 200 199 "https://greenestate.com.bd/2026/07/29/jak-se-zaregistrovat-na-bezpecnem-zahranicnim-casinu-securely/" "Mozilla/5.0 (Linux; Android 6.0.1; Nexus 5X Build/MMB29P) AppleWebKit/537.36 (KHTML, like Gecko) Chrome/150.0.7871.186 Mobile Safari/537.36 (compatible; GoogleOther)"
10.10.0.2 - - [31/Jul/2026:03:40:26 +0000] "POST /wp-cron.php?doing_wp_cron=1785469226.3341848850250244140625 HTTP/1.1" 200 31 "-" "WordPress/6.9.4; https://greenestate.com.bd"
66.249.74.34 - - [31/Jul/2026:03:40:26 +0000] "GET /2026/07/29/betalice-casino-cz-analyzing-the-competitors/ HTTP/1.1" 200 16135 "-" "Mozilla/5.0 (Linux; Android 6.0.1; Nexus 5X Build/MMB29P) AppleWebKit/537.36 (KHTML, like Gecko) Chrome/150.0.7871.186 Mobile Safari/537.36 (compatible; GoogleOther)"
66.249.74.34 - - [31/Jul/2026:03:40:28 +0000] "GET /2026/07/29/celebrity-sightings-in-canadian-gaming-club-casinos/ HTTP/1.1" 200 16503 "-" "Mozilla/5.0 (Linux; Android 6.0.1; Nexus 5X Build/MMB29P) AppleWebKit/537.36 (KHTML, like Gecko) Chrome/150.0.7871.186 Mobile Safari/537.36 (compatible; GoogleOther)"
