| Server IP : 159.203.156.69 / Your IP : 216.73.216.37 Web Server : nginx/1.24.0 System : Linux main-ubuntu 6.8.0-71-generic #71-Ubuntu SMP PREEMPT_DYNAMIC Tue Jul 22 16:52:38 UTC 2025 x86_64 User : root ( 0) PHP Version : 8.3.6 Disable Function : NONE MySQL : OFF | cURL : ON | WGET : ON | Perl : ON | Python : OFF | Sudo : ON | Pkexec : OFF Directory : /var/log/nginx/ |
Upload File : |
85.11.167.203 - - [31/Jul/2026:00:00:09 +0000] "POST /xmlrpc.php HTTP/1.1" 499 0 "-" "Mozilla/5.0"
73.56.201.227 - - [31/Jul/2026:00:00:11 +0000] "POST /wp-login.php HTTP/1.1" 200 2328 "https://greenestate.com.bd/wp-login.php" "Mozilla/5.0 (Windows NT 10.0; Win64; x64) AppleWebKit/537.36 (KHTML, like Gecko) Chrome/120.0.0.0 Safari/537.36"
85.11.167.203 - - [31/Jul/2026:00:00:12 +0000] "POST /xmlrpc.php HTTP/1.1" 499 0 "-" "Mozilla/5.0"
73.56.201.227 - - [31/Jul/2026:00:00:13 +0000] "POST /xmlrpc.php HTTP/1.1" 200 415 "-" "WordPress/5.0; https://greenestate.com.bd"
112.203.33.215 - - [31/Jul/2026:00:00:18 +0000] "GET / HTTP/1.1" 200 20445 "-" "Mozilla/5.0 (Windows NT 10.0; Win64; x64) AppleWebKit/537.36 (KHTML, like Gecko) Chrome/120.0.0.0 Safari/537.36"
112.203.33.215 - - [31/Jul/2026:00:00:23 +0000] "GET /wp-login.php HTTP/1.1" 200 2162 "-" "Mozilla/5.0 (Windows NT 10.0; Win64; x64) AppleWebKit/537.36 (KHTML, like Gecko) Chrome/120.0.0.0 Safari/537.36"
10.10.0.2 - - [31/Jul/2026:00:00:27 +0000] "POST /wp-cron.php?doing_wp_cron=1785456027.1065390110015869140625 HTTP/1.1" 200 31 "-" "WordPress/6.9.4; https://greenestate.com.bd"
112.203.33.215 - - [31/Jul/2026:00:00:27 +0000] "POST /wp-login.php HTTP/1.1" 200 2328 "https://greenestate.com.bd/wp-login.php" "Mozilla/5.0 (Windows NT 10.0; Win64; x64) AppleWebKit/537.36 (KHTML, like Gecko) Chrome/120.0.0.0 Safari/537.36"
112.203.33.215 - - [31/Jul/2026:00:00:35 +0000] "POST /wp-login.php HTTP/1.1" 200 2328 "https://greenestate.com.bd/wp-login.php" "Mozilla/5.0 (Windows NT 10.0; Win64; x64) AppleWebKit/537.36 (KHTML, like Gecko) Chrome/120.0.0.0 Safari/537.36"
112.203.33.215 - - [31/Jul/2026:00:00:46 +0000] "POST /wp-login.php HTTP/1.1" 200 2328 "https://greenestate.com.bd/wp-login.php" "Mozilla/5.0 (Windows NT 10.0; Win64; x64) AppleWebKit/537.36 (KHTML, like Gecko) Chrome/120.0.0.0 Safari/537.36"
112.203.33.215 - - [31/Jul/2026:00:00:50 +0000] "POST /xmlrpc.php HTTP/1.1" 200 415 "-" "WordPress/5.0; https://greenestate.com.bd"
43.157.191.20 - - [31/Jul/2026:00:00:56 +0000] "GET / HTTP/1.1" 301 178 "-" "Mozilla/5.0 (iPhone; CPU iPhone OS 13_2_3 like Mac OS X) AppleWebKit/605.1.15 (KHTML, like Gecko) Version/13.0.3 Mobile/15E148 Safari/604.1"
43.157.191.20 - - [31/Jul/2026:00:00:57 +0000] "GET / HTTP/1.1" 200 18242 "http://tanviranik.com" "Mozilla/5.0 (iPhone; CPU iPhone OS 13_2_3 like Mac OS X) AppleWebKit/605.1.15 (KHTML, like Gecko) Version/13.0.3 Mobile/15E148 Safari/604.1"
85.11.167.203 - - [31/Jul/2026:00:00:58 +0000] "POST /xmlrpc.php HTTP/1.1" 499 0 "-" "Mozilla/5.0"
85.11.167.203 - - [31/Jul/2026:00:00:58 +0000] "POST /xmlrpc.php HTTP/1.1" 499 0 "-" "Mozilla/5.0"
177.228.103.126 - - [31/Jul/2026:00:00:59 +0000] "GET / HTTP/1.1" 200 20445 "-" "Mozilla/5.0 (Windows NT 10.0; Win64; x64) AppleWebKit/537.36 (KHTML, like Gecko) Chrome/120.0.0.0 Safari/537.36"
92.241.36.173 - - [31/Jul/2026:00:01:12 +0000] "GET /wp-login.php HTTP/1.1" 200 2162 "-" "Mozilla/5.0 (Windows NT 10.0; Win64; x64) AppleWebKit/537.36 (KHTML, like Gecko) Chrome/120.0.0.0 Safari/537.36"
92.241.36.173 - - [31/Jul/2026:00:01:16 +0000] "POST /wp-login.php HTTP/1.1" 200 2328 "https://greenestate.com.bd/wp-login.php" "Mozilla/5.0 (Windows NT 10.0; Win64; x64) AppleWebKit/537.36 (KHTML, like Gecko) Chrome/120.0.0.0 Safari/537.36"
10.10.0.2 - - [31/Jul/2026:00:01:27 +0000] "POST /wp-cron.php?doing_wp_cron=1785456087.5261840820312500000000 HTTP/1.1" 200 31 "-" "WordPress/6.9.4; https://greenestate.com.bd"
92.241.36.173 - - [31/Jul/2026:00:01:27 +0000] "POST /wp-login.php HTTP/1.1" 200 2328 "https://greenestate.com.bd/wp-login.php" "Mozilla/5.0 (Windows NT 10.0; Win64; x64) AppleWebKit/537.36 (KHTML, like Gecko) Chrome/120.0.0.0 Safari/537.36"
85.11.167.203 - - [31/Jul/2026:00:01:45 +0000] "POST /xmlrpc.php HTTP/1.1" 499 0 "-" "Mozilla/5.0"
85.11.167.203 - - [31/Jul/2026:00:01:47 +0000] "POST /xmlrpc.php HTTP/1.1" 499 0 "-" "Mozilla/5.0"
197.205.232.226 - - [31/Jul/2026:00:01:50 +0000] "POST /xmlrpc.php HTTP/1.1" 200 415 "-" "WordPress/5.0; https://greenestate.com.bd"
79.117.246.7 - - [31/Jul/2026:00:02:00 +0000] "GET / HTTP/1.1" 301 178 "-" "Mozilla/5.0 (Windows NT 10.0; Win64; x64) AppleWebKit/537.36 (KHTML, like Gecko) Chrome/120.0.0.0 Safari/537.36"
184.105.247.254 - - [31/Jul/2026:00:02:06 +0000] "GET / HTTP/1.1" 404 134 "-" "Mozilla/5.0 (X11; Ubuntu; Linux x86_64; rv:141.0) Gecko/20100101 Firefox/141.0"
177.205.123.165 - - [31/Jul/2026:00:02:18 +0000] "GET / HTTP/1.1" 200 20445 "-" "Mozilla/5.0 (Windows NT 10.0; Win64; x64) AppleWebKit/537.36 (KHTML, like Gecko) Chrome/120.0.0.0 Safari/537.36"
10.10.0.2 - - [31/Jul/2026:00:02:27 +0000] "POST /wp-cron.php?doing_wp_cron=1785456146.8007259368896484375000 HTTP/1.1" 200 31 "-" "WordPress/6.9.4; https://greenestate.com.bd"
66.249.74.36 - - [31/Jul/2026:00:02:27 +0000] "GET /category/river-belle/ HTTP/1.1" 200 14506 "-" "Mozilla/5.0 (Linux; Android 6.0.1; Nexus 5X Build/MMB29P) AppleWebKit/537.36 (KHTML, like Gecko) Chrome/150.0.7871.186 Mobile Safari/537.36 (compatible; GoogleOther)"
84.65.100.59 - - [31/Jul/2026:00:02:30 +0000] "GET /wp-login.php HTTP/1.1" 200 2162 "-" "Mozilla/5.0 (Windows NT 10.0; Win64; x64) AppleWebKit/537.36 (KHTML, like Gecko) Chrome/120.0.0.0 Safari/537.36"
85.11.167.203 - - [31/Jul/2026:00:02:31 +0000] "POST /xmlrpc.php HTTP/1.1" 499 0 "-" "Mozilla/5.0"
85.11.167.203 - - [31/Jul/2026:00:02:34 +0000] "POST /xmlrpc.php HTTP/1.1" 499 0 "-" "Mozilla/5.0"
84.65.100.59 - - [31/Jul/2026:00:02:36 +0000] "POST /wp-login.php HTTP/1.1" 200 2328 "https://greenestate.com.bd/wp-login.php" "Mozilla/5.0 (Windows NT 10.0; Win64; x64) AppleWebKit/537.36 (KHTML, like Gecko) Chrome/120.0.0.0 Safari/537.36"
84.65.100.59 - - [31/Jul/2026:00:02:46 +0000] "POST /wp-login.php HTTP/1.1" 200 2328 "https://greenestate.com.bd/wp-login.php" "Mozilla/5.0 (Windows NT 10.0; Win64; x64) AppleWebKit/537.36 (KHTML, like Gecko) Chrome/120.0.0.0 Safari/537.36"
66.249.74.34 - - [31/Jul/2026:00:02:55 +0000] "GET /2026/07/29/jak-udelat-svuj-prvni-vklad-na-cocobet/ HTTP/1.1" 200 16361 "-" "Mozilla/5.0 (Linux; Android 6.0.1; Nexus 5X Build/MMB29P) AppleWebKit/537.36 (KHTML, like Gecko) Chrome/150.0.7871.186 Mobile Safari/537.36 (compatible; Googlebot/2.1; +http://www.google.com/bot.html)"
84.65.100.59 - - [31/Jul/2026:00:02:58 +0000] "POST /wp-login.php HTTP/1.1" 200 2328 "https://greenestate.com.bd/wp-login.php" "Mozilla/5.0 (Windows NT 10.0; Win64; x64) AppleWebKit/537.36 (KHTML, like Gecko) Chrome/120.0.0.0 Safari/537.36"
84.65.100.59 - - [31/Jul/2026:00:03:03 +0000] "POST /xmlrpc.php HTTP/1.1" 200 415 "-" "WordPress/5.0; https://greenestate.com.bd"
109.75.49.139 - - [31/Jul/2026:00:03:09 +0000] "q\xC9\xE1\xBD\x97\xAC\x1D\x81\xC1\xD2\x07~I\x82\xF7/\xF5\xADy\x0B)\x1B\xADV\x8AA<C<Nk]\x97\xD8E~\xF6{i\x86\x91]\xA4\x22-af0\x90\xAFgv\x06)9X\xDB\xA0\x91\xF7W\xC8\xA0/\x90\x807\x1B\xE8o\x849\xDDZP(T\xD2\xAE7\xAFF\xE1\x05\xFD\xAC\x92\x86\xBF\xA0\xC1\xB1\x9C\xC0\xF9\xD4\x5C\xC1\x005\x84\x93n\x93{7\xEC\x8A\xBC\x1C\xE8\xAB\xA4r^\xFC\x9B^\x5C\x1A\xD1!Z'\x11\xC5SiWCGV\x17'\x85\x03y\xDAy\x0B\xC8\xE4\xD2\xBC\x00D\x92B'\xEE\xD6\x91;\xCE\x7F\xA5:\xDD\x14\x816\x15\xDBt\x9Dd\x9Eg-\x80\x80\xDFS\xAB\xA5\xC7\x1Ed\xF7'\x05\x14e\xB4 \xDE\xCB\x88<35\xB1" 400 166 "-" "-"
85.11.167.203 - - [31/Jul/2026:00:03:16 +0000] "POST /xmlrpc.php HTTP/1.1" 499 0 "-" "Mozilla/5.0"
85.11.167.203 - - [31/Jul/2026:00:03:18 +0000] "POST /xmlrpc.php HTTP/1.1" 499 0 "-" "Mozilla/5.0"
85.11.167.203 - - [31/Jul/2026:00:04:00 +0000] "POST /xmlrpc.php HTTP/1.1" 499 0 "-" "Mozilla/5.0"
10.10.0.2 - - [31/Jul/2026:00:04:01 +0000] "POST /wp-cron.php?doing_wp_cron=1785456240.9991500377655029296875 HTTP/1.1" 200 31 "-" "WordPress/6.9.4; https://greenestate.com.bd"
85.11.167.203 - - [31/Jul/2026:00:04:02 +0000] "POST /xmlrpc.php HTTP/1.1" 499 0 "-" "Mozilla/5.0"
184.105.247.254 - - [31/Jul/2026:00:04:37 +0000] "GET /webui/ HTTP/1.1" 404 196 "-" "Mozilla/5.0 (Windows NT 10.0; Win64; x64) AppleWebKit/537.36 (KHTML, like Gecko) Chrome/122.0.0.0 Safari/537.36"
85.11.167.203 - - [31/Jul/2026:00:04:45 +0000] "POST /xmlrpc.php HTTP/1.1" 499 0 "-" "Mozilla/5.0"
10.10.0.2 - - [31/Jul/2026:00:04:45 +0000] "POST /wp-cron.php?doing_wp_cron=1785456285.2909629344940185546875 HTTP/1.1" 200 31 "-" "WordPress/6.9.4; https://greenestate.com.bd"
85.11.167.203 - - [31/Jul/2026:00:04:46 +0000] "POST /xmlrpc.php HTTP/1.1" 499 0 "-" "Mozilla/5.0"
52.167.144.63 - - [31/Jul/2026:00:05:12 +0000] "GET /robots.txt HTTP/1.1" 301 5 "-" "Mozilla/5.0 AppleWebKit/537.36 (KHTML, like Gecko; compatible; bingbot/2.0; +http://www.bing.com/bingbot.htm) Chrome/116.0.1938.76 Safari/537.36"
52.167.144.63 - - [31/Jul/2026:00:05:16 +0000] "GET /robots.txt HTTP/1.1" 200 130 "-" "Mozilla/5.0 AppleWebKit/537.36 (KHTML, like Gecko; compatible; bingbot/2.0; +http://www.bing.com/bingbot.htm) Chrome/116.0.1938.76 Safari/537.36"
52.167.144.160 - - [31/Jul/2026:00:05:23 +0000] "GET /sitemaps.xml HTTP/1.1" 301 5 "-" "Mozilla/5.0 AppleWebKit/537.36 (KHTML, like Gecko; compatible; bingbot/2.0; +http://www.bing.com/bingbot.htm) Chrome/116.0.1938.76 Safari/537.36"
85.11.167.203 - - [31/Jul/2026:00:05:27 +0000] "POST /xmlrpc.php HTTP/1.1" 499 0 "-" "Mozilla/5.0"
10.10.0.2 - - [31/Jul/2026:00:05:28 +0000] "POST /wp-cron.php?doing_wp_cron=1785456328.0040130615234375000000 HTTP/1.1" 200 31 "-" "WordPress/6.9.4; https://greenestate.com.bd"
85.11.167.203 - - [31/Jul/2026:00:05:29 +0000] "POST /xmlrpc.php HTTP/1.1" 499 0 "-" "Mozilla/5.0"
40.77.167.149 - - [31/Jul/2026:00:05:33 +0000] "GET /sitemaps.xml HTTP/1.1" 404 110 "-" "Mozilla/5.0 AppleWebKit/537.36 (KHTML, like Gecko; compatible; bingbot/2.0; +http://www.bing.com/bingbot.htm) Chrome/116.0.1938.76 Safari/537.36"
66.249.74.35 - - [31/Jul/2026:00:05:51 +0000] "GET /2026/03/24/king-maker-casino-quelles-opportunites-pour-les-joueurs/feed/ HTTP/1.1" 200 907 "-" "Mozilla/5.0 (Linux; Android 6.0.1; Nexus 5X Build/MMB29P) AppleWebKit/537.36 (KHTML, like Gecko) Chrome/150.0.7871.186 Mobile Safari/537.36 (compatible; GoogleOther)"
85.11.167.203 - - [31/Jul/2026:00:06:08 +0000] "POST /xmlrpc.php HTTP/1.1" 499 0 "-" "Mozilla/5.0"
184.105.247.254 - - [31/Jul/2026:00:06:10 +0000] "GET /favicon.ico HTTP/1.1" 404 196 "-" "Mozilla/5.0 (Windows NT 10.0; Win64; x64) AppleWebKit/537.36 (KHTML, like Gecko) Chrome/109.0.0.0 Safari/537.36 Edg/109.0.1518.70"
85.11.167.203 - - [31/Jul/2026:00:06:12 +0000] "POST /xmlrpc.php HTTP/1.1" 499 0 "-" "Mozilla/5.0"
5.61.209.44 - - [31/Jul/2026:00:06:39 +0000] "GET /SDK/webLanguage HTTP/1.1" 404 196 "-" "Mozilla/5.0 (Windows NT 10.0; Win64; x64) AppleWebKit/537.36 (KHTML, like Gecko) Chrome/90.0.4430.85 Safari/537.36 Edg/90.0.818.46"
85.11.167.203 - - [31/Jul/2026:00:06:54 +0000] "POST /xmlrpc.php HTTP/1.1" 499 0 "-" "Mozilla/5.0"
10.10.0.2 - - [31/Jul/2026:00:06:54 +0000] "POST /wp-cron.php?doing_wp_cron=1785456414.3404810428619384765625 HTTP/1.1" 200 31 "-" "WordPress/6.9.4; https://greenestate.com.bd"
85.11.167.203 - - [31/Jul/2026:00:06:56 +0000] "POST /xmlrpc.php HTTP/1.1" 499 0 "-" "Mozilla/5.0"
3.129.187.38 - - [31/Jul/2026:00:06:59 +0000] "GET / HTTP/1.1" 400 666 "-" "visionheight.com/scan Mozilla/5.0 (Macintosh; Intel Mac OS X 10_15_7) Chrome/126.0.0.0 Safari/537.36"
45.135.2.198 - - [31/Jul/2026:00:07:13 +0000] "POST /xmlrpc.php HTTP/1.1" 200 415 "-" "Mozilla/5.0 (Windows NT 10.0; Win64; x64) AppleWebKit/537.36 (KHTML, like Gecko) Chrome/120.0.0.0 Safari/537.36"
10.10.0.2 - - [31/Jul/2026:00:07:28 +0000] "POST /wp-cron.php?doing_wp_cron=1785456448.7514030933380126953125 HTTP/1.1" 200 31 "-" "WordPress/6.9.4; https://greenestate.com.bd"
66.249.74.36 - - [31/Jul/2026:00:07:28 +0000] "GET /2026/04/26/realz-casino-your-next-favorite-online-destination/ HTTP/1.1" 200 15309 "-" "Mozilla/5.0 (Linux; Android 6.0.1; Nexus 5X Build/MMB29P) AppleWebKit/537.36 (KHTML, like Gecko) Chrome/150.0.7871.186 Mobile Safari/537.36 (compatible; Googlebot/2.1; +http://www.google.com/bot.html)"
184.105.247.254 - - [31/Jul/2026:00:07:35 +0000] "GET /geoserver/web/ HTTP/1.1" 404 134 "-" "Mozilla/5.0 (X11; Ubuntu; Linux x86_64; rv:141.0) Gecko/20100101 Firefox/141.0"
85.11.167.203 - - [31/Jul/2026:00:07:39 +0000] "POST /xmlrpc.php HTTP/1.1" 499 0 "-" "Mozilla/5.0"
85.11.167.203 - - [31/Jul/2026:00:07:41 +0000] "POST /xmlrpc.php HTTP/1.1" 499 0 "-" "Mozilla/5.0"
78.153.140.93 - - [31/Jul/2026:00:08:03 +0000] "GET /.env HTTP/1.1" 404 196 "-" "Mozilla/5.0 (Windows NT 10.0; Win64; x64) AppleWebKit/537.36 (KHTML, like Gecko) Chrome/116.0.5845.140 Safari/537.36"
78.153.140.93 - - [31/Jul/2026:00:08:04 +0000] "POST / HTTP/1.1" 404 196 "-" "Mozilla/5.0 (Windows NT 10.0; Win64; x64) AppleWebKit/537.36 (KHTML, like Gecko) Chrome/116.0.5845.140 Safari/537.36"
170.64.134.120 - - [31/Jul/2026:00:08:09 +0000] "GET / HTTP/1.1" 400 264 "-" "Mozilla/5.0 zgrab/0.x"
170.64.134.120 - - [31/Jul/2026:00:08:10 +0000] "GET / HTTP/1.1" 301 5 "-" "Mozilla/5.0 zgrab/0.x"
85.11.167.203 - - [31/Jul/2026:00:08:21 +0000] "POST /xmlrpc.php HTTP/1.1" 499 0 "-" "Mozilla/5.0"
85.11.167.203 - - [31/Jul/2026:00:08:23 +0000] "POST /xmlrpc.php HTTP/1.1" 499 0 "-" "Mozilla/5.0"
3.129.187.38 - - [31/Jul/2026:00:09:00 +0000] "" 400 0 "-" "-"
85.11.167.203 - - [31/Jul/2026:00:09:02 +0000] "POST /xmlrpc.php HTTP/1.1" 499 0 "-" "Mozilla/5.0"
10.10.0.2 - - [31/Jul/2026:00:09:02 +0000] "POST /wp-cron.php?doing_wp_cron=1785456542.7235391139984130859375 HTTP/1.1" 200 31 "-" "WordPress/6.9.4; https://greenestate.com.bd"
178.131.169.150 - - [31/Jul/2026:00:09:03 +0000] "POST / HTTP/1.1" 404 134 "-" "-"
5.61.209.44 - - [31/Jul/2026:00:09:05 +0000] "GET /SDK/webLanguage HTTP/1.1" 404 196 "-" "Mozilla/5.0 (Windows NT 10.0; Win64; x64) AppleWebKit/537.36 (KHTML, like Gecko) Chrome/90.0.4430.85 Safari/537.36 Edg/90.0.818.46"
85.11.167.203 - - [31/Jul/2026:00:09:05 +0000] "POST /xmlrpc.php HTTP/1.1" 499 0 "-" "Mozilla/5.0"
3.129.187.38 - - [31/Jul/2026:00:09:38 +0000] "GET / HTTP/1.1" 400 666 "-" "visionheight.com/scan Mozilla/5.0 (Macintosh; Intel Mac OS X 10_15_7) Chrome/126.0.0.0 Safari/537.36"
85.11.167.203 - - [31/Jul/2026:00:09:43 +0000] "POST /xmlrpc.php HTTP/1.1" 499 0 "-" "Mozilla/5.0"
10.10.0.2 - - [31/Jul/2026:00:09:44 +0000] "POST /wp-cron.php?doing_wp_cron=1785456584.0767650604248046875000 HTTP/1.1" 200 31 "-" "WordPress/6.9.4; https://greenestate.com.bd"
85.11.167.203 - - [31/Jul/2026:00:09:44 +0000] "POST /xmlrpc.php HTTP/1.1" 499 0 "-" "Mozilla/5.0"
85.11.167.203 - - [31/Jul/2026:00:10:25 +0000] "POST /xmlrpc.php HTTP/1.1" 499 0 "-" "Mozilla/5.0"
10.10.0.2 - - [31/Jul/2026:00:10:25 +0000] "POST /wp-cron.php?doing_wp_cron=1785456625.1848371028900146484375 HTTP/1.1" 200 31 "-" "WordPress/6.9.4; https://greenestate.com.bd"
85.11.167.203 - - [31/Jul/2026:00:10:27 +0000] "POST /xmlrpc.php HTTP/1.1" 499 0 "-" "Mozilla/5.0"
43.153.54.14 - - [31/Jul/2026:00:10:46 +0000] "GET /project-location/phoenix-az/ HTTP/1.1" 301 5 "-" "Mozilla/5.0 (iPhone; CPU iPhone OS 13_2_3 like Mac OS X) AppleWebKit/605.1.15 (KHTML, like Gecko) Version/13.0.3 Mobile/15E148 Safari/604.1"
43.153.54.14 - - [31/Jul/2026:00:10:49 +0000] "GET / HTTP/1.1" 200 20450 "https://greenestate.com.bd/project-location/phoenix-az/" "Mozilla/5.0 (iPhone; CPU iPhone OS 13_2_3 like Mac OS X) AppleWebKit/605.1.15 (KHTML, like Gecko) Version/13.0.3 Mobile/15E148 Safari/604.1"
77.243.89.22 - - [31/Jul/2026:00:11:10 +0000] "GET /wp-json HTTP/1.1" 200 192573 "-" "Mozilla/5.0 (Windows NT 10.0; Win64; x64) AppleWebKit/537.36 (KHTML, like Gecko) Chrome/120.0.0.0 Safari/537.36"
85.11.167.203 - - [31/Jul/2026:00:11:10 +0000] "POST /xmlrpc.php HTTP/1.1" 499 0 "-" "Mozilla/5.0"
77.243.89.22 - - [31/Jul/2026:00:11:10 +0000] "POST /xmlrpc.php HTTP/1.1" 200 415 "-" "Mozilla/5.0 (Windows NT 10.0; Win64; x64) AppleWebKit/537.36 (KHTML, like Gecko) Chrome/120.0.0.0 Safari/537.36"
85.11.167.203 - - [31/Jul/2026:00:11:12 +0000] "POST /xmlrpc.php HTTP/1.1" 499 0 "-" "Mozilla/5.0"
10.10.0.2 - - [31/Jul/2026:00:11:50 +0000] "POST /wp-cron.php?doing_wp_cron=1785456710.3616321086883544921875 HTTP/1.1" 200 31 "-" "WordPress/6.9.4; https://greenestate.com.bd"
66.249.74.34 - - [31/Jul/2026:00:11:50 +0000] "GET /2026/04/17/unpacking-player-trust-kingmaker-casino-reviewed/ HTTP/1.1" 200 15092 "-" "Mozilla/5.0 (Linux; Android 6.0.1; Nexus 5X Build/MMB29P) AppleWebKit/537.36 (KHTML, like Gecko) Chrome/150.0.7871.186 Mobile Safari/537.36 (compatible; Googlebot/2.1; +http://www.google.com/bot.html)"
85.11.167.203 - - [31/Jul/2026:00:11:53 +0000] "POST /xmlrpc.php HTTP/1.1" 499 0 "-" "Mozilla/5.0"
85.11.167.203 - - [31/Jul/2026:00:12:01 +0000] "POST /xmlrpc.php HTTP/1.1" 499 0 "-" "Mozilla/5.0"
5.1.108.45 - - [31/Jul/2026:00:12:21 +0000] "GET / HTTP/1.1" 200 20445 "-" "Mozilla/5.0 (Windows NT 10.0; Win64; x64) AppleWebKit/537.36 (KHTML, like Gecko) Chrome/120.0.0.0 Safari/537.36"
10.10.0.2 - - [31/Jul/2026:00:12:26 +0000] "POST /wp-cron.php?doing_wp_cron=1785456746.1501710414886474609375 HTTP/1.1" 200 31 "-" "WordPress/6.9.4; https://greenestate.com.bd"
5.1.108.45 - - [31/Jul/2026:00:12:26 +0000] "GET /wp-login.php HTTP/1.1" 200 2162 "-" "Mozilla/5.0 (Windows NT 10.0; Win64; x64) AppleWebKit/537.36 (KHTML, like Gecko) Chrome/120.0.0.0 Safari/537.36"
5.1.108.45 - - [31/Jul/2026:00:12:32 +0000] "POST /wp-login.php HTTP/1.1" 200 2328 "https://greenestate.com.bd/wp-login.php" "Mozilla/5.0 (Windows NT 10.0; Win64; x64) AppleWebKit/537.36 (KHTML, like Gecko) Chrome/120.0.0.0 Safari/537.36"
85.11.167.203 - - [31/Jul/2026:00:12:42 +0000] "POST /xmlrpc.php HTTP/1.1" 499 0 "-" "Mozilla/5.0"
5.1.108.45 - - [31/Jul/2026:00:12:42 +0000] "POST /wp-login.php HTTP/1.1" 200 2328 "https://greenestate.com.bd/wp-login.php" "Mozilla/5.0 (Windows NT 10.0; Win64; x64) AppleWebKit/537.36 (KHTML, like Gecko) Chrome/120.0.0.0 Safari/537.36"
85.11.167.203 - - [31/Jul/2026:00:12:44 +0000] "POST /xmlrpc.php HTTP/1.1" 499 0 "-" "Mozilla/5.0"
5.1.108.45 - - [31/Jul/2026:00:12:53 +0000] "POST /wp-login.php HTTP/1.1" 200 2328 "https://greenestate.com.bd/wp-login.php" "Mozilla/5.0 (Windows NT 10.0; Win64; x64) AppleWebKit/537.36 (KHTML, like Gecko) Chrome/120.0.0.0 Safari/537.36"
5.1.108.45 - - [31/Jul/2026:00:12:58 +0000] "POST /xmlrpc.php HTTP/1.1" 200 415 "-" "WordPress/5.0; https://greenestate.com.bd"
45.175.115.240 - - [31/Jul/2026:00:13:09 +0000] "GET / HTTP/1.1" 200 20445 "-" "Mozilla/5.0 (Windows NT 10.0; Win64; x64) AppleWebKit/537.36 (KHTML, like Gecko) Chrome/120.0.0.0 Safari/537.36"
187.125.198.189 - - [31/Jul/2026:00:13:22 +0000] "GET /wp-login.php HTTP/1.1" 200 2162 "-" "Mozilla/5.0 (Windows NT 10.0; Win64; x64) AppleWebKit/537.36 (KHTML, like Gecko) Chrome/120.0.0.0 Safari/537.36"
10.10.0.2 - - [31/Jul/2026:00:13:27 +0000] "POST /wp-cron.php?doing_wp_cron=1785456807.2194099426269531250000 HTTP/1.1" 200 31 "-" "WordPress/6.9.4; https://greenestate.com.bd"
187.125.198.189 - - [31/Jul/2026:00:13:27 +0000] "POST /wp-login.php HTTP/1.1" 200 2328 "https://greenestate.com.bd/wp-login.php" "Mozilla/5.0 (Windows NT 10.0; Win64; x64) AppleWebKit/537.36 (KHTML, like Gecko) Chrome/120.0.0.0 Safari/537.36"
85.11.167.203 - - [31/Jul/2026:00:13:31 +0000] "POST /xmlrpc.php HTTP/1.1" 499 0 "-" "Mozilla/5.0"
85.11.167.203 - - [31/Jul/2026:00:13:33 +0000] "POST /xmlrpc.php HTTP/1.1" 499 0 "-" "Mozilla/5.0"
187.125.198.189 - - [31/Jul/2026:00:13:38 +0000] "POST /wp-login.php HTTP/1.1" 200 2328 "https://greenestate.com.bd/wp-login.php" "Mozilla/5.0 (Windows NT 10.0; Win64; x64) AppleWebKit/537.36 (KHTML, like Gecko) Chrome/120.0.0.0 Safari/537.36"
187.125.198.189 - - [31/Jul/2026:00:13:49 +0000] "POST /wp-login.php HTTP/1.1" 200 2328 "https://greenestate.com.bd/wp-login.php" "Mozilla/5.0 (Windows NT 10.0; Win64; x64) AppleWebKit/537.36 (KHTML, like Gecko) Chrome/120.0.0.0 Safari/537.36"
187.125.198.189 - - [31/Jul/2026:00:13:55 +0000] "POST /xmlrpc.php HTTP/1.1" 200 415 "-" "WordPress/5.0; https://greenestate.com.bd"
179.24.148.182 - - [31/Jul/2026:00:14:06 +0000] "GET / HTTP/1.1" 200 20445 "-" "Mozilla/5.0 (Windows NT 10.0; Win64; x64) AppleWebKit/537.36 (KHTML, like Gecko) Chrome/120.0.0.0 Safari/537.36"
192.141.181.109 - - [31/Jul/2026:00:14:19 +0000] "GET /wp-login.php HTTP/1.1" 200 2162 "-" "Mozilla/5.0 (Windows NT 10.0; Win64; x64) AppleWebKit/537.36 (KHTML, like Gecko) Chrome/120.0.0.0 Safari/537.36"
85.11.167.203 - - [31/Jul/2026:00:14:20 +0000] "POST /xmlrpc.php HTTP/1.1" 499 0 "-" "Mozilla/5.0"
192.141.181.109 - - [31/Jul/2026:00:14:22 +0000] "POST /wp-login.php HTTP/1.1" 200 2328 "https://greenestate.com.bd/wp-login.php" "Mozilla/5.0 (Windows NT 10.0; Win64; x64) AppleWebKit/537.36 (KHTML, like Gecko) Chrome/120.0.0.0 Safari/537.36"
85.11.167.203 - - [31/Jul/2026:00:14:24 +0000] "POST /xmlrpc.php HTTP/1.1" 499 0 "-" "Mozilla/5.0"
10.10.0.2 - - [31/Jul/2026:00:14:24 +0000] "POST /wp-cron.php?doing_wp_cron=1785456864.3594810962677001953125 HTTP/1.1" 200 31 "-" "WordPress/6.9.4; https://greenestate.com.bd"
3.129.187.38 - - [31/Jul/2026:00:14:24 +0000] "GET / HTTP/1.1" 301 5 "-" "visionheight.com/scan Mozilla/5.0 (Macintosh; Intel Mac OS X 10_15_7) Chrome/126.0.0.0 Safari/537.36"
192.141.181.109 - - [31/Jul/2026:00:14:36 +0000] "POST /wp-login.php HTTP/1.1" 200 2328 "https://greenestate.com.bd/wp-login.php" "Mozilla/5.0 (Windows NT 10.0; Win64; x64) AppleWebKit/537.36 (KHTML, like Gecko) Chrome/120.0.0.0 Safari/537.36"
85.11.167.203 - - [31/Jul/2026:00:15:09 +0000] "POST /xmlrpc.php HTTP/1.1" 499 0 "-" "Mozilla/5.0"
85.11.167.203 - - [31/Jul/2026:00:15:09 +0000] "POST /xmlrpc.php HTTP/1.1" 499 0 "-" "Mozilla/5.0"
59.91.102.215 - - [31/Jul/2026:00:15:17 +0000] "GET / HTTP/1.1" 301 178 "-" "Mozilla/5.0 (Windows NT 10.0; Win64; x64) AppleWebKit/537.36 (KHTML, like Gecko) Chrome/120.0.0.0 Safari/537.36"
102.210.16.112 - - [31/Jul/2026:00:15:37 +0000] "POST / HTTP/1.1" 404 134 "-" "-"
10.10.0.2 - - [31/Jul/2026:00:15:46 +0000] "POST /wp-cron.php?doing_wp_cron=1785456946.9203419685363769531250 HTTP/1.1" 200 31 "-" "WordPress/6.9.4; https://greenestate.com.bd"
160.153.188.148 - - [31/Jul/2026:00:15:46 +0000] "POST /owa/auth.owa HTTP/1.1" 404 110 "https://mail.arugy.com/owa/auth/logon.aspx?replaceCurrent=1&url=https%3a%2f%2fmail.arugy.com%2fowa%2f" "Mozilla/5.0 (Windows NT 10.0; Win64; x64) AppleWebKit/537.36 (KHTML, like Gecko) Chrome/96.0.4664.110 Safari/537.36"
85.11.167.203 - - [31/Jul/2026:00:15:49 +0000] "POST /xmlrpc.php HTTP/1.1" 499 0 "-" "Mozilla/5.0"
85.11.167.203 - - [31/Jul/2026:00:15:50 +0000] "POST /xmlrpc.php HTTP/1.1" 499 0 "-" "Mozilla/5.0"
66.249.74.35 - - [31/Jul/2026:00:16:17 +0000] "GET /2026/07/29/tips-for-creating-a-winning-strategy-at-casumo-casino/ HTTP/1.1" 200 15918 "-" "Mozilla/5.0 (Linux; Android 6.0.1; Nexus 5X Build/MMB29P) AppleWebKit/537.36 (KHTML, like Gecko) Chrome/150.0.7871.186 Mobile Safari/537.36 (compatible; Googlebot/2.1; +http://www.google.com/bot.html)"
85.11.167.203 - - [31/Jul/2026:00:16:34 +0000] "POST /xmlrpc.php HTTP/1.1" 499 0 "-" "Mozilla/5.0"
10.10.0.2 - - [31/Jul/2026:00:16:34 +0000] "POST /wp-cron.php?doing_wp_cron=1785456994.4525198936462402343750 HTTP/1.1" 200 31 "-" "WordPress/6.9.4; https://greenestate.com.bd"
85.11.167.203 - - [31/Jul/2026:00:16:36 +0000] "POST /xmlrpc.php HTTP/1.1" 499 0 "-" "Mozilla/5.0"
200.123.42.137 - - [31/Jul/2026:00:17:05 +0000] "GET / HTTP/1.1" 200 20445 "-" "Mozilla/5.0 (Windows NT 10.0; Win64; x64) AppleWebKit/537.36 (KHTML, like Gecko) Chrome/120.0.0.0 Safari/537.36"
51.75.170.44 - - [31/Jul/2026:00:17:11 +0000] "POST / HTTP/1.1" 404 134 "-" "-"
41.60.238.40 - - [31/Jul/2026:00:17:16 +0000] "GET /wp-login.php HTTP/1.1" 200 2162 "-" "Mozilla/5.0 (Windows NT 10.0; Win64; x64) AppleWebKit/537.36 (KHTML, like Gecko) Chrome/120.0.0.0 Safari/537.36"
85.11.167.203 - - [31/Jul/2026:00:17:17 +0000] "POST /xmlrpc.php HTTP/1.1" 499 0 "-" "Mozilla/5.0"
41.60.238.40 - - [31/Jul/2026:00:17:20 +0000] "POST /wp-login.php HTTP/1.1" 200 2328 "https://greenestate.com.bd/wp-login.php" "Mozilla/5.0 (Windows NT 10.0; Win64; x64) AppleWebKit/537.36 (KHTML, like Gecko) Chrome/120.0.0.0 Safari/537.36"
85.11.167.203 - - [31/Jul/2026:00:17:20 +0000] "POST /xmlrpc.php HTTP/1.1" 499 0 "-" "Mozilla/5.0"
10.10.0.2 - - [31/Jul/2026:00:17:30 +0000] "POST /wp-cron.php?doing_wp_cron=1785457050.2924718856811523437500 HTTP/1.1" 200 31 "-" "WordPress/6.9.4; https://greenestate.com.bd"
41.60.238.40 - - [31/Jul/2026:00:17:30 +0000] "POST /wp-login.php HTTP/1.1" 200 2328 "https://greenestate.com.bd/wp-login.php" "Mozilla/5.0 (Windows NT 10.0; Win64; x64) AppleWebKit/537.36 (KHTML, like Gecko) Chrome/120.0.0.0 Safari/537.36"
37.214.63.23 - - [31/Jul/2026:00:17:46 +0000] "POST / HTTP/1.1" 404 134 "-" "-"
207.204.103.29 - - [31/Jul/2026:00:17:55 +0000] "POST /xmlrpc.php HTTP/1.1" 200 415 "-" "WordPress/5.0; https://greenestate.com.bd"
85.11.167.203 - - [31/Jul/2026:00:18:00 +0000] "POST /xmlrpc.php HTTP/1.1" 499 0 "-" "Mozilla/5.0"
2.179.8.81 - - [31/Jul/2026:00:18:03 +0000] "POST / HTTP/1.1" 200 20439 "-" "Go-http-client/1.1"
85.11.167.203 - - [31/Jul/2026:00:18:04 +0000] "POST /xmlrpc.php HTTP/1.1" 499 0 "-" "Mozilla/5.0"
2.179.8.81 - - [31/Jul/2026:00:18:04 +0000] "POST / HTTP/1.1" 499 0 "-" "Go-http-client/1.1"
45.126.187.225 - - [31/Jul/2026:00:18:07 +0000] "GET / HTTP/1.1" 200 20445 "-" "Mozilla/5.0 (Windows NT 10.0; Win64; x64) AppleWebKit/537.36 (KHTML, like Gecko) Chrome/120.0.0.0 Safari/537.36"
186.77.204.1 - - [31/Jul/2026:00:18:15 +0000] "GET /wp-login.php HTTP/1.1" 200 2162 "-" "Mozilla/5.0 (Windows NT 10.0; Win64; x64) AppleWebKit/537.36 (KHTML, like Gecko) Chrome/120.0.0.0 Safari/537.36"
186.77.204.1 - - [31/Jul/2026:00:18:20 +0000] "POST /wp-login.php HTTP/1.1" 200 2328 "https://greenestate.com.bd/wp-login.php" "Mozilla/5.0 (Windows NT 10.0; Win64; x64) AppleWebKit/537.36 (KHTML, like Gecko) Chrome/120.0.0.0 Safari/537.36"
10.10.0.2 - - [31/Jul/2026:00:18:31 +0000] "POST /wp-cron.php?doing_wp_cron=1785457111.1906149387359619140625 HTTP/1.1" 200 31 "-" "WordPress/6.9.4; https://greenestate.com.bd"
186.77.204.1 - - [31/Jul/2026:00:18:31 +0000] "POST /wp-login.php HTTP/1.1" 200 2328 "https://greenestate.com.bd/wp-login.php" "Mozilla/5.0 (Windows NT 10.0; Win64; x64) AppleWebKit/537.36 (KHTML, like Gecko) Chrome/120.0.0.0 Safari/537.36"
186.77.204.1 - - [31/Jul/2026:00:18:40 +0000] "POST /wp-login.php HTTP/1.1" 200 2328 "https://greenestate.com.bd/wp-login.php" "Mozilla/5.0 (Windows NT 10.0; Win64; x64) AppleWebKit/537.36 (KHTML, like Gecko) Chrome/120.0.0.0 Safari/537.36"
43.153.19.83 - - [31/Jul/2026:00:18:42 +0000] "GET /2023/08/ HTTP/1.1" 200 15629 "-" "Mozilla/5.0 (iPhone; CPU iPhone OS 13_2_3 like Mac OS X) AppleWebKit/605.1.15 (KHTML, like Gecko) Version/13.0.3 Mobile/15E148 Safari/604.1"
186.77.204.1 - - [31/Jul/2026:00:18:46 +0000] "POST /xmlrpc.php HTTP/1.1" 200 415 "-" "WordPress/5.0; https://greenestate.com.bd"
85.11.167.203 - - [31/Jul/2026:00:18:47 +0000] "POST /xmlrpc.php HTTP/1.1" 499 0 "-" "Mozilla/5.0"
85.11.167.203 - - [31/Jul/2026:00:18:47 +0000] "POST /xmlrpc.php HTTP/1.1" 499 0 "-" "Mozilla/5.0"
151.236.183.239 - - [31/Jul/2026:00:18:51 +0000] "POST / HTTP/1.1" 404 134 "-" "-"
110.159.103.222 - - [31/Jul/2026:00:18:57 +0000] "GET / HTTP/1.1" 200 20445 "-" "Mozilla/5.0 (Windows NT 10.0; Win64; x64) AppleWebKit/537.36 (KHTML, like Gecko) Chrome/120.0.0.0 Safari/537.36"
190.110.178.215 - - [31/Jul/2026:00:19:08 +0000] "GET /wp-login.php HTTP/1.1" 200 2162 "-" "Mozilla/5.0 (Windows NT 10.0; Win64; x64) AppleWebKit/537.36 (KHTML, like Gecko) Chrome/120.0.0.0 Safari/537.36"
190.110.178.215 - - [31/Jul/2026:00:19:14 +0000] "POST /wp-login.php HTTP/1.1" 200 2328 "https://greenestate.com.bd/wp-login.php" "Mozilla/5.0 (Windows NT 10.0; Win64; x64) AppleWebKit/537.36 (KHTML, like Gecko) Chrome/120.0.0.0 Safari/537.36"
190.110.178.215 - - [31/Jul/2026:00:19:23 +0000] "POST /wp-login.php HTTP/1.1" 200 2328 "https://greenestate.com.bd/wp-login.php" "Mozilla/5.0 (Windows NT 10.0; Win64; x64) AppleWebKit/537.36 (KHTML, like Gecko) Chrome/120.0.0.0 Safari/537.36"
85.11.167.203 - - [31/Jul/2026:00:19:31 +0000] "POST /xmlrpc.php HTTP/1.1" 499 0 "-" "Mozilla/5.0"
10.10.0.2 - - [31/Jul/2026:00:19:31 +0000] "POST /wp-cron.php?doing_wp_cron=1785457171.4148089885711669921875 HTTP/1.1" 200 31 "-" "WordPress/6.9.4; https://greenestate.com.bd"
85.11.167.203 - - [31/Jul/2026:00:19:34 +0000] "POST /xmlrpc.php HTTP/1.1" 499 0 "-" "Mozilla/5.0"
171.252.155.75 - - [31/Jul/2026:00:19:46 +0000] "POST /xmlrpc.php HTTP/1.1" 200 415 "-" "WordPress/5.0; https://greenestate.com.bd"
85.208.96.202 - - [31/Jul/2026:00:19:54 +0000] "GET /robots.txt HTTP/1.1" 200 130 "-" "Mozilla/5.0 (compatible; SemrushBot/7~bl; +http://www.semrush.com/bot.html)"
85.208.96.197 - - [31/Jul/2026:00:19:54 +0000] "GET /projects/eden-estate/ HTTP/1.1" 301 5 "-" "Mozilla/5.0 (compatible; SemrushBot/7~bl; +http://www.semrush.com/bot.html)"
45.90.82.137 - - [31/Jul/2026:00:19:56 +0000] "GET / HTTP/1.1" 301 178 "-" "Mozilla/5.0 (Windows NT 10.0; Win64; x64) AppleWebKit/537.36 (KHTML, like Gecko) Chrome/120.0.0.0 Safari/537.36"
45.162.208.57 - - [31/Jul/2026:00:20:11 +0000] "GET / HTTP/1.1" 200 20445 "-" "Mozilla/5.0 (Windows NT 10.0; Win64; x64) AppleWebKit/537.36 (KHTML, like Gecko) Chrome/120.0.0.0 Safari/537.36"
85.11.167.203 - - [31/Jul/2026:00:20:18 +0000] "POST /xmlrpc.php HTTP/1.1" 499 0 "-" "Mozilla/5.0"
85.11.167.203 - - [31/Jul/2026:00:20:20 +0000] "POST /xmlrpc.php HTTP/1.1" 499 0 "-" "Mozilla/5.0"
181.42.137.168 - - [31/Jul/2026:00:20:22 +0000] "GET /wp-login.php HTTP/1.1" 200 2162 "-" "Mozilla/5.0 (Windows NT 10.0; Win64; x64) AppleWebKit/537.36 (KHTML, like Gecko) Chrome/120.0.0.0 Safari/537.36"
10.10.0.2 - - [31/Jul/2026:00:20:27 +0000] "POST /wp-cron.php?doing_wp_cron=1785457227.1819560527801513671875 HTTP/1.1" 200 31 "-" "WordPress/6.9.4; https://greenestate.com.bd"
181.42.137.168 - - [31/Jul/2026:00:20:27 +0000] "POST /wp-login.php HTTP/1.1" 200 2328 "https://greenestate.com.bd/wp-login.php" "Mozilla/5.0 (Windows NT 10.0; Win64; x64) AppleWebKit/537.36 (KHTML, like Gecko) Chrome/120.0.0.0 Safari/537.36"
181.42.137.168 - - [31/Jul/2026:00:20:38 +0000] "POST /wp-login.php HTTP/1.1" 200 2328 "https://greenestate.com.bd/wp-login.php" "Mozilla/5.0 (Windows NT 10.0; Win64; x64) AppleWebKit/537.36 (KHTML, like Gecko) Chrome/120.0.0.0 Safari/537.36"
66.249.74.34 - - [31/Jul/2026:00:20:45 +0000] "GET /2026/07/29/the-role-of-technology-at-21bit-casino-australia/ HTTP/1.1" 200 15788 "-" "Mozilla/5.0 (Linux; Android 6.0.1; Nexus 5X Build/MMB29P) AppleWebKit/537.36 (KHTML, like Gecko) Chrome/150.0.7871.186 Mobile Safari/537.36 (compatible; Googlebot/2.1; +http://www.google.com/bot.html)"
181.42.137.168 - - [31/Jul/2026:00:20:47 +0000] "POST /wp-login.php HTTP/1.1" 200 2328 "https://greenestate.com.bd/wp-login.php" "Mozilla/5.0 (Windows NT 10.0; Win64; x64) AppleWebKit/537.36 (KHTML, like Gecko) Chrome/120.0.0.0 Safari/537.36"
10.10.0.2 - - [31/Jul/2026:00:20:52 +0000] "POST /wp-cron.php?doing_wp_cron=1785457252.2413690090179443359375 HTTP/1.1" 200 31 "-" "WordPress/6.9.4; https://greenestate.com.bd"
181.42.137.168 - - [31/Jul/2026:00:20:52 +0000] "POST /xmlrpc.php HTTP/1.1" 200 415 "-" "WordPress/5.0; https://greenestate.com.bd"
85.11.167.203 - - [31/Jul/2026:00:21:04 +0000] "POST /xmlrpc.php HTTP/1.1" 499 0 "-" "Mozilla/5.0"
85.11.167.203 - - [31/Jul/2026:00:21:05 +0000] "POST /xmlrpc.php HTTP/1.1" 499 0 "-" "Mozilla/5.0"
85.11.167.203 - - [31/Jul/2026:00:21:47 +0000] "POST /xmlrpc.php HTTP/1.1" 499 0 "-" "Mozilla/5.0"
10.10.0.2 - - [31/Jul/2026:00:21:47 +0000] "POST /wp-cron.php?doing_wp_cron=1785457307.7834830284118652343750 HTTP/1.1" 200 31 "-" "WordPress/6.9.4; https://greenestate.com.bd"
85.11.167.203 - - [31/Jul/2026:00:21:50 +0000] "POST /xmlrpc.php HTTP/1.1" 499 0 "-" "Mozilla/5.0"
162.249.124.67 - - [31/Jul/2026:00:22:07 +0000] "POST / HTTP/1.1" 404 134 "-" "-"
46.114.88.209 - - [31/Jul/2026:00:22:18 +0000] "v\xEF\xAAb\x14\xC3\x97\xD6ImGr\x971|g`)\x17\xC4\xF3\x83\xD1\xF9&\xC4$>\xB8\xA5\x1A\xB5\xF5\xA1\xC3\xDC\x09\x0B'W\x0C[\x91\x1C\xE1n^od\x07>\x1A\x94\xCA+\xC7\x1F\xA5\x1D{\xF0'\x22\x94\x14`\xB3\x22\x85W \xAB8\xE5\xA358</\xF9\xEDn\xA8H\x86\x81\xFD`:\x10\x85\xC0\x07\x11\xAF\xA6" 400 166 "-" "-"
10.10.0.2 - - [31/Jul/2026:00:22:25 +0000] "POST /wp-cron.php?doing_wp_cron=1785457345.0453050136566162109375 HTTP/1.1" 200 31 "-" "WordPress/6.9.4; https://greenestate.com.bd"
66.249.74.36 - - [31/Jul/2026:00:22:25 +0000] "GET /wp-login.php?action=lostpassword&redirect_to=https%3A%2F%2Fgreenestate.com.bd%2F2026%2F07%2F28%2Fcestovani-a-hrani-jaka-je-vyhoda-mostbet-mobilni-aplikace%2F HTTP/1.1" 200 1338 "-" "Mozilla/5.0 (Linux; Android 6.0.1; Nexus 5X Build/MMB29P) AppleWebKit/537.36 (KHTML, like Gecko) Chrome/150.0.7871.186 Mobile Safari/537.36 (compatible; GoogleOther)"
85.11.167.203 - - [31/Jul/2026:00:22:35 +0000] "POST /xmlrpc.php HTTP/1.1" 499 0 "-" "Mozilla/5.0"
85.11.167.203 - - [31/Jul/2026:00:22:38 +0000] "POST /xmlrpc.php HTTP/1.1" 499 0 "-" "Mozilla/5.0"
85.11.167.203 - - [31/Jul/2026:00:23:22 +0000] "POST /xmlrpc.php HTTP/1.1" 499 0 "-" "Mozilla/5.0"
85.11.167.203 - - [31/Jul/2026:00:23:24 +0000] "POST /xmlrpc.php HTTP/1.1" 499 0 "-" "Mozilla/5.0"
10.10.0.2 - - [31/Jul/2026:00:23:25 +0000] "POST /wp-cron.php?doing_wp_cron=1785457404.9896080493927001953125 HTTP/1.1" 200 31 "-" "WordPress/6.9.4; https://greenestate.com.bd"
152.207.183.119 - - [31/Jul/2026:00:23:29 +0000] "POST / HTTP/1.1" 404 134 "-" "-"
85.11.167.203 - - [31/Jul/2026:00:24:09 +0000] "POST /xmlrpc.php HTTP/1.1" 499 0 "-" "Mozilla/5.0"
85.11.167.203 - - [31/Jul/2026:00:24:15 +0000] "POST /xmlrpc.php HTTP/1.1" 499 0 "-" "Mozilla/5.0"
5.190.98.185 - - [31/Jul/2026:00:24:54 +0000] "POST / HTTP/1.1" 404 134 "-" "-"
85.11.167.203 - - [31/Jul/2026:00:24:55 +0000] "POST /xmlrpc.php HTTP/1.1" 499 0 "-" "Mozilla/5.0"
10.10.0.2 - - [31/Jul/2026:00:24:55 +0000] "POST /wp-cron.php?doing_wp_cron=1785457495.5064220428466796875000 HTTP/1.1" 200 31 "-" "WordPress/6.9.4; https://greenestate.com.bd"
85.11.167.203 - - [31/Jul/2026:00:24:57 +0000] "POST /xmlrpc.php HTTP/1.1" 499 0 "-" "Mozilla/5.0"
66.249.74.34 - - [31/Jul/2026:00:25:12 +0000] "GET /2026/07/29/pinup-casino-da-nec-qazanmaq-olar/ HTTP/1.1" 200 16569 "-" "Mozilla/5.0 (Linux; Android 6.0.1; Nexus 5X Build/MMB29P) AppleWebKit/537.36 (KHTML, like Gecko) Chrome/150.0.7871.186 Mobile Safari/537.36 (compatible; Googlebot/2.1; +http://www.google.com/bot.html)"
85.11.167.203 - - [31/Jul/2026:00:25:40 +0000] "POST /xmlrpc.php HTTP/1.1" 499 0 "-" "Mozilla/5.0"
10.10.0.2 - - [31/Jul/2026:00:25:40 +0000] "POST /wp-cron.php?doing_wp_cron=1785457540.8339729309082031250000 HTTP/1.1" 200 31 "-" "WordPress/6.9.4; https://greenestate.com.bd"
85.11.167.203 - - [31/Jul/2026:00:25:49 +0000] "POST /xmlrpc.php HTTP/1.1" 499 0 "-" "Mozilla/5.0"
85.11.167.203 - - [31/Jul/2026:00:26:31 +0000] "POST /xmlrpc.php HTTP/1.1" 499 0 "-" "Mozilla/5.0"
10.10.0.2 - - [31/Jul/2026:00:26:31 +0000] "POST /wp-cron.php?doing_wp_cron=1785457591.9631450176239013671875 HTTP/1.1" 200 31 "-" "WordPress/6.9.4; https://greenestate.com.bd"
85.11.167.203 - - [31/Jul/2026:00:26:36 +0000] "POST /xmlrpc.php HTTP/1.1" 499 0 "-" "Mozilla/5.0"
85.11.167.203 - - [31/Jul/2026:00:27:15 +0000] "POST /xmlrpc.php HTTP/1.1" 499 0 "-" "Mozilla/5.0"
85.11.167.203 - - [31/Jul/2026:00:27:17 +0000] "POST /xmlrpc.php HTTP/1.1" 499 0 "-" "Mozilla/5.0"
147.93.171.188 - - [31/Jul/2026:00:27:58 +0000] "GET /wp-admin/css/ HTTP/1.1" 301 178 "binance.com" "Mozilla/5.0 (Windows NT 10.0; Win64; x64) AppleWebKit/537.36 (KHTML, like Gecko) Chrome/90.0.4430.85 Safari/537.36"
85.11.167.203 - - [31/Jul/2026:00:28:01 +0000] "POST /xmlrpc.php HTTP/1.1" 499 0 "-" "Mozilla/5.0"
10.10.0.2 - - [31/Jul/2026:00:28:01 +0000] "POST /wp-cron.php?doing_wp_cron=1785457681.9331309795379638671875 HTTP/1.1" 200 31 "-" "WordPress/6.9.4; https://greenestate.com.bd"
85.11.167.203 - - [31/Jul/2026:00:28:04 +0000] "POST /xmlrpc.php HTTP/1.1" 499 0 "-" "Mozilla/5.0"
176.45.16.188 - - [31/Jul/2026:00:28:34 +0000] "GET / HTTP/1.1" 301 178 "-" "Mozilla/5.0 (Windows NT 10.0; Win64; x64) AppleWebKit/537.36 (KHTML, like Gecko) Chrome/120.0.0.0 Safari/537.36"
10.10.0.2 - - [31/Jul/2026:00:28:46 +0000] "POST /wp-cron.php?doing_wp_cron=1785457726.5783689022064208984375 HTTP/1.1" 200 31 "-" "WordPress/6.9.4; https://greenestate.com.bd"
177.75.105.208 - - [31/Jul/2026:00:28:46 +0000] "GET / HTTP/1.1" 200 20445 "-" "Mozilla/5.0 (Windows NT 10.0; Win64; x64) AppleWebKit/537.36 (KHTML, like Gecko) Chrome/120.0.0.0 Safari/537.36"
43.166.255.102 - - [31/Jul/2026:00:28:49 +0000] "GET /category/posido/ HTTP/1.1" 200 14503 "-" "Mozilla/5.0 (iPhone; CPU iPhone OS 13_2_3 like Mac OS X) AppleWebKit/605.1.15 (KHTML, like Gecko) Version/13.0.3 Mobile/15E148 Safari/604.1"
85.11.167.203 - - [31/Jul/2026:00:28:52 +0000] "POST /xmlrpc.php HTTP/1.1" 499 0 "-" "Mozilla/5.0"
85.11.167.203 - - [31/Jul/2026:00:28:56 +0000] "POST /xmlrpc.php HTTP/1.1" 499 0 "-" "Mozilla/5.0"
196.187.145.96 - - [31/Jul/2026:00:28:58 +0000] "GET /wp-login.php HTTP/1.1" 200 2162 "-" "Mozilla/5.0 (Windows NT 10.0; Win64; x64) AppleWebKit/537.36 (KHTML, like Gecko) Chrome/120.0.0.0 Safari/537.36"
151.233.224.138 - - [31/Jul/2026:00:28:59 +0000] "Jwr / HTTP/1.1" 400 166 "-" "-"
196.187.145.96 - - [31/Jul/2026:00:29:05 +0000] "POST /wp-login.php HTTP/1.1" 200 2328 "https://greenestate.com.bd/wp-login.php" "Mozilla/5.0 (Windows NT 10.0; Win64; x64) AppleWebKit/537.36 (KHTML, like Gecko) Chrome/120.0.0.0 Safari/537.36"
196.187.145.96 - - [31/Jul/2026:00:29:15 +0000] "POST /wp-login.php HTTP/1.1" 200 2328 "https://greenestate.com.bd/wp-login.php" "Mozilla/5.0 (Windows NT 10.0; Win64; x64) AppleWebKit/537.36 (KHTML, like Gecko) Chrome/120.0.0.0 Safari/537.36"
85.11.167.203 - - [31/Jul/2026:00:29:40 +0000] "POST /xmlrpc.php HTTP/1.1" 499 0 "-" "Mozilla/5.0"
10.10.0.2 - - [31/Jul/2026:00:29:40 +0000] "POST /wp-cron.php?doing_wp_cron=1785457780.3202579021453857421875 HTTP/1.1" 200 31 "-" "WordPress/6.9.4; https://greenestate.com.bd"
177.244.231.207 - - [31/Jul/2026:00:29:41 +0000] "POST /xmlrpc.php HTTP/1.1" 200 415 "-" "WordPress/5.0; https://greenestate.com.bd"
85.11.167.203 - - [31/Jul/2026:00:29:44 +0000] "POST /xmlrpc.php HTTP/1.1" 499 0 "-" "Mozilla/5.0"
66.249.74.36 - - [31/Jul/2026:00:29:46 +0000] "GET /2026/03/09/what-should-you-know-before-joining-house-of-jack-casino/ HTTP/1.1" 200 15451 "-" "Mozilla/5.0 (Linux; Android 6.0.1; Nexus 5X Build/MMB29P) AppleWebKit/537.36 (KHTML, like Gecko) Chrome/150.0.7871.186 Mobile Safari/537.36 (compatible; Googlebot/2.1; +http://www.google.com/bot.html)"
200.5.55.25 - - [31/Jul/2026:00:29:54 +0000] "GET / HTTP/1.1" 200 20445 "-" "Mozilla/5.0 (Windows NT 10.0; Win64; x64) AppleWebKit/537.36 (KHTML, like Gecko) Chrome/120.0.0.0 Safari/537.36"
182.10.161.129 - - [31/Jul/2026:00:30:05 +0000] "GET /wp-login.php HTTP/1.1" 200 2162 "-" "Mozilla/5.0 (Windows NT 10.0; Win64; x64) AppleWebKit/537.36 (KHTML, like Gecko) Chrome/120.0.0.0 Safari/537.36"
182.10.161.129 - - [31/Jul/2026:00:30:10 +0000] "POST /wp-login.php HTTP/1.1" 200 2328 "https://greenestate.com.bd/wp-login.php" "Mozilla/5.0 (Windows NT 10.0; Win64; x64) AppleWebKit/537.36 (KHTML, like Gecko) Chrome/120.0.0.0 Safari/537.36"
182.10.161.129 - - [31/Jul/2026:00:30:21 +0000] "POST /wp-login.php HTTP/1.1" 200 2328 "https://greenestate.com.bd/wp-login.php" "Mozilla/5.0 (Windows NT 10.0; Win64; x64) AppleWebKit/537.36 (KHTML, like Gecko) Chrome/120.0.0.0 Safari/537.36"
85.11.167.203 - - [31/Jul/2026:00:30:28 +0000] "POST /xmlrpc.php HTTP/1.1" 499 0 "-" "Mozilla/5.0"
10.10.0.2 - - [31/Jul/2026:00:30:28 +0000] "POST /wp-cron.php?doing_wp_cron=1785457828.8215630054473876953125 HTTP/1.1" 200 31 "-" "WordPress/6.9.4; https://greenestate.com.bd"
85.11.167.203 - - [31/Jul/2026:00:30:38 +0000] "POST /xmlrpc.php HTTP/1.1" 499 0 "-" "Mozilla/5.0"
212.129.77.79 - - [31/Jul/2026:00:30:47 +0000] "POST /xmlrpc.php HTTP/1.1" 200 415 "-" "WordPress/5.0; https://greenestate.com.bd"
179.26.44.250 - - [31/Jul/2026:00:30:57 +0000] "GET / HTTP/1.1" 200 20445 "-" "Mozilla/5.0 (Windows NT 10.0; Win64; x64) AppleWebKit/537.36 (KHTML, like Gecko) Chrome/120.0.0.0 Safari/537.36"
5.110.35.209 - - [31/Jul/2026:00:31:09 +0000] "GET /wp-login.php HTTP/1.1" 200 2162 "-" "Mozilla/5.0 (Windows NT 10.0; Win64; x64) AppleWebKit/537.36 (KHTML, like Gecko) Chrome/120.0.0.0 Safari/537.36"
5.110.35.209 - - [31/Jul/2026:00:31:13 +0000] "POST /wp-login.php HTTP/1.1" 200 2328 "https://greenestate.com.bd/wp-login.php" "Mozilla/5.0 (Windows NT 10.0; Win64; x64) AppleWebKit/537.36 (KHTML, like Gecko) Chrome/120.0.0.0 Safari/537.36"
85.11.167.203 - - [31/Jul/2026:00:31:19 +0000] "POST /xmlrpc.php HTTP/1.1" 499 0 "-" "Mozilla/5.0"
85.11.167.203 - - [31/Jul/2026:00:31:20 +0000] "POST /xmlrpc.php HTTP/1.1" 499 0 "-" "Mozilla/5.0"
5.110.35.209 - - [31/Jul/2026:00:31:23 +0000] "POST /wp-login.php HTTP/1.1" 200 2328 "https://greenestate.com.bd/wp-login.php" "Mozilla/5.0 (Windows NT 10.0; Win64; x64) AppleWebKit/537.36 (KHTML, like Gecko) Chrome/120.0.0.0 Safari/537.36"
10.10.0.2 - - [31/Jul/2026:00:31:24 +0000] "POST /wp-cron.php?doing_wp_cron=1785457884.9037580490112304687500 HTTP/1.1" 200 31 "-" "WordPress/6.9.4; https://greenestate.com.bd"
77.83.86.108 - - [31/Jul/2026:00:31:24 +0000] "POST / HTTP/1.1" 200 20439 "-" "Go-http-client/1.1"
103.132.183.41 - - [31/Jul/2026:00:31:47 +0000] "POST /xmlrpc.php HTTP/1.1" 200 415 "-" "WordPress/5.0; https://greenestate.com.bd"
181.122.200.48 - - [31/Jul/2026:00:31:57 +0000] "GET / HTTP/1.1" 301 178 "-" "Mozilla/5.0 (Windows NT 10.0; Win64; x64) AppleWebKit/537.36 (KHTML, like Gecko) Chrome/120.0.0.0 Safari/537.36"
85.11.167.203 - - [31/Jul/2026:00:32:08 +0000] "POST /xmlrpc.php HTTP/1.1" 499 0 "-" "Mozilla/5.0"
85.11.167.203 - - [31/Jul/2026:00:32:09 +0000] "POST /xmlrpc.php HTTP/1.1" 499 0 "-" "Mozilla/5.0"
181.55.22.203 - - [31/Jul/2026:00:32:12 +0000] "GET / HTTP/1.1" 200 20445 "-" "Mozilla/5.0 (Windows NT 10.0; Win64; x64) AppleWebKit/537.36 (KHTML, like Gecko) Chrome/120.0.0.0 Safari/537.36"
10.10.0.2 - - [31/Jul/2026:00:32:45 +0000] "POST /wp-cron.php?doing_wp_cron=1785457965.4178109169006347656250 HTTP/1.1" 200 31 "-" "WordPress/6.9.4; https://greenestate.com.bd"
77.137.64.63 - - [31/Jul/2026:00:32:45 +0000] "POST /wp-login.php HTTP/1.1" 200 2328 "https://greenestate.com.bd/wp-login.php" "Mozilla/5.0 (Windows NT 10.0; Win64; x64) AppleWebKit/537.36 (KHTML, like Gecko) Chrome/120.0.0.0 Safari/537.36"
85.11.167.203 - - [31/Jul/2026:00:32:54 +0000] "POST /xmlrpc.php HTTP/1.1" 499 0 "-" "Mozilla/5.0"
77.137.64.63 - - [31/Jul/2026:00:32:55 +0000] "POST /wp-login.php HTTP/1.1" 200 2328 "https://greenestate.com.bd/wp-login.php" "Mozilla/5.0 (Windows NT 10.0; Win64; x64) AppleWebKit/537.36 (KHTML, like Gecko) Chrome/120.0.0.0 Safari/537.36"
85.217.149.44 - - [31/Jul/2026:00:32:57 +0000] "GET / HTTP/1.1" 400 264 "-" "Mozilla/5.0 (compatible; ModatScanner/1.2; +https://modat.io/)"
85.217.149.44 - - [31/Jul/2026:00:32:57 +0000] "GET / HTTP/1.1" 301 5 "-" "Mozilla/5.0 (compatible; ModatScanner/1.2; +https://modat.io/)"
85.11.167.203 - - [31/Jul/2026:00:33:04 +0000] "POST /xmlrpc.php HTTP/1.1" 499 0 "-" "Mozilla/5.0"
77.137.64.63 - - [31/Jul/2026:00:33:05 +0000] "POST /wp-login.php HTTP/1.1" 200 2328 "https://greenestate.com.bd/wp-login.php" "Mozilla/5.0 (Windows NT 10.0; Win64; x64) AppleWebKit/537.36 (KHTML, like Gecko) Chrome/120.0.0.0 Safari/537.36"
77.137.64.63 - - [31/Jul/2026:00:33:12 +0000] "POST /xmlrpc.php HTTP/1.1" 200 415 "-" "WordPress/5.0; https://greenestate.com.bd"
10.10.0.2 - - [31/Jul/2026:00:33:43 +0000] "POST /wp-cron.php?doing_wp_cron=1785458023.2732050418853759765625 HTTP/1.1" 200 31 "-" "WordPress/6.9.4; https://greenestate.com.bd"
66.249.74.34 - - [31/Jul/2026:00:33:43 +0000] "GET /2026/07/30/ontdek-de-kracht-van-winnen-met-de-0xbet-app/ HTTP/1.1" 200 14838 "-" "Mozilla/5.0 (Linux; Android 6.0.1; Nexus 5X Build/MMB29P) AppleWebKit/537.36 (KHTML, like Gecko) Chrome/150.0.7871.186 Mobile Safari/537.36 (compatible; GoogleOther)"
85.11.167.203 - - [31/Jul/2026:00:33:43 +0000] "POST /xmlrpc.php HTTP/1.1" 499 0 "-" "Mozilla/5.0"
85.11.167.203 - - [31/Jul/2026:00:33:45 +0000] "POST /xmlrpc.php HTTP/1.1" 499 0 "-" "Mozilla/5.0"
144.124.196.69 - - [31/Jul/2026:00:34:01 +0000] "GET / HTTP/1.1" 200 20445 "-" "Mozilla/5.0 (Windows NT 10.0; Win64; x64) AppleWebKit/537.36 (KHTML, like Gecko) Chrome/120.0.0.0 Safari/537.36"
144.124.196.69 - - [31/Jul/2026:00:34:06 +0000] "GET /wp-login.php HTTP/1.1" 200 2162 "-" "Mozilla/5.0 (Windows NT 10.0; Win64; x64) AppleWebKit/537.36 (KHTML, like Gecko) Chrome/120.0.0.0 Safari/537.36"
66.249.74.34 - - [31/Jul/2026:00:34:09 +0000] "GET /2026/07/29/podrobny-pruvodce-sazenim-na-spinbetter/ HTTP/1.1" 200 16280 "-" "Mozilla/5.0 (Linux; Android 6.0.1; Nexus 5X Build/MMB29P) AppleWebKit/537.36 (KHTML, like Gecko) Chrome/150.0.7871.186 Mobile Safari/537.36 (compatible; Googlebot/2.1; +http://www.google.com/bot.html)"
144.124.196.69 - - [31/Jul/2026:00:34:12 +0000] "POST /wp-login.php HTTP/1.1" 200 2328 "https://greenestate.com.bd/wp-login.php" "Mozilla/5.0 (Windows NT 10.0; Win64; x64) AppleWebKit/537.36 (KHTML, like Gecko) Chrome/120.0.0.0 Safari/537.36"
144.124.196.69 - - [31/Jul/2026:00:34:22 +0000] "POST /wp-login.php HTTP/1.1" 200 2328 "https://greenestate.com.bd/wp-login.php" "Mozilla/5.0 (Windows NT 10.0; Win64; x64) AppleWebKit/537.36 (KHTML, like Gecko) Chrome/120.0.0.0 Safari/537.36"
10.10.0.2 - - [31/Jul/2026:00:34:32 +0000] "POST /wp-cron.php?doing_wp_cron=1785458072.4687390327453613281250 HTTP/1.1" 200 31 "-" "WordPress/6.9.4; https://greenestate.com.bd"
144.124.196.69 - - [31/Jul/2026:00:34:32 +0000] "POST /wp-login.php HTTP/1.1" 200 2328 "https://greenestate.com.bd/wp-login.php" "Mozilla/5.0 (Windows NT 10.0; Win64; x64) AppleWebKit/537.36 (KHTML, like Gecko) Chrome/120.0.0.0 Safari/537.36"
85.11.167.203 - - [31/Jul/2026:00:34:32 +0000] "POST /xmlrpc.php HTTP/1.1" 499 0 "-" "Mozilla/5.0"
85.11.167.203 - - [31/Jul/2026:00:34:36 +0000] "POST /xmlrpc.php HTTP/1.1" 499 0 "-" "Mozilla/5.0"
144.124.196.69 - - [31/Jul/2026:00:34:37 +0000] "POST /xmlrpc.php HTTP/1.1" 200 415 "-" "WordPress/5.0; https://greenestate.com.bd"
166.114.128.5 - - [31/Jul/2026:00:34:49 +0000] "GET / HTTP/1.1" 200 20445 "-" "Mozilla/5.0 (Windows NT 10.0; Win64; x64) AppleWebKit/537.36 (KHTML, like Gecko) Chrome/120.0.0.0 Safari/537.36"
196.207.227.205 - - [31/Jul/2026:00:35:03 +0000] "GET /wp-login.php HTTP/1.1" 200 2162 "-" "Mozilla/5.0 (Windows NT 10.0; Win64; x64) AppleWebKit/537.36 (KHTML, like Gecko) Chrome/120.0.0.0 Safari/537.36"
196.207.227.205 - - [31/Jul/2026:00:35:07 +0000] "POST /wp-login.php HTTP/1.1" 200 2328 "https://greenestate.com.bd/wp-login.php" "Mozilla/5.0 (Windows NT 10.0; Win64; x64) AppleWebKit/537.36 (KHTML, like Gecko) Chrome/120.0.0.0 Safari/537.36"
196.207.227.205 - - [31/Jul/2026:00:35:19 +0000] "POST /wp-login.php HTTP/1.1" 200 2328 "https://greenestate.com.bd/wp-login.php" "Mozilla/5.0 (Windows NT 10.0; Win64; x64) AppleWebKit/537.36 (KHTML, like Gecko) Chrome/120.0.0.0 Safari/537.36"
85.11.167.203 - - [31/Jul/2026:00:35:22 +0000] "POST /xmlrpc.php HTTP/1.1" 499 0 "-" "Mozilla/5.0"
85.11.167.203 - - [31/Jul/2026:00:35:24 +0000] "POST /xmlrpc.php HTTP/1.1" 499 0 "-" "Mozilla/5.0"
10.10.0.2 - - [31/Jul/2026:00:35:24 +0000] "POST /wp-cron.php?doing_wp_cron=1785458124.2867000102996826171875 HTTP/1.1" 200 31 "-" "WordPress/6.9.4; https://greenestate.com.bd"
196.207.227.205 - - [31/Jul/2026:00:35:30 +0000] "POST /wp-login.php HTTP/1.1" 200 2328 "https://greenestate.com.bd/wp-login.php" "Mozilla/5.0 (Windows NT 10.0; Win64; x64) AppleWebKit/537.36 (KHTML, like Gecko) Chrome/120.0.0.0 Safari/537.36"
196.207.227.205 - - [31/Jul/2026:00:35:37 +0000] "POST /xmlrpc.php HTTP/1.1" 200 415 "-" "WordPress/5.0; https://greenestate.com.bd"
187.190.211.61 - - [31/Jul/2026:00:35:46 +0000] "GET / HTTP/1.1" 200 20445 "-" "Mozilla/5.0 (Windows NT 10.0; Win64; x64) AppleWebKit/537.36 (KHTML, like Gecko) Chrome/120.0.0.0 Safari/537.36"
78.167.2.125 - - [31/Jul/2026:00:35:58 +0000] "GET /wp-login.php HTTP/1.1" 200 2162 "-" "Mozilla/5.0 (Windows NT 10.0; Win64; x64) AppleWebKit/537.36 (KHTML, like Gecko) Chrome/120.0.0.0 Safari/537.36"
78.167.2.125 - - [31/Jul/2026:00:36:03 +0000] "POST /wp-login.php HTTP/1.1" 200 2328 "https://greenestate.com.bd/wp-login.php" "Mozilla/5.0 (Windows NT 10.0; Win64; x64) AppleWebKit/537.36 (KHTML, like Gecko) Chrome/120.0.0.0 Safari/537.36"
85.11.167.203 - - [31/Jul/2026:00:36:13 +0000] "POST /xmlrpc.php HTTP/1.1" 499 0 "-" "Mozilla/5.0"
78.167.2.125 - - [31/Jul/2026:00:36:14 +0000] "POST /wp-login.php HTTP/1.1" 200 2328 "https://greenestate.com.bd/wp-login.php" "Mozilla/5.0 (Windows NT 10.0; Win64; x64) AppleWebKit/537.36 (KHTML, like Gecko) Chrome/120.0.0.0 Safari/537.36"
85.11.167.203 - - [31/Jul/2026:00:36:16 +0000] "POST /xmlrpc.php HTTP/1.1" 499 0 "-" "Mozilla/5.0"
10.10.0.2 - - [31/Jul/2026:00:36:24 +0000] "POST /wp-cron.php?doing_wp_cron=1785458184.6699469089508056640625 HTTP/1.1" 200 31 "-" "WordPress/6.9.4; https://greenestate.com.bd"
78.167.2.125 - - [31/Jul/2026:00:36:24 +0000] "POST /wp-login.php HTTP/1.1" 200 2328 "https://greenestate.com.bd/wp-login.php" "Mozilla/5.0 (Windows NT 10.0; Win64; x64) AppleWebKit/537.36 (KHTML, like Gecko) Chrome/120.0.0.0 Safari/537.36"
78.167.2.125 - - [31/Jul/2026:00:36:31 +0000] "POST /xmlrpc.php HTTP/1.1" 200 415 "-" "WordPress/5.0; https://greenestate.com.bd"
42.1.70.152 - - [31/Jul/2026:00:36:43 +0000] "GET / HTTP/1.1" 301 178 "-" "Mozilla/5.0 (Windows NT 10.0; Win64; x64) AppleWebKit/537.36 (KHTML, like Gecko) Chrome/120.0.0.0 Safari/537.36"
