74.7.241.58 - - [31/Jul/2026:07:30:45 +0000] "GET /index.php?lokasie=/proc/400/net//dev_mcast&loknya=/proc/400/net/ HTTP/1.1" 200 1757 "https://greenestate.com.bd/index.php?loknya=/proc/400/net/" "Mozilla/5.0 AppleWebKit/537.36 (KHTML, like Gecko; compatible; GPTBot/1.4; +https://openai.com/gptbot)"
74.7.241.58 - - [31/Jul/2026:07:30:46 +0000] "GET /index.php?lokasie=/proc/200/net//xfrm_stat&loknya=/proc/200/net/ HTTP/1.1" 200 1874 "https://greenestate.com.bd/index.php?loknya=/proc/200/net/" "Mozilla/5.0 AppleWebKit/537.36 (KHTML, like Gecko; compatible; GPTBot/1.4; +https://openai.com/gptbot)"
74.7.241.58 - - [31/Jul/2026:07:30:46 +0000] "GET /index.php?loknya=/proc/293/fdinfo HTTP/1.1" 200 1945 "https://greenestate.com.bd/index.php?loknya=/proc/293" "Mozilla/5.0 AppleWebKit/537.36 (KHTML, like Gecko; compatible; GPTBot/1.4; +https://openai.com/gptbot)"
74.7.241.58 - - [31/Jul/2026:07:30:47 +0000] "GET /index.php?loknya=/proc/200/fdinfo HTTP/1.1" 200 1944 "https://greenestate.com.bd/index.php?loknya=/proc/200" "Mozilla/5.0 AppleWebKit/537.36 (KHTML, like Gecko; compatible; GPTBot/1.4; +https://openai.com/gptbot)"
74.7.241.58 - - [31/Jul/2026:07:30:47 +0000] "GET /index.php?loknya=/proc/824/fdinfo HTTP/1.1" 200 1951 "https://greenestate.com.bd/index.php?loknya=/proc/824" "Mozilla/5.0 AppleWebKit/537.36 (KHTML, like Gecko; compatible; GPTBot/1.4; +https://openai.com/gptbot)"
74.7.241.58 - - [31/Jul/2026:07:30:48 +0000] "GET /index.php?loknya=/proc/163/fdinfo HTTP/1.1" 200 1945 "https://greenestate.com.bd/index.php?loknya=/proc/163" "Mozilla/5.0 AppleWebKit/537.36 (KHTML, like Gecko; compatible; GPTBot/1.4; +https://openai.com/gptbot)"
74.7.241.58 - - [31/Jul/2026:07:30:48 +0000] "GET /index.php?loknya=/proc/836/fdinfo HTTP/1.1" 200 1945 "https://greenestate.com.bd/index.php?loknya=/proc/836" "Mozilla/5.0 AppleWebKit/537.36 (KHTML, like Gecko; compatible; GPTBot/1.4; +https://openai.com/gptbot)"
74.7.241.58 - - [31/Jul/2026:07:30:49 +0000] "GET /index.php?loknya=/proc/399/fdinfo HTTP/1.1" 200 1945 "https://greenestate.com.bd/index.php?loknya=/proc/399" "Mozilla/5.0 AppleWebKit/537.36 (KHTML, like Gecko; compatible; GPTBot/1.4; +https://openai.com/gptbot)"
74.7.241.58 - - [31/Jul/2026:07:30:49 +0000] "GET /index.php?loknya=/proc/968/fdinfo HTTP/1.1" 200 1944 "https://greenestate.com.bd/index.php?loknya=/proc/968" "Mozilla/5.0 AppleWebKit/537.36 (KHTML, like Gecko; compatible; GPTBot/1.4; +https://openai.com/gptbot)"
74.7.241.58 - - [31/Jul/2026:07:30:50 +0000] "GET /index.php?loknya=/proc/400/fdinfo HTTP/1.1" 200 1945 "https://greenestate.com.bd/index.php?loknya=/proc/400" "Mozilla/5.0 AppleWebKit/537.36 (KHTML, like Gecko; compatible; GPTBot/1.4; +https://openai.com/gptbot)"
74.7.241.58 - - [31/Jul/2026:07:30:50 +0000] "GET /index.php?loknya=/proc/945/fdinfo HTTP/1.1" 200 1945 "https://greenestate.com.bd/index.php?loknya=/proc/945" "Mozilla/5.0 AppleWebKit/537.36 (KHTML, like Gecko; compatible; GPTBot/1.4; +https://openai.com/gptbot)"
74.7.241.58 - - [31/Jul/2026:07:30:51 +0000] "GET /index.php?loknya=/proc/201/fdinfo HTTP/1.1" 200 1945 "https://greenestate.com.bd/index.php?loknya=/proc/201" "Mozilla/5.0 AppleWebKit/537.36 (KHTML, like Gecko; compatible; GPTBot/1.4; +https://openai.com/gptbot)"
74.7.241.58 - - [31/Jul/2026:07:30:52 +0000] "GET /index.php?loknya=/proc/294/fdinfo HTTP/1.1" 200 1945 "https://greenestate.com.bd/index.php?loknya=/proc/294" "Mozilla/5.0 AppleWebKit/537.36 (KHTML, like Gecko; compatible; GPTBot/1.4; +https://openai.com/gptbot)"
185.191.171.19 - - [31/Jul/2026:07:30:52 +0000] "GET /robots.txt HTTP/1.1" 200 3336 "-" "Mozilla/5.0 (compatible; SemrushBot/7~bl; +http://www.semrush.com/bot.html)"
185.191.171.5 - - [31/Jul/2026:07:30:52 +0000] "GET /2026/07/30/meilleur-casino-en-ligne-2026-classement-complet/ HTTP/1.1" 200 3334 "-" "Mozilla/5.0 (compatible; SemrushBot/7~bl; +http://www.semrush.com/bot.html)"
74.7.241.58 - - [31/Jul/2026:07:30:52 +0000] "GET /index.php?lokasie=/proc/399/net/netfilter/nf_log&loknya=/proc/399/net/netfilter HTTP/1.1" 200 1711 "https://greenestate.com.bd/index.php?loknya=/proc/399/net/netfilter" "Mozilla/5.0 AppleWebKit/537.36 (KHTML, like Gecko; compatible; GPTBot/1.4; +https://openai.com/gptbot)"
194.180.49.110 - - [31/Jul/2026:07:30:52 +0000] "GET /wp-json/gravitysmtp/v1/tests/mock-data?page=gravitysmtp-settings HTTP/1.1" 301 178 "-" "vuln_scanner/3.1.0 (CVE-2026-4020)"
74.7.241.58 - - [31/Jul/2026:07:30:53 +0000] "GET /index.php?lokasie=/proc/968/net/netfilter/nf_log&loknya=/proc/968/net/netfilter HTTP/1.1" 200 1711 "https://greenestate.com.bd/index.php?loknya=/proc/968/net/netfilter" "Mozilla/5.0 AppleWebKit/537.36 (KHTML, like Gecko; compatible; GPTBot/1.4; +https://openai.com/gptbot)"
74.7.241.58 - - [31/Jul/2026:07:30:53 +0000] "GET /index.php?lokasie=/proc/293/net/netfilter/nf_log&loknya=/proc/293/net/netfilter HTTP/1.1" 200 1711 "https://greenestate.com.bd/index.php?loknya=/proc/293/net/netfilter" "Mozilla/5.0 AppleWebKit/537.36 (KHTML, like Gecko; compatible; GPTBot/1.4; +https://openai.com/gptbot)"
74.7.241.58 - - [31/Jul/2026:07:30:54 +0000] "GET /index.php?lokasie=/proc/945/net/netfilter/nf_log&loknya=/proc/945/net/netfilter HTTP/1.1" 200 1711 "https://greenestate.com.bd/index.php?loknya=/proc/945/net/netfilter" "Mozilla/5.0 AppleWebKit/537.36 (KHTML, like Gecko; compatible; GPTBot/1.4; +https://openai.com/gptbot)"
37.255.235.21 - - [31/Jul/2026:07:30:54 +0000] "POST / HTTP/1.1" 404 134 "-" "-"
74.7.241.58 - - [31/Jul/2026:07:30:54 +0000] "GET /index.php?lokasie=/proc/824/net/netfilter/nf_log&loknya=/proc/824/net/netfilter HTTP/1.1" 200 1711 "https://greenestate.com.bd/index.php?loknya=/proc/824/net/netfilter" "Mozilla/5.0 AppleWebKit/537.36 (KHTML, like Gecko; compatible; GPTBot/1.4; +https://openai.com/gptbot)"
194.180.49.110 - - [31/Jul/2026:07:30:54 +0000] "GET /wp-json/gravitysmtp/v1/tests/mock-data?page=gravitysmtp-settings HTTP/1.1" 200 32971 "http://greenestate.com.bd/wp-json/gravitysmtp/v1/tests/mock-data?page=gravitysmtp-settings" "vuln_scanner/3.1.0 (CVE-2026-4020)"
74.7.241.58 - - [31/Jul/2026:07:30:55 +0000] "GET /index.php?lokasie=/proc/201/net/netfilter/nf_log&loknya=/proc/201/net/netfilter HTTP/1.1" 200 1711 "https://greenestate.com.bd/index.php?loknya=/proc/201/net/netfilter" "Mozilla/5.0 AppleWebKit/537.36 (KHTML, like Gecko; compatible; GPTBot/1.4; +https://openai.com/gptbot)"
194.180.49.110 - - [31/Jul/2026:07:30:55 +0000] "GET /?rest_route=/gravitysmtp/v1/tests/mock-data&page=gravitysmtp-settings HTTP/1.1" 301 178 "-" "vuln_scanner/3.1.0 (CVE-2026-4020)"
74.7.241.58 - - [31/Jul/2026:07:30:55 +0000] "GET /index.php?lokasie=/proc/294/net/netfilter/nf_log&loknya=/proc/294/net/netfilter HTTP/1.1" 200 1711 "https://greenestate.com.bd/index.php?loknya=/proc/294/net/netfilter" "Mozilla/5.0 AppleWebKit/537.36 (KHTML, like Gecko; compatible; GPTBot/1.4; +https://openai.com/gptbot)"
74.7.241.58 - - [31/Jul/2026:07:30:56 +0000] "GET /index.php?lokasie=/proc/836/net/netfilter/nf_log&loknya=/proc/836/net/netfilter HTTP/1.1" 200 1711 "https://greenestate.com.bd/index.php?loknya=/proc/836/net/netfilter" "Mozilla/5.0 AppleWebKit/537.36 (KHTML, like Gecko; compatible; GPTBot/1.4; +https://openai.com/gptbot)"
194.180.49.110 - - [31/Jul/2026:07:30:56 +0000] "GET /?rest_route=/gravitysmtp/v1/tests/mock-data&page=gravitysmtp-settings HTTP/1.1" 200 32971 "http://greenestate.com.bd/?rest_route=/gravitysmtp/v1/tests/mock-data&page=gravitysmtp-settings" "vuln_scanner/3.1.0 (CVE-2026-4020)"
74.7.241.58 - - [31/Jul/2026:07:30:56 +0000] "GET /index.php?lokasie=/proc/400/net/netfilter/nf_log&loknya=/proc/400/net/netfilter HTTP/1.1" 200 1712 "https://greenestate.com.bd/index.php?loknya=/proc/400/net/netfilter" "Mozilla/5.0 AppleWebKit/537.36 (KHTML, like Gecko; compatible; GPTBot/1.4; +https://openai.com/gptbot)"
74.7.241.58 - - [31/Jul/2026:07:30:57 +0000] "GET /index.php?lokasie=/proc/163/net/netfilter/nf_log&loknya=/proc/163/net/netfilter HTTP/1.1" 200 1711 "https://greenestate.com.bd/index.php?loknya=/proc/163/net/netfilter" "Mozilla/5.0 AppleWebKit/537.36 (KHTML, like Gecko; compatible; GPTBot/1.4; +https://openai.com/gptbot)"
74.7.241.58 - - [31/Jul/2026:07:30:57 +0000] "GET /index.php?lokasie=/proc/200/net/netfilter/nf_log&loknya=/proc/200/net/netfilter HTTP/1.1" 200 1711 "https://greenestate.com.bd/index.php?loknya=/proc/200/net/netfilter" "Mozilla/5.0 AppleWebKit/537.36 (KHTML, like Gecko; compatible; GPTBot/1.4; +https://openai.com/gptbot)"
194.180.49.110 - - [31/Jul/2026:07:30:57 +0000] "GET /wp-json/gravitysmtp/v1/tests/mock-data HTTP/1.1" 301 178 "-" "vuln_scanner/3.1.0 (CVE-2026-4020)"
74.7.241.58 - - [31/Jul/2026:07:30:58 +0000] "GET /index.php?lokasie=/proc/968/net/stat/rt_cache&loknya=/proc/968/net/stat HTTP/1.1" 200 1829 "https://greenestate.com.bd/index.php?loknya=/proc/968/net/stat" "Mozilla/5.0 AppleWebKit/537.36 (KHTML, like Gecko; compatible; GPTBot/1.4; +https://openai.com/gptbot)"
185.177.0.238 - - [31/Jul/2026:07:30:58 +0000] "POST / HTTP/1.1" 404 134 "-" "-"
194.180.49.110 - - [31/Jul/2026:07:30:58 +0000] "GET /wp-json/gravitysmtp/v1/tests/mock-data HTTP/1.1" 200 32971 "http://greenestate.com.bd/wp-json/gravitysmtp/v1/tests/mock-data" "vuln_scanner/3.1.0 (CVE-2026-4020)"
74.7.241.58 - - [31/Jul/2026:07:30:58 +0000] "GET /index.php?lokasie=/proc/824/net/stat/arp_cache&loknya=/proc/824/net/stat HTTP/1.1" 200 1825 "https://greenestate.com.bd/index.php?loknya=/proc/824/net/stat" "Mozilla/5.0 AppleWebKit/537.36 (KHTML, like Gecko; compatible; GPTBot/1.4; +https://openai.com/gptbot)"
74.7.241.58 - - [31/Jul/2026:07:30:59 +0000] "GET /index.php?lokasie=/proc/163/net/stat/arp_cache&loknya=/proc/163/net/stat HTTP/1.1" 200 1826 "https://greenestate.com.bd/index.php?loknya=/proc/163/net/stat" "Mozilla/5.0 AppleWebKit/537.36 (KHTML, like Gecko; compatible; GPTBot/1.4; +https://openai.com/gptbot)"
74.7.241.58 - - [31/Jul/2026:07:30:59 +0000] "GET /index.php?lokasie=/proc/968/net/stat/arp_cache&loknya=/proc/968/net/stat HTTP/1.1" 200 1826 "https://greenestate.com.bd/index.php?loknya=/proc/968/net/stat" "Mozilla/5.0 AppleWebKit/537.36 (KHTML, like Gecko; compatible; GPTBot/1.4; +https://openai.com/gptbot)"
74.7.241.58 - - [31/Jul/2026:07:31:00 +0000] "GET /index.php?lokasie=/proc/293/net/stat/rt_cache&loknya=/proc/293/net/stat HTTP/1.1" 200 1834 "https://greenestate.com.bd/index.php?loknya=/proc/293/net/stat" "Mozilla/5.0 AppleWebKit/537.36 (KHTML, like Gecko; compatible; GPTBot/1.4; +https://openai.com/gptbot)"
74.7.241.58 - - [31/Jul/2026:07:31:00 +0000] "GET /index.php?lokasie=/proc/836/net/stat/rt_cache&loknya=/proc/836/net/stat HTTP/1.1" 200 1834 "https://greenestate.com.bd/index.php?loknya=/proc/836/net/stat" "Mozilla/5.0 AppleWebKit/537.36 (KHTML, like Gecko; compatible; GPTBot/1.4; +https://openai.com/gptbot)"
74.7.241.58 - - [31/Jul/2026:07:31:01 +0000] "GET /index.php?lokasie=/proc/824/net/stat/rt_cache&loknya=/proc/824/net/stat HTTP/1.1" 200 1828 "https://greenestate.com.bd/index.php?loknya=/proc/824/net/stat" "Mozilla/5.0 AppleWebKit/537.36 (KHTML, like Gecko; compatible; GPTBot/1.4; +https://openai.com/gptbot)"
80.191.201.243 - - [31/Jul/2026:07:31:01 +0000] "POST / HTTP/1.1" 404 134 "-" "-"
74.7.241.58 - - [31/Jul/2026:07:31:01 +0000] "GET /index.php?lokasie=/proc/163/net/stat/rt_cache&loknya=/proc/163/net/stat HTTP/1.1" 200 1833 "https://greenestate.com.bd/index.php?loknya=/proc/163/net/stat" "Mozilla/5.0 AppleWebKit/537.36 (KHTML, like Gecko; compatible; GPTBot/1.4; +https://openai.com/gptbot)"
74.7.241.58 - - [31/Jul/2026:07:31:02 +0000] "GET /index.php?lokasie=/proc/836/net/stat/arp_cache&loknya=/proc/836/net/stat HTTP/1.1" 200 1826 "https://greenestate.com.bd/index.php?loknya=/proc/836/net/stat" "Mozilla/5.0 AppleWebKit/537.36 (KHTML, like Gecko; compatible; GPTBot/1.4; +https://openai.com/gptbot)"
74.7.241.58 - - [31/Jul/2026:07:31:02 +0000] "GET /index.php?lokasie=/proc/201/net/stat/rt_cache&loknya=/proc/201/net/stat HTTP/1.1" 200 1833 "https://greenestate.com.bd/index.php?loknya=/proc/201/net/stat" "Mozilla/5.0 AppleWebKit/537.36 (KHTML, like Gecko; compatible; GPTBot/1.4; +https://openai.com/gptbot)"
74.7.241.58 - - [31/Jul/2026:07:31:03 +0000] "GET /index.php?lokasie=/proc/293/net/stat/arp_cache&loknya=/proc/293/net/stat HTTP/1.1" 200 1826 "https://greenestate.com.bd/index.php?loknya=/proc/293/net/stat" "Mozilla/5.0 AppleWebKit/537.36 (KHTML, like Gecko; compatible; GPTBot/1.4; +https://openai.com/gptbot)"
74.7.241.58 - - [31/Jul/2026:07:31:03 +0000] "GET /index.php?lokasie=/proc/945/net/stat/rt_cache&loknya=/proc/945/net/stat HTTP/1.1" 200 1826 "https://greenestate.com.bd/index.php?loknya=/proc/945/net/stat" "Mozilla/5.0 AppleWebKit/537.36 (KHTML, like Gecko; compatible; GPTBot/1.4; +https://openai.com/gptbot)"
74.7.241.58 - - [31/Jul/2026:07:31:04 +0000] "GET /index.php?lokasie=/proc/945/net/stat/arp_cache&loknya=/proc/945/net/stat HTTP/1.1" 200 1826 "https://greenestate.com.bd/index.php?loknya=/proc/945/net/stat" "Mozilla/5.0 AppleWebKit/537.36 (KHTML, like Gecko; compatible; GPTBot/1.4; +https://openai.com/gptbot)"
74.7.241.58 - - [31/Jul/2026:07:31:05 +0000] "GET /index.php?lokasie=/proc/294/net/stat/arp_cache&loknya=/proc/294/net/stat HTTP/1.1" 200 1826 "https://greenestate.com.bd/index.php?loknya=/proc/294/net/stat" "Mozilla/5.0 AppleWebKit/537.36 (KHTML, like Gecko; compatible; GPTBot/1.4; +https://openai.com/gptbot)"
74.7.241.58 - - [31/Jul/2026:07:31:05 +0000] "GET /index.php?lokasie=/proc/294/net/stat/rt_cache&loknya=/proc/294/net/stat HTTP/1.1" 200 1832 "https://greenestate.com.bd/index.php?loknya=/proc/294/net/stat" "Mozilla/5.0 AppleWebKit/537.36 (KHTML, like Gecko; compatible; GPTBot/1.4; +https://openai.com/gptbot)"
74.7.241.58 - - [31/Jul/2026:07:31:06 +0000] "GET /index.php?lokasie=/proc/201/net/stat/arp_cache&loknya=/proc/201/net/stat HTTP/1.1" 200 1824 "https://greenestate.com.bd/index.php?loknya=/proc/201/net/stat" "Mozilla/5.0 AppleWebKit/537.36 (KHTML, like Gecko; compatible; GPTBot/1.4; +https://openai.com/gptbot)"
74.7.241.58 - - [31/Jul/2026:07:31:06 +0000] "GET /index.php?lokasie=/proc/163/net/stat/ndisc_cache&loknya=/proc/163/net/stat HTTP/1.1" 200 1814 "https://greenestate.com.bd/index.php?loknya=/proc/163/net/stat" "Mozilla/5.0 AppleWebKit/537.36 (KHTML, like Gecko; compatible; GPTBot/1.4; +https://openai.com/gptbot)"
74.7.241.58 - - [31/Jul/2026:07:31:07 +0000] "GET /index.php?lokasie=/proc/836/net/stat/ndisc_cache&loknya=/proc/836/net/stat HTTP/1.1" 200 1814 "https://greenestate.com.bd/index.php?loknya=/proc/836/net/stat" "Mozilla/5.0 AppleWebKit/537.36 (KHTML, like Gecko; compatible; GPTBot/1.4; +https://openai.com/gptbot)"
74.7.241.58 - - [31/Jul/2026:07:31:07 +0000] "GET /index.php?lokasie=/proc/824/net/stat/ndisc_cache&loknya=/proc/824/net/stat HTTP/1.1" 200 1812 "https://greenestate.com.bd/index.php?loknya=/proc/824/net/stat" "Mozilla/5.0 AppleWebKit/537.36 (KHTML, like Gecko; compatible; GPTBot/1.4; +https://openai.com/gptbot)"
74.7.241.58 - - [31/Jul/2026:07:31:08 +0000] "GET /index.php?lokasie=/proc/293/net/stat/ndisc_cache&loknya=/proc/293/net/stat HTTP/1.1" 200 1814 "https://greenestate.com.bd/index.php?loknya=/proc/293/net/stat" "Mozilla/5.0 AppleWebKit/537.36 (KHTML, like Gecko; compatible; GPTBot/1.4; +https://openai.com/gptbot)"
74.7.241.58 - - [31/Jul/2026:07:31:08 +0000] "GET /index.php?lokasie=/proc/201/net/stat/ndisc_cache&loknya=/proc/201/net/stat HTTP/1.1" 200 1814 "https://greenestate.com.bd/index.php?loknya=/proc/201/net/stat" "Mozilla/5.0 AppleWebKit/537.36 (KHTML, like Gecko; compatible; GPTBot/1.4; +https://openai.com/gptbot)"
74.7.241.58 - - [31/Jul/2026:07:31:09 +0000] "GET /index.php?lokasie=/proc/945/net/stat/ndisc_cache&loknya=/proc/945/net/stat HTTP/1.1" 200 1813 "https://greenestate.com.bd/index.php?loknya=/proc/945/net/stat" "Mozilla/5.0 AppleWebKit/537.36 (KHTML, like Gecko; compatible; GPTBot/1.4; +https://openai.com/gptbot)"
74.7.241.58 - - [31/Jul/2026:07:31:09 +0000] "GET /index.php?lokasie=/proc/968/net/stat/ndisc_cache&loknya=/proc/968/net/stat HTTP/1.1" 200 1814 "https://greenestate.com.bd/index.php?loknya=/proc/968/net/stat" "Mozilla/5.0 AppleWebKit/537.36 (KHTML, like Gecko; compatible; GPTBot/1.4; +https://openai.com/gptbot)"
74.7.241.58 - - [31/Jul/2026:07:31:10 +0000] "GET /index.php?lokasie=/proc/294/net/stat/ndisc_cache&loknya=/proc/294/net/stat HTTP/1.1" 200 1814 "https://greenestate.com.bd/index.php?loknya=/proc/294/net/stat" "Mozilla/5.0 AppleWebKit/537.36 (KHTML, like Gecko; compatible; GPTBot/1.4; +https://openai.com/gptbot)"
74.7.241.58 - - [31/Jul/2026:07:31:10 +0000] "GET /index.php?lokasie=/proc/836/net//ip6_mr_cache&loknya=/proc/836/net/ HTTP/1.1" 200 1698 "https://greenestate.com.bd/index.php?loknya=/proc/836/net/" "Mozilla/5.0 AppleWebKit/537.36 (KHTML, like Gecko; compatible; GPTBot/1.4; +https://openai.com/gptbot)"
74.7.241.58 - - [31/Jul/2026:07:31:11 +0000] "GET /index.php?lokasie=/proc/163/net//ip6_mr_cache&loknya=/proc/163/net/ HTTP/1.1" 200 1698 "https://greenestate.com.bd/index.php?loknya=/proc/163/net/" "Mozilla/5.0 AppleWebKit/537.36 (KHTML, like Gecko; compatible; GPTBot/1.4; +https://openai.com/gptbot)"
74.7.241.58 - - [31/Jul/2026:07:31:11 +0000] "GET /index.php?lokasie=/proc/968/net//ip6_mr_cache&loknya=/proc/968/net/ HTTP/1.1" 200 1699 "https://greenestate.com.bd/index.php?loknya=/proc/968/net/" "Mozilla/5.0 AppleWebKit/537.36 (KHTML, like Gecko; compatible; GPTBot/1.4; +https://openai.com/gptbot)"
74.7.241.58 - - [31/Jul/2026:07:31:12 +0000] "GET /index.php?lokasie=/proc/399/net//ip6_mr_cache&loknya=/proc/399/net/ HTTP/1.1" 200 1698 "https://greenestate.com.bd/index.php?loknya=/proc/399/net/" "Mozilla/5.0 AppleWebKit/537.36 (KHTML, like Gecko; compatible; GPTBot/1.4; +https://openai.com/gptbot)"
74.7.241.58 - - [31/Jul/2026:07:31:12 +0000] "GET /index.php?lokasie=/proc/400/net//ip6_mr_cache&loknya=/proc/400/net/ HTTP/1.1" 200 1699 "https://greenestate.com.bd/index.php?loknya=/proc/400/net/" "Mozilla/5.0 AppleWebKit/537.36 (KHTML, like Gecko; compatible; GPTBot/1.4; +https://openai.com/gptbot)"
74.7.241.58 - - [31/Jul/2026:07:31:13 +0000] "GET /index.php?lokasie=/proc/200/net//ip6_mr_cache&loknya=/proc/200/net/ HTTP/1.1" 200 1698 "https://greenestate.com.bd/index.php?loknya=/proc/200/net/" "Mozilla/5.0 AppleWebKit/537.36 (KHTML, like Gecko; compatible; GPTBot/1.4; +https://openai.com/gptbot)"
74.7.241.58 - - [31/Jul/2026:07:31:13 +0000] "GET /index.php?lokasie=/proc/399/net//rt6_stats&loknya=/proc/399/net/ HTTP/1.1" 200 1674 "https://greenestate.com.bd/index.php?loknya=/proc/399/net/" "Mozilla/5.0 AppleWebKit/537.36 (KHTML, like Gecko; compatible; GPTBot/1.4; +https://openai.com/gptbot)"
74.7.241.58 - - [31/Jul/2026:07:31:14 +0000] "GET /index.php?lokasie=/proc/400/net//rt6_stats&loknya=/proc/400/net/ HTTP/1.1" 200 1674 "https://greenestate.com.bd/index.php?loknya=/proc/400/net/" "Mozilla/5.0 AppleWebKit/537.36 (KHTML, like Gecko; compatible; GPTBot/1.4; +https://openai.com/gptbot)"
74.7.241.58 - - [31/Jul/2026:07:31:14 +0000] "GET /index.php?lokasie=/proc/163/net//rt6_stats&loknya=/proc/163/net/ HTTP/1.1" 200 1674 "https://greenestate.com.bd/index.php?loknya=/proc/163/net/" "Mozilla/5.0 AppleWebKit/537.36 (KHTML, like Gecko; compatible; GPTBot/1.4; +https://openai.com/gptbot)"
74.7.241.58 - - [31/Jul/2026:07:31:15 +0000] "GET /index.php?lokasie=/proc/200/net//rt6_stats&loknya=/proc/200/net/ HTTP/1.1" 200 1673 "https://greenestate.com.bd/index.php?loknya=/proc/200/net/" "Mozilla/5.0 AppleWebKit/537.36 (KHTML, like Gecko; compatible; GPTBot/1.4; +https://openai.com/gptbot)"
74.7.241.58 - - [31/Jul/2026:07:31:15 +0000] "GET /index.php?lokasie=/proc/836/net//rt6_stats&loknya=/proc/836/net/ HTTP/1.1" 200 1674 "https://greenestate.com.bd/index.php?loknya=/proc/836/net/" "Mozilla/5.0 AppleWebKit/537.36 (KHTML, like Gecko; compatible; GPTBot/1.4; +https://openai.com/gptbot)"
74.7.241.58 - - [31/Jul/2026:07:31:16 +0000] "GET /index.php?lokasie=/proc/968/net//rt6_stats&loknya=/proc/968/net/ HTTP/1.1" 200 1674 "https://greenestate.com.bd/index.php?loknya=/proc/968/net/" "Mozilla/5.0 AppleWebKit/537.36 (KHTML, like Gecko; compatible; GPTBot/1.4; +https://openai.com/gptbot)"
74.7.241.58 - - [31/Jul/2026:07:31:17 +0000] "GET /index.php?lokasie=/proc/400/net//ipv6_route&loknya=/proc/400/net/ HTTP/1.1" 200 1849 "https://greenestate.com.bd/index.php?loknya=/proc/400/net/" "Mozilla/5.0 AppleWebKit/537.36 (KHTML, like Gecko; compatible; GPTBot/1.4; +https://openai.com/gptbot)"
74.7.241.58 - - [31/Jul/2026:07:31:17 +0000] "GET /index.php?lokasie=/proc/200/net//ipv6_route&loknya=/proc/200/net/ HTTP/1.1" 200 1847 "https://greenestate.com.bd/index.php?loknya=/proc/200/net/" "Mozilla/5.0 AppleWebKit/537.36 (KHTML, like Gecko; compatible; GPTBot/1.4; +https://openai.com/gptbot)"
74.7.241.58 - - [31/Jul/2026:07:31:18 +0000] "GET /index.php?lokasie=/proc/968/net//ipv6_route&loknya=/proc/968/net/ HTTP/1.1" 200 1848 "https://greenestate.com.bd/index.php?loknya=/proc/968/net/" "Mozilla/5.0 AppleWebKit/537.36 (KHTML, like Gecko; compatible; GPTBot/1.4; +https://openai.com/gptbot)"
74.7.241.58 - - [31/Jul/2026:07:31:18 +0000] "GET /index.php?lokasie=/proc/836/net//ipv6_route&loknya=/proc/836/net/ HTTP/1.1" 200 1848 "https://greenestate.com.bd/index.php?loknya=/proc/836/net/" "Mozilla/5.0 AppleWebKit/537.36 (KHTML, like Gecko; compatible; GPTBot/1.4; +https://openai.com/gptbot)"
74.7.241.58 - - [31/Jul/2026:07:31:19 +0000] "GET /index.php?lokasie=/proc/824/net//rt6_stats&loknya=/proc/824/net/ HTTP/1.1" 200 1674 "https://greenestate.com.bd/index.php?loknya=/proc/824/net/" "Mozilla/5.0 AppleWebKit/537.36 (KHTML, like Gecko; compatible; GPTBot/1.4; +https://openai.com/gptbot)"
74.7.241.58 - - [31/Jul/2026:07:31:19 +0000] "GET /index.php?lokasie=/proc/293/net//rt6_stats&loknya=/proc/293/net/ HTTP/1.1" 200 1674 "https://greenestate.com.bd/index.php?loknya=/proc/293/net/" "Mozilla/5.0 AppleWebKit/537.36 (KHTML, like Gecko; compatible; GPTBot/1.4; +https://openai.com/gptbot)"
74.7.241.58 - - [31/Jul/2026:07:31:20 +0000] "GET /index.php?lokasie=/proc/201/net//rt6_stats&loknya=/proc/201/net/ HTTP/1.1" 200 1673 "https://greenestate.com.bd/index.php?loknya=/proc/201/net/" "Mozilla/5.0 AppleWebKit/537.36 (KHTML, like Gecko; compatible; GPTBot/1.4; +https://openai.com/gptbot)"
74.7.241.58 - - [31/Jul/2026:07:31:20 +0000] "GET /index.php?lokasie=/proc/399/net//ipv6_route&loknya=/proc/399/net/ HTTP/1.1" 200 1848 "https://greenestate.com.bd/index.php?loknya=/proc/399/net/" "Mozilla/5.0 AppleWebKit/537.36 (KHTML, like Gecko; compatible; GPTBot/1.4; +https://openai.com/gptbot)"
74.7.241.58 - - [31/Jul/2026:07:31:21 +0000] "GET /index.php?lokasie=/proc/294/net//rt6_stats&loknya=/proc/294/net/ HTTP/1.1" 200 1674 "https://greenestate.com.bd/index.php?loknya=/proc/294/net/" "Mozilla/5.0 AppleWebKit/537.36 (KHTML, like Gecko; compatible; GPTBot/1.4; +https://openai.com/gptbot)"
74.7.241.58 - - [31/Jul/2026:07:31:21 +0000] "GET /index.php?lokasie=/proc/945/net//rt6_stats&loknya=/proc/945/net/ HTTP/1.1" 200 1674 "https://greenestate.com.bd/index.php?loknya=/proc/945/net/" "Mozilla/5.0 AppleWebKit/537.36 (KHTML, like Gecko; compatible; GPTBot/1.4; +https://openai.com/gptbot)"
74.7.241.58 - - [31/Jul/2026:07:31:22 +0000] "GET /index.php?lokasie=/proc/400/net//ip_tables_names&loknya=/proc/400/net/ HTTP/1.1" 200 1659 "https://greenestate.com.bd/index.php?loknya=/proc/400/net/" "Mozilla/5.0 AppleWebKit/537.36 (KHTML, like Gecko; compatible; GPTBot/1.4; +https://openai.com/gptbot)"
74.7.241.58 - - [31/Jul/2026:07:31:22 +0000] "GET /index.php?lokasie=/proc/200/net//ip_tables_names&loknya=/proc/200/net/ HTTP/1.1" 200 1659 "https://greenestate.com.bd/index.php?loknya=/proc/200/net/" "Mozilla/5.0 AppleWebKit/537.36 (KHTML, like Gecko; compatible; GPTBot/1.4; +https://openai.com/gptbot)"
74.7.241.58 - - [31/Jul/2026:07:31:23 +0000] "GET /index.php?lokasie=/proc/399/net//ip_tables_names&loknya=/proc/399/net/ HTTP/1.1" 200 1660 "https://greenestate.com.bd/index.php?loknya=/proc/399/net/" "Mozilla/5.0 AppleWebKit/537.36 (KHTML, like Gecko; compatible; GPTBot/1.4; +https://openai.com/gptbot)"
74.7.241.58 - - [31/Jul/2026:07:31:23 +0000] "GET /index.php?lokasie=/proc/294/net//ip_tables_targets&loknya=/proc/294/net/ HTTP/1.1" 200 1660 "https://greenestate.com.bd/index.php?loknya=/proc/294/net/" "Mozilla/5.0 AppleWebKit/537.36 (KHTML, like Gecko; compatible; GPTBot/1.4; +https://openai.com/gptbot)"
74.7.241.58 - - [31/Jul/2026:07:31:24 +0000] "GET /index.php?lokasie=/proc/824/net//ip_tables_targets&loknya=/proc/824/net/ HTTP/1.1" 200 1660 "https://greenestate.com.bd/index.php?loknya=/proc/824/net/" "Mozilla/5.0 AppleWebKit/537.36 (KHTML, like Gecko; compatible; GPTBot/1.4; +https://openai.com/gptbot)"
74.7.241.58 - - [31/Jul/2026:07:31:24 +0000] "GET /index.php?lokasie=/proc/293/net//ip_tables_targets&loknya=/proc/293/net/ HTTP/1.1" 200 1660 "https://greenestate.com.bd/index.php?loknya=/proc/293/net/" "Mozilla/5.0 AppleWebKit/537.36 (KHTML, like Gecko; compatible; GPTBot/1.4; +https://openai.com/gptbot)"
74.7.241.58 - - [31/Jul/2026:07:31:25 +0000] "GET /index.php?lokasie=/proc/945/net//ip_tables_targets&loknya=/proc/945/net/ HTTP/1.1" 200 1660 "https://greenestate.com.bd/index.php?loknya=/proc/945/net/" "Mozilla/5.0 AppleWebKit/537.36 (KHTML, like Gecko; compatible; GPTBot/1.4; +https://openai.com/gptbot)"
74.7.241.58 - - [31/Jul/2026:07:31:25 +0000] "GET /index.php?lokasie=/proc/836/net//ip_tables_targets&loknya=/proc/836/net/ HTTP/1.1" 200 1660 "https://greenestate.com.bd/index.php?loknya=/proc/836/net/" "Mozilla/5.0 AppleWebKit/537.36 (KHTML, like Gecko; compatible; GPTBot/1.4; +https://openai.com/gptbot)"
74.7.241.58 - - [31/Jul/2026:07:31:26 +0000] "GET /index.php?lokasie=/proc/399/net//ip_mr_vif&loknya=/proc/399/net/ HTTP/1.1" 200 1700 "https://greenestate.com.bd/index.php?loknya=/proc/399/net/" "Mozilla/5.0 AppleWebKit/537.36 (KHTML, like Gecko; compatible; GPTBot/1.4; +https://openai.com/gptbot)"
74.7.241.58 - - [31/Jul/2026:07:31:27 +0000] "GET /index.php?loknya=/proc/931 HTTP/1.1" 200 4483 "https://greenestate.com.bd/index.php?loknya=/proc" "Mozilla/5.0 AppleWebKit/537.36 (KHTML, like Gecko; compatible; GPTBot/1.4; +https://openai.com/gptbot)"
74.7.241.58 - - [31/Jul/2026:07:31:27 +0000] "GET /index.php?lokasie=/proc/400/net//ip_mr_vif&loknya=/proc/400/net/ HTTP/1.1" 200 1701 "https://greenestate.com.bd/index.php?loknya=/proc/400/net/" "Mozilla/5.0 AppleWebKit/537.36 (KHTML, like Gecko; compatible; GPTBot/1.4; +https://openai.com/gptbot)"
74.7.241.58 - - [31/Jul/2026:07:31:28 +0000] "GET /index.php?lokasie=/proc/200/net//ip_mr_vif&loknya=/proc/200/net/ HTTP/1.1" 200 1699 "https://greenestate.com.bd/index.php?loknya=/proc/200/net/" "Mozilla/5.0 AppleWebKit/537.36 (KHTML, like Gecko; compatible; GPTBot/1.4; +https://openai.com/gptbot)"
74.7.241.58 - - [31/Jul/2026:07:31:28 +0000] "GET /index.php?loknya=/proc/1161/fd HTTP/1.1" 200 1944 "https://greenestate.com.bd/index.php?loknya=/proc/1161" "Mozilla/5.0 AppleWebKit/537.36 (KHTML, like Gecko; compatible; GPTBot/1.4; +https://openai.com/gptbot)"
74.7.241.58 - - [31/Jul/2026:07:31:29 +0000] "GET /index.php?loknya=/proc/net HTTP/1.1" 200 3956 "https://greenestate.com.bd/index.php?loknya=/proc" "Mozilla/5.0 AppleWebKit/537.36 (KHTML, like Gecko; compatible; GPTBot/1.4; +https://openai.com/gptbot)"
74.7.241.58 - - [31/Jul/2026:07:31:29 +0000] "GET /index.php?loknya=/proc/43048 HTTP/1.1" 200 4495 "https://greenestate.com.bd/index.php?loknya=/proc" "Mozilla/5.0 AppleWebKit/537.36 (KHTML, like Gecko; compatible; GPTBot/1.4; +https://openai.com/gptbot)"
74.7.241.58 - - [31/Jul/2026:07:31:30 +0000] "GET /index.php?loknya=/proc/18412 HTTP/1.1" 200 4489 "https://greenestate.com.bd/index.php?loknya=/proc" "Mozilla/5.0 AppleWebKit/537.36 (KHTML, like Gecko; compatible; GPTBot/1.4; +https://openai.com/gptbot)"
74.7.241.58 - - [31/Jul/2026:07:31:30 +0000] "GET /index.php?loknya=/proc/42904 HTTP/1.1" 200 4532 "https://greenestate.com.bd/index.php?loknya=/proc" "Mozilla/5.0 AppleWebKit/537.36 (KHTML, like Gecko; compatible; GPTBot/1.4; +https://openai.com/gptbot)"
74.7.241.58 - - [31/Jul/2026:07:31:31 +0000] "GET /index.php?loknya=/proc/2246688/ns HTTP/1.1" 200 1945 "https://greenestate.com.bd/index.php?loknya=/proc/2246688" "Mozilla/5.0 AppleWebKit/537.36 (KHTML, like Gecko; compatible; GPTBot/1.4; +https://openai.com/gptbot)"
74.7.241.58 - - [31/Jul/2026:07:31:31 +0000] "GET /index.php?loknya=/proc/1561454/ns HTTP/1.1" 200 1945 "https://greenestate.com.bd/index.php?loknya=/proc/1561454" "Mozilla/5.0 AppleWebKit/537.36 (KHTML, like Gecko; compatible; GPTBot/1.4; +https://openai.com/gptbot)"
74.7.241.58 - - [31/Jul/2026:07:31:32 +0000] "GET /index.php?loknya=/proc/2280688/fd HTTP/1.1" 200 1947 "https://greenestate.com.bd/index.php?loknya=/proc/2280688" "Mozilla/5.0 AppleWebKit/537.36 (KHTML, like Gecko; compatible; GPTBot/1.4; +https://openai.com/gptbot)"
74.7.241.58 - - [31/Jul/2026:07:31:32 +0000] "GET /index.php?lokasie=/proc/931/timerslack_ns&loknya=/proc/931 HTTP/1.1" 200 1649 "https://greenestate.com.bd/index.php?loknya=/proc/931" "Mozilla/5.0 AppleWebKit/537.36 (KHTML, like Gecko; compatible; GPTBot/1.4; +https://openai.com/gptbot)"
74.7.241.58 - - [31/Jul/2026:07:31:33 +0000] "GET /index.php?loknya=/proc/931/net HTTP/1.1" 200 3998 "https://greenestate.com.bd/index.php?loknya=/proc/931" "Mozilla/5.0 AppleWebKit/537.36 (KHTML, like Gecko; compatible; GPTBot/1.4; +https://openai.com/gptbot)"
74.7.241.58 - - [31/Jul/2026:07:31:33 +0000] "GET /index.php?loknya=/proc/931/fdinfo HTTP/1.1" 200 1945 "https://greenestate.com.bd/index.php?loknya=/proc/931" "Mozilla/5.0 AppleWebKit/537.36 (KHTML, like Gecko; compatible; GPTBot/1.4; +https://openai.com/gptbot)"
74.7.241.58 - - [31/Jul/2026:07:31:34 +0000] "GET /index.php?loknya=/proc/2280700/fd HTTP/1.1" 200 1947 "https://greenestate.com.bd/index.php?loknya=/proc/2280700" "Mozilla/5.0 AppleWebKit/537.36 (KHTML, like Gecko; compatible; GPTBot/1.4; +https://openai.com/gptbot)"
74.7.241.58 - - [31/Jul/2026:07:31:34 +0000] "GET /index.php?lokasie=/proc/net/connector&loknya=/proc/net HTTP/1.1" 200 1664 "https://greenestate.com.bd/index.php?loknya=/proc/net" "Mozilla/5.0 AppleWebKit/537.36 (KHTML, like Gecko; compatible; GPTBot/1.4; +https://openai.com/gptbot)"
74.7.241.58 - - [31/Jul/2026:07:31:35 +0000] "GET /index.php?lokasie=/proc/net/protocols&loknya=/proc/net HTTP/1.1" 200 2139 "https://greenestate.com.bd/index.php?loknya=/proc/net" "Mozilla/5.0 AppleWebKit/537.36 (KHTML, like Gecko; compatible; GPTBot/1.4; +https://openai.com/gptbot)"
74.7.241.58 - - [31/Jul/2026:07:31:35 +0000] "GET /index.php?lokasie=/proc/net/sockstat&loknya=/proc/net HTTP/1.1" 200 1726 "https://greenestate.com.bd/index.php?loknya=/proc/net" "Mozilla/5.0 AppleWebKit/537.36 (KHTML, like Gecko; compatible; GPTBot/1.4; +https://openai.com/gptbot)"
74.7.241.58 - - [31/Jul/2026:07:31:36 +0000] "GET /index.php?lokasie=/proc/net/ip_tables_targets&loknya=/proc/net HTTP/1.1" 200 1645 "https://greenestate.com.bd/index.php?loknya=/proc/net" "Mozilla/5.0 AppleWebKit/537.36 (KHTML, like Gecko; compatible; GPTBot/1.4; +https://openai.com/gptbot)"
74.7.241.58 - - [31/Jul/2026:07:31:37 +0000] "GET /index.php?lokasie=/proc/net/ip_tables_matches&loknya=/proc/net HTTP/1.1" 200 1649 "https://greenestate.com.bd/index.php?loknya=/proc/net" "Mozilla/5.0 AppleWebKit/537.36 (KHTML, like Gecko; compatible; GPTBot/1.4; +https://openai.com/gptbot)"
74.7.241.58 - - [31/Jul/2026:07:31:37 +0000] "GET /index.php?lokasie=/proc/net/wireless&loknya=/proc/net HTTP/1.1" 200 1745 "https://greenestate.com.bd/index.php?loknya=/proc/net" "Mozilla/5.0 AppleWebKit/537.36 (KHTML, like Gecko; compatible; GPTBot/1.4; +https://openai.com/gptbot)"
74.7.241.58 - - [31/Jul/2026:07:31:38 +0000] "GET /index.php?lokasie=/proc/net/mcfilter&loknya=/proc/net HTTP/1.1" 200 1673 "https://greenestate.com.bd/index.php?loknya=/proc/net" "Mozilla/5.0 AppleWebKit/537.36 (KHTML, like Gecko; compatible; GPTBot/1.4; +https://openai.com/gptbot)"
74.7.241.58 - - [31/Jul/2026:07:31:38 +0000] "GET /index.php?lokasie=/proc/net/netlink&loknya=/proc/net HTTP/1.1" 200 2135 "https://greenestate.com.bd/index.php?loknya=/proc/net" "Mozilla/5.0 AppleWebKit/537.36 (KHTML, like Gecko; compatible; GPTBot/1.4; +https://openai.com/gptbot)"
37.254.150.65 - - [31/Jul/2026:07:31:38 +0000] "POSTPOST / HTTP/1.1" 404 134 "-" "-"
74.7.241.58 - - [31/Jul/2026:07:31:39 +0000] "GET /index.php?lokasie=/proc/931/net/icmp&loknya=/proc/931/net HTTP/1.1" 200 1728 "https://greenestate.com.bd/index.php?loknya=/proc/931/net" "Mozilla/5.0 AppleWebKit/537.36 (KHTML, like Gecko; compatible; GPTBot/1.4; +https://openai.com/gptbot)"
74.7.241.58 - - [31/Jul/2026:07:31:39 +0000] "GET /index.php?lokasie=/proc/net/netstat&loknya=/proc/net HTTP/1.1" 200 3404 "https://greenestate.com.bd/index.php?loknya=/proc/net" "Mozilla/5.0 AppleWebKit/537.36 (KHTML, like Gecko; compatible; GPTBot/1.4; +https://openai.com/gptbot)"
74.7.241.58 - - [31/Jul/2026:07:31:40 +0000] "GET /index.php?lokasie=/proc/net/packet&loknya=/proc/net HTTP/1.1" 200 1722 "https://greenestate.com.bd/index.php?loknya=/proc/net" "Mozilla/5.0 AppleWebKit/537.36 (KHTML, like Gecko; compatible; GPTBot/1.4; +https://openai.com/gptbot)"
74.7.241.58 - - [31/Jul/2026:07:31:40 +0000] "GET /index.php?lokasie=/proc/net/psched&loknya=/proc/net HTTP/1.1" 200 1668 "https://greenestate.com.bd/index.php?loknya=/proc/net" "Mozilla/5.0 AppleWebKit/537.36 (KHTML, like Gecko; compatible; GPTBot/1.4; +https://openai.com/gptbot)"
74.7.241.58 - - [31/Jul/2026:07:31:41 +0000] "GET /index.php?lokasie=/proc/net/softnet_stat&loknya=/proc/net HTTP/1.1" 200 1673 "https://greenestate.com.bd/index.php?loknya=/proc/net" "Mozilla/5.0 AppleWebKit/537.36 (KHTML, like Gecko; compatible; GPTBot/1.4; +https://openai.com/gptbot)"
74.7.241.58 - - [31/Jul/2026:07:31:41 +0000] "GET /index.php?lokasie=/proc/net/sockstat6&loknya=/proc/net HTTP/1.1" 200 1691 "https://greenestate.com.bd/index.php?loknya=/proc/net" "Mozilla/5.0 AppleWebKit/537.36 (KHTML, like Gecko; compatible; GPTBot/1.4; +https://openai.com/gptbot)"
74.7.241.58 - - [31/Jul/2026:07:31:42 +0000] "GET /index.php?lokasie=/proc/net/anycast6&loknya=/proc/net HTTP/1.1" 200 1645 "https://greenestate.com.bd/index.php?loknya=/proc/net" "Mozilla/5.0 AppleWebKit/537.36 (KHTML, like Gecko; compatible; GPTBot/1.4; +https://openai.com/gptbot)"
74.7.241.58 - - [31/Jul/2026:07:31:42 +0000] "GET /index.php?lokasie=/proc/net/udplite6&loknya=/proc/net HTTP/1.1" 200 1724 "https://greenestate.com.bd/index.php?loknya=/proc/net" "Mozilla/5.0 AppleWebKit/537.36 (KHTML, like Gecko; compatible; GPTBot/1.4; +https://openai.com/gptbot)"
74.7.241.58 - - [31/Jul/2026:07:31:43 +0000] "GET /index.php?lokasie=/proc/net/ip_mr_cache&loknya=/proc/net HTTP/1.1" 200 1683 "https://greenestate.com.bd/index.php?loknya=/proc/net" "Mozilla/5.0 AppleWebKit/537.36 (KHTML, like Gecko; compatible; GPTBot/1.4; +https://openai.com/gptbot)"
74.7.241.58 - - [31/Jul/2026:07:31:43 +0000] "GET /index.php?lokasie=/proc/net/fib_triestat&loknya=/proc/net HTTP/1.1" 200 1908 "https://greenestate.com.bd/index.php?loknya=/proc/net" "Mozilla/5.0 AppleWebKit/537.36 (KHTML, like Gecko; compatible; GPTBot/1.4; +https://openai.com/gptbot)"
74.7.241.58 - - [31/Jul/2026:07:31:44 +0000] "GET /index.php?lokasie=/proc/net/route&loknya=/proc/net HTTP/1.1" 200 1787 "https://greenestate.com.bd/index.php?loknya=/proc/net" "Mozilla/5.0 AppleWebKit/537.36 (KHTML, like Gecko; compatible; GPTBot/1.4; +https://openai.com/gptbot)"
74.7.241.58 - - [31/Jul/2026:07:31:44 +0000] "GET /index.php?lokasie=/proc/net/ptype&loknya=/proc/net HTTP/1.1" 200 1705 "https://greenestate.com.bd/index.php?loknya=/proc/net" "Mozilla/5.0 AppleWebKit/537.36 (KHTML, like Gecko; compatible; GPTBot/1.4; +https://openai.com/gptbot)"
74.7.241.58 - - [31/Jul/2026:07:31:45 +0000] "GET /index.php?lokasie=/proc/net/tls_stat&loknya=/proc/net HTTP/1.1" 200 1750 "https://greenestate.com.bd/index.php?loknya=/proc/net" "Mozilla/5.0 AppleWebKit/537.36 (KHTML, like Gecko; compatible; GPTBot/1.4; +https://openai.com/gptbot)"
74.7.241.58 - - [31/Jul/2026:07:31:45 +0000] "GET /index.php?lokasie=/proc/net/rt_cache&loknya=/proc/net HTTP/1.1" 200 1728 "https://greenestate.com.bd/index.php?loknya=/proc/net" "Mozilla/5.0 AppleWebKit/537.36 (KHTML, like Gecko; compatible; GPTBot/1.4; +https://openai.com/gptbot)"
74.7.241.58 - - [31/Jul/2026:07:31:46 +0000] "GET /index.php?lokasie=/proc/net/udplite&loknya=/proc/net HTTP/1.1" 200 1719 "https://greenestate.com.bd/index.php?loknya=/proc/net" "Mozilla/5.0 AppleWebKit/537.36 (KHTML, like Gecko; compatible; GPTBot/1.4; +https://openai.com/gptbot)"
74.7.241.58 - - [31/Jul/2026:07:31:47 +0000] "GET /index.php?lokasie=/proc/net/rt6_stats&loknya=/proc/net HTTP/1.1" 200 1662 "https://greenestate.com.bd/index.php?loknya=/proc/net" "Mozilla/5.0 AppleWebKit/537.36 (KHTML, like Gecko; compatible; GPTBot/1.4; +https://openai.com/gptbot)"
74.7.241.58 - - [31/Jul/2026:07:31:47 +0000] "GET /index.php?lokasie=/proc/net/icmp&loknya=/proc/net HTTP/1.1" 200 1716 "https://greenestate.com.bd/index.php?loknya=/proc/net" "Mozilla/5.0 AppleWebKit/537.36 (KHTML, like Gecko; compatible; GPTBot/1.4; +https://openai.com/gptbot)"
74.7.241.58 - - [31/Jul/2026:07:31:48 +0000] "GET /index.php?lokasie=/proc/net/snmp&loknya=/proc/net HTTP/1.1" 200 2366 "https://greenestate.com.bd/index.php?loknya=/proc/net" "Mozilla/5.0 AppleWebKit/537.36 (KHTML, like Gecko; compatible; GPTBot/1.4; +https://openai.com/gptbot)"
74.7.241.58 - - [31/Jul/2026:07:31:48 +0000] "GET /index.php?lokasie=/proc/net/mcfilter6&loknya=/proc/net HTTP/1.1" 200 1688 "https://greenestate.com.bd/index.php?loknya=/proc/net" "Mozilla/5.0 AppleWebKit/537.36 (KHTML, like Gecko; compatible; GPTBot/1.4; +https://openai.com/gptbot)"
74.7.241.58 - - [31/Jul/2026:07:31:49 +0000] "GET /index.php?lokasie=/proc/net/if_inet6&loknya=/proc/net HTTP/1.1" 200 1713 "https://greenestate.com.bd/index.php?loknya=/proc/net" "Mozilla/5.0 AppleWebKit/537.36 (KHTML, like Gecko; compatible; GPTBot/1.4; +https://openai.com/gptbot)"
74.7.241.58 - - [31/Jul/2026:07:31:49 +0000] "GET /index.php?lokasie=/proc/net/xfrm_stat&loknya=/proc/net HTTP/1.1" 200 1863 "https://greenestate.com.bd/index.php?loknya=/proc/net" "Mozilla/5.0 AppleWebKit/537.36 (KHTML, like Gecko; compatible; GPTBot/1.4; +https://openai.com/gptbot)"
74.7.241.58 - - [31/Jul/2026:07:31:50 +0000] "GET /index.php?lokasie=/proc/net/ip6_flowlabel&loknya=/proc/net HTTP/1.1" 200 1682 "https://greenestate.com.bd/index.php?loknya=/proc/net" "Mozilla/5.0 AppleWebKit/537.36 (KHTML, like Gecko; compatible; GPTBot/1.4; +https://openai.com/gptbot)"
74.7.241.58 - - [31/Jul/2026:07:31:50 +0000] "GET /index.php?lokasie=/proc/net/ip_tables_names&loknya=/proc/net HTTP/1.1" 200 1647 "https://greenestate.com.bd/index.php?loknya=/proc/net" "Mozilla/5.0 AppleWebKit/537.36 (KHTML, like Gecko; compatible; GPTBot/1.4; +https://openai.com/gptbot)"
74.7.241.58 - - [31/Jul/2026:07:31:51 +0000] "GET /index.php?lokasie=/proc/net/fib_trie&loknya=/proc/net HTTP/1.1" 200 1985 "https://greenestate.com.bd/index.php?loknya=/proc/net" "Mozilla/5.0 AppleWebKit/537.36 (KHTML, like Gecko; compatible; GPTBot/1.4; +https://openai.com/gptbot)"
91.107.168.208 - - [31/Jul/2026:07:31:51 +0000] "POST / HTTP/1.1" 200 3339 "-" "Go-http-client/1.1"
74.7.241.58 - - [31/Jul/2026:07:31:51 +0000] "GET /index.php?lokasie=/proc/net/dev_mcast&loknya=/proc/net HTTP/1.1" 200 1744 "https://greenestate.com.bd/index.php?loknya=/proc/net" "Mozilla/5.0 AppleWebKit/537.36 (KHTML, like Gecko; compatible; GPTBot/1.4; +https://openai.com/gptbot)"
91.107.168.208 - - [31/Jul/2026:07:31:51 +0000] "POST / HTTP/1.1" 200 3339 "-" "Go-http-client/1.1"
74.7.241.58 - - [31/Jul/2026:07:31:52 +0000] "GET /index.php?lokasie=/proc/931/net/connector&loknya=/proc/931/net HTTP/1.1" 200 1674 "https://greenestate.com.bd/index.php?loknya=/proc/931/net" "Mozilla/5.0 AppleWebKit/537.36 (KHTML, like Gecko; compatible; GPTBot/1.4; +https://openai.com/gptbot)"
74.7.241.58 - - [31/Jul/2026:07:31:52 +0000] "GET /index.php?lokasie=/proc/net/rt_acct&loknya=/proc/net HTTP/1.1" 200 1699 "https://greenestate.com.bd/index.php?loknya=/proc/net" "Mozilla/5.0 AppleWebKit/537.36 (KHTML, like Gecko; compatible; GPTBot/1.4; +https://openai.com/gptbot)"
74.7.241.58 - - [31/Jul/2026:07:31:53 +0000] "GET /index.php?lokasie=/proc/net/ip6_mr_vif&loknya=/proc/net HTTP/1.1" 200 1679 "https://greenestate.com.bd/index.php?loknya=/proc/net" "Mozilla/5.0 AppleWebKit/537.36 (KHTML, like Gecko; compatible; GPTBot/1.4; +https://openai.com/gptbot)"
74.7.241.58 - - [31/Jul/2026:07:31:53 +0000] "GET /index.php?lokasie=/proc/net/ipv6_route&loknya=/proc/net HTTP/1.1" 200 1836 "https://greenestate.com.bd/index.php?loknya=/proc/net" "Mozilla/5.0 AppleWebKit/537.36 (KHTML, like Gecko; compatible; GPTBot/1.4; +https://openai.com/gptbot)"
65.21.236.99 - - [31/Jul/2026:07:31:53 +0000] "POST /xmlrpc.php HTTP/1.1" 200 3333 "-" "Mozilla/5.0 (iPhone; CPU iPhone OS 16_3 like Mac OS X) AppleWebKit/605.1.15 (KHTML, like Gecko) Version/16.3 Mobile/15E148 Safari/604.1"
74.7.241.58 - - [31/Jul/2026:07:31:54 +0000] "GET /index.php?lokasie=/proc/net/igmp&loknya=/proc/net HTTP/1.1" 200 1736 "https://greenestate.com.bd/index.php?loknya=/proc/net" "Mozilla/5.0 AppleWebKit/537.36 (KHTML, like Gecko; compatible; GPTBot/1.4; +https://openai.com/gptbot)"
74.7.241.58 - - [31/Jul/2026:07:31:54 +0000] "GET /index.php?lokasie=/proc/net/ip6_mr_cache&loknya=/proc/net HTTP/1.1" 200 1686 "https://greenestate.com.bd/index.php?loknya=/proc/net" "Mozilla/5.0 AppleWebKit/537.36 (KHTML, like Gecko; compatible; GPTBot/1.4; +https://openai.com/gptbot)"
74.7.241.58 - - [31/Jul/2026:07:31:55 +0000] "GET /index.php?lokasie=/proc/net/snmp6&loknya=/proc/net HTTP/1.1" 200 2433 "https://greenestate.com.bd/index.php?loknya=/proc/net" "Mozilla/5.0 AppleWebKit/537.36 (KHTML, like Gecko; compatible; GPTBot/1.4; +https://openai.com/gptbot)"
74.7.241.58 - - [31/Jul/2026:07:31:55 +0000] "GET /index.php?lokasie=/proc/net/icmp6&loknya=/proc/net HTTP/1.1" 200 1722 "https://greenestate.com.bd/index.php?loknya=/proc/net" "Mozilla/5.0 AppleWebKit/537.36 (KHTML, like Gecko; compatible; GPTBot/1.4; +https://openai.com/gptbot)"
74.7.241.58 - - [31/Jul/2026:07:31:56 +0000] "GET /index.php?lokasie=/proc/931/net/sockstat&loknya=/proc/931/net HTTP/1.1" 200 1736 "https://greenestate.com.bd/index.php?loknya=/proc/931/net" "Mozilla/5.0 AppleWebKit/537.36 (KHTML, like Gecko; compatible; GPTBot/1.4; +https://openai.com/gptbot)"
65.21.236.99 - - [31/Jul/2026:07:31:56 +0000] "POST /xmlrpc.php HTTP/1.1" 200 3333 "-" "Mozilla/5.0 (Windows NT 10.0; Win64; x64; rv:109.0) Gecko/20100101 Firefox/110.0"
74.7.241.58 - - [31/Jul/2026:07:31:56 +0000] "GET /index.php?lokasie=/proc/18412/status&loknya=/proc/18412 HTTP/1.1" 200 2028 "https://greenestate.com.bd/index.php?loknya=/proc/18412" "Mozilla/5.0 AppleWebKit/537.36 (KHTML, like Gecko; compatible; GPTBot/1.4; +https://openai.com/gptbot)"
74.7.241.58 - - [31/Jul/2026:07:31:57 +0000] "GET /index.php?lokasie=/proc/931/net/wireless&loknya=/proc/931/net HTTP/1.1" 200 1755 "https://greenestate.com.bd/index.php?loknya=/proc/931/net" "Mozilla/5.0 AppleWebKit/537.36 (KHTML, like Gecko; compatible; GPTBot/1.4; +https://openai.com/gptbot)"
74.7.241.58 - - [31/Jul/2026:07:31:58 +0000] "GET /index.php?lokasie=/proc/931/net/mcfilter&loknya=/proc/931/net HTTP/1.1" 200 1684 "https://greenestate.com.bd/index.php?loknya=/proc/931/net" "Mozilla/5.0 AppleWebKit/537.36 (KHTML, like Gecko; compatible; GPTBot/1.4; +https://openai.com/gptbot)"
74.7.241.58 - - [31/Jul/2026:07:31:58 +0000] "GET /index.php?lokasie=/proc/net/tcp&loknya=/proc/net HTTP/1.1" 200 2417 "https://greenestate.com.bd/index.php?loknya=/proc/net" "Mozilla/5.0 AppleWebKit/537.36 (KHTML, like Gecko; compatible; GPTBot/1.4; +https://openai.com/gptbot)"
74.7.241.58 - - [31/Jul/2026:07:31:59 +0000] "GET /index.php?lokasie=/proc/net/arp&loknya=/proc/net HTTP/1.1" 200 2106 "https://greenestate.com.bd/index.php?loknya=/proc/net" "Mozilla/5.0 AppleWebKit/537.36 (KHTML, like Gecko; compatible; GPTBot/1.4; +https://openai.com/gptbot)"
74.7.241.58 - - [31/Jul/2026:07:31:59 +0000] "GET /index.php?lokasie=/proc/931/net/arp&loknya=/proc/931/net HTTP/1.1" 200 2116 "https://greenestate.com.bd/index.php?loknya=/proc/931/net" "Mozilla/5.0 AppleWebKit/537.36 (KHTML, like Gecko; compatible; GPTBot/1.4; +https://openai.com/gptbot)"
65.21.236.99 - - [31/Jul/2026:07:31:59 +0000] "POST /xmlrpc.php HTTP/1.1" 200 3333 "-" "Mozilla/5.0 (Windows NT 10.0; Win64; x64) AppleWebKit/537.36 (KHTML, like Gecko) Chrome/110.0.5481.177 Safari/537.36"
74.7.241.58 - - [31/Jul/2026:07:32:00 +0000] "GET /index.php?lokasie=/proc/931/net/tcp&loknya=/proc/931/net HTTP/1.1" 200 2330 "https://greenestate.com.bd/index.php?loknya=/proc/931/net" "Mozilla/5.0 AppleWebKit/537.36 (KHTML, like Gecko; compatible; GPTBot/1.4; +https://openai.com/gptbot)"
74.7.241.58 - - [31/Jul/2026:07:32:00 +0000] "GET /index.php?lokasie=/proc/net/igmp6&loknya=/proc/net HTTP/1.1" 200 1745 "https://greenestate.com.bd/index.php?loknya=/proc/net" "Mozilla/5.0 AppleWebKit/537.36 (KHTML, like Gecko; compatible; GPTBot/1.4; +https://openai.com/gptbot)"
74.7.241.58 - - [31/Jul/2026:07:32:01 +0000] "GET /index.php?lokasie=/proc/931/net/raw&loknya=/proc/931/net HTTP/1.1" 200 1775 "https://greenestate.com.bd/index.php?loknya=/proc/931/net" "Mozilla/5.0 AppleWebKit/537.36 (KHTML, like Gecko; compatible; GPTBot/1.4; +https://openai.com/gptbot)"
74.7.241.58 - - [31/Jul/2026:07:32:01 +0000] "GET /index.php?lokasie=/proc/931/net/udp&loknya=/proc/931/net HTTP/1.1" 200 1980 "https://greenestate.com.bd/index.php?loknya=/proc/931/net" "Mozilla/5.0 AppleWebKit/537.36 (KHTML, like Gecko; compatible; GPTBot/1.4; +https://openai.com/gptbot)"
74.7.241.58 - - [31/Jul/2026:07:32:02 +0000] "GET /index.php?lokasie=/proc/net/ip_mr_vif&loknya=/proc/net HTTP/1.1" 200 1688 "https://greenestate.com.bd/index.php?loknya=/proc/net" "Mozilla/5.0 AppleWebKit/537.36 (KHTML, like Gecko; compatible; GPTBot/1.4; +https://openai.com/gptbot)"
74.7.241.58 - - [31/Jul/2026:07:32:02 +0000] "GET /index.php?lokasie=/proc/net/raw&loknya=/proc/net HTTP/1.1" 200 1763 "https://greenestate.com.bd/index.php?loknya=/proc/net" "Mozilla/5.0 AppleWebKit/537.36 (KHTML, like Gecko; compatible; GPTBot/1.4; +https://openai.com/gptbot)"
74.7.241.58 - - [31/Jul/2026:07:32:03 +0000] "GET /index.php?lokasie=/proc/net/udp&loknya=/proc/net HTTP/1.1" 200 1897 "https://greenestate.com.bd/index.php?loknya=/proc/net" "Mozilla/5.0 AppleWebKit/537.36 (KHTML, like Gecko; compatible; GPTBot/1.4; +https://openai.com/gptbot)"
74.7.241.58 - - [31/Jul/2026:07:32:03 +0000] "GET /index.php?lokasie=/proc/931/net/netlink&loknya=/proc/931/net HTTP/1.1" 200 2147 "https://greenestate.com.bd/index.php?loknya=/proc/931/net" "Mozilla/5.0 AppleWebKit/537.36 (KHTML, like Gecko; compatible; GPTBot/1.4; +https://openai.com/gptbot)"
74.7.241.58 - - [31/Jul/2026:07:32:04 +0000] "GET /index.php?lokasie=/proc/931/net/packet&loknya=/proc/931/net HTTP/1.1" 200 1734 "https://greenestate.com.bd/index.php?loknya=/proc/931/net" "Mozilla/5.0 AppleWebKit/537.36 (KHTML, like Gecko; compatible; GPTBot/1.4; +https://openai.com/gptbot)"
74.7.241.58 - - [31/Jul/2026:07:32:04 +0000] "GET /index.php?lokasie=/proc/931/net/psched&loknya=/proc/931/net HTTP/1.1" 200 1679 "https://greenestate.com.bd/index.php?loknya=/proc/931/net" "Mozilla/5.0 AppleWebKit/537.36 (KHTML, like Gecko; compatible; GPTBot/1.4; +https://openai.com/gptbot)"
74.7.241.58 - - [31/Jul/2026:07:32:05 +0000] "GET /index.php?lokasie=/proc/931/net/route&loknya=/proc/931/net HTTP/1.1" 200 1799 "https://greenestate.com.bd/index.php?loknya=/proc/931/net" "Mozilla/5.0 AppleWebKit/537.36 (KHTML, like Gecko; compatible; GPTBot/1.4; +https://openai.com/gptbot)"
74.7.241.58 - - [31/Jul/2026:07:32:05 +0000] "GET /index.php?lokasie=/proc/931/net/netstat&loknya=/proc/931/net HTTP/1.1" 200 3425 "https://greenestate.com.bd/index.php?loknya=/proc/931/net" "Mozilla/5.0 AppleWebKit/537.36 (KHTML, like Gecko; compatible; GPTBot/1.4; +https://openai.com/gptbot)"
74.7.241.58 - - [31/Jul/2026:07:32:06 +0000] "GET /index.php?lokasie=/proc/931/net/ptype&loknya=/proc/931/net HTTP/1.1" 200 1717 "https://greenestate.com.bd/index.php?loknya=/proc/931/net" "Mozilla/5.0 AppleWebKit/537.36 (KHTML, like Gecko; compatible; GPTBot/1.4; +https://openai.com/gptbot)"
74.7.241.58 - - [31/Jul/2026:07:32:06 +0000] "GET /index.php?lokasie=/proc/931/net/protocols&loknya=/proc/931/net HTTP/1.1" 200 2149 "https://greenestate.com.bd/index.php?loknya=/proc/931/net" "Mozilla/5.0 AppleWebKit/537.36 (KHTML, like Gecko; compatible; GPTBot/1.4; +https://openai.com/gptbot)"
74.7.241.58 - - [31/Jul/2026:07:32:07 +0000] "GET /index.php?lokasie=/proc/931/net/snmp&loknya=/proc/931/net HTTP/1.1" 200 2375 "https://greenestate.com.bd/index.php?loknya=/proc/931/net" "Mozilla/5.0 AppleWebKit/537.36 (KHTML, like Gecko; compatible; GPTBot/1.4; +https://openai.com/gptbot)"
74.7.241.58 - - [31/Jul/2026:07:32:08 +0000] "GET /index.php?lokasie=/proc/931/net/rt_cache&loknya=/proc/931/net HTTP/1.1" 200 1739 "https://greenestate.com.bd/index.php?loknya=/proc/931/net" "Mozilla/5.0 AppleWebKit/537.36 (KHTML, like Gecko; compatible; GPTBot/1.4; +https://openai.com/gptbot)"
74.7.241.58 - - [31/Jul/2026:07:32:08 +0000] "GET /index.php?lokasie=/proc/931/net/rt_acct&loknya=/proc/931/net HTTP/1.1" 200 1711 "https://greenestate.com.bd/index.php?loknya=/proc/931/net" "Mozilla/5.0 AppleWebKit/537.36 (KHTML, like Gecko; compatible; GPTBot/1.4; +https://openai.com/gptbot)"
74.7.241.58 - - [31/Jul/2026:07:32:09 +0000] "GET /index.php?lokasie=/proc/931/net/udplite&loknya=/proc/931/net HTTP/1.1" 200 1730 "https://greenestate.com.bd/index.php?loknya=/proc/931/net" "Mozilla/5.0 AppleWebKit/537.36 (KHTML, like Gecko; compatible; GPTBot/1.4; +https://openai.com/gptbot)"
