154.12.185.30 - - [31/Jul/2026:01:27:21 +0000] "GET /wp-content/uploads/2025/09/cropped-WhatsApp-Image-2025-09-13-at-7.43.55-PM-32x32.jpeg HTTP/1.1" 200 1283 "https://greenestate.com.bd/" "Mozilla/5.0 (Windows NT 10.0; Win64; x64) AppleWebKit/537.36 (KHTML, like Gecko) Chrome/150.0.0.0 Safari/537.36"
106.75.49.194 - - [31/Jul/2026:01:27:23 +0000] "GET / HTTP/1.1" 301 178 "-" "Mozilla/5.0 (Windows NT 8_0; Win64; x64) AppleWebKit/543.36 (KHTML, like Gecko) Chrome/67.0.870 Safari/537.36"
106.75.49.194 - - [31/Jul/2026:01:27:28 +0000] "\x16\x03\x01\x01\x04\x01\x00\x01\x00\x03\x03\x05N\xCBr1\xAF\x1A8\xB2#\xE0\x1A\x9D\xF2\x9B/\x8D]Y\xD3\x85\xD2*\x83(\xCE02D" 400 166 "-" "-"
85.11.167.203 - - [31/Jul/2026:01:27:36 +0000] "POST /xmlrpc.php HTTP/1.1" 499 0 "-" "Mozilla/5.0"
10.10.0.2 - - [31/Jul/2026:01:27:36 +0000] "POST /wp-cron.php?doing_wp_cron=1785461256.6304209232330322265625 HTTP/1.1" 200 31 "-" "WordPress/6.9.4; https://greenestate.com.bd"
85.11.167.203 - - [31/Jul/2026:01:27:43 +0000] "POST /xmlrpc.php HTTP/1.1" 499 0 "-" "Mozilla/5.0"
43.133.253.253 - - [31/Jul/2026:01:28:12 +0000] "GET /category/ivibet/ HTTP/1.1" 200 14945 "-" "Mozilla/5.0 (iPhone; CPU iPhone OS 13_2_3 like Mac OS X) AppleWebKit/605.1.15 (KHTML, like Gecko) Version/13.0.3 Mobile/15E148 Safari/604.1"
85.11.167.203 - - [31/Jul/2026:01:28:22 +0000] "POST /xmlrpc.php HTTP/1.1" 499 0 "-" "Mozilla/5.0"
85.11.167.203 - - [31/Jul/2026:01:28:23 +0000] "POST /xmlrpc.php HTTP/1.1" 499 0 "-" "Mozilla/5.0"
85.11.167.203 - - [31/Jul/2026:01:29:10 +0000] "POST /xmlrpc.php HTTP/1.1" 499 0 "-" "Mozilla/5.0"
10.10.0.2 - - [31/Jul/2026:01:29:10 +0000] "POST /wp-cron.php?doing_wp_cron=1785461350.3969399929046630859375 HTTP/1.1" 200 31 "-" "WordPress/6.9.4; https://greenestate.com.bd"
85.11.167.203 - - [31/Jul/2026:01:29:12 +0000] "POST /xmlrpc.php HTTP/1.1" 499 0 "-" "Mozilla/5.0"
113.31.186.196 - - [31/Jul/2026:01:29:52 +0000] "GET / HTTP/1.1" 200 18263 "-" "Mozilla/4.0 (compatible; MSIE 6.0; MSIE 5.5; Windows NT 5.1) Opera 7.03 [en]"
85.11.167.203 - - [31/Jul/2026:01:29:58 +0000] "POST /xmlrpc.php HTTP/1.1" 499 0 "-" "Mozilla/5.0"
85.11.167.203 - - [31/Jul/2026:01:30:00 +0000] "POST /xmlrpc.php HTTP/1.1" 499 0 "-" "Mozilla/5.0"
85.11.167.203 - - [31/Jul/2026:01:30:43 +0000] "POST /xmlrpc.php HTTP/1.1" 499 0 "-" "Mozilla/5.0"
85.11.167.203 - - [31/Jul/2026:01:30:47 +0000] "POST /xmlrpc.php HTTP/1.1" 499 0 "-" "Mozilla/5.0"
85.11.167.203 - - [31/Jul/2026:01:31:31 +0000] "POST /xmlrpc.php HTTP/1.1" 499 0 "-" "Mozilla/5.0"
85.11.167.203 - - [31/Jul/2026:01:31:33 +0000] "POST /xmlrpc.php HTTP/1.1" 499 0 "-" "Mozilla/5.0"
160.153.188.148 - - [31/Jul/2026:01:31:41 +0000] "POST /owa/auth.owa HTTP/1.1" 404 110 "https://mail.arugy.com/owa/auth/logon.aspx?replaceCurrent=1&url=https%3a%2f%2fmail.arugy.com%2fowa%2f" "Mozilla/5.0 (Windows NT 10.0; Win64; x64) AppleWebKit/537.36 (KHTML, like Gecko) Chrome/96.0.4664.110 Safari/537.36"
85.11.167.203 - - [31/Jul/2026:01:32:18 +0000] "POST /xmlrpc.php HTTP/1.1" 499 0 "-" "Mozilla/5.0"
85.11.167.203 - - [31/Jul/2026:01:32:20 +0000] "POST /xmlrpc.php HTTP/1.1" 499 0 "-" "Mozilla/5.0"
104.23.187.8 - - [31/Jul/2026:01:32:28 +0000] "GET /wp-admin/install.php?step=1 HTTP/1.1" 301 178 "-" "http://ggpfb.org/wp-admin/install.php?step=1"
85.11.167.203 - - [31/Jul/2026:01:33:00 +0000] "POST /xmlrpc.php HTTP/1.1" 499 0 "-" "Mozilla/5.0"
85.11.167.203 - - [31/Jul/2026:01:33:01 +0000] "POST /xmlrpc.php HTTP/1.1" 499 0 "-" "Mozilla/5.0"
66.249.74.34 - - [31/Jul/2026:01:33:16 +0000] "GET /2026/07/29/tekhnicheskaia-podderzhka-melbet-zerkalo-ofitsialnogo-saita-kak-poluchit-pomoshch/ HTTP/1.1" 200 16943 "-" "Mozilla/5.0 (Linux; Android 6.0.1; Nexus 5X Build/MMB29P) AppleWebKit/537.36 (KHTML, like Gecko) Chrome/150.0.7871.186 Mobile Safari/537.36 (compatible; Googlebot/2.1; +http://www.google.com/bot.html)"
85.11.167.203 - - [31/Jul/2026:01:33:44 +0000] "POST /xmlrpc.php HTTP/1.1" 499 0 "-" "Mozilla/5.0"
85.11.167.203 - - [31/Jul/2026:01:33:45 +0000] "POST /xmlrpc.php HTTP/1.1" 499 0 "-" "Mozilla/5.0"
85.11.167.203 - - [31/Jul/2026:01:34:31 +0000] "POST /xmlrpc.php HTTP/1.1" 499 0 "-" "Mozilla/5.0"
85.11.167.203 - - [31/Jul/2026:01:34:32 +0000] "POST /xmlrpc.php HTTP/1.1" 499 0 "-" "Mozilla/5.0"
85.11.167.203 - - [31/Jul/2026:01:35:19 +0000] "POST /xmlrpc.php HTTP/1.1" 499 0 "-" "Mozilla/5.0"
85.11.167.203 - - [31/Jul/2026:01:35:21 +0000] "POST /xmlrpc.php HTTP/1.1" 499 0 "-" "Mozilla/5.0"
160.153.188.148 - - [31/Jul/2026:01:35:53 +0000] "POST /owa/auth.owa HTTP/1.1" 404 110 "https://mail.arugy.com/owa/auth/logon.aspx?replaceCurrent=1&url=https%3a%2f%2fmail.arugy.com%2fowa%2f" "Mozilla/5.0 (Windows NT 10.0; Win64; x64) AppleWebKit/537.36 (KHTML, like Gecko) Chrome/96.0.4664.110 Safari/537.36"
147.185.132.85 - - [31/Jul/2026:01:36:04 +0000] "GET / HTTP/1.1" 404 134 "-" "Hello from Palo Alto Networks, find out more about our scans in https://docs-cortex.paloaltonetworks.com/r/1/Cortex-Xpanse/Scanning-activity"
85.11.167.203 - - [31/Jul/2026:01:36:07 +0000] "POST /xmlrpc.php HTTP/1.1" 499 0 "-" "Mozilla/5.0"
85.11.167.203 - - [31/Jul/2026:01:36:09 +0000] "POST /xmlrpc.php HTTP/1.1" 499 0 "-" "Mozilla/5.0"
85.11.167.203 - - [31/Jul/2026:01:36:53 +0000] "POST /xmlrpc.php HTTP/1.1" 499 0 "-" "Mozilla/5.0"
85.11.167.203 - - [31/Jul/2026:01:36:56 +0000] "POST /xmlrpc.php HTTP/1.1" 499 0 "-" "Mozilla/5.0"
85.11.167.203 - - [31/Jul/2026:01:37:42 +0000] "POST /xmlrpc.php HTTP/1.1" 499 0 "-" "Mozilla/5.0"
85.11.167.203 - - [31/Jul/2026:01:37:47 +0000] "POST /xmlrpc.php HTTP/1.1" 499 0 "-" "Mozilla/5.0"
10.10.0.2 - - [31/Jul/2026:01:38:07 +0000] "POST /wp-cron.php?doing_wp_cron=1785461886.8112840652465820312500 HTTP/1.1" 200 31 "-" "WordPress/6.9.4; https://greenestate.com.bd"
43.132.214.228 - - [31/Jul/2026:01:38:07 +0000] "GET /category/casino/ HTTP/1.1" 200 16575 "-" "Mozilla/5.0 (iPhone; CPU iPhone OS 13_2_3 like Mac OS X) AppleWebKit/605.1.15 (KHTML, like Gecko) Version/13.0.3 Mobile/15E148 Safari/604.1"
43.157.53.115 - - [31/Jul/2026:01:38:07 +0000] "GET / HTTP/1.1" 301 178 "-" "Mozilla/5.0 (iPhone; CPU iPhone OS 13_2_3 like Mac OS X) AppleWebKit/605.1.15 (KHTML, like Gecko) Version/13.0.3 Mobile/15E148 Safari/604.1"
65.49.1.222 - - [31/Jul/2026:01:38:12 +0000] "\x16\x03\x01\x00{\x01\x00\x00w\x03\x03\x15\xBC\xC1\xE4q\x18\xE1\x19p\xB8\xECh\x8A\xE2\xB2\xF2`\xA4\x8D3" 400 166 "-" "-"
85.11.167.203 - - [31/Jul/2026:01:38:30 +0000] "POST /xmlrpc.php HTTP/1.1" 499 0 "-" "Mozilla/5.0"
10.10.0.2 - - [31/Jul/2026:01:38:30 +0000] "POST /wp-cron.php?doing_wp_cron=1785461910.4548048973083496093750 HTTP/1.1" 200 31 "-" "WordPress/6.9.4; https://greenestate.com.bd"
85.11.167.203 - - [31/Jul/2026:01:38:34 +0000] "POST /xmlrpc.php HTTP/1.1" 499 0 "-" "Mozilla/5.0"
141.98.11.11 - - [31/Jul/2026:01:38:41 +0000] "GET / HTTP/1.1" 404 162 "-" "-"
34.77.193.157 - - [31/Jul/2026:01:39:08 +0000] "GET / HTTP/1.1" 301 5 "-" "python-requests/2.32.5"
10.10.0.2 - - [31/Jul/2026:01:39:55 +0000] "POST /wp-cron.php?doing_wp_cron=1785461995.7259600162506103515625 HTTP/1.1" 200 31 "-" "WordPress/6.9.4; https://greenestate.com.bd"
50.114.3.180 - - [31/Jul/2026:01:39:55 +0000] "GET /wp-login.php HTTP/1.1" 200 2162 "-" "Mozilla/5.0 (Windows NT 10.0; Win64; x64) AppleWebKit/537.36 (KHTML, like Gecko) Chrome/145.0.0.0 Safari/537.36"
50.114.3.180 - - [31/Jul/2026:01:40:00 +0000] "POST /wp-login.php HTTP/1.1" 302 5 "https://greenestate.com.bd/wp-login.php" "Mozilla/5.0 (Windows NT 10.0; Win64; x64) AppleWebKit/537.36 (KHTML, like Gecko) Chrome/145.0.0.0 Safari/537.36"
66.249.74.34 - - [31/Jul/2026:01:40:01 +0000] "GET /wp-login.php?action=lostpassword&redirect_to=https%3A%2F%2Fgreenestate.com.bd%2F2026%2F07%2F29%2Fthe-psychology-of-gambling-at-eu-casinon%2F HTTP/1.1" 200 1327 "-" "Mozilla/5.0 (Linux; Android 6.0.1; Nexus 5X Build/MMB29P) AppleWebKit/537.36 (KHTML, like Gecko) Chrome/150.0.7871.186 Mobile Safari/537.36 (compatible; GoogleOther)"
37.255.152.17 - - [31/Jul/2026:01:40:01 +0000] "POST / HTTP/1.1" 408 0 "-" "-"
50.114.3.180 - - [31/Jul/2026:01:40:02 +0000] "GET /wp-admin/ HTTP/1.1" 200 83569 "https://greenestate.com.bd/wp-login.php" "Mozilla/5.0 (Windows NT 10.0; Win64; x64) AppleWebKit/537.36 (KHTML, like Gecko) Chrome/145.0.0.0 Safari/537.36"
50.114.3.180 - - [31/Jul/2026:01:40:06 +0000] "GET /wp-admin/user-new.php HTTP/1.1" 200 70687 "https://greenestate.com.bd/wp-login.php" "Mozilla/5.0 (Windows NT 10.0; Win64; x64) AppleWebKit/537.36 (KHTML, like Gecko) Chrome/145.0.0.0 Safari/537.36"
50.114.3.180 - - [31/Jul/2026:01:40:24 +0000] "POST /wp-admin/user-new.php HTTP/1.1" 499 0 "https://greenestate.com.bd/wp-login.php" "Mozilla/5.0 (Windows NT 10.0; Win64; x64) AppleWebKit/537.36 (KHTML, like Gecko) Chrome/145.0.0.0 Safari/537.36"
10.10.0.2 - - [31/Jul/2026:01:40:33 +0000] "POST /wp-cron.php?doing_wp_cron=1785462033.0357060432434082031250 HTTP/1.1" 200 31 "-" "WordPress/6.9.4; https://greenestate.com.bd"
166.88.149.155 - - [31/Jul/2026:01:40:33 +0000] "POST /wp-admin/user-new.php HTTP/1.1" 200 70765 "https://greenestate.com.bd/wp-login.php" "Mozilla/5.0 (Windows NT 10.0; Win64; x64) AppleWebKit/537.36 (KHTML, like Gecko) Chrome/145.0.0.0 Safari/537.36"
37.255.152.17 - - [31/Jul/2026:01:40:36 +0000] "POST / HTTP/1.1" 408 0 "-" "-"
166.88.149.155 - - [31/Jul/2026:01:40:38 +0000] "GET /wp-admin/plugins.php?plugin_status=all&paged=1&s HTTP/1.1" 200 77066 "https://greenestate.com.bd/wp-login.php" "Mozilla/5.0 (Windows NT 10.0; Win64; x64) AppleWebKit/537.36 (KHTML, like Gecko) Chrome/145.0.0.0 Safari/537.36"
166.88.149.155 - - [31/Jul/2026:01:40:42 +0000] "GET /wp-admin/plugins.php HTTP/1.1" 200 76970 "https://greenestate.com.bd/wp-login.php" "Mozilla/5.0 (Windows NT 10.0; Win64; x64) AppleWebKit/537.36 (KHTML, like Gecko) Chrome/145.0.0.0 Safari/537.36"
166.88.149.155 - - [31/Jul/2026:01:40:46 +0000] "GET /wp-admin/plugin-install.php HTTP/1.1" 200 77562 "https://greenestate.com.bd/wp-login.php" "Mozilla/5.0 (Windows NT 10.0; Win64; x64) AppleWebKit/537.36 (KHTML, like Gecko) Chrome/145.0.0.0 Safari/537.36"
166.88.149.155 - - [31/Jul/2026:01:40:52 +0000] "POST /wp-admin/admin-ajax.php HTTP/1.1" 200 273 "https://greenestate.com.bd/wp-login.php" "Mozilla/5.0 (Windows NT 10.0; Win64; x64) AppleWebKit/537.36 (KHTML, like Gecko) Chrome/145.0.0.0 Safari/537.36"
166.88.149.155 - - [31/Jul/2026:01:40:57 +0000] "POST /wp-admin/admin-ajax.php HTTP/1.1" 200 242 "https://greenestate.com.bd/wp-login.php" "Mozilla/5.0 (Windows NT 10.0; Win64; x64) AppleWebKit/537.36 (KHTML, like Gecko) Chrome/145.0.0.0 Safari/537.36"
166.88.149.155 - - [31/Jul/2026:01:41:02 +0000] "GET /wp-admin/plugins.php?plugin_status=all&paged=1&s HTTP/1.1" 200 77067 "https://greenestate.com.bd/wp-login.php" "Mozilla/5.0 (Windows NT 10.0; Win64; x64) AppleWebKit/537.36 (KHTML, like Gecko) Chrome/145.0.0.0 Safari/537.36"
10.10.0.2 - - [31/Jul/2026:01:41:09 +0000] "POST /wp-cron.php?doing_wp_cron=1785462069.9683389663696289062500 HTTP/1.1" 200 31 "-" "WordPress/6.9.4; https://greenestate.com.bd"
187.172.207.204 - - [31/Jul/2026:01:41:57 +0000] "GET / HTTP/1.1" 200 20445 "-" "Mozilla/5.0 (Windows NT 10.0; Win64; x64) AppleWebKit/537.36 (KHTML, like Gecko) Chrome/120.0.0.0 Safari/537.36"
187.172.207.204 - - [31/Jul/2026:01:41:59 +0000] "GET /wp-login.php HTTP/1.1" 200 2162 "-" "Mozilla/5.0 (Windows NT 10.0; Win64; x64) AppleWebKit/537.36 (KHTML, like Gecko) Chrome/120.0.0.0 Safari/537.36"
47.99.56.244 - - [31/Jul/2026:01:42:00 +0000] "HEAD /.credentials.json HTTP/1.1" 400 0 "-" "opendirme-credhunt/1.0"
47.99.56.244 - - [31/Jul/2026:01:42:00 +0000] "HEAD /.credentials.json HTTP/1.1" 404 0 "-" "opendirme-credhunt/1.0"
47.99.56.244 - - [31/Jul/2026:01:42:00 +0000] "\x16\x03\x01\x05\xCC\x01\x00\x05\xC8\x03\x03\xDEYW\xE9\x94=%&\x96X\xAB\x15\xB7\x0E\x0CX\xC2\x87_\xC3\xDD\x04\xB6\x8A\xB5\x94\xA2" 400 166 "-" "-"
47.99.56.244 - - [31/Jul/2026:01:42:00 +0000] "HEAD /.credentials.json HTTP/1.1" 301 0 "-" "opendirme-credhunt/1.0"
47.99.56.244 - - [31/Jul/2026:01:42:00 +0000] "HEAD /.claude/.credentials.json HTTP/1.1" 400 0 "-" "opendirme-credhunt/1.0"
187.172.207.204 - - [31/Jul/2026:01:42:00 +0000] "POST /wp-login.php HTTP/1.1" 200 2328 "https://greenestate.com.bd/wp-login.php" "Mozilla/5.0 (Windows NT 10.0; Win64; x64) AppleWebKit/537.36 (KHTML, like Gecko) Chrome/120.0.0.0 Safari/537.36"
47.99.56.244 - - [31/Jul/2026:01:42:00 +0000] "HEAD /.claude/.credentials.json HTTP/1.1" 404 0 "-" "opendirme-credhunt/1.0"
47.99.56.244 - - [31/Jul/2026:01:42:01 +0000] "\x16\x03\x01\x05\xCC\x01\x00\x05\xC8\x03\x03\x95\x0E\xE2\xB1j{\x9D8\xD1=c" 400 166 "-" "-"
47.99.56.244 - - [31/Jul/2026:01:42:01 +0000] "HEAD /.config/claude/.credentials.json HTTP/1.1" 400 0 "-" "opendirme-credhunt/1.0"
47.99.56.244 - - [31/Jul/2026:01:42:01 +0000] "HEAD /.config/claude/.credentials.json HTTP/1.1" 404 0 "-" "opendirme-credhunt/1.0"
47.99.56.244 - - [31/Jul/2026:01:42:01 +0000] "\x16\x03\x01\x05\xCC\x01\x00\x05\xC8\x03\x03\xBB\x7F(]\xF4K\xE1\xDB\x22\xA9\x05\xCDd\xD0\xA5\xB7Eb[\xB1\xC4ZH\x84\xC8\x16\xFFj>\x98`H \x06\xA4\xC0\xCD[&\xFA\x06\xFA\xD1\xC6.\x92\x10\x86\x02t\xEF\xDA\xC3\xD4\x98~\x9D\xE1tyHgdl\x96\x00 \xC0+\xC0/\xC0,\xC00\xCC\xA9\xCC\xA8\xC0\x13\xC0\x14\x00\x9C\x00\x9D\x00/\x005\x00" 400 166 "-" "-"
47.99.56.244 - - [31/Jul/2026:01:42:01 +0000] "HEAD /.claude/.credentials.json HTTP/1.1" 301 0 "-" "opendirme-credhunt/1.0"
47.99.56.244 - - [31/Jul/2026:01:42:02 +0000] "HEAD /.config/claude/.credentials.json HTTP/1.1" 301 0 "-" "opendirme-credhunt/1.0"
187.172.207.204 - - [31/Jul/2026:01:42:07 +0000] "POST /wp-login.php HTTP/1.1" 200 2328 "https://greenestate.com.bd/wp-login.php" "Mozilla/5.0 (Windows NT 10.0; Win64; x64) AppleWebKit/537.36 (KHTML, like Gecko) Chrome/120.0.0.0 Safari/537.36"
10.10.0.2 - - [31/Jul/2026:01:42:15 +0000] "POST /wp-cron.php?doing_wp_cron=1785462134.8339669704437255859375 HTTP/1.1" 200 31 "-" "WordPress/6.9.4; https://greenestate.com.bd"
187.172.207.204 - - [31/Jul/2026:01:42:15 +0000] "POST /wp-login.php HTTP/1.1" 200 2328 "https://greenestate.com.bd/wp-login.php" "Mozilla/5.0 (Windows NT 10.0; Win64; x64) AppleWebKit/537.36 (KHTML, like Gecko) Chrome/120.0.0.0 Safari/537.36"
187.172.207.204 - - [31/Jul/2026:01:42:17 +0000] "POST /xmlrpc.php HTTP/1.1" 200 415 "-" "WordPress/5.0; https://greenestate.com.bd"
10.10.0.2 - - [31/Jul/2026:01:42:24 +0000] "POST /wp-cron.php?doing_wp_cron=1785462144.2163839340209960937500 HTTP/1.1" 200 31 "-" "WordPress/6.9.4; https://greenestate.com.bd"
103.167.232.142 - - [31/Jul/2026:01:42:24 +0000] "GET / HTTP/1.1" 200 20445 "-" "Mozilla/5.0 (Windows NT 10.0; Win64; x64) AppleWebKit/537.36 (KHTML, like Gecko) Chrome/120.0.0.0 Safari/537.36"
103.167.232.142 - - [31/Jul/2026:01:42:26 +0000] "GET /wp-login.php HTTP/1.1" 200 2162 "-" "Mozilla/5.0 (Windows NT 10.0; Win64; x64) AppleWebKit/537.36 (KHTML, like Gecko) Chrome/120.0.0.0 Safari/537.36"
103.167.232.142 - - [31/Jul/2026:01:42:28 +0000] "POST /wp-login.php HTTP/1.1" 200 2328 "https://greenestate.com.bd/wp-login.php" "Mozilla/5.0 (Windows NT 10.0; Win64; x64) AppleWebKit/537.36 (KHTML, like Gecko) Chrome/120.0.0.0 Safari/537.36"
103.167.232.142 - - [31/Jul/2026:01:42:35 +0000] "POST /wp-login.php HTTP/1.1" 200 2328 "https://greenestate.com.bd/wp-login.php" "Mozilla/5.0 (Windows NT 10.0; Win64; x64) AppleWebKit/537.36 (KHTML, like Gecko) Chrome/120.0.0.0 Safari/537.36"
103.167.232.142 - - [31/Jul/2026:01:42:42 +0000] "POST /wp-login.php HTTP/1.1" 200 2328 "https://greenestate.com.bd/wp-login.php" "Mozilla/5.0 (Windows NT 10.0; Win64; x64) AppleWebKit/537.36 (KHTML, like Gecko) Chrome/120.0.0.0 Safari/537.36"
103.167.232.142 - - [31/Jul/2026:01:42:44 +0000] "POST /xmlrpc.php HTTP/1.1" 200 415 "-" "WordPress/5.0; https://greenestate.com.bd"
188.50.32.223 - - [31/Jul/2026:01:42:49 +0000] "GET / HTTP/1.1" 200 20445 "-" "Mozilla/5.0 (Windows NT 10.0; Win64; x64) AppleWebKit/537.36 (KHTML, like Gecko) Chrome/120.0.0.0 Safari/537.36"
188.50.32.223 - - [31/Jul/2026:01:42:52 +0000] "GET /wp-login.php HTTP/1.1" 200 2162 "-" "Mozilla/5.0 (Windows NT 10.0; Win64; x64) AppleWebKit/537.36 (KHTML, like Gecko) Chrome/120.0.0.0 Safari/537.36"
84.15.219.10 - - [31/Jul/2026:01:42:53 +0000] "POST / HTTP/1.1" 499 0 "-" "Go-http-client/1.1"
188.50.32.223 - - [31/Jul/2026:01:42:54 +0000] "POST /wp-login.php HTTP/1.1" 200 2328 "https://greenestate.com.bd/wp-login.php" "Mozilla/5.0 (Windows NT 10.0; Win64; x64) AppleWebKit/537.36 (KHTML, like Gecko) Chrome/120.0.0.0 Safari/537.36"
188.50.32.223 - - [31/Jul/2026:01:43:01 +0000] "POST /wp-login.php HTTP/1.1" 200 2328 "https://greenestate.com.bd/wp-login.php" "Mozilla/5.0 (Windows NT 10.0; Win64; x64) AppleWebKit/537.36 (KHTML, like Gecko) Chrome/120.0.0.0 Safari/537.36"
188.50.32.223 - - [31/Jul/2026:01:43:08 +0000] "POST /wp-login.php HTTP/1.1" 200 2328 "https://greenestate.com.bd/wp-login.php" "Mozilla/5.0 (Windows NT 10.0; Win64; x64) AppleWebKit/537.36 (KHTML, like Gecko) Chrome/120.0.0.0 Safari/537.36"
188.50.32.223 - - [31/Jul/2026:01:43:10 +0000] "POST /xmlrpc.php HTTP/1.1" 200 415 "-" "WordPress/5.0; https://greenestate.com.bd"
186.55.70.179 - - [31/Jul/2026:01:43:15 +0000] "GET / HTTP/1.1" 200 20445 "-" "Mozilla/5.0 (Windows NT 10.0; Win64; x64) AppleWebKit/537.36 (KHTML, like Gecko) Chrome/120.0.0.0 Safari/537.36"
189.217.198.84 - - [31/Jul/2026:01:43:21 +0000] "GET /wp-login.php HTTP/1.1" 200 2162 "-" "Mozilla/5.0 (Windows NT 10.0; Win64; x64) AppleWebKit/537.36 (KHTML, like Gecko) Chrome/120.0.0.0 Safari/537.36"
189.217.198.84 - - [31/Jul/2026:01:43:23 +0000] "POST /wp-login.php HTTP/1.1" 200 2328 "https://greenestate.com.bd/wp-login.php" "Mozilla/5.0 (Windows NT 10.0; Win64; x64) AppleWebKit/537.36 (KHTML, like Gecko) Chrome/120.0.0.0 Safari/537.36"
151.234.107.116 - - [31/Jul/2026:01:43:28 +0000] "POST / HTTP/1.1" 404 134 "-" "-"
10.10.0.2 - - [31/Jul/2026:01:43:31 +0000] "POST /wp-cron.php?doing_wp_cron=1785462211.1298010349273681640625 HTTP/1.1" 200 31 "-" "WordPress/6.9.4; https://greenestate.com.bd"
189.217.198.84 - - [31/Jul/2026:01:43:31 +0000] "POST /wp-login.php HTTP/1.1" 200 2328 "https://greenestate.com.bd/wp-login.php" "Mozilla/5.0 (Windows NT 10.0; Win64; x64) AppleWebKit/537.36 (KHTML, like Gecko) Chrome/120.0.0.0 Safari/537.36"
189.217.198.84 - - [31/Jul/2026:01:43:38 +0000] "POST /wp-login.php HTTP/1.1" 200 2328 "https://greenestate.com.bd/wp-login.php" "Mozilla/5.0 (Windows NT 10.0; Win64; x64) AppleWebKit/537.36 (KHTML, like Gecko) Chrome/120.0.0.0 Safari/537.36"
189.217.198.84 - - [31/Jul/2026:01:43:40 +0000] "POST /xmlrpc.php HTTP/1.1" 200 415 "-" "WordPress/5.0; https://greenestate.com.bd"
109.219.158.3 - - [31/Jul/2026:01:43:45 +0000] "GET / HTTP/1.1" 200 20445 "-" "Mozilla/5.0 (Windows NT 10.0; Win64; x64) AppleWebKit/537.36 (KHTML, like Gecko) Chrome/120.0.0.0 Safari/537.36"
115.164.37.110 - - [31/Jul/2026:01:43:51 +0000] "GET /wp-login.php HTTP/1.1" 200 2162 "-" "Mozilla/5.0 (Windows NT 10.0; Win64; x64) AppleWebKit/537.36 (KHTML, like Gecko) Chrome/120.0.0.0 Safari/537.36"
115.164.37.110 - - [31/Jul/2026:01:43:54 +0000] "POST /wp-login.php HTTP/1.1" 200 2328 "https://greenestate.com.bd/wp-login.php" "Mozilla/5.0 (Windows NT 10.0; Win64; x64) AppleWebKit/537.36 (KHTML, like Gecko) Chrome/120.0.0.0 Safari/537.36"
115.164.37.110 - - [31/Jul/2026:01:44:01 +0000] "POST /wp-login.php HTTP/1.1" 200 2328 "https://greenestate.com.bd/wp-login.php" "Mozilla/5.0 (Windows NT 10.0; Win64; x64) AppleWebKit/537.36 (KHTML, like Gecko) Chrome/120.0.0.0 Safari/537.36"
115.164.37.110 - - [31/Jul/2026:01:44:09 +0000] "POST /wp-login.php HTTP/1.1" 200 2328 "https://greenestate.com.bd/wp-login.php" "Mozilla/5.0 (Windows NT 10.0; Win64; x64) AppleWebKit/537.36 (KHTML, like Gecko) Chrome/120.0.0.0 Safari/537.36"
115.164.37.110 - - [31/Jul/2026:01:44:12 +0000] "POST /xmlrpc.php HTTP/1.1" 200 415 "-" "WordPress/5.0; https://greenestate.com.bd"
10.10.0.2 - - [31/Jul/2026:01:44:33 +0000] "POST /wp-cron.php?doing_wp_cron=1785462273.0715010166168212890625 HTTP/1.1" 200 31 "-" "WordPress/6.9.4; https://greenestate.com.bd"
85.208.96.195 - - [31/Jul/2026:01:44:33 +0000] "GET /robots.txt HTTP/1.1" 200 130 "-" "Mozilla/5.0 (compatible; SemrushBot/7~bl; +http://www.semrush.com/bot.html)"
85.208.96.193 - - [31/Jul/2026:01:44:33 +0000] "GET /projects/luxury-apartment/ HTTP/1.1" 301 5 "-" "Mozilla/5.0 (compatible; SemrushBot/7~bl; +http://www.semrush.com/bot.html)"
45.79.207.129 - - [31/Jul/2026:01:45:46 +0000] "GET / HTTP/1.1" 404 134 "-" "Mozilla/5.0 zgrab/0.x"
10.10.0.2 - - [31/Jul/2026:01:45:49 +0000] "POST /wp-cron.php?doing_wp_cron=1785462349.2683238983154296875000 HTTP/1.1" 200 31 "-" "WordPress/6.9.4; https://greenestate.com.bd"
84.54.153.8 - - [31/Jul/2026:01:45:49 +0000] "POST / HTTP/1.1" 200 20439 "-" "Go-http-client/1.1"
84.54.153.8 - - [31/Jul/2026:01:45:49 +0000] "POST / HTTP/1.1" 200 20439 "-" "Go-http-client/1.1"
45.33.14.5 - - [31/Jul/2026:01:46:08 +0000] "GET / HTTP/1.1" 404 134 "-" "Mozilla/5.0 zgrab/0.x"
10.10.0.2 - - [31/Jul/2026:01:46:27 +0000] "POST /wp-cron.php?doing_wp_cron=1785462387.2269120216369628906250 HTTP/1.1" 200 31 "-" "WordPress/6.9.4; https://greenestate.com.bd"
2.27.6.1 - - [31/Jul/2026:01:46:27 +0000] "POST / HTTP/1.1" 200 20439 "-" "Go-http-client/1.1"
2.27.6.1 - - [31/Jul/2026:01:46:27 +0000] "POST / HTTP/1.1" 200 20439 "-" "Go-http-client/1.1"
45.79.181.251 - - [31/Jul/2026:01:46:33 +0000] "GET / HTTP/1.1" 404 196 "-" "Mozilla/5.0 (Macintosh; Intel Mac OS X 13_1) AppleWebKit/537.36 (KHTML, like Gecko) Chrome/108.0.0.0 Safari/537.36"
172.105.128.13 - - [31/Jul/2026:01:46:36 +0000] "GET / HTTP/1.1" 404 196 "-" "Mozilla/5.0 (Macintosh; Intel Mac OS X 13_1) AppleWebKit/537.36 (KHTML, like Gecko) Chrome/108.0.0.0 Safari/537.36"
85.122.114.193 - - [31/Jul/2026:01:47:28 +0000] "GET /wp-content/plugins/header-footer-elementor/iupqriww.php HTTP/1.1" 200 39342 "-" "-"
10.10.0.2 - - [31/Jul/2026:01:47:39 +0000] "POST /wp-cron.php?doing_wp_cron=1785462459.9260981082916259765625 HTTP/1.1" 200 31 "-" "WordPress/6.9.4; https://greenestate.com.bd"
43.157.156.190 - - [31/Jul/2026:01:47:39 +0000] "GET /category/buran/ HTTP/1.1" 200 14540 "-" "Mozilla/5.0 (iPhone; CPU iPhone OS 13_2_3 like Mac OS X) AppleWebKit/605.1.15 (KHTML, like Gecko) Version/13.0.3 Mobile/15E148 Safari/604.1"
10.10.0.2 - - [31/Jul/2026:01:49:04 +0000] "POST /wp-cron.php?doing_wp_cron=1785462543.8914639949798583984375 HTTP/1.1" 200 31 "-" "WordPress/6.9.4; https://greenestate.com.bd"
66.228.53.136 - - [31/Jul/2026:01:49:04 +0000] "GET / HTTP/1.1" 301 5 "-" "Mozilla/5.0 (Macintosh; Intel Mac OS X 13_1) AppleWebKit/537.36 (KHTML, like Gecko) Chrome/108.0.0.0 Safari/537.36"
66.228.53.136 - - [31/Jul/2026:01:49:07 +0000] "GET / HTTP/1.1" 200 20445 "https://165.227.207.41/" "Mozilla/5.0 (Macintosh; Intel Mac OS X 13_1) AppleWebKit/537.36 (KHTML, like Gecko) Chrome/108.0.0.0 Safari/537.36"
213.230.118.62 - - [31/Jul/2026:01:49:13 +0000] "\xF5lu\xAD\xC0\x93wP\x9A\xA4\xE2\xE4W\x00\x09<\x8A!J7T\x92)\xD9\xB8\xFC" 400 166 "-" "-"
178.131.178.221 - - [31/Jul/2026:01:49:53 +0000] "POST / HTTP/1.1" 404 134 "-" "-"
10.10.0.2 - - [31/Jul/2026:01:50:25 +0000] "POST /wp-cron.php?doing_wp_cron=1785462625.4847769737243652343750 HTTP/1.1" 200 31 "-" "WordPress/6.9.4; https://greenestate.com.bd"
107.151.217.66 - - [31/Jul/2026:01:50:25 +0000] "POST / HTTP/1.1" 200 20439 "-" "Go-http-client/1.1"
107.151.217.66 - - [31/Jul/2026:01:50:26 +0000] "POST / HTTP/1.1" 200 20439 "-" "Go-http-client/1.1"
10.10.0.2 - - [31/Jul/2026:01:52:31 +0000] "POST /wp-cron.php?doing_wp_cron=1785462751.2938029766082763671875 HTTP/1.1" 200 31 "-" "WordPress/6.9.4; https://greenestate.com.bd"
35.171.117.160 - - [31/Jul/2026:01:52:31 +0000] "GET /wp-json/wp/v2/categories/47 HTTP/1.1" 200 715 "-" "Mozilla/5.0 AppleWebKit/537.36 (KHTML, like Gecko; compatible; Amazonbot/0.1; +https://developer.amazon.com/support/amazonbot) Chrome/119.0.6045.214 Safari/537.36"
44.213.202.136 - - [31/Jul/2026:01:52:35 +0000] "GET /wp-json/oembed/1.0/embed?url=https://greenestate.com.bd/2026/07/29/fedezd-fel-a-boomerang-bet-casino-magyarorszag-rejtett-kincseit/ HTTP/1.1" 200 2511 "-" "Mozilla/5.0 AppleWebKit/537.36 (KHTML, like Gecko; compatible; Amazonbot/0.1; +https://developer.amazon.com/support/amazonbot) Chrome/119.0.6045.214 Safari/537.36"
44.221.37.41 - - [31/Jul/2026:01:52:39 +0000] "GET /category/best-online-casino/feed/ HTTP/1.1" 200 75065 "-" "Mozilla/5.0 AppleWebKit/537.36 (KHTML, like Gecko; compatible; Amazonbot/0.1; +https://developer.amazon.com/support/amazonbot) Chrome/119.0.6045.214 Safari/537.36"
106.52.49.148 - - [31/Jul/2026:01:53:15 +0000] "GET / HTTP/1.1" 301 178 "-" "Mozilla/5.0 (iPhone; CPU iPhone OS 13_2_3 like Mac OS X) AppleWebKit/605.1.15 (KHTML, like Gecko) Version/13.0.3 Mobile/15E148 Safari/604.1"
106.52.49.148 - - [31/Jul/2026:01:53:17 +0000] "GET / HTTP/1.1" 301 5 "http://www.greenestate.com.bd" "Mozilla/5.0 (iPhone; CPU iPhone OS 13_2_3 like Mac OS X) AppleWebKit/605.1.15 (KHTML, like Gecko) Version/13.0.3 Mobile/15E148 Safari/604.1"
106.52.49.148 - - [31/Jul/2026:01:53:18 +0000] "GET / HTTP/1.1" 200 20450 "https://www.greenestate.com.bd/" "Mozilla/5.0 (iPhone; CPU iPhone OS 13_2_3 like Mac OS X) AppleWebKit/605.1.15 (KHTML, like Gecko) Version/13.0.3 Mobile/15E148 Safari/604.1"
10.10.0.2 - - [31/Jul/2026:01:54:41 +0000] "POST /wp-cron.php?doing_wp_cron=1785462881.0106439590454101562500 HTTP/1.1" 200 31 "-" "WordPress/6.9.4; https://greenestate.com.bd"
66.249.74.36 - - [31/Jul/2026:01:54:41 +0000] "GET /2026/07/29/tips-for-playing-progressive-slots-at-uptown-pokies-casino-australia/ HTTP/1.1" 200 16648 "-" "Mozilla/5.0 (Linux; Android 6.0.1; Nexus 5X Build/MMB29P) AppleWebKit/537.36 (KHTML, like Gecko) Chrome/150.0.7871.186 Mobile Safari/537.36 (compatible; Googlebot/2.1; +http://www.google.com/bot.html)"
10.10.0.2 - - [31/Jul/2026:01:56:35 +0000] "POST /wp-cron.php?doing_wp_cron=1785462995.3051369190216064453125 HTTP/1.1" 200 31 "-" "WordPress/6.9.4; https://greenestate.com.bd"
172.235.41.44 - - [31/Jul/2026:01:56:35 +0000] "GET / HTTP/1.1" 301 5 "-" "Mozilla/5.0 (Macintosh; Intel Mac OS X 13_1) AppleWebKit/537.36 (KHTML, like Gecko) Chrome/108.0.0.0 Safari/537.36"
172.235.41.44 - - [31/Jul/2026:01:56:36 +0000] "GET / HTTP/1.1" 200 20445 "https://159.203.156.69/" "Mozilla/5.0 (Macintosh; Intel Mac OS X 13_1) AppleWebKit/537.36 (KHTML, like Gecko) Chrome/108.0.0.0 Safari/537.36"
119.28.140.106 - - [31/Jul/2026:01:57:05 +0000] "GET / HTTP/1.1" 404 134 "-" "Mozilla/5.0 (iPhone; CPU iPhone OS 13_2_3 like Mac OS X) AppleWebKit/605.1.15 (KHTML, like Gecko) Version/13.0.3 Mobile/15E148 Safari/604.1"
85.55.178.184 - - [31/Jul/2026:01:57:18 +0000] "\x06C\x9Ao\xB8\xEBm\xD4Y\xA2\xD0]\x9A\x19z\x5C\xC6\xC5w\xC7\xE4\xA3\x08\xD9" 400 166 "-" "-"
10.10.0.2 - - [31/Jul/2026:01:57:59 +0000] "POST /wp-cron.php?doing_wp_cron=1785463079.1355180740356445312500 HTTP/1.1" 200 31 "-" "WordPress/6.9.4; https://greenestate.com.bd"
129.226.146.146 - - [31/Jul/2026:01:57:59 +0000] "GET /category/casino-that-accepts-interac/ HTTP/1.1" 200 14530 "-" "Mozilla/5.0 (iPhone; CPU iPhone OS 13_2_3 like Mac OS X) AppleWebKit/605.1.15 (KHTML, like Gecko) Version/13.0.3 Mobile/15E148 Safari/604.1"
128.1.123.69 - - [31/Jul/2026:01:58:12 +0000] "POST / HTTP/1.1" 404 134 "-" "-"
10.10.0.2 - - [31/Jul/2026:02:04:24 +0000] "POST /wp-cron.php?doing_wp_cron=1785463464.1568999290466308593750 HTTP/1.1" 200 31 "-" "WordPress/6.9.4; https://greenestate.com.bd"
3.215.221.125 - - [31/Jul/2026:02:04:24 +0000] "GET /wp-json/oembed/1.0/embed?format=xml&url=https://greenestate.com.bd/services/architecture-design/ HTTP/1.1" 200 2321 "-" "Mozilla/5.0 AppleWebKit/537.36 (KHTML, like Gecko; compatible; Amazonbot/0.1; +https://developer.amazon.com/support/amazonbot) Chrome/119.0.6045.214 Safari/537.36"
66.240.205.34 - - [31/Jul/2026:02:04:48 +0000] "Gh0st\xAD\x00\x00\x00\xE0\x00\x00\x00x\x9CKS``\x98\xC3\xC0\xC0\xC0\x06\xC4\x8C@\xBCQ\x96\x81\x81\x09H\x07\xA7\x16\x95e&\xA7*\x04$&g+\x182\x94\xF6\xB000\xAC\xA8rc\x00\x01\x11\xA0\x82\x1F\x5C`&\x83\xC7K7\x86\x19\xE5n\x0C9\x95n\x0C;\x84\x0F3\xAC\xE8sch\xA8^\xCF4'J\x97\xA9\x82\xE30\xC3\x91h]&\x90\xF8\xCE\x97S\xCBA4L?2=\xE1\xC4\x92\x86\x0B@\xF5`\x0CT\x1F\xAE\xAF]" 400 166 "-" "-"
66.249.74.34 - - [31/Jul/2026:02:05:04 +0000] "GET /2024/01/ HTTP/1.1" 200 14775 "-" "Mozilla/5.0 (Linux; Android 6.0.1; Nexus 5X Build/MMB29P) AppleWebKit/537.36 (KHTML, like Gecko) Chrome/150.0.7871.186 Mobile Safari/537.36 (compatible; GoogleOther)"
5.182.209.113 - - [31/Jul/2026:02:07:55 +0000] "\x16\x03\x01\x01\x18\x01\x00\x01\x14\x03\x033\xA4\xF0\x03\xF2\xC2<,\xFFt\xFF\xAB\xDC\xB4\xC0?5\x83A\xAFdb\xBF\x88\x18\xE2xj\xE6O\x044 \xCCZ\x82\xAC\xCAw\x22\x86\xA3_\xF7\xB8q\xF8\x96\xFEg\x96\xE9\xF9q\x17\xBB6sl\x84\xC9m\x0C\x8AV\x00&\xC0+\xC0/\xC0,\xC00\xCC\xA9\xCC\xA8\xC0\x09\xC0\x13\xC0" 400 166 "-" "-"
5.182.209.113 - - [31/Jul/2026:02:07:55 +0000] "\x16\x03\x01\x01\x18\x01\x00\x01\x14\x03\x03\x1A\xC6\x90\xEAs\x83\x18\xFD\xB2Wxo\x17\xA9?\x18\xD2\xCE\x01w\x0C*P!\xD4\xE4\x17\xA4\xDFa\xB7\x17 k!\x06\x8D(t\xF6\xD31\x12*\xA1o\x8BL\xCDM\xC3\x02\xEDj8\xE8\xAE\xDB\xAA\xD0qc\xEByn\x00&\xC0+\xC0/\xC0,\xC00\xCC\xA9\xCC\xA8\xC0\x09\xC0\x13\xC0" 400 166 "-" "-"
5.182.209.113 - - [31/Jul/2026:02:07:55 +0000] "\x16\x03\x01\x01\x18\x01\x00\x01\x14\x03\x03\xFE\x85\xF1[#A\xFBi\x0B\xBC\xCAC\xD7\x9CI*\xC9\xF24\xB1\xE9\x8D\xEE0\x9A\xF53MV\xC4\xB7\xBF \x8C\xA0\x09\xB9\x8F_m4)\xB3\xE9\x18\xA9Nm\x5C\xE5\xD1\x0CnO[\xBCbB\x06\xA3V\xA3\xEC\xB2\xB7\x00&\xC0+\xC0/\xC0,\xC00\xCC\xA9\xCC\xA8\xC0\x09\xC0\x13\xC0" 400 166 "-" "-"
5.182.209.113 - - [31/Jul/2026:02:07:55 +0000] "\x16\x03\x01\x01\x18\x01\x00\x01\x14\x03\x03\xE4\x1Ep{r/\xA0\xC1\x8F\x9F}\xFC\xC3]\xEC\xA9'W\x88\x00\x02~b\xB0\x06\xD0\xDD\xF7\xB4bQ\xBA \x85\x11\xE2\xE0#\xBA\x7F\xED\xEB8F\x09\x90F\x8E\xCD\xF8\x9F\x89\xC3\xB2!\xEE\xD9\x8B\x1FZ\x15=\x8E\xFF<\x00&\xC0+\xC0/\xC0,\xC00\xCC\xA9\xCC\xA8\xC0\x09\xC0\x13\xC0" 400 166 "-" "-"
5.182.209.113 - - [31/Jul/2026:02:08:02 +0000] "\x16\x03\x01\x01\x18\x01\x00\x01\x14\x03\x03\xE9w$\xAB#C6\xB1s\x22\xE4Qz\xC5\xD8~\x02\xFC\xC0\x82\xB1\xE1t\xB3/\xB2U\xB6\x15\x98\xD4\xFD RZ^\xF92\xFE\x94\x1F&{\xA55\x1A\x0E&\x03\x0F\x06\x0E\xF7znD\xA7e($\xFF1\xD8\xCE.\x00&\xC0+\xC0/\xC0,\xC00\xCC\xA9\xCC\xA8\xC0\x09\xC0\x13\xC0" 400 166 "-" "-"
5.182.209.113 - - [31/Jul/2026:02:08:02 +0000] "\x16\x03\x01\x01\x18\x01\x00\x01\x14\x03\x033\x90\xBA\x9B\xABM\xC9q \xB2M~1\xB9n\x90&7e@;\xD3\xEB\x97-\xB4\xD6F\xAA\x9Cq9 \xC7>\xC5\xB0^\xC44|l|\xD93\xB8q7\x0E\x9F\xED%\xF7\xDCO\xC4\x14\x8E\xF8\xAC\xF9\xD0\xC8\xB6\xD3\x00&\xC0+\xC0/\xC0,\xC00\xCC\xA9\xCC\xA8\xC0\x09\xC0\x13\xC0" 400 166 "-" "-"
5.182.209.113 - - [31/Jul/2026:02:08:02 +0000] "\x16\x03\x01\x01\x18\x01\x00\x01\x14\x03\x03\xCE\xC7O%\xE8\x14i~\xB53\xD1\x93\xB7 0\x94\x7F+5\xBB\xC5\x8B\xE4w\x9A\x12\xBC\x1EX\x87\xED\xCF $*\xBFh\xCA" 400 166 "-" "-"
5.182.209.113 - - [31/Jul/2026:02:08:02 +0000] "\x16\x03\x01\x01\x18\x01\x00\x01\x14\x03\x03.\x0B7(\xB3\x00\x9B\xC84\x1Be\xAD\xAD\xD3\xD6\xCD\x0B4\x1B\xB8e_{6\x15\xE6\xB7x\xE9\xAD\xAD\x7F \xFE\xB4B)\xA39\xD08[\xBE\xEEK\x8BOQ\xBD\xEE\x05\x1AE" 400 166 "-" "-"
10.10.0.2 - - [31/Jul/2026:02:08:04 +0000] "POST /wp-cron.php?doing_wp_cron=1785463684.2876310348510742187500 HTTP/1.1" 200 31 "-" "WordPress/6.9.4; https://greenestate.com.bd"
139.177.197.125 - - [31/Jul/2026:02:08:04 +0000] "POST / HTTP/1.1" 200 20439 "-" "Go-http-client/1.1"
139.177.197.125 - - [31/Jul/2026:02:08:06 +0000] "POST / HTTP/1.1" 200 20439 "-" "Go-http-client/1.1"
10.10.0.2 - - [31/Jul/2026:02:08:47 +0000] "POST /wp-cron.php?doing_wp_cron=1785463727.0151729583740234375000 HTTP/1.1" 200 31 "-" "WordPress/6.9.4; https://greenestate.com.bd"
43.153.62.161 - - [31/Jul/2026:02:08:47 +0000] "GET /category/seven-sultans/ HTTP/1.1" 200 14493 "-" "Mozilla/5.0 (iPhone; CPU iPhone OS 13_2_3 like Mac OS X) AppleWebKit/605.1.15 (KHTML, like Gecko) Version/13.0.3 Mobile/15E148 Safari/604.1"
213.230.93.55 - - [31/Jul/2026:02:09:08 +0000] "POST / HTTP/1.1" 200 20445 "-" "Mozilla/5.0 (Macintosh; Intel Mac OS X 11_12) AppleWebKit/537.36 (KHTML, like Gecko) Chrome/103.0.5023.86 Safari/537.36"
37.255.228.186 - - [31/Jul/2026:02:09:15 +0000] "POST / HTTP/1.1" 404 134 "-" "-"
34.156.30.249 - - [31/Jul/2026:02:10:03 +0000] "GET / HTTP/1.1" 404 196 "-" "Mozilla/5.0 (Windows NT 10.0; Win64; x64) AppleWebKit/537.36 (KHTML, like Gecko) Chrome/127.0.0.0 Safari/537.36"
185.170.236.81 - - [31/Jul/2026:02:10:37 +0000] "POST / HTTP/1.1" 404 134 "-" "-"
34.38.118.152 - - [31/Jul/2026:02:12:21 +0000] "\x16\x03\x00\x00i\x01\x00\x00e\x03\x03U\x1C\xA7\xE4random1random2random3random4\x00\x00\x0C\x00/\x00" 400 166 "-" "-"
34.38.118.152 - - [31/Jul/2026:02:12:21 +0000] "GET / HTTP/1.1" 404 162 "-" "Mozilla/5.0 (compatible)"
10.10.0.2 - - [31/Jul/2026:02:12:26 +0000] "POST /wp-cron.php?doing_wp_cron=1785463945.9861359596252441406250 HTTP/1.1" 200 31 "-" "WordPress/6.9.4; https://greenestate.com.bd"
109.75.55.143 - - [31/Jul/2026:02:12:26 +0000] "POST / HTTP/1.1" 200 20439 "-" "Go-http-client/1.1"
10.10.0.2 - - [31/Jul/2026:02:16:07 +0000] "POST /wp-cron.php?doing_wp_cron=1785464166.9639990329742431640625 HTTP/1.1" 200 31 "-" "WordPress/6.9.4; https://greenestate.com.bd"
66.249.74.34 - - [31/Jul/2026:02:16:07 +0000] "GET /2026/07/29/celebrity-sightings-in-canadian-gaming-club-casinos/ HTTP/1.1" 200 16503 "-" "Mozilla/5.0 (Linux; Android 6.0.1; Nexus 5X Build/MMB29P) AppleWebKit/537.36 (KHTML, like Gecko) Chrome/150.0.7871.186 Mobile Safari/537.36 (compatible; Googlebot/2.1; +http://www.google.com/bot.html)"
46.36.100.33 - - [31/Jul/2026:02:16:24 +0000] "POST / HTTP/1.1" 404 134 "-" "Mozilla/5.0 (Macintosh; Intel Mac OS X 10_10) AppleWebKit/600.6.24 (KHTML, like Gecko) Version/10.0.71 Safari/582.13.13"
10.10.0.2 - - [31/Jul/2026:02:18:06 +0000] "POST /wp-cron.php?doing_wp_cron=1785464286.0899689197540283203125 HTTP/1.1" 200 31 "-" "WordPress/6.9.4; https://greenestate.com.bd"
170.106.192.3 - - [31/Jul/2026:02:18:06 +0000] "GET /category/national-casino/ HTTP/1.1" 200 14487 "-" "Mozilla/5.0 (iPhone; CPU iPhone OS 13_2_3 like Mac OS X) AppleWebKit/605.1.15 (KHTML, like Gecko) Version/13.0.3 Mobile/15E148 Safari/604.1"
34.194.14.255 - - [31/Jul/2026:02:18:16 +0000] "GET /2026/07/30/betoverende-kans-met-crystal-roll-no-deposit-bonus-voor-spelers/ HTTP/1.1" 200 15084 "-" "Mozilla/5.0 AppleWebKit/537.36 (KHTML, like Gecko; compatible; Amazonbot/0.1; +https://developer.amazon.com/support/amazonbot) Chrome/119.0.6045.214 Safari/537.36"
52.44.229.124 - - [31/Jul/2026:02:18:19 +0000] "GET /wp-login.php?action=lostpassword&redirect_to=https://greenestate.com.bd/2026/07/28/forsta-gemenskapen-bakom-rolletto-games/ HTTP/1.1" 200 1326 "-" "Mozilla/5.0 AppleWebKit/537.36 (KHTML, like Gecko; compatible; Amazonbot/0.1; +https://developer.amazon.com/support/amazonbot) Chrome/119.0.6045.214 Safari/537.36"
18.215.49.176 - - [31/Jul/2026:02:18:23 +0000] "GET /2026/07/30/mostbet-az-bukmeker-ve-kazino-mostbet-giris-r-smi-sayt/ HTTP/1.1" 200 15969 "-" "Mozilla/5.0 AppleWebKit/537.36 (KHTML, like Gecko; compatible; Amazonbot/0.1; +https://developer.amazon.com/support/amazonbot) Chrome/119.0.6045.214 Safari/537.36"
10.10.0.2 - - [31/Jul/2026:02:18:28 +0000] "POST /wp-cron.php?doing_wp_cron=1785464308.1438770294189453125000 HTTP/1.1" 200 31 "-" "WordPress/6.9.4; https://greenestate.com.bd"
44.223.232.55 - - [31/Jul/2026:02:18:28 +0000] "GET /2026/page/32/ HTTP/1.1" 200 17698 "-" "Mozilla/5.0 AppleWebKit/537.36 (KHTML, like Gecko; compatible; Amazonbot/0.1; +https://developer.amazon.com/support/amazonbot) Chrome/119.0.6045.214 Safari/537.36"
43.130.12.43 - - [31/Jul/2026:02:18:57 +0000] "GET / HTTP/1.1" 301 178 "-" "Mozilla/5.0 (iPhone; CPU iPhone OS 13_2_3 like Mac OS X) AppleWebKit/605.1.15 (KHTML, like Gecko) Version/13.0.3 Mobile/15E148 Safari/604.1"
45.63.4.69 - - [31/Jul/2026:02:21:10 +0000] "GET / HTTP/1.1" 404 134 "-" "Mozilla/5.0 (compatible; CyberConvoyScout/1.0; +https://scout.cyberconvoy.co)"
152.206.206.62 - - [31/Jul/2026:02:21:39 +0000] "POST / HTTP/1.1" 404 134 "-" "-"
142.248.1.83 - - [31/Jul/2026:02:22:51 +0000] "POST / HTTP/1.1 " 400 166 "-" "-"
34.77.193.157 - - [31/Jul/2026:02:23:35 +0000] "GET / HTTP/1.1" 404 134 "-" "python-requests/2.32.5"
10.10.0.2 - - [31/Jul/2026:02:27:35 +0000] "POST /wp-cron.php?doing_wp_cron=1785464855.5095360279083251953125 HTTP/1.1" 200 31 "-" "WordPress/6.9.4; https://greenestate.com.bd"
43.165.198.144 - - [31/Jul/2026:02:27:35 +0000] "GET /category/slotsgem/ HTTP/1.1" 200 14507 "-" "Mozilla/5.0 (iPhone; CPU iPhone OS 13_2_3 like Mac OS X) AppleWebKit/605.1.15 (KHTML, like Gecko) Version/13.0.3 Mobile/15E148 Safari/604.1"
87.116.182.84 - - [31/Jul/2026:02:30:28 +0000] "\x19\xF1\xE9\x0B*\xD0YxE\xD7\x81_}:\xA0}=\xAF\xD8U\xAC\x82`\xF6~_3\xE0 Y\xFA\xB7\x8F\xA3]\xB0D fAs^\x8C\xAC0;\xD3<\xD2\x12\x93p\x7Fs.V\x85x\x89\xF7\xF9\x81& \x14^\xB0\x5Cf\x8C;4^\x1C-\xA3\x07d\x81\xF1\xB8\xAD\xD42\x83\xECt\xCF\x0E\x83\x10\xC5\xCE\xF9R,\x91LZ\x22\xB4?\xF4\xC5h\xE0\xB3\xD7" 400 166 "-" "-"
43.157.53.115 - - [31/Jul/2026:02:32:20 +0000] "GET / HTTP/1.1" 400 264 "-" "Mozilla/5.0 (iPhone; CPU iPhone OS 13_2_3 like Mac OS X) AppleWebKit/605.1.15 (KHTML, like Gecko) Version/13.0.3 Mobile/15E148 Safari/604.1"
3.130.168.2 - - [31/Jul/2026:02:32:24 +0000] "GET / HTTP/1.1" 404 196 "-" "visionheight.com/scan Mozilla/5.0 (Macintosh; Intel Mac OS X 10_15_7) Chrome/126.0.0.0 Safari/537.36"
77.90.185.248 - - [31/Jul/2026:02:34:09 +0000] "GET / HTTP/1.1" 404 134 "-" "Mozilla/5.0 zgrab/0.x"
27.58.83.44 - - [31/Jul/2026:02:34:32 +0000] "dQTuxP / HTTP/1.1" 400 166 "-" "-"
3.130.168.2 - - [31/Jul/2026:02:34:38 +0000] "GET / HTTP/1.1" 404 196 "-" "visionheight.com/scan Mozilla/5.0 (Macintosh; Intel Mac OS X 10_15_7) Chrome/126.0.0.0 Safari/537.36"
3.130.168.2 - - [31/Jul/2026:02:35:02 +0000] "" 400 0 "-" "-"
185.75.225.156 - - [31/Jul/2026:02:35:30 +0000] "POST / HTTP/1.1" 404 134 "-" "-"
10.10.0.2 - - [31/Jul/2026:02:35:47 +0000] "POST /wp-cron.php?doing_wp_cron=1785465347.6653330326080322265625 HTTP/1.1" 200 31 "-" "WordPress/6.9.4; https://greenestate.com.bd"
85.217.149.30 - - [31/Jul/2026:02:35:47 +0000] "GET / HTTP/1.1" 301 5 "-" "Mozilla/5.0 (compatible; ModatScanner/1.2; +https://modat.io/)"
66.249.74.35 - - [31/Jul/2026:02:35:57 +0000] "GET /2026/07/29/behind-the-scenes-how-roobet-ensures-a-fair-play/ HTTP/1.1" 200 15967 "-" "Mozilla/5.0 (Linux; Android 6.0.1; Nexus 5X Build/MMB29P) AppleWebKit/537.36 (KHTML, like Gecko) Chrome/150.0.7871.186 Mobile Safari/537.36 (compatible; GoogleOther)"
3.130.168.2 - - [31/Jul/2026:02:37:18 +0000] "\x16\x03\x01\x01\x00\x01\x00\x00\xFC\x03\x03-\xF3+\xBDp\xCA\x80\x81U\xCB\x03\xE6\xFB\x9F;\xA8\x1B(nL\x8C\x82\xEC\x83~\xA0\xFB\xB4\x04\x02\xBC\x09 \x83\xBFxse\x13,\x96E\xF8\xBF8x\x8B\x86'u$G\xEC\xC3]\xCE\xD3S\xA3\xE0\xAF\xC6\xCDxr\x00&\xCC\xA8\xCC\xA9\xC0/\xC00\xC0+\xC0,\xC0\x13\xC0\x09\xC0\x14\xC0" 400 166 "-" "-"
10.10.0.2 - - [31/Jul/2026:02:37:31 +0000] "POST /wp-cron.php?doing_wp_cron=1785465451.2473409175872802734375 HTTP/1.1" 200 31 "-" "WordPress/6.9.4; https://greenestate.com.bd"
52.73.6.26 - - [31/Jul/2026:02:37:31 +0000] "GET /2026/07/30/explore-a-emocao-dos-wizebets-free-slots-e-ganhe-sem-limites/ HTTP/1.1" 200 15458 "-" "Mozilla/5.0 AppleWebKit/537.36 (KHTML, like Gecko; compatible; Amazonbot/0.1; +https://developer.amazon.com/support/amazonbot) Chrome/119.0.6045.214 Safari/537.36"
52.6.232.201 - - [31/Jul/2026:02:37:35 +0000] "GET /wp-json/wp/v2/posts/9215 HTTP/1.1" 200 9919 "-" "Mozilla/5.0 AppleWebKit/537.36 (KHTML, like Gecko; compatible; Amazonbot/0.1; +https://developer.amazon.com/support/amazonbot) Chrome/119.0.6045.214 Safari/537.36"
184.73.195.18 - - [31/Jul/2026:02:37:39 +0000] "GET /category/bezpecne-zahranicni-casino/ HTTP/1.1" 200 14577 "-" "Mozilla/5.0 AppleWebKit/537.36 (KHTML, like Gecko; compatible; Amazonbot/0.1; +https://developer.amazon.com/support/amazonbot) Chrome/119.0.6045.214 Safari/537.36"
20.203.133.142 - - [31/Jul/2026:02:37:40 +0000] "GET /wp-content/plugins/hellopress/wp_filemanager.php HTTP/1.1" 301 178 "-" "-"
43.165.174.53 - - [31/Jul/2026:02:37:41 +0000] "GET /2026/07/30/unveiling-the-secrets-of-roman-casino-experiences-to-elevate-your-play/ HTTP/1.1" 200 16414 "-" "Mozilla/5.0 (iPhone; CPU iPhone OS 13_2_3 like Mac OS X) AppleWebKit/605.1.15 (KHTML, like Gecko) Version/13.0.3 Mobile/15E148 Safari/604.1"
20.203.133.142 - - [31/Jul/2026:02:37:41 +0000] "GET /wp-content/plugins/hellopress/wp_filemanager.php HTTP/1.1" 404 19 "-" "-"
20.203.133.142 - - [31/Jul/2026:02:37:41 +0000] "GET /this_is_a_new_hello_world.php HTTP/1.1" 301 178 "-" "-"
20.203.133.142 - - [31/Jul/2026:02:37:42 +0000] "GET /this_is_a_new_hello_world.php HTTP/1.1" 404 19 "-" "-"
20.203.133.142 - - [31/Jul/2026:02:37:42 +0000] "GET /3PJcpMFsD8B.php HTTP/1.1" 301 178 "-" "-"
20.203.133.142 - - [31/Jul/2026:02:37:42 +0000] "GET /3PJcpMFsD8B.php HTTP/1.1" 404 19 "-" "-"
20.203.133.142 - - [31/Jul/2026:02:37:42 +0000] "GET /media.php HTTP/1.1" 301 178 "-" "-"
20.203.133.142 - - [31/Jul/2026:02:37:42 +0000] "GET /media.php HTTP/1.1" 404 19 "-" "-"
20.203.133.142 - - [31/Jul/2026:02:37:42 +0000] "GET /images.php HTTP/1.1" 301 178 "-" "-"
20.203.133.142 - - [31/Jul/2026:02:37:42 +0000] "GET /images.php HTTP/1.1" 404 19 "-" "-"
20.203.133.142 - - [31/Jul/2026:02:37:42 +0000] "GET /adminner.php HTTP/1.1" 301 178 "-" "-"
20.203.133.142 - - [31/Jul/2026:02:37:42 +0000] "GET /adminner.php HTTP/1.1" 404 19 "-" "-"
20.203.133.142 - - [31/Jul/2026:02:37:42 +0000] "GET ///admin.php HTTP/1.1" 301 178 "-" "-"
20.203.133.142 - - [31/Jul/2026:02:37:42 +0000] "GET ///admin.php HTTP/1.1" 404 23 "-" "-"
20.203.133.142 - - [31/Jul/2026:02:37:43 +0000] "GET /ops.php HTTP/1.1" 301 178 "-" "-"
20.203.133.142 - - [31/Jul/2026:02:37:43 +0000] "GET /ops.php HTTP/1.1" 404 19 "-" "-"
20.203.133.142 - - [31/Jul/2026:02:37:44 +0000] "GET /mac.php HTTP/1.1" 301 178 "-" "-"
20.203.133.142 - - [31/Jul/2026:02:37:45 +0000] "GET /mac.php HTTP/1.1" 404 19 "-" "-"
20.203.133.142 - - [31/Jul/2026:02:37:45 +0000] "GET /wp-admin/css/colors/modern/ HTTP/1.1" 301 178 "-" "-"
20.203.133.142 - - [31/Jul/2026:02:37:45 +0000] "GET /wp-admin/css/colors/modern/ HTTP/1.1" 308 5 "-" "-"
20.203.133.142 - - [31/Jul/2026:02:37:45 +0000] "GET /wp-admin/css/colors/modern HTTP/1.1" 404 19 "-" "-"
20.203.133.142 - - [31/Jul/2026:02:37:45 +0000] "GET /pucci.php HTTP/1.1" 301 178 "-" "-"
20.203.133.142 - - [31/Jul/2026:02:37:46 +0000] "GET /pucci.php HTTP/1.1" 404 19 "-" "-"
20.203.133.142 - - [31/Jul/2026:02:37:46 +0000] "GET //wp-admin/js/index.php HTTP/1.1" 301 178 "-" "-"
20.203.133.142 - - [31/Jul/2026:02:37:46 +0000] "GET //wp-admin/js/index.php HTTP/1.1" 404 23 "-" "-"
20.203.133.142 - - [31/Jul/2026:02:37:47 +0000] "GET /8.php HTTP/1.1" 301 178 "-" "-"
20.203.133.142 - - [31/Jul/2026:02:37:47 +0000] "GET /8.php HTTP/1.1" 404 19 "-" "-"
20.203.133.142 - - [31/Jul/2026:02:37:47 +0000] "GET /1.php HTTP/1.1" 301 178 "-" "-"
20.203.133.142 - - [31/Jul/2026:02:37:47 +0000] "GET /1.php HTTP/1.1" 404 19 "-" "-"
20.203.133.142 - - [31/Jul/2026:02:37:47 +0000] "GET /wp-content/admin.php HTTP/1.1" 301 178 "-" "-"
20.203.133.142 - - [31/Jul/2026:02:37:47 +0000] "GET /wp-content/admin.php HTTP/1.1" 404 19 "-" "-"
20.203.133.142 - - [31/Jul/2026:02:37:47 +0000] "GET /wp-content/themes/index.php HTTP/1.1" 301 178 "-" "-"
20.203.133.142 - - [31/Jul/2026:02:37:47 +0000] "GET /wp-content/themes/index.php HTTP/1.1" 404 19 "-" "-"
20.203.133.142 - - [31/Jul/2026:02:37:47 +0000] "GET /222.php HTTP/1.1" 301 178 "-" "-"
20.203.133.142 - - [31/Jul/2026:02:37:47 +0000] "GET /222.php HTTP/1.1" 404 19 "-" "-"
20.203.133.142 - - [31/Jul/2026:02:37:48 +0000] "GET //cgi-bin/index.php HTTP/1.1" 301 178 "-" "-"
20.203.133.142 - - [31/Jul/2026:02:37:48 +0000] "GET //cgi-bin/index.php HTTP/1.1" 404 23 "-" "-"
20.203.133.142 - - [31/Jul/2026:02:37:48 +0000] "GET //wp-includes/css/dist/ HTTP/1.1" 301 178 "-" "-"
20.203.133.142 - - [31/Jul/2026:02:37:48 +0000] "GET //wp-includes/css/dist/ HTTP/1.1" 404 23 "-" "-"
20.203.133.142 - - [31/Jul/2026:02:37:48 +0000] "GET //wp-includes/l10n/ HTTP/1.1" 301 178 "-" "-"
20.203.133.142 - - [31/Jul/2026:02:37:48 +0000] "GET //wp-includes/l10n/ HTTP/1.1" 404 23 "-" "-"
20.203.133.142 - - [31/Jul/2026:02:37:48 +0000] "GET /wp-content/uploads/ HTTP/1.1" 301 178 "-" "-"
20.203.133.142 - - [31/Jul/2026:02:37:48 +0000] "GET /wp-content/uploads/ HTTP/1.1" 308 5 "-" "-"
20.203.133.142 - - [31/Jul/2026:02:37:48 +0000] "GET /wp-content/uploads HTTP/1.1" 404 19 "-" "-"
20.203.133.142 - - [31/Jul/2026:02:37:48 +0000] "GET /raw.php HTTP/1.1" 301 178 "-" "-"
20.203.133.142 - - [31/Jul/2026:02:37:49 +0000] "GET /raw.php HTTP/1.1" 404 19 "-" "-"
20.203.133.142 - - [31/Jul/2026:02:37:49 +0000] "GET /wp-content/ HTTP/1.1" 301 178 "-" "-"
20.203.133.142 - - [31/Jul/2026:02:37:49 +0000] "GET /wp-content/ HTTP/1.1" 308 5 "-" "-"
20.203.133.142 - - [31/Jul/2026:02:37:49 +0000] "GET /wp-content HTTP/1.1" 404 19 "-" "-"
20.203.133.142 - - [31/Jul/2026:02:37:49 +0000] "GET /simple.php HTTP/1.1" 301 178 "-" "-"
20.203.133.142 - - [31/Jul/2026:02:37:49 +0000] "GET /simple.php HTTP/1.1" 404 19 "-" "-"
20.203.133.142 - - [31/Jul/2026:02:37:49 +0000] "GET /xxx.php HTTP/1.1" 301 178 "-" "-"
20.203.133.142 - - [31/Jul/2026:02:37:49 +0000] "GET /xxx.php HTTP/1.1" 404 19 "-" "-"
20.203.133.142 - - [31/Jul/2026:02:37:49 +0000] "GET /file.php? HTTP/1.1" 301 178 "-" "-"
20.203.133.142 - - [31/Jul/2026:02:37:49 +0000] "GET /file.php? HTTP/1.1" 404 19 "-" "-"
20.203.133.142 - - [31/Jul/2026:02:37:50 +0000] "GET /wp-load.php HTTP/1.1" 301 178 "-" "-"
20.203.133.142 - - [31/Jul/2026:02:37:50 +0000] "GET /wp-load.php HTTP/1.1" 404 19 "-" "-"
20.203.133.142 - - [31/Jul/2026:02:37:50 +0000] "GET //wp-includes/assets/ HTTP/1.1" 301 178 "-" "-"
20.203.133.142 - - [31/Jul/2026:02:37:50 +0000] "GET //wp-includes/assets/ HTTP/1.1" 404 23 "-" "-"
20.203.133.142 - - [31/Jul/2026:02:37:50 +0000] "GET /wp-admin/css/colors/sunrise/ HTTP/1.1" 301 178 "-" "-"
20.203.133.142 - - [31/Jul/2026:02:37:50 +0000] "GET /wp-admin/css/colors/sunrise/ HTTP/1.1" 308 5 "-" "-"
20.203.133.142 - - [31/Jul/2026:02:37:50 +0000] "GET /wp-admin/css/colors/sunrise HTTP/1.1" 404 19 "-" "-"
20.203.133.142 - - [31/Jul/2026:02:37:50 +0000] "GET /wp-admin/css/colors/midnight/about.php HTTP/1.1" 301 178 "-" "-"
20.203.133.142 - - [31/Jul/2026:02:37:50 +0000] "GET /wp-admin/css/colors/midnight/about.php HTTP/1.1" 404 19 "-" "-"
20.203.133.142 - - [31/Jul/2026:02:37:51 +0000] "GET /a.php HTTP/1.1" 301 178 "-" "-"
20.203.133.142 - - [31/Jul/2026:02:37:51 +0000] "GET /a.php HTTP/1.1" 404 19 "-" "-"
20.203.133.142 - - [31/Jul/2026:02:37:51 +0000] "GET /4PJcpMFsD8B.php HTTP/1.1" 301 178 "-" "-"
20.203.133.142 - - [31/Jul/2026:02:37:51 +0000] "GET /4PJcpMFsD8B.php HTTP/1.1" 404 19 "-" "-"
20.203.133.142 - - [31/Jul/2026:02:37:51 +0000] "GET //aa.php HTTP/1.1" 301 178 "-" "-"
20.203.133.142 - - [31/Jul/2026:02:37:51 +0000] "GET //aa.php HTTP/1.1" 404 23 "-" "-"
20.203.133.142 - - [31/Jul/2026:02:37:51 +0000] "GET /177.php HTTP/1.1" 301 178 "-" "-"
20.203.133.142 - - [31/Jul/2026:02:37:51 +0000] "GET /177.php HTTP/1.1" 404 19 "-" "-"
20.203.133.142 - - [31/Jul/2026:02:37:52 +0000] "GET /coffexium.php HTTP/1.1" 301 178 "-" "-"
20.203.133.142 - - [31/Jul/2026:02:37:52 +0000] "GET /coffexium.php HTTP/1.1" 404 19 "-" "-"
20.203.133.142 - - [31/Jul/2026:02:37:52 +0000] "GET /fffm.php?p= HTTP/1.1" 301 178 "-" "-"
20.203.133.142 - - [31/Jul/2026:02:37:52 +0000] "GET /fffm.php?p= HTTP/1.1" 404 19 "-" "-"
20.203.133.142 - - [31/Jul/2026:02:37:52 +0000] "GET /82.php HTTP/1.1" 301 178 "-" "-"
20.203.133.142 - - [31/Jul/2026:02:37:52 +0000] "GET /82.php HTTP/1.1" 404 19 "-" "-"
20.203.133.142 - - [31/Jul/2026:02:37:52 +0000] "GET /config.json.php HTTP/1.1" 301 178 "-" "-"
20.203.133.142 - - [31/Jul/2026:02:37:52 +0000] "GET /config.json.php HTTP/1.1" 404 19 "-" "-"
20.203.133.142 - - [31/Jul/2026:02:37:52 +0000] "GET /fpwch.php HTTP/1.1" 301 178 "-" "-"
20.203.133.142 - - [31/Jul/2026:02:37:53 +0000] "GET /fpwch.php HTTP/1.1" 404 19 "-" "-"
20.203.133.142 - - [31/Jul/2026:02:37:53 +0000] "GET /xp.php HTTP/1.1" 301 178 "-" "-"
20.203.133.142 - - [31/Jul/2026:02:37:53 +0000] "GET /xp.php HTTP/1.1" 404 19 "-" "-"
20.203.133.142 - - [31/Jul/2026:02:37:53 +0000] "GET /reop3.php?p= HTTP/1.1" 301 178 "-" "-"
20.203.133.142 - - [31/Jul/2026:02:37:53 +0000] "GET /reop3.php?p= HTTP/1.1" 404 19 "-" "-"
20.203.133.142 - - [31/Jul/2026:02:37:53 +0000] "GET /wp-includes/Requests/ HTTP/1.1" 301 178 "-" "-"
20.203.133.142 - - [31/Jul/2026:02:37:53 +0000] "GET /wp-includes/Requests/ HTTP/1.1" 308 5 "-" "-"
20.203.133.142 - - [31/Jul/2026:02:37:53 +0000] "GET /wp-includes/Requests HTTP/1.1" 404 19 "-" "-"
20.203.133.142 - - [31/Jul/2026:02:37:53 +0000] "GET //wp.php? HTTP/1.1" 301 178 "-" "-"
20.203.133.142 - - [31/Jul/2026:02:37:53 +0000] "GET //wp.php? HTTP/1.1" 404 23 "-" "-"
20.203.133.142 - - [31/Jul/2026:02:37:54 +0000] "GET /dex.php HTTP/1.1" 301 178 "-" "-"
20.203.133.142 - - [31/Jul/2026:02:37:54 +0000] "GET /dex.php HTTP/1.1" 404 19 "-" "-"
20.203.133.142 - - [31/Jul/2026:02:37:54 +0000] "GET /biufile.php HTTP/1.1" 301 178 "-" "-"
20.203.133.142 - - [31/Jul/2026:02:37:56 +0000] "GET /biufile.php HTTP/1.1" 404 19 "-" "-"
20.203.133.142 - - [31/Jul/2026:02:37:58 +0000] "GET /inputs.php? HTTP/1.1" 301 178 "-" "-"
20.203.133.142 - - [31/Jul/2026:02:37:58 +0000] "GET /inputs.php? HTTP/1.1" 404 19 "-" "-"
20.203.133.142 - - [31/Jul/2026:02:37:58 +0000] "GET /inputs.php HTTP/1.1" 301 178 "-" "-"
20.203.133.142 - - [31/Jul/2026:02:37:58 +0000] "GET /inputs.php HTTP/1.1" 404 19 "-" "-"
20.203.133.142 - - [31/Jul/2026:02:37:58 +0000] "GET //adminfuns.php HTTP/1.1" 301 178 "-" "-"
20.203.133.142 - - [31/Jul/2026:02:37:59 +0000] "GET //adminfuns.php HTTP/1.1" 404 23 "-" "-"
20.203.133.142 - - [31/Jul/2026:02:37:59 +0000] "GET /goods.php HTTP/1.1" 301 178 "-" "-"
20.203.133.142 - - [31/Jul/2026:02:37:59 +0000] "GET /goods.php HTTP/1.1" 404 19 "-" "-"
20.203.133.142 - - [31/Jul/2026:02:37:59 +0000] "GET /about.php? HTTP/1.1" 301 178 "-" "-"
