74.7.241.58 - - [31/Jul/2026:07:09:58 +0000] "GET /index.php?lokasie=/proc/2280665/timens_offsets&loknya=/proc/2280665 HTTP/1.1" 200 1680 "https://greenestate.com.bd/index.php?loknya=/proc/2280665" "Mozilla/5.0 AppleWebKit/537.36 (KHTML, like Gecko; compatible; GPTBot/1.4; +https://openai.com/gptbot)"
74.7.241.58 - - [31/Jul/2026:07:09:58 +0000] "GET /index.php?loknya=/proc/1161/net/dev_snmp6 HTTP/1.1" 200 2258 "https://greenestate.com.bd/index.php?loknya=/proc/1161/net" "Mozilla/5.0 AppleWebKit/537.36 (KHTML, like Gecko; compatible; GPTBot/1.4; +https://openai.com/gptbot)"
74.7.241.58 - - [31/Jul/2026:07:09:59 +0000] "GET /index.php?lokasie=/proc/1161/net/netfilter/nf_log&loknya=/proc/1161/net/netfilter HTTP/1.1" 200 1712 "https://greenestate.com.bd/index.php?loknya=/proc/1161/net/netfilter" "Mozilla/5.0 AppleWebKit/537.36 (KHTML, like Gecko; compatible; GPTBot/1.4; +https://openai.com/gptbot)"
74.7.241.58 - - [31/Jul/2026:07:09:59 +0000] "GET /index.php?loknya=/proc/2246688 HTTP/1.1" 200 4427 "https://greenestate.com.bd/index.php?loknya=/proc" "Mozilla/5.0 AppleWebKit/537.36 (KHTML, like Gecko; compatible; GPTBot/1.4; +https://openai.com/gptbot)"
74.7.241.58 - - [31/Jul/2026:07:10:00 +0000] "GET /index.php?loknya=/proc/1561454 HTTP/1.1" 200 4420 "https://greenestate.com.bd/index.php?loknya=/proc" "Mozilla/5.0 AppleWebKit/537.36 (KHTML, like Gecko; compatible; GPTBot/1.4; +https://openai.com/gptbot)"
74.7.241.58 - - [31/Jul/2026:07:10:00 +0000] "GET /index.php?loknya=/proc/2280909 HTTP/1.1" 200 4416 "https://greenestate.com.bd/index.php?loknya=/proc" "Mozilla/5.0 AppleWebKit/537.36 (KHTML, like Gecko; compatible; GPTBot/1.4; +https://openai.com/gptbot)"
74.7.241.58 - - [31/Jul/2026:07:10:01 +0000] "GET /index.php?loknya=/proc/2280680 HTTP/1.1" 200 4422 "https://greenestate.com.bd/index.php?loknya=/proc" "Mozilla/5.0 AppleWebKit/537.36 (KHTML, like Gecko; compatible; GPTBot/1.4; +https://openai.com/gptbot)"
74.7.241.58 - - [31/Jul/2026:07:10:02 +0000] "GET /index.php?lokasie=/proc/2280839/net/packet&loknya=/proc/2280839/net HTTP/1.1" 200 1739 "https://greenestate.com.bd/index.php?loknya=/proc/2280839/net" "Mozilla/5.0 AppleWebKit/537.36 (KHTML, like Gecko; compatible; GPTBot/1.4; +https://openai.com/gptbot)"
74.7.241.58 - - [31/Jul/2026:07:10:02 +0000] "GET /index.php?lokasie=/proc/2280839/net/dev&loknya=/proc/2280839/net HTTP/1.1" 200 1883 "https://greenestate.com.bd/index.php?loknya=/proc/2280839/net" "Mozilla/5.0 AppleWebKit/537.36 (KHTML, like Gecko; compatible; GPTBot/1.4; +https://openai.com/gptbot)"
66.249.74.36 - - [31/Jul/2026:07:10:02 +0000] "GET /2026/07/29/the-psychology-of-gambling-at-eu-casinon/ HTTP/1.1" 200 3334 "-" "Mozilla/5.0 (Linux; Android 6.0.1; Nexus 5X Build/MMB29P) AppleWebKit/537.36 (KHTML, like Gecko) Chrome/150.0.7871.186 Mobile Safari/537.36 (compatible; GoogleOther)"
74.7.241.58 - - [31/Jul/2026:07:10:03 +0000] "GET /index.php?lokasie=/proc/2280665/net/xfrm_stat&loknya=/proc/2280665/net HTTP/1.1" 200 1878 "https://greenestate.com.bd/index.php?loknya=/proc/2280665/net" "Mozilla/5.0 AppleWebKit/537.36 (KHTML, like Gecko; compatible; GPTBot/1.4; +https://openai.com/gptbot)"
74.7.241.58 - - [31/Jul/2026:07:10:03 +0000] "GET /index.php?lokasie=/proc/2280839/net/rt_cache&loknya=/proc/2280839/net HTTP/1.1" 200 1744 "https://greenestate.com.bd/index.php?loknya=/proc/2280839/net" "Mozilla/5.0 AppleWebKit/537.36 (KHTML, like Gecko; compatible; GPTBot/1.4; +https://openai.com/gptbot)"
74.7.241.58 - - [31/Jul/2026:07:10:04 +0000] "GET /index.php?lokasie=/proc/2280742/net/connector&loknya=/proc/2280742/net HTTP/1.1" 200 1678 "https://greenestate.com.bd/index.php?loknya=/proc/2280742/net" "Mozilla/5.0 AppleWebKit/537.36 (KHTML, like Gecko; compatible; GPTBot/1.4; +https://openai.com/gptbot)"
74.7.241.58 - - [31/Jul/2026:07:10:04 +0000] "GET /index.php?lokasie=/proc/2280690/net/connector&loknya=/proc/2280690/net HTTP/1.1" 200 1678 "https://greenestate.com.bd/index.php?loknya=/proc/2280690/net" "Mozilla/5.0 AppleWebKit/537.36 (KHTML, like Gecko; compatible; GPTBot/1.4; +https://openai.com/gptbot)"
74.7.241.58 - - [31/Jul/2026:07:10:05 +0000] "GET /index.php?lokasie=/proc/2280665/net/protocols&loknya=/proc/2280665/net HTTP/1.1" 200 2152 "https://greenestate.com.bd/index.php?loknya=/proc/2280665/net" "Mozilla/5.0 AppleWebKit/537.36 (KHTML, like Gecko; compatible; GPTBot/1.4; +https://openai.com/gptbot)"
66.249.74.35 - - [31/Jul/2026:07:10:05 +0000] "GET /category/seven-sultans/?loknya=/var/www/php/green-estate-prod/.git/refs HTTP/1.1" 200 2240 "-" "Mozilla/5.0 (Linux; Android 6.0.1; Nexus 5X Build/MMB29P) AppleWebKit/537.36 (KHTML, like Gecko) Chrome/150.0.7871.186 Mobile Safari/537.36 (compatible; GoogleOther)"
74.7.241.58 - - [31/Jul/2026:07:10:05 +0000] "GET /index.php?lokasie=/proc/1561454/loginuid&loknya=/proc/1561454 HTTP/1.1" 200 1661 "https://greenestate.com.bd/index.php?loknya=/proc/1561454" "Mozilla/5.0 AppleWebKit/537.36 (KHTML, like Gecko; compatible; GPTBot/1.4; +https://openai.com/gptbot)"
74.7.241.58 - - [31/Jul/2026:07:10:06 +0000] "GET /index.php?lokasie=/proc/2280839/net/connector&loknya=/proc/2280839/net HTTP/1.1" 200 1678 "https://greenestate.com.bd/index.php?loknya=/proc/2280839/net" "Mozilla/5.0 AppleWebKit/537.36 (KHTML, like Gecko; compatible; GPTBot/1.4; +https://openai.com/gptbot)"
74.7.241.58 - - [31/Jul/2026:07:10:06 +0000] "GET /index.php?lokasie=/proc/2280742/net/protocols&loknya=/proc/2280742/net HTTP/1.1" 200 2153 "https://greenestate.com.bd/index.php?loknya=/proc/2280742/net" "Mozilla/5.0 AppleWebKit/537.36 (KHTML, like Gecko; compatible; GPTBot/1.4; +https://openai.com/gptbot)"
74.7.241.58 - - [31/Jul/2026:07:10:07 +0000] "GET /index.php?lokasie=/proc/2280665/net/connector&loknya=/proc/2280665/net HTTP/1.1" 200 1678 "https://greenestate.com.bd/index.php?loknya=/proc/2280665/net" "Mozilla/5.0 AppleWebKit/537.36 (KHTML, like Gecko; compatible; GPTBot/1.4; +https://openai.com/gptbot)"
74.7.241.58 - - [31/Jul/2026:07:10:07 +0000] "GET /index.php?lokasie=/proc/2280690/net/protocols&loknya=/proc/2280690/net HTTP/1.1" 200 2152 "https://greenestate.com.bd/index.php?loknya=/proc/2280690/net" "Mozilla/5.0 AppleWebKit/537.36 (KHTML, like Gecko; compatible; GPTBot/1.4; +https://openai.com/gptbot)"
74.7.241.58 - - [31/Jul/2026:07:10:08 +0000] "GET /index.php?lokasie=/proc/2280839/net/protocols&loknya=/proc/2280839/net HTTP/1.1" 200 2153 "https://greenestate.com.bd/index.php?loknya=/proc/2280839/net" "Mozilla/5.0 AppleWebKit/537.36 (KHTML, like Gecko; compatible; GPTBot/1.4; +https://openai.com/gptbot)"
74.7.241.58 - - [31/Jul/2026:07:10:08 +0000] "GET /index.php?lokasie=/proc/2280665/net/sockstat6&loknya=/proc/2280665/net HTTP/1.1" 200 1707 "https://greenestate.com.bd/index.php?loknya=/proc/2280665/net" "Mozilla/5.0 AppleWebKit/537.36 (KHTML, like Gecko; compatible; GPTBot/1.4; +https://openai.com/gptbot)"
74.7.241.58 - - [31/Jul/2026:07:10:09 +0000] "GET /index.php?lokasie=/proc/2280690/net/sockstat6&loknya=/proc/2280690/net HTTP/1.1" 200 1708 "https://greenestate.com.bd/index.php?loknya=/proc/2280690/net" "Mozilla/5.0 AppleWebKit/537.36 (KHTML, like Gecko; compatible; GPTBot/1.4; +https://openai.com/gptbot)"
66.249.74.35 - - [31/Jul/2026:07:10:09 +0000] "GET /2026/07/29/top-5-eu-casinon-myths-debunked/?loknya=/var/www/php/green-estate-prod HTTP/1.1" 200 3327 "-" "Mozilla/5.0 (Linux; Android 6.0.1; Nexus 5X Build/MMB29P) AppleWebKit/537.36 (KHTML, like Gecko) Chrome/150.0.7871.186 Mobile Safari/537.36 (compatible; GoogleOther)"
74.7.241.58 - - [31/Jul/2026:07:10:09 +0000] "GET /index.php?lokasie=/proc/2280742/net/sockstat6&loknya=/proc/2280742/net HTTP/1.1" 200 1708 "https://greenestate.com.bd/index.php?loknya=/proc/2280742/net" "Mozilla/5.0 AppleWebKit/537.36 (KHTML, like Gecko; compatible; GPTBot/1.4; +https://openai.com/gptbot)"
74.7.241.58 - - [31/Jul/2026:07:10:10 +0000] "GET /index.php?lokasie=/proc/2280742/net/if_inet6&loknya=/proc/2280742/net HTTP/1.1" 200 1729 "https://greenestate.com.bd/index.php?loknya=/proc/2280742/net" "Mozilla/5.0 AppleWebKit/537.36 (KHTML, like Gecko; compatible; GPTBot/1.4; +https://openai.com/gptbot)"
74.7.241.58 - - [31/Jul/2026:07:10:10 +0000] "GET /index.php?lokasie=/proc/1161/net/dev_snmp6/lo&loknya=/proc/1161/net/dev_snmp6 HTTP/1.1" 200 2272 "https://greenestate.com.bd/index.php?loknya=/proc/1161/net/dev_snmp6" "Mozilla/5.0 AppleWebKit/537.36 (KHTML, like Gecko; compatible; GPTBot/1.4; +https://openai.com/gptbot)"
74.7.241.58 - - [31/Jul/2026:07:10:11 +0000] "GET /index.php?lokasie=/proc/2280742/net/udp&loknya=/proc/2280742/net HTTP/1.1" 200 1919 "https://greenestate.com.bd/index.php?loknya=/proc/2280742/net" "Mozilla/5.0 AppleWebKit/537.36 (KHTML, like Gecko; compatible; GPTBot/1.4; +https://openai.com/gptbot)"
74.7.241.58 - - [31/Jul/2026:07:10:12 +0000] "GET /index.php?lokasie=/proc/2280690/net/rt_acct&loknya=/proc/2280690/net HTTP/1.1" 200 1716 "https://greenestate.com.bd/index.php?loknya=/proc/2280690/net" "Mozilla/5.0 AppleWebKit/537.36 (KHTML, like Gecko; compatible; GPTBot/1.4; +https://openai.com/gptbot)"
74.7.241.58 - - [31/Jul/2026:07:10:12 +0000] "GET /index.php?lokasie=/proc/2280742/net/rt_acct&loknya=/proc/2280742/net HTTP/1.1" 200 1716 "https://greenestate.com.bd/index.php?loknya=/proc/2280742/net" "Mozilla/5.0 AppleWebKit/537.36 (KHTML, like Gecko; compatible; GPTBot/1.4; +https://openai.com/gptbot)"
74.7.241.58 - - [31/Jul/2026:07:10:13 +0000] "GET /index.php?lokasie=/proc/2280742/net/tcp&loknya=/proc/2280742/net HTTP/1.1" 200 2560 "https://greenestate.com.bd/index.php?loknya=/proc/2280742/net" "Mozilla/5.0 AppleWebKit/537.36 (KHTML, like Gecko; compatible; GPTBot/1.4; +https://openai.com/gptbot)"
74.7.241.58 - - [31/Jul/2026:07:10:13 +0000] "GET /index.php?lokasie=/proc/2280839/net/arp&loknya=/proc/2280839/net HTTP/1.1" 200 2121 "https://greenestate.com.bd/index.php?loknya=/proc/2280839/net" "Mozilla/5.0 AppleWebKit/537.36 (KHTML, like Gecko; compatible; GPTBot/1.4; +https://openai.com/gptbot)"
74.7.241.58 - - [31/Jul/2026:07:10:14 +0000] "GET /index.php?lokasie=/proc/2280665/net/tls_stat&loknya=/proc/2280665/net HTTP/1.1" 200 1768 "https://greenestate.com.bd/index.php?loknya=/proc/2280665/net" "Mozilla/5.0 AppleWebKit/537.36 (KHTML, like Gecko; compatible; GPTBot/1.4; +https://openai.com/gptbot)"
74.7.241.58 - - [31/Jul/2026:07:10:14 +0000] "GET /index.php?lokasie=/proc/2280839/net/rt_acct&loknya=/proc/2280839/net HTTP/1.1" 200 1715 "https://greenestate.com.bd/index.php?loknya=/proc/2280839/net" "Mozilla/5.0 AppleWebKit/537.36 (KHTML, like Gecko; compatible; GPTBot/1.4; +https://openai.com/gptbot)"
74.7.241.58 - - [31/Jul/2026:07:10:15 +0000] "GET /index.php?lokasie=/proc/2280839/net/tcp&loknya=/proc/2280839/net HTTP/1.1" 200 2560 "https://greenestate.com.bd/index.php?loknya=/proc/2280839/net" "Mozilla/5.0 AppleWebKit/537.36 (KHTML, like Gecko; compatible; GPTBot/1.4; +https://openai.com/gptbot)"
74.7.241.58 - - [31/Jul/2026:07:10:15 +0000] "GET /index.php?lokasie=/proc/2280690/net/tls_stat&loknya=/proc/2280690/net HTTP/1.1" 200 1767 "https://greenestate.com.bd/index.php?loknya=/proc/2280690/net" "Mozilla/5.0 AppleWebKit/537.36 (KHTML, like Gecko; compatible; GPTBot/1.4; +https://openai.com/gptbot)"
173.208.148.34 - - [31/Jul/2026:07:10:16 +0000] "GET / HTTP/1.1" 200 32964 "-" "Mozilla/5.0 (Windows NT 10.0; Win64; x64) AppleWebKit/537.36 (KHTML, like Gecko) Chrome/131.0.0.0 Safari/537.36"
74.7.241.58 - - [31/Jul/2026:07:10:16 +0000] "GET /index.php?lokasie=/proc/2280839/net/tls_stat&loknya=/proc/2280839/net HTTP/1.1" 200 1767 "https://greenestate.com.bd/index.php?loknya=/proc/2280839/net" "Mozilla/5.0 AppleWebKit/537.36 (KHTML, like Gecko; compatible; GPTBot/1.4; +https://openai.com/gptbot)"
173.208.148.34 - - [31/Jul/2026:07:10:16 +0000] "GET / HTTP/1.1" 200 32971 "-" "Mozilla/5.0 (compatible; Googlebot/2.1; +http://www.google.com/bot.html)"
173.208.148.34 - - [31/Jul/2026:07:10:16 +0000] "GET /index.php?params=1 HTTP/1.1" 301 178 "-" "Mozilla/5.0 (Windows NT 10.0; Win64; x64) AppleWebKit/537.36 (KHTML, like Gecko) Chrome/131.0.0.0 Safari/537.36"
74.7.241.58 - - [31/Jul/2026:07:10:16 +0000] "GET /index.php?lokasie=/proc/2280690/net/udp&loknya=/proc/2280690/net HTTP/1.1" 200 1887 "https://greenestate.com.bd/index.php?loknya=/proc/2280690/net" "Mozilla/5.0 AppleWebKit/537.36 (KHTML, like Gecko; compatible; GPTBot/1.4; +https://openai.com/gptbot)"
173.208.148.34 - - [31/Jul/2026:07:10:16 +0000] "GET /index.php?params=1 HTTP/1.1" 200 32971 "-" "Mozilla/5.0 (Windows NT 10.0; Win64; x64) AppleWebKit/537.36 (KHTML, like Gecko) Chrome/131.0.0.0 Safari/537.36"
74.7.241.58 - - [31/Jul/2026:07:10:17 +0000] "GET /index.php?lokasie=/proc/2280665/net/arp&loknya=/proc/2280665/net HTTP/1.1" 200 2121 "https://greenestate.com.bd/index.php?loknya=/proc/2280665/net" "Mozilla/5.0 AppleWebKit/537.36 (KHTML, like Gecko; compatible; GPTBot/1.4; +https://openai.com/gptbot)"
74.7.241.58 - - [31/Jul/2026:07:10:17 +0000] "GET /index.php?lokasie=/proc/2280690/net/rt_cache&loknya=/proc/2280690/net HTTP/1.1" 200 1747 "https://greenestate.com.bd/index.php?loknya=/proc/2280690/net" "Mozilla/5.0 AppleWebKit/537.36 (KHTML, like Gecko; compatible; GPTBot/1.4; +https://openai.com/gptbot)"
74.7.241.58 - - [31/Jul/2026:07:10:18 +0000] "GET /index.php?lokasie=/proc/2280665/net/udp&loknya=/proc/2280665/net HTTP/1.1" 200 1912 "https://greenestate.com.bd/index.php?loknya=/proc/2280665/net" "Mozilla/5.0 AppleWebKit/537.36 (KHTML, like Gecko; compatible; GPTBot/1.4; +https://openai.com/gptbot)"
74.7.241.58 - - [31/Jul/2026:07:10:18 +0000] "GET /index.php?lokasie=/proc/2280839/net/udp&loknya=/proc/2280839/net HTTP/1.1" 200 1970 "https://greenestate.com.bd/index.php?loknya=/proc/2280839/net" "Mozilla/5.0 AppleWebKit/537.36 (KHTML, like Gecko; compatible; GPTBot/1.4; +https://openai.com/gptbot)"
74.7.241.58 - - [31/Jul/2026:07:10:19 +0000] "GET /index.php?lokasie=/proc/2280839/net/raw&loknya=/proc/2280839/net HTTP/1.1" 200 1777 "https://greenestate.com.bd/index.php?loknya=/proc/2280839/net" "Mozilla/5.0 AppleWebKit/537.36 (KHTML, like Gecko; compatible; GPTBot/1.4; +https://openai.com/gptbot)"
74.7.241.58 - - [31/Jul/2026:07:10:19 +0000] "GET /index.php?lokasie=/proc/2280742/net/raw&loknya=/proc/2280742/net HTTP/1.1" 200 1777 "https://greenestate.com.bd/index.php?loknya=/proc/2280742/net" "Mozilla/5.0 AppleWebKit/537.36 (KHTML, like Gecko; compatible; GPTBot/1.4; +https://openai.com/gptbot)"
74.7.241.58 - - [31/Jul/2026:07:10:20 +0000] "GET /index.php?lokasie=/proc/2280665/net/rt_cache&loknya=/proc/2280665/net HTTP/1.1" 200 1744 "https://greenestate.com.bd/index.php?loknya=/proc/2280665/net" "Mozilla/5.0 AppleWebKit/537.36 (KHTML, like Gecko; compatible; GPTBot/1.4; +https://openai.com/gptbot)"
216.73.216.37 - - [31/Jul/2026:07:10:20 +0000] "GET /wp-sitemap.xml?lokasie=%2Fvar%2Fwww%2Fphp%2Fgreen-estate-prod%2Fwp-includes%2Ftheme-previews.php&loknya=%2Fvar%2Fwww%2Fphp%2Fgreen-estate-prod%2Fwp-includes HTTP/1.1" 200 2942 "-" "Mozilla/5.0 AppleWebKit/537.36 (KHTML, like Gecko; compatible; ClaudeBot/1.0; +claudebot@anthropic.com)"
216.73.216.37 - - [31/Jul/2026:07:10:20 +0000] "GET /wp-sitemap.xml?lokasie=%2Fvar%2Fwww%2Fphp%2Fgreen-estate-prod%2Fwp-admin%2Fupdate-core.php&loknya=%2Fvar%2Fwww%2Fphp%2Fgreen-estate-prod%2Fwp-admin HTTP/1.1" 200 15977 "-" "Mozilla/5.0 AppleWebKit/537.36 (KHTML, like Gecko; compatible; ClaudeBot/1.0; +claudebot@anthropic.com)"
216.73.216.37 - - [31/Jul/2026:07:10:20 +0000] "GET /wp-sitemap.xml?lokasie=%2Fvar%2Fwww%2Fphp%2Fgreen-estate-prod%2Fwp-includes%2Fuser.php&loknya=%2Fvar%2Fwww%2Fphp%2Fgreen-estate-prod%2Fwp-includes HTTP/1.1" 200 52132 "-" "Mozilla/5.0 AppleWebKit/537.36 (KHTML, like Gecko; compatible; ClaudeBot/1.0; +claudebot@anthropic.com)"
216.73.216.37 - - [31/Jul/2026:07:10:20 +0000] "GET /wp-sitemap.xml?lokasie=%2Fvar%2Fwww%2Fphp%2Fgreen-estate-prod%2Fwp-includes%2Fclass-feed.php&loknya=%2Fvar%2Fwww%2Fphp%2Fgreen-estate-prod%2Fwp-includes HTTP/1.1" 200 1941 "-" "Mozilla/5.0 AppleWebKit/537.36 (KHTML, like Gecko; compatible; ClaudeBot/1.0; +claudebot@anthropic.com)"
216.73.216.37 - - [31/Jul/2026:07:10:20 +0000] "GET /wp-sitemap.xml?lokasie=%2Fvar%2Fwww%2Fphp%2Fgreen-estate-prod%2Fwp-includes%2Fcomment-template.php&loknya=%2Fvar%2Fwww%2Fphp%2Fgreen-estate-prod%2Fwp-includes HTTP/1.1" 200 29875 "-" "Mozilla/5.0 AppleWebKit/537.36 (KHTML, like Gecko; compatible; ClaudeBot/1.0; +claudebot@anthropic.com)"
74.7.241.58 - - [31/Jul/2026:07:10:20 +0000] "GET /index.php?lokasie=/proc/2280665/net/raw&loknya=/proc/2280665/net HTTP/1.1" 200 1779 "https://greenestate.com.bd/index.php?loknya=/proc/2280665/net" "Mozilla/5.0 AppleWebKit/537.36 (KHTML, like Gecko; compatible; GPTBot/1.4; +https://openai.com/gptbot)"
216.73.216.37 - - [31/Jul/2026:07:10:21 +0000] "GET /wp-sitemap.xml?lokasie=%2Fvar%2Fwww%2Fphp%2Fgreen-estate-prod%2Fwp-includes%2Fdefault-constants.php&loknya=%2Fvar%2Fwww%2Fphp%2Fgreen-estate-prod%2Fwp-includes HTTP/1.1" 200 5250 "-" "Mozilla/5.0 AppleWebKit/537.36 (KHTML, like Gecko; compatible; ClaudeBot/1.0; +claudebot@anthropic.com)"
216.73.216.37 - - [31/Jul/2026:07:10:21 +0000] "GET /wp-sitemap.xml?lokasie=%2Fvar%2Fwww%2Fphp%2Fgreen-estate-prod%2Fwp-includes%2Fatomlib.php&loknya=%2Fvar%2Fwww%2Fphp%2Fgreen-estate-prod%2Fwp-includes HTTP/1.1" 200 5699 "-" "Mozilla/5.0 AppleWebKit/537.36 (KHTML, like Gecko; compatible; ClaudeBot/1.0; +claudebot@anthropic.com)"
216.73.216.37 - - [31/Jul/2026:07:10:21 +0000] "GET /wp-sitemap.xml?lokasie=%2F%2Fgreen_estate_db.sql&loknya=%2F HTTP/1.1" 200 2906368 "-" "Mozilla/5.0 AppleWebKit/537.36 (KHTML, like Gecko; compatible; ClaudeBot/1.0; +claudebot@anthropic.com)"
74.7.241.58 - - [31/Jul/2026:07:10:21 +0000] "GET /index.php?lokasie=/proc/2280665/net/tcp&loknya=/proc/2280665/net HTTP/1.1" 200 2611 "https://greenestate.com.bd/index.php?loknya=/proc/2280665/net" "Mozilla/5.0 AppleWebKit/537.36 (KHTML, like Gecko; compatible; GPTBot/1.4; +https://openai.com/gptbot)"
216.73.216.37 - - [31/Jul/2026:07:10:21 +0000] "GET /wp-sitemap.xml?lokasie=%2Fvar%2Fwww%2Fphp%2Fgreen-estate-prod%2Fwp-includes%2Fms-functions.php&loknya=%2Fvar%2Fwww%2Fphp%2Fgreen-estate-prod%2Fwp-includes HTTP/1.1" 200 28631 "-" "Mozilla/5.0 AppleWebKit/537.36 (KHTML, like Gecko; compatible; ClaudeBot/1.0; +claudebot@anthropic.com)"
216.73.216.37 - - [31/Jul/2026:07:10:21 +0000] "GET /wp-sitemap.xml?lokasie=%2Fvar%2Fwww%2Fphp%2Fgreen-estate-prod%2Fwp-admin%2Ftheme-install.php&loknya=%2Fvar%2Fwww%2Fphp%2Fgreen-estate-prod%2Fwp-admin HTTP/1.1" 200 9220 "-" "Mozilla/5.0 AppleWebKit/537.36 (KHTML, like Gecko; compatible; ClaudeBot/1.0; +claudebot@anthropic.com)"
216.73.216.37 - - [31/Jul/2026:07:10:21 +0000] "GET /wp-sitemap.xml?lokasie=%2Fvar%2Fwww%2Fphp%2Fgreen-estate-prod%2Fwp-includes%2Fclass-wp-meta-query.php&loknya=%2Fvar%2Fwww%2Fphp%2Fgreen-estate-prod%2Fwp-includes HTTP/1.1" 200 11037 "-" "Mozilla/5.0 AppleWebKit/537.36 (KHTML, like Gecko; compatible; ClaudeBot/1.0; +claudebot@anthropic.com)"
216.73.216.37 - - [31/Jul/2026:07:10:21 +0000] "GET /wp-sitemap.xml?lokasie=%2Fvar%2Fwww%2Fphp%2Fgreen-estate-prod%2Fwp-includes%2Fclass-wp-application-passwords.php&loknya=%2Fvar%2Fwww%2Fphp%2Fgreen-estate-prod%2Fwp-includes HTTP/1.1" 200 5800 "-" "Mozilla/5.0 AppleWebKit/537.36 (KHTML, like Gecko; compatible; ClaudeBot/1.0; +claudebot@anthropic.com)"
74.7.241.58 - - [31/Jul/2026:07:10:21 +0000] "GET /index.php?lokasie=/proc/2280742/net/rt_cache&loknya=/proc/2280742/net HTTP/1.1" 200 1744 "https://greenestate.com.bd/index.php?loknya=/proc/2280742/net" "Mozilla/5.0 AppleWebKit/537.36 (KHTML, like Gecko; compatible; GPTBot/1.4; +https://openai.com/gptbot)"
216.73.216.37 - - [31/Jul/2026:07:10:22 +0000] "GET /wp-sitemap.xml?lokasie=%2Fvar%2Fwww%2Fphp%2Fgreen-estate-prod%2Fwp-admin%2Fuser-edit.php&loknya=%2Fvar%2Fwww%2Fphp%2Fgreen-estate-prod%2Fwp-admin HTTP/1.1" 200 15186 "-" "Mozilla/5.0 AppleWebKit/537.36 (KHTML, like Gecko; compatible; ClaudeBot/1.0; +claudebot@anthropic.com)"
216.73.216.37 - - [31/Jul/2026:07:10:22 +0000] "GET /wp-sitemap.xml?lokasie=%2Fvar%2Fwww%2Fphp%2Fgreen-estate-prod%2Fwp-includes%2Fload.php&loknya=%2Fvar%2Fwww%2Fphp%2Fgreen-estate-prod%2Fwp-includes HTTP/1.1" 200 20855 "-" "Mozilla/5.0 AppleWebKit/537.36 (KHTML, like Gecko; compatible; ClaudeBot/1.0; +claudebot@anthropic.com)"
216.73.216.37 - - [31/Jul/2026:07:10:22 +0000] "GET /wp-sitemap.xml?lokasie=%2Fvar%2Fwww%2Fphp%2Fgreen-estate-prod%2Fwp-includes%2Ffeed-rss.php&loknya=%2Fvar%2Fwww%2Fphp%2Fgreen-estate-prod%2Fwp-includes HTTP/1.1" 200 2337 "-" "Mozilla/5.0 AppleWebKit/537.36 (KHTML, like Gecko; compatible; ClaudeBot/1.0; +claudebot@anthropic.com)"
216.73.216.37 - - [31/Jul/2026:07:10:22 +0000] "GET /wp-sitemap.xml?lokasie=%2Fvar%2Fwww%2Fphp%2Fgreen-estate-prod%2Fwp-includes%2Fclass-wp-block.php&loknya=%2Fvar%2Fwww%2Fphp%2Fgreen-estate-prod%2Fwp-includes HTTP/1.1" 200 9879 "-" "Mozilla/5.0 AppleWebKit/537.36 (KHTML, like Gecko; compatible; ClaudeBot/1.0; +claudebot@anthropic.com)"
216.73.216.37 - - [31/Jul/2026:07:10:22 +0000] "GET /wp-sitemap.xml?lokasie=%2Fvar%2Fwww%2Fphp%2Fgreen-estate-prod%2Fwp-admin%2Ftools.php&loknya=%2Fvar%2Fwww%2Fphp%2Fgreen-estate-prod%2Fwp-admin HTTP/1.1" 200 3248 "-" "Mozilla/5.0 AppleWebKit/537.36 (KHTML, like Gecko; compatible; ClaudeBot/1.0; +claudebot@anthropic.com)"
74.7.241.58 - - [31/Jul/2026:07:10:22 +0000] "GET /index.php?lokasie=/proc/2280665/net/rt_acct&loknya=/proc/2280665/net HTTP/1.1" 200 1715 "https://greenestate.com.bd/index.php?loknya=/proc/2280665/net" "Mozilla/5.0 AppleWebKit/537.36 (KHTML, like Gecko; compatible; GPTBot/1.4; +https://openai.com/gptbot)"
216.73.216.37 - - [31/Jul/2026:07:10:22 +0000] "GET /wp-sitemap.xml?lokasie=%2Fvar%2Fwww%2Fphp%2Fgreen-estate-prod%2Fwp-includes%2Fsession.php&loknya=%2Fvar%2Fwww%2Fphp%2Fgreen-estate-prod%2Fwp-includes HTTP/1.1" 200 1846 "-" "Mozilla/5.0 AppleWebKit/537.36 (KHTML, like Gecko; compatible; ClaudeBot/1.0; +claudebot@anthropic.com)"
216.73.216.37 - - [31/Jul/2026:07:10:22 +0000] "GET /wp-sitemap.xml?lokasie=%2Fvar%2Fwww%2Fphp%2Fgreen-estate-prod%2Fwp-includes%2Fclass-wp-simplepie-file.php&loknya=%2Fvar%2Fwww%2Fphp%2Fgreen-estate-prod%2Fwp-includes HTTP/1.1" 200 3256 "-" "Mozilla/5.0 AppleWebKit/537.36 (KHTML, like Gecko; compatible; ClaudeBot/1.0; +claudebot@anthropic.com)"
216.73.216.37 - - [31/Jul/2026:07:10:22 +0000] "GET /wp-sitemap.xml?lokasie=%2Fvar%2Fwww%2Fphp%2Fgreen-estate-prod%2Fwp-includes%2Fclass-simplepie.php&loknya=%2Fvar%2Fwww%2Fphp%2Fgreen-estate-prod%2Fwp-includes HTTP/1.1" 200 1971 "-" "Mozilla/5.0 AppleWebKit/537.36 (KHTML, like Gecko; compatible; ClaudeBot/1.0; +claudebot@anthropic.com)"
74.7.241.58 - - [31/Jul/2026:07:10:23 +0000] "GET /index.php?lokasie=/proc/2280690/net/arp&loknya=/proc/2280690/net HTTP/1.1" 200 2121 "https://greenestate.com.bd/index.php?loknya=/proc/2280690/net" "Mozilla/5.0 AppleWebKit/537.36 (KHTML, like Gecko; compatible; GPTBot/1.4; +https://openai.com/gptbot)"
74.7.241.58 - - [31/Jul/2026:07:10:23 +0000] "GET /index.php?lokasie=/proc/2280690/net/raw&loknya=/proc/2280690/net HTTP/1.1" 200 1779 "https://greenestate.com.bd/index.php?loknya=/proc/2280690/net" "Mozilla/5.0 AppleWebKit/537.36 (KHTML, like Gecko; compatible; GPTBot/1.4; +https://openai.com/gptbot)"
74.7.241.58 - - [31/Jul/2026:07:10:24 +0000] "GET /index.php?lokasie=/proc/2280742/net/arp&loknya=/proc/2280742/net HTTP/1.1" 200 2120 "https://greenestate.com.bd/index.php?loknya=/proc/2280742/net" "Mozilla/5.0 AppleWebKit/537.36 (KHTML, like Gecko; compatible; GPTBot/1.4; +https://openai.com/gptbot)"
74.7.241.58 - - [31/Jul/2026:07:10:24 +0000] "GET /index.php?lokasie=/proc/2280690/net/tcp&loknya=/proc/2280690/net HTTP/1.1" 200 2607 "https://greenestate.com.bd/index.php?loknya=/proc/2280690/net" "Mozilla/5.0 AppleWebKit/537.36 (KHTML, like Gecko; compatible; GPTBot/1.4; +https://openai.com/gptbot)"
74.7.241.58 - - [31/Jul/2026:07:10:25 +0000] "GET /index.php?lokasie=/proc/1161/net/dev_snmp6/eth1&loknya=/proc/1161/net/dev_snmp6 HTTP/1.1" 200 2333 "https://greenestate.com.bd/index.php?loknya=/proc/1161/net/dev_snmp6" "Mozilla/5.0 AppleWebKit/537.36 (KHTML, like Gecko; compatible; GPTBot/1.4; +https://openai.com/gptbot)"
74.7.241.58 - - [31/Jul/2026:07:10:25 +0000] "GET /index.php?lokasie=/proc/2280742/net/mcfilter6&loknya=/proc/2280742/net HTTP/1.1" 200 1704 "https://greenestate.com.bd/index.php?loknya=/proc/2280742/net" "Mozilla/5.0 AppleWebKit/537.36 (KHTML, like Gecko; compatible; GPTBot/1.4; +https://openai.com/gptbot)"
74.7.241.58 - - [31/Jul/2026:07:10:26 +0000] "GET /index.php?lokasie=/proc/2280665/net/mcfilter6&loknya=/proc/2280665/net HTTP/1.1" 200 1704 "https://greenestate.com.bd/index.php?loknya=/proc/2280665/net" "Mozilla/5.0 AppleWebKit/537.36 (KHTML, like Gecko; compatible; GPTBot/1.4; +https://openai.com/gptbot)"
74.7.241.58 - - [31/Jul/2026:07:10:26 +0000] "GET /index.php?lokasie=/proc/2280690/net/mcfilter6&loknya=/proc/2280690/net HTTP/1.1" 200 1704 "https://greenestate.com.bd/index.php?loknya=/proc/2280690/net" "Mozilla/5.0 AppleWebKit/537.36 (KHTML, like Gecko; compatible; GPTBot/1.4; +https://openai.com/gptbot)"
74.7.241.58 - - [31/Jul/2026:07:10:27 +0000] "GET /index.php?lokasie=/proc/2280839/net/sockstat6&loknya=/proc/2280839/net HTTP/1.1" 200 1708 "https://greenestate.com.bd/index.php?loknya=/proc/2280839/net" "Mozilla/5.0 AppleWebKit/537.36 (KHTML, like Gecko; compatible; GPTBot/1.4; +https://openai.com/gptbot)"
74.7.241.58 - - [31/Jul/2026:07:10:27 +0000] "GET /index.php?lokasie=/proc/2280742/net/route&loknya=/proc/2280742/net HTTP/1.1" 200 1803 "https://greenestate.com.bd/index.php?loknya=/proc/2280742/net" "Mozilla/5.0 AppleWebKit/537.36 (KHTML, like Gecko; compatible; GPTBot/1.4; +https://openai.com/gptbot)"
74.7.241.58 - - [31/Jul/2026:07:10:28 +0000] "GET /index.php?lokasie=/proc/2280690/net/icmp&loknya=/proc/2280690/net HTTP/1.1" 200 1731 "https://greenestate.com.bd/index.php?loknya=/proc/2280690/net" "Mozilla/5.0 AppleWebKit/537.36 (KHTML, like Gecko; compatible; GPTBot/1.4; +https://openai.com/gptbot)"
74.7.241.58 - - [31/Jul/2026:07:10:28 +0000] "GET /index.php?lokasie=/proc/2280665/net/icmp&loknya=/proc/2280665/net HTTP/1.1" 200 1731 "https://greenestate.com.bd/index.php?loknya=/proc/2280665/net" "Mozilla/5.0 AppleWebKit/537.36 (KHTML, like Gecko; compatible; GPTBot/1.4; +https://openai.com/gptbot)"
74.7.241.58 - - [31/Jul/2026:07:10:29 +0000] "GET /index.php?lokasie=/proc/2280839/net/ptype&loknya=/proc/2280839/net HTTP/1.1" 200 1723 "https://greenestate.com.bd/index.php?loknya=/proc/2280839/net" "Mozilla/5.0 AppleWebKit/537.36 (KHTML, like Gecko; compatible; GPTBot/1.4; +https://openai.com/gptbot)"
74.7.241.58 - - [31/Jul/2026:07:10:29 +0000] "GET /index.php?lokasie=/proc/2280690/net/ptype&loknya=/proc/2280690/net HTTP/1.1" 200 1723 "https://greenestate.com.bd/index.php?loknya=/proc/2280690/net" "Mozilla/5.0 AppleWebKit/537.36 (KHTML, like Gecko; compatible; GPTBot/1.4; +https://openai.com/gptbot)"
74.7.241.58 - - [31/Jul/2026:07:10:30 +0000] "GET /index.php?lokasie=/proc/2280690/net/snmp&loknya=/proc/2280690/net HTTP/1.1" 200 2379 "https://greenestate.com.bd/index.php?loknya=/proc/2280690/net" "Mozilla/5.0 AppleWebKit/537.36 (KHTML, like Gecko; compatible; GPTBot/1.4; +https://openai.com/gptbot)"
74.7.241.58 - - [31/Jul/2026:07:10:31 +0000] "GET /index.php?lokasie=/proc/2280665/net/route&loknya=/proc/2280665/net HTTP/1.1" 200 1803 "https://greenestate.com.bd/index.php?loknya=/proc/2280665/net" "Mozilla/5.0 AppleWebKit/537.36 (KHTML, like Gecko; compatible; GPTBot/1.4; +https://openai.com/gptbot)"
74.7.241.58 - - [31/Jul/2026:07:10:31 +0000] "GET /index.php?lokasie=/proc/2280742/net/ptype&loknya=/proc/2280742/net HTTP/1.1" 200 1723 "https://greenestate.com.bd/index.php?loknya=/proc/2280742/net" "Mozilla/5.0 AppleWebKit/537.36 (KHTML, like Gecko; compatible; GPTBot/1.4; +https://openai.com/gptbot)"
74.7.241.58 - - [31/Jul/2026:07:10:32 +0000] "GET /index.php?lokasie=/proc/2280742/net/icmp&loknya=/proc/2280742/net HTTP/1.1" 200 1732 "https://greenestate.com.bd/index.php?loknya=/proc/2280742/net" "Mozilla/5.0 AppleWebKit/537.36 (KHTML, like Gecko; compatible; GPTBot/1.4; +https://openai.com/gptbot)"
74.7.241.58 - - [31/Jul/2026:07:10:32 +0000] "GET /index.php?lokasie=/proc/2280839/net/icmp&loknya=/proc/2280839/net HTTP/1.1" 200 1732 "https://greenestate.com.bd/index.php?loknya=/proc/2280839/net" "Mozilla/5.0 AppleWebKit/537.36 (KHTML, like Gecko; compatible; GPTBot/1.4; +https://openai.com/gptbot)"
74.7.241.58 - - [31/Jul/2026:07:10:33 +0000] "GET /index.php?lokasie=/proc/2280742/net/igmp&loknya=/proc/2280742/net HTTP/1.1" 200 1756 "https://greenestate.com.bd/index.php?loknya=/proc/2280742/net" "Mozilla/5.0 AppleWebKit/537.36 (KHTML, like Gecko; compatible; GPTBot/1.4; +https://openai.com/gptbot)"
74.7.241.58 - - [31/Jul/2026:07:10:33 +0000] "GET /index.php?lokasie=/proc/2280839/net/route&loknya=/proc/2280839/net HTTP/1.1" 200 1803 "https://greenestate.com.bd/index.php?loknya=/proc/2280839/net" "Mozilla/5.0 AppleWebKit/537.36 (KHTML, like Gecko; compatible; GPTBot/1.4; +https://openai.com/gptbot)"
74.7.241.58 - - [31/Jul/2026:07:10:34 +0000] "GET /index.php?lokasie=/proc/2280665/net/unix&loknya=/proc/2280665/net HTTP/1.1" 200 3447 "https://greenestate.com.bd/index.php?loknya=/proc/2280665/net" "Mozilla/5.0 AppleWebKit/537.36 (KHTML, like Gecko; compatible; GPTBot/1.4; +https://openai.com/gptbot)"
74.7.241.58 - - [31/Jul/2026:07:10:34 +0000] "GET /index.php?lokasie=/proc/2280665/net/snmp&loknya=/proc/2280665/net HTTP/1.1" 200 2380 "https://greenestate.com.bd/index.php?loknya=/proc/2280665/net" "Mozilla/5.0 AppleWebKit/537.36 (KHTML, like Gecko; compatible; GPTBot/1.4; +https://openai.com/gptbot)"
74.7.241.58 - - [31/Jul/2026:07:10:35 +0000] "GET /index.php?lokasie=/proc/2280742/net/snmp&loknya=/proc/2280742/net HTTP/1.1" 200 2380 "https://greenestate.com.bd/index.php?loknya=/proc/2280742/net" "Mozilla/5.0 AppleWebKit/537.36 (KHTML, like Gecko; compatible; GPTBot/1.4; +https://openai.com/gptbot)"
74.7.241.58 - - [31/Jul/2026:07:10:35 +0000] "GET /index.php?lokasie=/proc/2280839/net/unix&loknya=/proc/2280839/net HTTP/1.1" 200 3438 "https://greenestate.com.bd/index.php?loknya=/proc/2280839/net" "Mozilla/5.0 AppleWebKit/537.36 (KHTML, like Gecko; compatible; GPTBot/1.4; +https://openai.com/gptbot)"
74.7.241.58 - - [31/Jul/2026:07:10:36 +0000] "GET /index.php?lokasie=/proc/2280690/net/unix&loknya=/proc/2280690/net HTTP/1.1" 200 3441 "https://greenestate.com.bd/index.php?loknya=/proc/2280690/net" "Mozilla/5.0 AppleWebKit/537.36 (KHTML, like Gecko; compatible; GPTBot/1.4; +https://openai.com/gptbot)"
74.7.241.58 - - [31/Jul/2026:07:10:36 +0000] "GET /index.php?lokasie=/proc/2280665/net/ptype&loknya=/proc/2280665/net HTTP/1.1" 200 1722 "https://greenestate.com.bd/index.php?loknya=/proc/2280665/net" "Mozilla/5.0 AppleWebKit/537.36 (KHTML, like Gecko; compatible; GPTBot/1.4; +https://openai.com/gptbot)"
74.7.241.58 - - [31/Jul/2026:07:10:37 +0000] "GET /index.php?lokasie=/proc/2280690/net/route&loknya=/proc/2280690/net HTTP/1.1" 200 1803 "https://greenestate.com.bd/index.php?loknya=/proc/2280690/net" "Mozilla/5.0 AppleWebKit/537.36 (KHTML, like Gecko; compatible; GPTBot/1.4; +https://openai.com/gptbot)"
74.7.241.58 - - [31/Jul/2026:07:10:37 +0000] "GET /index.php?lokasie=/proc/2280742/net/unix&loknya=/proc/2280742/net HTTP/1.1" 200 3442 "https://greenestate.com.bd/index.php?loknya=/proc/2280742/net" "Mozilla/5.0 AppleWebKit/537.36 (KHTML, like Gecko; compatible; GPTBot/1.4; +https://openai.com/gptbot)"
74.7.241.58 - - [31/Jul/2026:07:10:38 +0000] "GET /index.php?lokasie=/proc/2280839/net/snmp&loknya=/proc/2280839/net HTTP/1.1" 200 2379 "https://greenestate.com.bd/index.php?loknya=/proc/2280839/net" "Mozilla/5.0 AppleWebKit/537.36 (KHTML, like Gecko; compatible; GPTBot/1.4; +https://openai.com/gptbot)"
178.131.162.236 - - [31/Jul/2026:07:10:38 +0000] "POST / HTTP/1.1" 404 134 "-" "-"
74.7.241.58 - - [31/Jul/2026:07:10:38 +0000] "GET /index.php?lokasie=/proc/2280690/net/netstat&loknya=/proc/2280690/net HTTP/1.1" 200 3417 "https://greenestate.com.bd/index.php?loknya=/proc/2280690/net" "Mozilla/5.0 AppleWebKit/537.36 (KHTML, like Gecko; compatible; GPTBot/1.4; +https://openai.com/gptbot)"
74.7.241.58 - - [31/Jul/2026:07:10:39 +0000] "GET /index.php?lokasie=/proc/2280665/net/netlink&loknya=/proc/2280665/net HTTP/1.1" 200 2149 "https://greenestate.com.bd/index.php?loknya=/proc/2280665/net" "Mozilla/5.0 AppleWebKit/537.36 (KHTML, like Gecko; compatible; GPTBot/1.4; +https://openai.com/gptbot)"
74.7.241.58 - - [31/Jul/2026:07:10:39 +0000] "GET /index.php?lokasie=/proc/2280665/net/psched&loknya=/proc/2280665/net HTTP/1.1" 200 1683 "https://greenestate.com.bd/index.php?loknya=/proc/2280665/net" "Mozilla/5.0 AppleWebKit/537.36 (KHTML, like Gecko; compatible; GPTBot/1.4; +https://openai.com/gptbot)"
74.7.241.58 - - [31/Jul/2026:07:10:40 +0000] "GET /index.php?lokasie=/proc/2280742/net/netstat&loknya=/proc/2280742/net HTTP/1.1" 200 3415 "https://greenestate.com.bd/index.php?loknya=/proc/2280742/net" "Mozilla/5.0 AppleWebKit/537.36 (KHTML, like Gecko; compatible; GPTBot/1.4; +https://openai.com/gptbot)"
74.7.241.58 - - [31/Jul/2026:07:10:40 +0000] "GET /index.php?lokasie=/proc/2280839/net/netstat&loknya=/proc/2280839/net HTTP/1.1" 200 3418 "https://greenestate.com.bd/index.php?loknya=/proc/2280839/net" "Mozilla/5.0 AppleWebKit/537.36 (KHTML, like Gecko; compatible; GPTBot/1.4; +https://openai.com/gptbot)"
74.7.241.58 - - [31/Jul/2026:07:10:41 +0000] "GET /index.php?lokasie=/proc/2280690/net/packet&loknya=/proc/2280690/net HTTP/1.1" 200 1739 "https://greenestate.com.bd/index.php?loknya=/proc/2280690/net" "Mozilla/5.0 AppleWebKit/537.36 (KHTML, like Gecko; compatible; GPTBot/1.4; +https://openai.com/gptbot)"
74.7.241.58 - - [31/Jul/2026:07:10:41 +0000] "GET /index.php?lokasie=/proc/2280665/net/packet&loknya=/proc/2280665/net HTTP/1.1" 200 1738 "https://greenestate.com.bd/index.php?loknya=/proc/2280665/net" "Mozilla/5.0 AppleWebKit/537.36 (KHTML, like Gecko; compatible; GPTBot/1.4; +https://openai.com/gptbot)"
74.7.241.58 - - [31/Jul/2026:07:10:42 +0000] "GET /index.php?lokasie=/proc/2280690/net/netlink&loknya=/proc/2280690/net HTTP/1.1" 200 2146 "https://greenestate.com.bd/index.php?loknya=/proc/2280690/net" "Mozilla/5.0 AppleWebKit/537.36 (KHTML, like Gecko; compatible; GPTBot/1.4; +https://openai.com/gptbot)"
74.7.241.58 - - [31/Jul/2026:07:10:43 +0000] "GET /index.php?lokasie=/proc/2280839/net/netlink&loknya=/proc/2280839/net HTTP/1.1" 200 2150 "https://greenestate.com.bd/index.php?loknya=/proc/2280839/net" "Mozilla/5.0 AppleWebKit/537.36 (KHTML, like Gecko; compatible; GPTBot/1.4; +https://openai.com/gptbot)"
74.7.241.58 - - [31/Jul/2026:07:10:43 +0000] "GET /index.php?lokasie=/proc/2280690/net/psched&loknya=/proc/2280690/net HTTP/1.1" 200 1683 "https://greenestate.com.bd/index.php?loknya=/proc/2280690/net" "Mozilla/5.0 AppleWebKit/537.36 (KHTML, like Gecko; compatible; GPTBot/1.4; +https://openai.com/gptbot)"
74.7.241.58 - - [31/Jul/2026:07:10:44 +0000] "GET /index.php?lokasie=/proc/2280839/net/udplite&loknya=/proc/2280839/net HTTP/1.1" 200 1735 "https://greenestate.com.bd/index.php?loknya=/proc/2280839/net" "Mozilla/5.0 AppleWebKit/537.36 (KHTML, like Gecko; compatible; GPTBot/1.4; +https://openai.com/gptbot)"
74.7.241.58 - - [31/Jul/2026:07:10:44 +0000] "GET /index.php?lokasie=/proc/2280690/net/udplite&loknya=/proc/2280690/net HTTP/1.1" 200 1734 "https://greenestate.com.bd/index.php?loknya=/proc/2280690/net" "Mozilla/5.0 AppleWebKit/537.36 (KHTML, like Gecko; compatible; GPTBot/1.4; +https://openai.com/gptbot)"
74.7.241.58 - - [31/Jul/2026:07:10:45 +0000] "GET /index.php?lokasie=/proc/2280839/net/psched&loknya=/proc/2280839/net HTTP/1.1" 200 1684 "https://greenestate.com.bd/index.php?loknya=/proc/2280839/net" "Mozilla/5.0 AppleWebKit/537.36 (KHTML, like Gecko; compatible; GPTBot/1.4; +https://openai.com/gptbot)"
74.7.241.58 - - [31/Jul/2026:07:10:45 +0000] "GET /index.php?lokasie=/proc/2280665/net/udplite&loknya=/proc/2280665/net HTTP/1.1" 200 1734 "https://greenestate.com.bd/index.php?loknya=/proc/2280665/net" "Mozilla/5.0 AppleWebKit/537.36 (KHTML, like Gecko; compatible; GPTBot/1.4; +https://openai.com/gptbot)"
74.7.241.58 - - [31/Jul/2026:07:10:46 +0000] "GET /index.php?lokasie=/proc/2280742/net/udplite&loknya=/proc/2280742/net HTTP/1.1" 200 1735 "https://greenestate.com.bd/index.php?loknya=/proc/2280742/net" "Mozilla/5.0 AppleWebKit/537.36 (KHTML, like Gecko; compatible; GPTBot/1.4; +https://openai.com/gptbot)"
74.7.241.58 - - [31/Jul/2026:07:10:46 +0000] "GET /index.php?lokasie=/proc/2280742/net/packet&loknya=/proc/2280742/net HTTP/1.1" 200 1738 "https://greenestate.com.bd/index.php?loknya=/proc/2280742/net" "Mozilla/5.0 AppleWebKit/537.36 (KHTML, like Gecko; compatible; GPTBot/1.4; +https://openai.com/gptbot)"
74.7.241.58 - - [31/Jul/2026:07:10:47 +0000] "GET /index.php?lokasie=/proc/2280665/net/netstat&loknya=/proc/2280665/net HTTP/1.1" 200 3415 "https://greenestate.com.bd/index.php?loknya=/proc/2280665/net" "Mozilla/5.0 AppleWebKit/537.36 (KHTML, like Gecko; compatible; GPTBot/1.4; +https://openai.com/gptbot)"
74.7.241.58 - - [31/Jul/2026:07:10:47 +0000] "GET /index.php?lokasie=/proc/2280742/net/netlink&loknya=/proc/2280742/net HTTP/1.1" 200 2134 "https://greenestate.com.bd/index.php?loknya=/proc/2280742/net" "Mozilla/5.0 AppleWebKit/537.36 (KHTML, like Gecko; compatible; GPTBot/1.4; +https://openai.com/gptbot)"
74.7.241.58 - - [31/Jul/2026:07:10:48 +0000] "GET /index.php?lokasie=/proc/2280742/net/psched&loknya=/proc/2280742/net HTTP/1.1" 200 1684 "https://greenestate.com.bd/index.php?loknya=/proc/2280742/net" "Mozilla/5.0 AppleWebKit/537.36 (KHTML, like Gecko; compatible; GPTBot/1.4; +https://openai.com/gptbot)"
74.7.241.58 - - [31/Jul/2026:07:10:48 +0000] "GET /index.php?lokasie=/proc/2280665/net/icmp6&loknya=/proc/2280665/net HTTP/1.1" 200 1736 "https://greenestate.com.bd/index.php?loknya=/proc/2280665/net" "Mozilla/5.0 AppleWebKit/537.36 (KHTML, like Gecko; compatible; GPTBot/1.4; +https://openai.com/gptbot)"
216.73.216.37 - - [31/Jul/2026:07:10:49 +0000] "GET /wp-sitemap.xml?lokasie=%2Fvar%2Fwww%2Fphp%2Fgreen-estate-prod%2Fwp-includes%2Fclass-wp-metadata-lazyloader.php&loknya=%2Fvar%2Fwww%2Fphp%2Fgreen-estate-prod%2Fwp-includes HTTP/1.1" 200 3939 "-" "Mozilla/5.0 AppleWebKit/537.36 (KHTML, like Gecko; compatible; ClaudeBot/1.0; +claudebot@anthropic.com)"
216.73.216.37 - - [31/Jul/2026:07:10:49 +0000] "GET /wp-sitemap.xml?lokasie=%2Fvar%2Fwww%2Fphp%2Fgreen-estate-prod%2Fwp-includes%2Fcompat-utf8.php&loknya=%2Fvar%2Fwww%2Fphp%2Fgreen-estate-prod%2Fwp-includes HTTP/1.1" 200 8129 "-" "Mozilla/5.0 AppleWebKit/537.36 (KHTML, like Gecko; compatible; ClaudeBot/1.0; +claudebot@anthropic.com)"
216.73.216.37 - - [31/Jul/2026:07:10:49 +0000] "GET /wp-sitemap.xml?lokasie=%2Fvar%2Fwww%2Fphp%2Fgreen-estate-prod%2Fwp-includes%2Fhttp.php&loknya=%2Fvar%2Fwww%2Fphp%2Fgreen-estate-prod%2Fwp-includes HTTP/1.1" 200 8213 "-" "Mozilla/5.0 AppleWebKit/537.36 (KHTML, like Gecko; compatible; ClaudeBot/1.0; +claudebot@anthropic.com)"
74.7.241.58 - - [31/Jul/2026:07:10:49 +0000] "GET /index.php?lokasie=/proc/2280665/net/tcp6&loknya=/proc/2280665/net HTTP/1.1" 200 1832 "https://greenestate.com.bd/index.php?loknya=/proc/2280665/net" "Mozilla/5.0 AppleWebKit/537.36 (KHTML, like Gecko; compatible; GPTBot/1.4; +https://openai.com/gptbot)"
216.73.216.37 - - [31/Jul/2026:07:10:49 +0000] "GET /wp-sitemap.xml?lokasie=%2Fvar%2Fwww%2Fphp%2Fgreen-estate-prod%2Fwp-includes%2Ffeed-atom.php&loknya=%2Fvar%2Fwww%2Fphp%2Fgreen-estate-prod%2Fwp-includes HTTP/1.1" 200 3081 "-" "Mozilla/5.0 AppleWebKit/537.36 (KHTML, like Gecko; compatible; ClaudeBot/1.0; +claudebot@anthropic.com)"
216.73.216.37 - - [31/Jul/2026:07:10:49 +0000] "GET /wp-sitemap.xml?lokasie=%2Fvar%2Fwww%2Fphp%2Fgreen-estate-prod%2Fwp-includes%2Frss-functions.php&loknya=%2Fvar%2Fwww%2Fphp%2Fgreen-estate-prod%2Fwp-includes HTTP/1.1" 200 1877 "-" "Mozilla/5.0 AppleWebKit/537.36 (KHTML, like Gecko; compatible; ClaudeBot/1.0; +claudebot@anthropic.com)"
216.73.216.37 - - [31/Jul/2026:07:10:49 +0000] "GET /wp-sitemap.xml?lokasie=%2Fvar%2Fwww%2Fphp%2Fgreen-estate-prod%2Fwp-includes%2Fadmin-bar.php&loknya=%2Fvar%2Fwww%2Fphp%2Fgreen-estate-prod%2Fwp-includes HTTP/1.1" 200 12788 "-" "Mozilla/5.0 AppleWebKit/537.36 (KHTML, like Gecko; compatible; ClaudeBot/1.0; +claudebot@anthropic.com)"
216.73.216.37 - - [31/Jul/2026:07:10:49 +0000] "GET /wp-sitemap.xml?lokasie=%2Fvar%2Fwww%2Fphp%2Fgreen-estate-prod%2Fwp-admin%2Fsite-editor.php&loknya=%2Fvar%2Fwww%2Fphp%2Fgreen-estate-prod%2Fwp-admin HTTP/1.1" 200 5880 "-" "Mozilla/5.0 AppleWebKit/537.36 (KHTML, like Gecko; compatible; ClaudeBot/1.0; +claudebot@anthropic.com)"
216.73.216.37 - - [31/Jul/2026:07:10:49 +0000] "GET /wp-sitemap.xml?lokasie=%2Fvar%2Fwww%2Fphp%2Fgreen-estate-prod%2Fwp-includes%2Fms-load.php&loknya=%2Fvar%2Fwww%2Fphp%2Fgreen-estate-prod%2Fwp-includes HTTP/1.1" 200 9084 "-" "Mozilla/5.0 AppleWebKit/537.36 (KHTML, like Gecko; compatible; ClaudeBot/1.0; +claudebot@anthropic.com)"
74.7.241.58 - - [31/Jul/2026:07:10:49 +0000] "GET /index.php?lokasie=/proc/2280742/net/snmp6&loknya=/proc/2280742/net HTTP/1.1" 200 2450 "https://greenestate.com.bd/index.php?loknya=/proc/2280742/net" "Mozilla/5.0 AppleWebKit/537.36 (KHTML, like Gecko; compatible; GPTBot/1.4; +https://openai.com/gptbot)"
216.73.216.37 - - [31/Jul/2026:07:10:49 +0000] "GET /wp-sitemap.xml?lokasie=%2Fvar%2Fwww%2Fphp%2Fgreen-estate-prod%2Fwp-includes%2Fversion.php&loknya=%2Fvar%2Fwww%2Fphp%2Fgreen-estate-prod%2Fwp-includes HTTP/1.1" 200 2140 "-" "Mozilla/5.0 AppleWebKit/537.36 (KHTML, like Gecko; compatible; ClaudeBot/1.0; +claudebot@anthropic.com)"
216.73.216.37 - - [31/Jul/2026:07:10:50 +0000] "GET /wp-sitemap.xml?lokasie=%2Fvar%2Fwww%2Fphp%2Fgreen-estate-prod%2Fwp-includes%2Fclass-wp-dependencies.php&loknya=%2Fvar%2Fwww%2Fphp%2Fgreen-estate-prod%2Fwp-includes HTTP/1.1" 200 6910 "-" "Mozilla/5.0 AppleWebKit/537.36 (KHTML, like Gecko; compatible; ClaudeBot/1.0; +claudebot@anthropic.com)"
216.73.216.37 - - [31/Jul/2026:07:10:50 +0000] "GET /wp-sitemap.xml?lokasie=%2Fvar%2Fwww%2Fphp%2Fgreen-estate-prod%2Fwp-includes%2Fclass-wp-site-query.php&loknya=%2Fvar%2Fwww%2Fphp%2Fgreen-estate-prod%2Fwp-includes HTTP/1.1" 200 10337 "-" "Mozilla/5.0 AppleWebKit/537.36 (KHTML, like Gecko; compatible; ClaudeBot/1.0; +claudebot@anthropic.com)"
216.73.216.37 - - [31/Jul/2026:07:10:50 +0000] "GET /wp-sitemap.xml?lokasie=%2Fvar%2Fwww%2Fphp%2Fgreen-estate-prod%2Fwp-includes%2Futf8.php&loknya=%2Fvar%2Fwww%2Fphp%2Fgreen-estate-prod%2Fwp-includes HTTP/1.1" 200 4552 "-" "Mozilla/5.0 AppleWebKit/537.36 (KHTML, like Gecko; compatible; ClaudeBot/1.0; +claudebot@anthropic.com)"
216.73.216.37 - - [31/Jul/2026:07:10:50 +0000] "GET /wp-sitemap.xml?lokasie=%2Fvar%2Fwww%2Fphp%2Fgreen-estate-prod%2Fwp-includes%2Fclass-wp-matchesmapregex.php&loknya=%2Fvar%2Fwww%2Fphp%2Fgreen-estate-prod%2Fwp-includes HTTP/1.1" 200 2432 "-" "Mozilla/5.0 AppleWebKit/537.36 (KHTML, like Gecko; compatible; ClaudeBot/1.0; +claudebot@anthropic.com)"
216.73.216.37 - - [31/Jul/2026:07:10:50 +0000] "GET /wp-sitemap.xml?lokasie=%2Fvar%2Fwww%2Fphp%2Fgreen-estate-prod%2Fwp-includes%2Fclass-wp-styles.php&loknya=%2Fvar%2Fwww%2Fphp%2Fgreen-estate-prod%2Fwp-includes HTTP/1.1" 200 6123 "-" "Mozilla/5.0 AppleWebKit/537.36 (KHTML, like Gecko; compatible; ClaudeBot/1.0; +claudebot@anthropic.com)"
74.7.241.58 - - [31/Jul/2026:07:10:50 +0000] "GET /index.php?lokasie=/proc/2280665/net/udp6&loknya=/proc/2280665/net HTTP/1.1" 200 1735 "https://greenestate.com.bd/index.php?loknya=/proc/2280665/net" "Mozilla/5.0 AppleWebKit/537.36 (KHTML, like Gecko; compatible; GPTBot/1.4; +https://openai.com/gptbot)"
216.73.216.37 - - [31/Jul/2026:07:10:50 +0000] "GET /wp-sitemap.xml?lokasie=%2Fvar%2Fwww%2Fphp%2Fgreen-estate-prod%2Fwp-admin%2Fupdate.php&loknya=%2Fvar%2Fwww%2Fphp%2Fgreen-estate-prod%2Fwp-admin HTTP/1.1" 200 5196 "-" "Mozilla/5.0 AppleWebKit/537.36 (KHTML, like Gecko; compatible; ClaudeBot/1.0; +claudebot@anthropic.com)"
216.73.216.37 - - [31/Jul/2026:07:10:50 +0000] "GET /wp-sitemap.xml?lokasie=%2Fvar%2Fwww%2Fphp%2Fgreen-estate-prod%2Fwp-includes%2Fformatting.php&loknya=%2Fvar%2Fwww%2Fphp%2Fgreen-estate-prod%2Fwp-includes HTTP/1.1" 200 92874 "-" "Mozilla/5.0 AppleWebKit/537.36 (KHTML, like Gecko; compatible; ClaudeBot/1.0; +claudebot@anthropic.com)"
216.73.216.37 - - [31/Jul/2026:07:10:50 +0000] "GET /wp-sitemap.xml?lokasie=%2Fvar%2Fwww%2Fphp%2Fgreen-estate-prod%2Fwp-includes%2Fclass-wp-block-template.php&loknya=%2Fvar%2Fwww%2Fphp%2Fgreen-estate-prod%2Fwp-includes HTTP/1.1" 200 2326 "-" "Mozilla/5.0 AppleWebKit/537.36 (KHTML, like Gecko; compatible; ClaudeBot/1.0; +claudebot@anthropic.com)"
216.73.216.37 - - [31/Jul/2026:07:10:50 +0000] "GET /wp-sitemap.xml?lokasie=%2Fvar%2Fwww%2Fphp%2Fgreen-estate-prod%2Fwp-includes%2Fupdate.php&loknya=%2Fvar%2Fwww%2Fphp%2Fgreen-estate-prod%2Fwp-includes HTTP/1.1" 200 12834 "-" "Mozilla/5.0 AppleWebKit/537.36 (KHTML, like Gecko; compatible; ClaudeBot/1.0; +claudebot@anthropic.com)"
216.73.216.37 - - [31/Jul/2026:07:10:50 +0000] "GET /wp-sitemap.xml?lokasie=%2Fvar%2Fwww%2Fphp%2Fgreen-estate-prod%2Fwp-admin%2Fwidgets-form.php&loknya=%2Fvar%2Fwww%2Fphp%2Fgreen-estate-prod%2Fwp-admin HTTP/1.1" 200 9071 "-" "Mozilla/5.0 AppleWebKit/537.36 (KHTML, like Gecko; compatible; ClaudeBot/1.0; +claudebot@anthropic.com)"
74.7.241.58 - - [31/Jul/2026:07:10:50 +0000] "GET /index.php?lokasie=/proc/2280690/net/snmp6&loknya=/proc/2280690/net HTTP/1.1" 200 2450 "https://greenestate.com.bd/index.php?loknya=/proc/2280690/net" "Mozilla/5.0 AppleWebKit/537.36 (KHTML, like Gecko; compatible; GPTBot/1.4; +https://openai.com/gptbot)"
216.73.216.37 - - [31/Jul/2026:07:10:50 +0000] "GET /wp-sitemap.xml?lokasie=%2Fvar%2Fwww%2Fphp%2Fgreen-estate-prod%2Fwp-includes%2Fms-network.php&loknya=%2Fvar%2Fwww%2Fphp%2Fgreen-estate-prod%2Fwp-includes HTTP/1.1" 200 3211 "-" "Mozilla/5.0 AppleWebKit/537.36 (KHTML, like Gecko; compatible; ClaudeBot/1.0; +claudebot@anthropic.com)"
74.7.241.58 - - [31/Jul/2026:07:10:51 +0000] "GET /index.php?lokasie=/proc/2280690/net/udp6&loknya=/proc/2280690/net HTTP/1.1" 200 1733 "https://greenestate.com.bd/index.php?loknya=/proc/2280690/net" "Mozilla/5.0 AppleWebKit/537.36 (KHTML, like Gecko; compatible; GPTBot/1.4; +https://openai.com/gptbot)"
74.7.241.58 - - [31/Jul/2026:07:10:51 +0000] "GET /index.php?lokasie=/proc/2280665/net/raw6&loknya=/proc/2280665/net HTTP/1.1" 200 1797 "https://greenestate.com.bd/index.php?loknya=/proc/2280665/net" "Mozilla/5.0 AppleWebKit/537.36 (KHTML, like Gecko; compatible; GPTBot/1.4; +https://openai.com/gptbot)"
74.7.241.58 - - [31/Jul/2026:07:10:52 +0000] "GET /index.php?lokasie=/proc/2280690/net/icmp6&loknya=/proc/2280690/net HTTP/1.1" 200 1734 "https://greenestate.com.bd/index.php?loknya=/proc/2280690/net" "Mozilla/5.0 AppleWebKit/537.36 (KHTML, like Gecko; compatible; GPTBot/1.4; +https://openai.com/gptbot)"
74.7.241.58 - - [31/Jul/2026:07:10:53 +0000] "GET /index.php?lokasie=/proc/2280690/net/raw6&loknya=/proc/2280690/net HTTP/1.1" 200 1796 "https://greenestate.com.bd/index.php?loknya=/proc/2280690/net" "Mozilla/5.0 AppleWebKit/537.36 (KHTML, like Gecko; compatible; GPTBot/1.4; +https://openai.com/gptbot)"
74.7.241.58 - - [31/Jul/2026:07:10:53 +0000] "GET /index.php?lokasie=/proc/2280742/net/tcp6&loknya=/proc/2280742/net HTTP/1.1" 200 1833 "https://greenestate.com.bd/index.php?loknya=/proc/2280742/net" "Mozilla/5.0 AppleWebKit/537.36 (KHTML, like Gecko; compatible; GPTBot/1.4; +https://openai.com/gptbot)"
74.7.241.58 - - [31/Jul/2026:07:10:54 +0000] "GET /index.php?lokasie=/proc/2280839/net/tcp6&loknya=/proc/2280839/net HTTP/1.1" 200 1833 "https://greenestate.com.bd/index.php?loknya=/proc/2280839/net" "Mozilla/5.0 AppleWebKit/537.36 (KHTML, like Gecko; compatible; GPTBot/1.4; +https://openai.com/gptbot)"
74.7.241.58 - - [31/Jul/2026:07:10:54 +0000] "GET /index.php?lokasie=/proc/2280690/net/tcp6&loknya=/proc/2280690/net HTTP/1.1" 200 1833 "https://greenestate.com.bd/index.php?loknya=/proc/2280690/net" "Mozilla/5.0 AppleWebKit/537.36 (KHTML, like Gecko; compatible; GPTBot/1.4; +https://openai.com/gptbot)"
74.7.241.58 - - [31/Jul/2026:07:10:55 +0000] "GET /index.php?lokasie=/proc/2280665/net/snmp6&loknya=/proc/2280665/net HTTP/1.1" 200 2450 "https://greenestate.com.bd/index.php?loknya=/proc/2280665/net" "Mozilla/5.0 AppleWebKit/537.36 (KHTML, like Gecko; compatible; GPTBot/1.4; +https://openai.com/gptbot)"
74.7.241.58 - - [31/Jul/2026:07:10:55 +0000] "GET /index.php?lokasie=/proc/2280742/net/fib_trie&loknya=/proc/2280742/net HTTP/1.1" 200 2001 "https://greenestate.com.bd/index.php?loknya=/proc/2280742/net" "Mozilla/5.0 AppleWebKit/537.36 (KHTML, like Gecko; compatible; GPTBot/1.4; +https://openai.com/gptbot)"
74.7.241.58 - - [31/Jul/2026:07:10:56 +0000] "GET /index.php?lokasie=/proc/2280839/net/mcfilter6&loknya=/proc/2280839/net HTTP/1.1" 200 1705 "https://greenestate.com.bd/index.php?loknya=/proc/2280839/net" "Mozilla/5.0 AppleWebKit/537.36 (KHTML, like Gecko; compatible; GPTBot/1.4; +https://openai.com/gptbot)"
74.7.241.58 - - [31/Jul/2026:07:10:56 +0000] "GET /index.php?lokasie=/proc/1161/net/dev_snmp6/eth0&loknya=/proc/1161/net/dev_snmp6 HTTP/1.1" 200 2337 "https://greenestate.com.bd/index.php?loknya=/proc/1161/net/dev_snmp6" "Mozilla/5.0 AppleWebKit/537.36 (KHTML, like Gecko; compatible; GPTBot/1.4; +https://openai.com/gptbot)"
74.7.241.58 - - [31/Jul/2026:07:10:57 +0000] "GET /index.php?lokasie=/proc/2280690/net/if_inet6&loknya=/proc/2280690/net HTTP/1.1" 200 1730 "https://greenestate.com.bd/index.php?loknya=/proc/2280690/net" "Mozilla/5.0 AppleWebKit/537.36 (KHTML, like Gecko; compatible; GPTBot/1.4; +https://openai.com/gptbot)"
74.7.241.58 - - [31/Jul/2026:07:10:57 +0000] "GET /index.php?lokasie=/proc/2280839/net/if_inet6&loknya=/proc/2280839/net HTTP/1.1" 200 1730 "https://greenestate.com.bd/index.php?loknya=/proc/2280839/net" "Mozilla/5.0 AppleWebKit/537.36 (KHTML, like Gecko; compatible; GPTBot/1.4; +https://openai.com/gptbot)"
